[INFO] fetching crate uniui_widget_label 0.0.10...
[INFO] testing uniui_widget_label-0.0.10 against beta-2021-08-01 for beta-1.55-1
[INFO] extracting crate uniui_widget_label 0.0.10 into /workspace/builds/worker-69/source
[INFO] validating manifest of crates.io crate uniui_widget_label 0.0.10 on toolchain beta-2021-08-01
[INFO] running `Command { std: "/workspace/cargo-home/bin/cargo" "+beta-2021-08-01" "metadata" "--manifest-path" "Cargo.toml" "--no-deps", kill_on_drop: false }`
[INFO] started tweaking crates.io crate uniui_widget_label 0.0.10
[INFO] finished tweaking crates.io crate uniui_widget_label 0.0.10
[INFO] tweaked toml for crates.io crate uniui_widget_label 0.0.10 written to /workspace/builds/worker-69/source/Cargo.toml
[INFO] running `Command { std: "/workspace/cargo-home/bin/cargo" "+beta-2021-08-01" "generate-lockfile" "--manifest-path" "Cargo.toml" "-Zno-index-update", kill_on_drop: false }`
[INFO] [stderr]     Blocking waiting for file lock on package cache
[INFO] running `Command { std: "/workspace/cargo-home/bin/cargo" "+beta-2021-08-01" "fetch" "--manifest-path" "Cargo.toml", kill_on_drop: false }`
[INFO] [stderr]     Blocking waiting for file lock on package cache
[INFO] [stderr]     Blocking waiting for file lock on package cache
[INFO] running `Command { std: "docker" "create" "-v" "/var/lib/crater-agent-workspace/builds/worker-69/target:/opt/rustwide/target:rw,Z" "-v" "/var/lib/crater-agent-workspace/builds/worker-69/source:/opt/rustwide/workdir:ro,Z" "-v" "/var/lib/crater-agent-workspace/cargo-home:/opt/rustwide/cargo-home:ro,Z" "-v" "/var/lib/crater-agent-workspace/rustup-home:/opt/rustwide/rustup-home:ro,Z" "-e" "SOURCE_DIR=/opt/rustwide/workdir" "-e" "CARGO_TARGET_DIR=/opt/rustwide/target" "-e" "CARGO_HOME=/opt/rustwide/cargo-home" "-e" "RUSTUP_HOME=/opt/rustwide/rustup-home" "-w" "/opt/rustwide/workdir" "-m" "1610612736" "--user" "0:0" "--network" "none" "ghcr.io/rust-lang/crates-build-env/linux@sha256:34b6a614d2c27851fe6cbf88fbd1137609cefab8b10d0615aaeb6fd47975d74e" "/opt/rustwide/cargo-home/bin/cargo" "+beta-2021-08-01" "metadata" "--no-deps" "--format-version=1", kill_on_drop: false }`
[INFO] [stdout] b637eaa15aeb660bb61450d24db211690e073ded5927b499e84a5bdaddb9530e
[INFO] running `Command { std: "docker" "start" "-a" "b637eaa15aeb660bb61450d24db211690e073ded5927b499e84a5bdaddb9530e", kill_on_drop: false }`
[INFO] running `Command { std: "docker" "inspect" "b637eaa15aeb660bb61450d24db211690e073ded5927b499e84a5bdaddb9530e", kill_on_drop: false }`
[INFO] running `Command { std: "docker" "rm" "-f" "b637eaa15aeb660bb61450d24db211690e073ded5927b499e84a5bdaddb9530e", kill_on_drop: false }`
[INFO] [stdout] b637eaa15aeb660bb61450d24db211690e073ded5927b499e84a5bdaddb9530e
[INFO] running `Command { std: "docker" "create" "-v" "/var/lib/crater-agent-workspace/builds/worker-69/target:/opt/rustwide/target:rw,Z" "-v" "/var/lib/crater-agent-workspace/builds/worker-69/source:/opt/rustwide/workdir:ro,Z" "-v" "/var/lib/crater-agent-workspace/cargo-home:/opt/rustwide/cargo-home:ro,Z" "-v" "/var/lib/crater-agent-workspace/rustup-home:/opt/rustwide/rustup-home:ro,Z" "-e" "SOURCE_DIR=/opt/rustwide/workdir" "-e" "CARGO_TARGET_DIR=/opt/rustwide/target" "-e" "CARGO_INCREMENTAL=0" "-e" "RUST_BACKTRACE=full" "-e" "RUSTFLAGS=--cap-lints=warn" "-e" "CARGO_HOME=/opt/rustwide/cargo-home" "-e" "RUSTUP_HOME=/opt/rustwide/rustup-home" "-w" "/opt/rustwide/workdir" "-m" "1610612736" "--user" "0:0" "--network" "none" "ghcr.io/rust-lang/crates-build-env/linux@sha256:34b6a614d2c27851fe6cbf88fbd1137609cefab8b10d0615aaeb6fd47975d74e" "/opt/rustwide/cargo-home/bin/cargo" "+beta-2021-08-01" "build" "--frozen" "--message-format=json", kill_on_drop: false }`
[INFO] [stdout] 1a95106f4998c8a786395c738550a1e4416349e7833e4cb58ad2a1e0988f8bcb
[INFO] running `Command { std: "docker" "start" "-a" "1a95106f4998c8a786395c738550a1e4416349e7833e4cb58ad2a1e0988f8bcb", kill_on_drop: false }`
[INFO] [stderr]     Blocking waiting for file lock on package cache
[INFO] [stderr]    Compiling proc-macro2 v1.0.28
[INFO] [stderr]    Compiling syn v1.0.74
[INFO] [stderr]    Compiling serde v1.0.127
[INFO] [stderr]    Compiling matches v0.1.8
[INFO] [stderr]    Compiling getrandom v0.1.16
[INFO] [stderr]    Compiling log v0.4.14
[INFO] [stderr]    Compiling percent-encoding v2.1.0
[INFO] [stderr]    Compiling semver-parser v0.7.0
[INFO] [stderr]    Compiling same-file v1.0.6
[INFO] [stderr]    Compiling cc v1.0.69
[INFO] [stderr]    Compiling pkg-config v0.3.19
[INFO] [stderr]    Compiling unicode-bidi v0.3.5
[INFO] [stderr]    Compiling form_urlencoded v1.0.1
[INFO] [stderr]    Compiling walkdir v2.3.2
[INFO] [stderr]    Compiling idna v0.2.3
[INFO] [stderr]    Compiling uniui_core v0.0.4
[INFO] [stderr]    Compiling rand_core v0.5.1
[INFO] [stderr]    Compiling url v2.2.2
[INFO] [stderr]    Compiling rand_chacha v0.2.2
[INFO] [stderr]    Compiling quote v1.0.9
[INFO] [stderr]    Compiling rand v0.7.3
[INFO] [stderr]    Compiling serde_derive v1.0.127
[INFO] [stderr]    Compiling thiserror-impl v1.0.26
[INFO] [stderr]    Compiling uni_components_macro v0.0.7
[INFO] [stderr]    Compiling thiserror v1.0.26
[INFO] [stderr]    Compiling serde_json v1.0.66
[INFO] [stderr]    Compiling serde_urlencoded v0.7.0
[INFO] [stderr]    Compiling semver v0.10.0
[INFO] [stderr]    Compiling toml v0.5.8
[INFO] [stderr]    Compiling uni_net v0.0.5
[INFO] [stderr]    Compiling cargo_metadata v0.11.4
[INFO] [stderr]    Compiling uni_components v0.0.9
[INFO] [stderr]    Compiling uniui_build v0.0.15
[INFO] [stderr]    Compiling uniui_gui v0.0.16
[INFO] [stderr]    Compiling uniui_gui_macro v0.0.15
[INFO] [stderr]    Compiling uniui_widget_label v0.0.10 (/opt/rustwide/workdir)
[INFO] [stderr]     Finished dev [unoptimized + debuginfo] target(s) in 32.05s
[INFO] running `Command { std: "docker" "inspect" "1a95106f4998c8a786395c738550a1e4416349e7833e4cb58ad2a1e0988f8bcb", kill_on_drop: false }`
[INFO] running `Command { std: "docker" "rm" "-f" "1a95106f4998c8a786395c738550a1e4416349e7833e4cb58ad2a1e0988f8bcb", kill_on_drop: false }`
[INFO] [stdout] 1a95106f4998c8a786395c738550a1e4416349e7833e4cb58ad2a1e0988f8bcb
[INFO] running `Command { std: "docker" "create" "-v" "/var/lib/crater-agent-workspace/builds/worker-69/target:/opt/rustwide/target:rw,Z" "-v" "/var/lib/crater-agent-workspace/builds/worker-69/source:/opt/rustwide/workdir:ro,Z" "-v" "/var/lib/crater-agent-workspace/cargo-home:/opt/rustwide/cargo-home:ro,Z" "-v" "/var/lib/crater-agent-workspace/rustup-home:/opt/rustwide/rustup-home:ro,Z" "-e" "SOURCE_DIR=/opt/rustwide/workdir" "-e" "CARGO_TARGET_DIR=/opt/rustwide/target" "-e" "CARGO_INCREMENTAL=0" "-e" "RUST_BACKTRACE=full" "-e" "RUSTFLAGS=--cap-lints=warn" "-e" "CARGO_HOME=/opt/rustwide/cargo-home" "-e" "RUSTUP_HOME=/opt/rustwide/rustup-home" "-w" "/opt/rustwide/workdir" "-m" "1610612736" "--user" "0:0" "--network" "none" "ghcr.io/rust-lang/crates-build-env/linux@sha256:34b6a614d2c27851fe6cbf88fbd1137609cefab8b10d0615aaeb6fd47975d74e" "/opt/rustwide/cargo-home/bin/cargo" "+beta-2021-08-01" "test" "--frozen" "--no-run" "--message-format=json", kill_on_drop: false }`
[INFO] [stdout] 3b455ad022b5060bf16ddaaa6b82a74aa1a773d1546f62a83a2628c86eb711da
[INFO] running `Command { std: "docker" "start" "-a" "3b455ad022b5060bf16ddaaa6b82a74aa1a773d1546f62a83a2628c86eb711da", kill_on_drop: false }`
[INFO] [stderr]    Compiling uniui_widget_label v0.0.10 (/opt/rustwide/workdir)
[INFO] [stderr]     Finished test [unoptimized + debuginfo] target(s) in 1.81s
[INFO] running `Command { std: "docker" "inspect" "3b455ad022b5060bf16ddaaa6b82a74aa1a773d1546f62a83a2628c86eb711da", kill_on_drop: false }`
[INFO] running `Command { std: "docker" "rm" "-f" "3b455ad022b5060bf16ddaaa6b82a74aa1a773d1546f62a83a2628c86eb711da", kill_on_drop: false }`
[INFO] [stdout] 3b455ad022b5060bf16ddaaa6b82a74aa1a773d1546f62a83a2628c86eb711da
[INFO] running `Command { std: "docker" "create" "-v" "/var/lib/crater-agent-workspace/builds/worker-69/target:/opt/rustwide/target:rw,Z" "-v" "/var/lib/crater-agent-workspace/builds/worker-69/source:/opt/rustwide/workdir:ro,Z" "-v" "/var/lib/crater-agent-workspace/cargo-home:/opt/rustwide/cargo-home:ro,Z" "-v" "/var/lib/crater-agent-workspace/rustup-home:/opt/rustwide/rustup-home:ro,Z" "-e" "SOURCE_DIR=/opt/rustwide/workdir" "-e" "CARGO_TARGET_DIR=/opt/rustwide/target" "-e" "CARGO_INCREMENTAL=0" "-e" "RUST_BACKTRACE=full" "-e" "RUSTFLAGS=--cap-lints=warn" "-e" "CARGO_HOME=/opt/rustwide/cargo-home" "-e" "RUSTUP_HOME=/opt/rustwide/rustup-home" "-w" "/opt/rustwide/workdir" "-m" "1610612736" "--user" "0:0" "--network" "none" "ghcr.io/rust-lang/crates-build-env/linux@sha256:34b6a614d2c27851fe6cbf88fbd1137609cefab8b10d0615aaeb6fd47975d74e" "/opt/rustwide/cargo-home/bin/cargo" "+beta-2021-08-01" "test" "--frozen", kill_on_drop: false }`
[INFO] [stdout] 3bfe7485169a5b9377a83566431205683ee5d11a821e323a797ecd22225bd20d
[INFO] running `Command { std: "docker" "start" "-a" "3bfe7485169a5b9377a83566431205683ee5d11a821e323a797ecd22225bd20d", kill_on_drop: false }`
[INFO] [stderr]     Finished test [unoptimized + debuginfo] target(s) in 0.07s
[INFO] [stderr]      Running unittests (/opt/rustwide/target/debug/deps/uniui_widget_label-33eeefa8b4ec89bf)
[INFO] [stdout] 
[INFO] [stdout] running 0 tests
[INFO] [stdout] 
[INFO] [stdout] test result: ok. 0 passed; 0 failed; 0 ignored; 0 measured; 0 filtered out; finished in 0.00s
[INFO] [stdout] 
[INFO] [stderr]    Doc-tests uniui_widget_label
[INFO] [stdout] 
[INFO] [stdout] running 6 tests
[INFO] [stdout] test src/label.rs - label::Label (line 17) ... FAILED
[INFO] [stdout] test src/label.rs - label::Label (line 9) ... FAILED
[INFO] [stdout] test src/label.rs - label::Label::slot_set_text_alignment (line 67) ... FAILED
[INFO] [stdout] test src/label.rs - label::Label::slot_set_text (line 48) ... FAILED
[INFO] [stdout] test src/macros.rs - u_label (line 33) ... FAILED
[INFO] [stdout] test src/label.rs - label::Label::new (line 34) ... FAILED
[INFO] [stdout] 
[INFO] [stdout] failures:
[INFO] [stdout] 
[INFO] [stdout] ---- src/label.rs - label::Label (line 17) stdout ----
[INFO] [stdout] error: cannot find macro `u_label` in this scope
[INFO] [stdout]  --> src/label.rs:18:13
[INFO] [stdout]   |
[INFO] [stdout] 3 | let label = u_label! {
[INFO] [stdout]   |             ^^^^^^^
[INFO] [stdout]   |
[INFO] [stdout]   = note: consider importing this macro:
[INFO] [stdout]           uniui_widget_label::u_label
[INFO] [stdout] 
[INFO] [stdout] error: aborting due to previous error
[INFO] [stdout] 
[INFO] [stdout] Couldn't compile the test.
[INFO] [stdout] ---- src/label.rs - label::Label (line 9) stdout ----
[INFO] [stdout] error[E0433]: failed to resolve: use of undeclared type `TextAlignment`
[INFO] [stdout]  --> src/label.rs:11:42
[INFO] [stdout]   |
[INFO] [stdout] 4 | lable.slot_set_text_alignment().exec_for(TextAlignment::Center);
[INFO] [stdout]   |                                          ^^^^^^^^^^^^^ use of undeclared type `TextAlignment`
[INFO] [stdout] 
[INFO] [stdout] error[E0433]: failed to resolve: use of undeclared type `Label`
[INFO] [stdout]  --> src/label.rs:10:13
[INFO] [stdout]   |
[INFO] [stdout] 3 | let label = Label::new("Hello world".to_owned());
[INFO] [stdout]   |             ^^^^^ not found in this scope
[INFO] [stdout]   |
[INFO] [stdout] help: consider importing this struct
[INFO] [stdout]   |
[INFO] [stdout] 2 | use uniui_widget_label::Label;
[INFO] [stdout]   |
[INFO] [stdout] 
[INFO] [stdout] error[E0425]: cannot find value `lable` in this scope
[INFO] [stdout]  --> src/label.rs:11:1
[INFO] [stdout]   |
[INFO] [stdout] 4 | lable.slot_set_text_alignment().exec_for(TextAlignment::Center);
[INFO] [stdout]   | ^^^^^ not found in this scope
[INFO] [stdout] 
[INFO] [stdout] error: aborting due to 3 previous errors
[INFO] [stdout] 
[INFO] [stdout] Some errors have detailed explanations: E0425, E0433.
[INFO] [stdout] For more information about an error, try `rustc --explain E0425`.
[INFO] [stdout] Couldn't compile the test.
[INFO] [stdout] ---- src/label.rs - label::Label::slot_set_text_alignment (line 67) stdout ----
[INFO] [stdout] error: cannot find macro `u_lable` in this scope
[INFO] [stdout]  --> src/label.rs:68:13
[INFO] [stdout]   |
[INFO] [stdout] 3 | let label = u_lable!{
[INFO] [stdout]   |             ^^^^^^^
[INFO] [stdout] 
[INFO] [stdout] error[E0433]: failed to resolve: use of undeclared type `TextAligment`
[INFO] [stdout]   --> src/label.rs:78:13
[INFO] [stdout]    |
[INFO] [stdout] 13 | signal.emit(TextAligment::Center);
[INFO] [stdout]    |             ^^^^^^^^^^^^ use of undeclared type `TextAligment`
[INFO] [stdout] 
[INFO] [stdout] error[E0433]: failed to resolve: use of undeclared type `Signal`
[INFO] [stdout]  --> src/label.rs:72:18
[INFO] [stdout]   |
[INFO] [stdout] 7 | let mut signal = Signal::new();
[INFO] [stdout]   |                  ^^^^^^ not found in this scope
[INFO] [stdout]   |
[INFO] [stdout] help: consider importing one of these items
[INFO] [stdout]   |
[INFO] [stdout] 2 | use uniui_core::Signal;
[INFO] [stdout]   |
[INFO] [stdout] 2 | use uniui_gui::core::Signal;
[INFO] [stdout]   |
[INFO] [stdout] 
[INFO] [stdout] error: aborting due to 3 previous errors
[INFO] [stdout] 
[INFO] [stdout] For more information about this error, try `rustc --explain E0433`.
[INFO] [stdout] Couldn't compile the test.
[INFO] [stdout] ---- src/label.rs - label::Label::slot_set_text (line 48) stdout ----
[INFO] [stdout] error: cannot find macro `u_label` in this scope
[INFO] [stdout]  --> src/label.rs:49:13
[INFO] [stdout]   |
[INFO] [stdout] 3 | let label = u_label!{
[INFO] [stdout]   |             ^^^^^^^
[INFO] [stdout]   |
[INFO] [stdout]   = note: consider importing this macro:
[INFO] [stdout]           uniui_widget_label::u_label
[INFO] [stdout] 
[INFO] [stdout] error[E0433]: failed to resolve: use of undeclared type `Signal`
[INFO] [stdout]  --> src/label.rs:53:18
[INFO] [stdout]   |
[INFO] [stdout] 7 | let mut signal = Signal::new();
[INFO] [stdout]   |                  ^^^^^^ not found in this scope
[INFO] [stdout]   |
[INFO] [stdout] help: consider importing one of these items
[INFO] [stdout]   |
[INFO] [stdout] 2 | use uniui_core::Signal;
[INFO] [stdout]   |
[INFO] [stdout] 2 | use uniui_gui::core::Signal;
[INFO] [stdout]   |
[INFO] [stdout] 
[INFO] [stdout] error: aborting due to 2 previous errors
[INFO] [stdout] 
[INFO] [stdout] For more information about this error, try `rustc --explain E0433`.
[INFO] [stdout] Couldn't compile the test.
[INFO] [stdout] ---- src/macros.rs - u_label (line 33) stdout ----
[INFO] [stdout] error: cannot find macro `u_label` in this scope
[INFO] [stdout]  --> src/macros.rs:36:13
[INFO] [stdout]   |
[INFO] [stdout] 5 | let label = u_label! {
[INFO] [stdout]   |             ^^^^^^^
[INFO] [stdout]   |
[INFO] [stdout]   = note: consider importing this macro:
[INFO] [stdout]           uniui_widget_label::u_label
[INFO] [stdout] 
[INFO] [stdout] error: aborting due to previous error
[INFO] [stdout] 
[INFO] [stdout] Couldn't compile the test.
[INFO] [stdout] ---- src/label.rs - label::Label::new (line 34) stdout ----
[INFO] [stdout] error[E0433]: failed to resolve: use of undeclared type `Label`
[INFO] [stdout]  --> src/label.rs:35:13
[INFO] [stdout]   |
[INFO] [stdout] 3 | let label = Label::new("Hello".to_owned());
[INFO] [stdout]   |             ^^^^^ not found in this scope
[INFO] [stdout]   |
[INFO] [stdout] help: consider importing this struct
[INFO] [stdout]   |
[INFO] [stdout] 2 | use uniui_widget_label::Label;
[INFO] [stdout]   |
[INFO] [stdout] 
[INFO] [stdout] error: aborting due to previous error
[INFO] [stdout] 
[INFO] [stdout] For more information about this error, try `rustc --explain E0433`.
[INFO] [stdout] Couldn't compile the test.
[INFO] [stdout] 
[INFO] [stdout] failures:
[INFO] [stdout]     src/label.rs - label::Label (line 17)
[INFO] [stdout]     src/label.rs - label::Label (line 9)
[INFO] [stdout]     src/label.rs - label::Label::new (line 34)
[INFO] [stdout]     src/label.rs - label::Label::slot_set_text (line 48)
[INFO] [stdout]     src/label.rs - label::Label::slot_set_text_alignment (line 67)
[INFO] [stdout]     src/macros.rs - u_label (line 33)
[INFO] [stdout] 
[INFO] [stdout] test result: FAILED. 0 passed; 6 failed; 0 ignored; 0 measured; 0 filtered out; finished in 0.19s
[INFO] [stdout] 
[INFO] [stderr] error: test failed, to rerun pass '--doc'
[INFO] running `Command { std: "docker" "inspect" "3bfe7485169a5b9377a83566431205683ee5d11a821e323a797ecd22225bd20d", kill_on_drop: false }`
[INFO] running `Command { std: "docker" "rm" "-f" "3bfe7485169a5b9377a83566431205683ee5d11a821e323a797ecd22225bd20d", kill_on_drop: false }`
[INFO] [stdout] 3bfe7485169a5b9377a83566431205683ee5d11a821e323a797ecd22225bd20d
