[INFO] fetching crate uniui_widget_button 0.0.10...
[INFO] testing uniui_widget_button-0.0.10 against 1.54.0 for beta-1.55-1
[INFO] extracting crate uniui_widget_button 0.0.10 into /workspace/builds/worker-67/source
[INFO] validating manifest of crates.io crate uniui_widget_button 0.0.10 on toolchain 1.54.0
[INFO] running `Command { std: "/workspace/cargo-home/bin/cargo" "+1.54.0" "metadata" "--manifest-path" "Cargo.toml" "--no-deps", kill_on_drop: false }`
[INFO] started tweaking crates.io crate uniui_widget_button 0.0.10
[INFO] finished tweaking crates.io crate uniui_widget_button 0.0.10
[INFO] tweaked toml for crates.io crate uniui_widget_button 0.0.10 written to /workspace/builds/worker-67/source/Cargo.toml
[INFO] running `Command { std: "/workspace/cargo-home/bin/cargo" "+1.54.0" "generate-lockfile" "--manifest-path" "Cargo.toml" "-Zno-index-update", kill_on_drop: false }`
[INFO] [stderr]     Blocking waiting for file lock on package cache
[INFO] running `Command { std: "/workspace/cargo-home/bin/cargo" "+1.54.0" "fetch" "--manifest-path" "Cargo.toml", kill_on_drop: false }`
[INFO] [stderr]     Blocking waiting for file lock on package cache
[INFO] [stderr]     Blocking waiting for file lock on package cache
[INFO] running `Command { std: "docker" "create" "-v" "/var/lib/crater-agent-workspace/builds/worker-67/target:/opt/rustwide/target:rw,Z" "-v" "/var/lib/crater-agent-workspace/builds/worker-67/source:/opt/rustwide/workdir:ro,Z" "-v" "/var/lib/crater-agent-workspace/cargo-home:/opt/rustwide/cargo-home:ro,Z" "-v" "/var/lib/crater-agent-workspace/rustup-home:/opt/rustwide/rustup-home:ro,Z" "-e" "SOURCE_DIR=/opt/rustwide/workdir" "-e" "CARGO_TARGET_DIR=/opt/rustwide/target" "-e" "CARGO_HOME=/opt/rustwide/cargo-home" "-e" "RUSTUP_HOME=/opt/rustwide/rustup-home" "-w" "/opt/rustwide/workdir" "-m" "1610612736" "--user" "0:0" "--network" "none" "ghcr.io/rust-lang/crates-build-env/linux@sha256:34b6a614d2c27851fe6cbf88fbd1137609cefab8b10d0615aaeb6fd47975d74e" "/opt/rustwide/cargo-home/bin/cargo" "+1.54.0" "metadata" "--no-deps" "--format-version=1", kill_on_drop: false }`
[INFO] [stdout] 84ff0bcbd44625177c712dfbbcde744396260f72e9f4d32d6d4961b5a3417af2
[INFO] running `Command { std: "docker" "start" "-a" "84ff0bcbd44625177c712dfbbcde744396260f72e9f4d32d6d4961b5a3417af2", kill_on_drop: false }`
[INFO] running `Command { std: "docker" "inspect" "84ff0bcbd44625177c712dfbbcde744396260f72e9f4d32d6d4961b5a3417af2", kill_on_drop: false }`
[INFO] running `Command { std: "docker" "rm" "-f" "84ff0bcbd44625177c712dfbbcde744396260f72e9f4d32d6d4961b5a3417af2", kill_on_drop: false }`
[INFO] [stdout] 84ff0bcbd44625177c712dfbbcde744396260f72e9f4d32d6d4961b5a3417af2
[INFO] running `Command { std: "docker" "create" "-v" "/var/lib/crater-agent-workspace/builds/worker-67/target:/opt/rustwide/target:rw,Z" "-v" "/var/lib/crater-agent-workspace/builds/worker-67/source:/opt/rustwide/workdir:ro,Z" "-v" "/var/lib/crater-agent-workspace/cargo-home:/opt/rustwide/cargo-home:ro,Z" "-v" "/var/lib/crater-agent-workspace/rustup-home:/opt/rustwide/rustup-home:ro,Z" "-e" "SOURCE_DIR=/opt/rustwide/workdir" "-e" "CARGO_TARGET_DIR=/opt/rustwide/target" "-e" "CARGO_INCREMENTAL=0" "-e" "RUST_BACKTRACE=full" "-e" "RUSTFLAGS=--cap-lints=warn" "-e" "CARGO_HOME=/opt/rustwide/cargo-home" "-e" "RUSTUP_HOME=/opt/rustwide/rustup-home" "-w" "/opt/rustwide/workdir" "-m" "1610612736" "--user" "0:0" "--network" "none" "ghcr.io/rust-lang/crates-build-env/linux@sha256:34b6a614d2c27851fe6cbf88fbd1137609cefab8b10d0615aaeb6fd47975d74e" "/opt/rustwide/cargo-home/bin/cargo" "+1.54.0" "build" "--frozen" "--message-format=json", kill_on_drop: false }`
[INFO] [stdout] d0283272acadb5aade58436144b0519dc6de0a704892c1dd882f4b7a3ac5c0d6
[INFO] running `Command { std: "docker" "start" "-a" "d0283272acadb5aade58436144b0519dc6de0a704892c1dd882f4b7a3ac5c0d6", kill_on_drop: false }`
[INFO] [stderr]    Compiling proc-macro2 v1.0.28
[INFO] [stderr]    Compiling unicode-xid v0.2.2
[INFO] [stderr]    Compiling syn v1.0.74
[INFO] [stderr]    Compiling serde_derive v1.0.127
[INFO] [stderr]    Compiling serde v1.0.127
[INFO] [stderr]    Compiling cfg-if v1.0.0
[INFO] [stderr]    Compiling ryu v1.0.5
[INFO] [stderr]    Compiling libc v0.2.98
[INFO] [stderr]    Compiling matches v0.1.8
[INFO] [stderr]    Compiling getrandom v0.1.16
[INFO] [stderr]    Compiling log v0.4.14
[INFO] [stderr]    Compiling serde_json v1.0.66
[INFO] [stderr]    Compiling itoa v0.4.7
[INFO] [stderr]    Compiling tinyvec_macros v0.1.0
[INFO] [stderr]    Compiling percent-encoding v2.1.0
[INFO] [stderr]    Compiling ppv-lite86 v0.2.10
[INFO] [stderr]    Compiling semver-parser v0.7.0
[INFO] [stderr]    Compiling same-file v1.0.6
[INFO] [stderr]    Compiling pkg-config v0.3.19
[INFO] [stderr]    Compiling cc v1.0.69
[INFO] [stderr]    Compiling unicode-bidi v0.3.5
[INFO] [stderr]    Compiling walkdir v2.3.2
[INFO] [stderr]    Compiling tinyvec v1.3.1
[INFO] [stderr]    Compiling form_urlencoded v1.0.1
[INFO] [stderr]    Compiling uniui_core v0.0.4
[INFO] [stderr]    Compiling quote v1.0.9
[INFO] [stderr]    Compiling unicode-normalization v0.1.19
[INFO] [stderr]    Compiling rand_core v0.5.1
[INFO] [stderr]    Compiling rand_chacha v0.2.2
[INFO] [stderr]    Compiling idna v0.2.3
[INFO] [stderr]    Compiling rand v0.7.3
[INFO] [stderr]    Compiling url v2.2.2
[INFO] [stderr]    Compiling thiserror-impl v1.0.26
[INFO] [stderr]    Compiling uni_components_macro v0.0.7
[INFO] [stderr]    Compiling thiserror v1.0.26
[INFO] [stderr]    Compiling serde_urlencoded v0.7.0
[INFO] [stderr]    Compiling semver v0.10.0
[INFO] [stderr]    Compiling toml v0.5.8
[INFO] [stderr]    Compiling uni_net v0.0.5
[INFO] [stderr]    Compiling cargo_metadata v0.11.4
[INFO] [stderr]    Compiling uni_components v0.0.9
[INFO] [stderr]    Compiling uniui_build v0.0.15
[INFO] [stderr]    Compiling uniui_gui v0.0.16
[INFO] [stderr]    Compiling uniui_gui_macro v0.0.15
[INFO] [stderr]    Compiling uniui_widget_button v0.0.10 (/opt/rustwide/workdir)
[INFO] [stderr] warning: In file included from /usr/include/x86_64-linux-gnu/qt5/QtCore/qlocale.h:43,
[INFO] [stderr] warning:                  from /usr/include/x86_64-linux-gnu/qt5/QtGui/qguiapplication.h:47,
[INFO] [stderr] warning:                  from /usr/include/x86_64-linux-gnu/qt5/QtWidgets/qapplication.h:52,
[INFO] [stderr] warning:                  from /usr/include/x86_64-linux-gnu/qt5/QtWidgets/QApplication:1,
[INFO] [stderr] warning:                  from cpp/source.cpp:1:
[INFO] [stderr] warning: /usr/include/x86_64-linux-gnu/qt5/QtCore/qvariant.h: In constructor 'QVariant::QVariant(QVariant&&)':
[INFO] [stderr] warning: /usr/include/x86_64-linux-gnu/qt5/QtCore/qvariant.h:275:25: warning: implicitly-declared 'QVariant::Private& QVariant::Private::operator=(const QVariant::Private&)' is deprecated [-Wdeprecated-copy]
[INFO] [stderr] warning:   275 |     { other.d = Private(); }
[INFO] [stderr] warning:       |                         ^
[INFO] [stderr] warning: /usr/include/x86_64-linux-gnu/qt5/QtCore/qvariant.h:401:16: note: because 'QVariant::Private' has user-provided 'QVariant::Private::Private(const QVariant::Private&)'
[INFO] [stderr] warning:   401 |         inline Private(const Private &other) Q_DECL_NOTHROW
[INFO] [stderr] warning:       |                ^~~~~~~
[INFO] [stderr]     Finished dev [unoptimized + debuginfo] target(s) in 31.75s
[INFO] running `Command { std: "docker" "inspect" "d0283272acadb5aade58436144b0519dc6de0a704892c1dd882f4b7a3ac5c0d6", kill_on_drop: false }`
[INFO] running `Command { std: "docker" "rm" "-f" "d0283272acadb5aade58436144b0519dc6de0a704892c1dd882f4b7a3ac5c0d6", kill_on_drop: false }`
[INFO] [stdout] d0283272acadb5aade58436144b0519dc6de0a704892c1dd882f4b7a3ac5c0d6
[INFO] running `Command { std: "docker" "create" "-v" "/var/lib/crater-agent-workspace/builds/worker-67/target:/opt/rustwide/target:rw,Z" "-v" "/var/lib/crater-agent-workspace/builds/worker-67/source:/opt/rustwide/workdir:ro,Z" "-v" "/var/lib/crater-agent-workspace/cargo-home:/opt/rustwide/cargo-home:ro,Z" "-v" "/var/lib/crater-agent-workspace/rustup-home:/opt/rustwide/rustup-home:ro,Z" "-e" "SOURCE_DIR=/opt/rustwide/workdir" "-e" "CARGO_TARGET_DIR=/opt/rustwide/target" "-e" "CARGO_INCREMENTAL=0" "-e" "RUST_BACKTRACE=full" "-e" "RUSTFLAGS=--cap-lints=warn" "-e" "CARGO_HOME=/opt/rustwide/cargo-home" "-e" "RUSTUP_HOME=/opt/rustwide/rustup-home" "-w" "/opt/rustwide/workdir" "-m" "1610612736" "--user" "0:0" "--network" "none" "ghcr.io/rust-lang/crates-build-env/linux@sha256:34b6a614d2c27851fe6cbf88fbd1137609cefab8b10d0615aaeb6fd47975d74e" "/opt/rustwide/cargo-home/bin/cargo" "+1.54.0" "test" "--frozen" "--no-run" "--message-format=json", kill_on_drop: false }`
[INFO] [stdout] 8c344142fab5ccb7f8cd18a63bd6b681652aace67eb0153f6c5682e9d82ecc84
[INFO] running `Command { std: "docker" "start" "-a" "8c344142fab5ccb7f8cd18a63bd6b681652aace67eb0153f6c5682e9d82ecc84", kill_on_drop: false }`
[INFO] [stderr] warning: In file included from /usr/include/x86_64-linux-gnu/qt5/QtCore/qlocale.h:43,
[INFO] [stderr] warning:                  from /usr/include/x86_64-linux-gnu/qt5/QtGui/qguiapplication.h:47,
[INFO] [stderr] warning:                  from /usr/include/x86_64-linux-gnu/qt5/QtWidgets/qapplication.h:52,
[INFO] [stderr] warning:                  from /usr/include/x86_64-linux-gnu/qt5/QtWidgets/QApplication:1,
[INFO] [stderr] warning:                  from cpp/source.cpp:1:
[INFO] [stderr] warning: /usr/include/x86_64-linux-gnu/qt5/QtCore/qvariant.h: In constructor 'QVariant::QVariant(QVariant&&)':
[INFO] [stderr] warning: /usr/include/x86_64-linux-gnu/qt5/QtCore/qvariant.h:275:25: warning: implicitly-declared 'QVariant::Private& QVariant::Private::operator=(const QVariant::Private&)' is deprecated [-Wdeprecated-copy]
[INFO] [stderr] warning:   275 |     { other.d = Private(); }
[INFO] [stderr] warning:       |                         ^
[INFO] [stderr] warning: /usr/include/x86_64-linux-gnu/qt5/QtCore/qvariant.h:401:16: note: because 'QVariant::Private' has user-provided 'QVariant::Private::Private(const QVariant::Private&)'
[INFO] [stderr] warning:   401 |         inline Private(const Private &other) Q_DECL_NOTHROW
[INFO] [stderr] warning:       |                ^~~~~~~
[INFO] [stderr]    Compiling uniui_widget_button v0.0.10 (/opt/rustwide/workdir)
[INFO] [stderr]     Finished test [unoptimized + debuginfo] target(s) in 1.60s
[INFO] running `Command { std: "docker" "inspect" "8c344142fab5ccb7f8cd18a63bd6b681652aace67eb0153f6c5682e9d82ecc84", kill_on_drop: false }`
[INFO] running `Command { std: "docker" "rm" "-f" "8c344142fab5ccb7f8cd18a63bd6b681652aace67eb0153f6c5682e9d82ecc84", kill_on_drop: false }`
[INFO] [stdout] 8c344142fab5ccb7f8cd18a63bd6b681652aace67eb0153f6c5682e9d82ecc84
[INFO] running `Command { std: "docker" "create" "-v" "/var/lib/crater-agent-workspace/builds/worker-67/target:/opt/rustwide/target:rw,Z" "-v" "/var/lib/crater-agent-workspace/builds/worker-67/source:/opt/rustwide/workdir:ro,Z" "-v" "/var/lib/crater-agent-workspace/cargo-home:/opt/rustwide/cargo-home:ro,Z" "-v" "/var/lib/crater-agent-workspace/rustup-home:/opt/rustwide/rustup-home:ro,Z" "-e" "SOURCE_DIR=/opt/rustwide/workdir" "-e" "CARGO_TARGET_DIR=/opt/rustwide/target" "-e" "CARGO_INCREMENTAL=0" "-e" "RUST_BACKTRACE=full" "-e" "RUSTFLAGS=--cap-lints=warn" "-e" "CARGO_HOME=/opt/rustwide/cargo-home" "-e" "RUSTUP_HOME=/opt/rustwide/rustup-home" "-w" "/opt/rustwide/workdir" "-m" "1610612736" "--user" "0:0" "--network" "none" "ghcr.io/rust-lang/crates-build-env/linux@sha256:34b6a614d2c27851fe6cbf88fbd1137609cefab8b10d0615aaeb6fd47975d74e" "/opt/rustwide/cargo-home/bin/cargo" "+1.54.0" "test" "--frozen", kill_on_drop: false }`
[INFO] [stdout] e3339e19fba3bc950796e164ff7a4ed6996e86eaf391f6b2f3d258b5a6700e9b
[INFO] running `Command { std: "docker" "start" "-a" "e3339e19fba3bc950796e164ff7a4ed6996e86eaf391f6b2f3d258b5a6700e9b", kill_on_drop: false }`
[INFO] [stderr] warning: In file included from /usr/include/x86_64-linux-gnu/qt5/QtCore/qlocale.h:43,
[INFO] [stderr] warning:                  from /usr/include/x86_64-linux-gnu/qt5/QtGui/qguiapplication.h:47,
[INFO] [stderr] warning:                  from /usr/include/x86_64-linux-gnu/qt5/QtWidgets/qapplication.h:52,
[INFO] [stderr] warning:                  from /usr/include/x86_64-linux-gnu/qt5/QtWidgets/QApplication:1,
[INFO] [stderr] warning:                  from cpp/source.cpp:1:
[INFO] [stderr] warning: /usr/include/x86_64-linux-gnu/qt5/QtCore/qvariant.h: In constructor 'QVariant::QVariant(QVariant&&)':
[INFO] [stderr] warning: /usr/include/x86_64-linux-gnu/qt5/QtCore/qvariant.h:275:25: warning: implicitly-declared 'QVariant::Private& QVariant::Private::operator=(const QVariant::Private&)' is deprecated [-Wdeprecated-copy]
[INFO] [stderr] warning:   275 |     { other.d = Private(); }
[INFO] [stderr] warning:       |                         ^
[INFO] [stderr] warning: /usr/include/x86_64-linux-gnu/qt5/QtCore/qvariant.h:401:16: note: because 'QVariant::Private' has user-provided 'QVariant::Private::Private(const QVariant::Private&)'
[INFO] [stderr] warning:   401 |         inline Private(const Private &other) Q_DECL_NOTHROW
[INFO] [stderr] warning:       |                ^~~~~~~
[INFO] [stderr]     Finished test [unoptimized + debuginfo] target(s) in 0.06s
[INFO] [stderr]      Running unittests (/opt/rustwide/target/debug/deps/uniui_widget_button-c651d74f3d7ec2c5)
[INFO] [stdout] 
[INFO] [stdout] running 0 tests
[INFO] [stdout] 
[INFO] [stdout] test result: ok. 0 passed; 0 failed; 0 ignored; 0 measured; 0 filtered out; finished in 0.00s
[INFO] [stdout] 
[INFO] [stderr]    Doc-tests uniui_widget_button
[INFO] [stdout] 
[INFO] [stdout] running 3 tests
[INFO] [stdout] test src/button.rs - button::Button (line 29) ... FAILED
[INFO] [stdout] test src/macros.rs - u_button (line 17) ... FAILED
[INFO] [stdout] test src/button.rs - button::Button (line 21) ... FAILED
[INFO] [stdout] 
[INFO] [stdout] failures:
[INFO] [stdout] 
[INFO] [stdout] ---- src/button.rs - button::Button (line 29) stdout ----
[INFO] [stdout] error: cannot find macro `u_buton` in this scope
[INFO] [stdout]   --> src/button.rs:34:14
[INFO] [stdout]    |
[INFO] [stdout] 8  | let button = u_buton! {
[INFO] [stdout]    |              ^^^^^^^ help: a macro with a similar name exists: `u_button`
[INFO] [stdout]    | 
[INFO] [stdout]   ::: /opt/rustwide/workdir/src/macros.rs:26:1
[INFO] [stdout]    |
[INFO] [stdout] 26 | macro_rules! u_button {
[INFO] [stdout]    | --------------------- similarly named macro `u_button` defined here
[INFO] [stdout] 
[INFO] [stdout] error[E0433]: failed to resolve: use of undeclared type `SlotImpl`
[INFO] [stdout]  --> src/button.rs:32:27
[INFO] [stdout]   |
[INFO] [stdout] 6 | let slot_button_clicked = SlotImpl::new();
[INFO] [stdout]   |                           ^^^^^^^^ not found in this scope
[INFO] [stdout]   |
[INFO] [stdout] help: consider importing one of these items
[INFO] [stdout]   |
[INFO] [stdout] 3 | use uniui_core::SlotImpl;
[INFO] [stdout]   |
[INFO] [stdout] 3 | use uniui_gui::core::SlotImpl;
[INFO] [stdout]   |
[INFO] [stdout] 
[INFO] [stdout] error: aborting due to 2 previous errors
[INFO] [stdout] 
[INFO] [stdout] For more information about this error, try `rustc --explain E0433`.
[INFO] [stdout] Couldn't compile the test.
[INFO] [stdout] ---- src/macros.rs - u_button (line 17) stdout ----
[INFO] [stdout] error: cannot find macro `u_buton` in this scope
[INFO] [stdout]  --> src/macros.rs:20:14
[INFO] [stdout]   |
[INFO] [stdout] 5 | let button = u_buton! {
[INFO] [stdout]   |              ^^^^^^^
[INFO] [stdout] 
[INFO] [stdout] error[E0433]: failed to resolve: use of undeclared type `SlotImpl`
[INFO] [stdout]  --> src/macros.rs:18:27
[INFO] [stdout]   |
[INFO] [stdout] 3 | let slot_button_clicked = SlotImpl::new();
[INFO] [stdout]   |                           ^^^^^^^^ not found in this scope
[INFO] [stdout]   |
[INFO] [stdout] help: consider importing one of these items
[INFO] [stdout]   |
[INFO] [stdout] 2 | use uniui_core::SlotImpl;
[INFO] [stdout]   |
[INFO] [stdout] 2 | use uniui_gui::core::SlotImpl;
[INFO] [stdout]   |
[INFO] [stdout] 
[INFO] [stdout] error: aborting due to 2 previous errors
[INFO] [stdout] 
[INFO] [stdout] For more information about this error, try `rustc --explain E0433`.
[INFO] [stdout] Couldn't compile the test.
[INFO] [stdout] ---- src/button.rs - button::Button (line 21) stdout ----
[INFO] [stdout] error[E0433]: failed to resolve: use of undeclared type `SlotImpl`
[INFO] [stdout]  --> src/button.rs:22:27
[INFO] [stdout]   |
[INFO] [stdout] 3 | let slot_button_clicked = SlotImpl::new();
[INFO] [stdout]   |                           ^^^^^^^^ not found in this scope
[INFO] [stdout]   |
[INFO] [stdout] help: consider importing one of these items
[INFO] [stdout]   |
[INFO] [stdout] 2 | use uniui_core::SlotImpl;
[INFO] [stdout]   |
[INFO] [stdout] 2 | use uniui_gui::core::SlotImpl;
[INFO] [stdout]   |
[INFO] [stdout] 
[INFO] [stdout] error[E0433]: failed to resolve: use of undeclared type `Button`
[INFO] [stdout]  --> src/button.rs:23:14
[INFO] [stdout]   |
[INFO] [stdout] 4 | let button = Button::new("PushMe".to_owned());
[INFO] [stdout]   |              ^^^^^^ not found in this scope
[INFO] [stdout]   |
[INFO] [stdout] help: consider importing this struct
[INFO] [stdout]   |
[INFO] [stdout] 2 | use uniui_widget_button::Button;
[INFO] [stdout]   |
[INFO] [stdout] 
[INFO] [stdout] error: aborting due to 2 previous errors
[INFO] [stdout] 
[INFO] [stdout] For more information about this error, try `rustc --explain E0433`.
[INFO] [stdout] Couldn't compile the test.
[INFO] [stdout] 
[INFO] [stdout] failures:
[INFO] [stdout]     src/button.rs - button::Button (line 21)
[INFO] [stdout]     src/button.rs - button::Button (line 29)
[INFO] [stdout]     src/macros.rs - u_button (line 17)
[INFO] [stdout] 
[INFO] [stdout] test result: FAILED. 0 passed; 3 failed; 0 ignored; 0 measured; 0 filtered out; finished in 0.16s
[INFO] [stdout] 
[INFO] [stderr] error: test failed, to rerun pass '--doc'
[INFO] running `Command { std: "docker" "inspect" "e3339e19fba3bc950796e164ff7a4ed6996e86eaf391f6b2f3d258b5a6700e9b", kill_on_drop: false }`
[INFO] running `Command { std: "docker" "rm" "-f" "e3339e19fba3bc950796e164ff7a4ed6996e86eaf391f6b2f3d258b5a6700e9b", kill_on_drop: false }`
[INFO] [stdout] e3339e19fba3bc950796e164ff7a4ed6996e86eaf391f6b2f3d258b5a6700e9b
