[INFO] fetching crate uniui_layout_linear_layout 0.0.10...
[INFO] testing uniui_layout_linear_layout-0.0.10 against beta-2021-08-01 for beta-1.55-1
[INFO] extracting crate uniui_layout_linear_layout 0.0.10 into /workspace/builds/worker-115/source
[INFO] validating manifest of crates.io crate uniui_layout_linear_layout 0.0.10 on toolchain beta-2021-08-01
[INFO] running `Command { std: "/workspace/cargo-home/bin/cargo" "+beta-2021-08-01" "metadata" "--manifest-path" "Cargo.toml" "--no-deps", kill_on_drop: false }`
[INFO] started tweaking crates.io crate uniui_layout_linear_layout 0.0.10
[INFO] finished tweaking crates.io crate uniui_layout_linear_layout 0.0.10
[INFO] tweaked toml for crates.io crate uniui_layout_linear_layout 0.0.10 written to /workspace/builds/worker-115/source/Cargo.toml
[INFO] running `Command { std: "/workspace/cargo-home/bin/cargo" "+beta-2021-08-01" "generate-lockfile" "--manifest-path" "Cargo.toml" "-Zno-index-update", kill_on_drop: false }`
[INFO] [stderr]     Blocking waiting for file lock on package cache
[INFO] running `Command { std: "/workspace/cargo-home/bin/cargo" "+beta-2021-08-01" "fetch" "--manifest-path" "Cargo.toml", kill_on_drop: false }`
[INFO] [stderr]     Blocking waiting for file lock on package cache
[INFO] [stderr]     Blocking waiting for file lock on package cache
[INFO] running `Command { std: "docker" "create" "-v" "/var/lib/crater-agent-workspace/builds/worker-115/target:/opt/rustwide/target:rw,Z" "-v" "/var/lib/crater-agent-workspace/builds/worker-115/source:/opt/rustwide/workdir:ro,Z" "-v" "/var/lib/crater-agent-workspace/cargo-home:/opt/rustwide/cargo-home:ro,Z" "-v" "/var/lib/crater-agent-workspace/rustup-home:/opt/rustwide/rustup-home:ro,Z" "-e" "SOURCE_DIR=/opt/rustwide/workdir" "-e" "CARGO_TARGET_DIR=/opt/rustwide/target" "-e" "CARGO_HOME=/opt/rustwide/cargo-home" "-e" "RUSTUP_HOME=/opt/rustwide/rustup-home" "-w" "/opt/rustwide/workdir" "-m" "1610612736" "--user" "0:0" "--network" "none" "ghcr.io/rust-lang/crates-build-env/linux@sha256:34b6a614d2c27851fe6cbf88fbd1137609cefab8b10d0615aaeb6fd47975d74e" "/opt/rustwide/cargo-home/bin/cargo" "+beta-2021-08-01" "metadata" "--no-deps" "--format-version=1", kill_on_drop: false }`
[INFO] [stdout] ae1852c214b75040387b87505c8a6bcf2f6c10bbb0407ce1b7b811a5239c5e05
[INFO] running `Command { std: "docker" "start" "-a" "ae1852c214b75040387b87505c8a6bcf2f6c10bbb0407ce1b7b811a5239c5e05", kill_on_drop: false }`
[INFO] running `Command { std: "docker" "inspect" "ae1852c214b75040387b87505c8a6bcf2f6c10bbb0407ce1b7b811a5239c5e05", kill_on_drop: false }`
[INFO] running `Command { std: "docker" "rm" "-f" "ae1852c214b75040387b87505c8a6bcf2f6c10bbb0407ce1b7b811a5239c5e05", kill_on_drop: false }`
[INFO] [stdout] ae1852c214b75040387b87505c8a6bcf2f6c10bbb0407ce1b7b811a5239c5e05
[INFO] running `Command { std: "docker" "create" "-v" "/var/lib/crater-agent-workspace/builds/worker-115/target:/opt/rustwide/target:rw,Z" "-v" "/var/lib/crater-agent-workspace/builds/worker-115/source:/opt/rustwide/workdir:ro,Z" "-v" "/var/lib/crater-agent-workspace/cargo-home:/opt/rustwide/cargo-home:ro,Z" "-v" "/var/lib/crater-agent-workspace/rustup-home:/opt/rustwide/rustup-home:ro,Z" "-e" "SOURCE_DIR=/opt/rustwide/workdir" "-e" "CARGO_TARGET_DIR=/opt/rustwide/target" "-e" "CARGO_INCREMENTAL=0" "-e" "RUST_BACKTRACE=full" "-e" "RUSTFLAGS=--cap-lints=warn" "-e" "CARGO_HOME=/opt/rustwide/cargo-home" "-e" "RUSTUP_HOME=/opt/rustwide/rustup-home" "-w" "/opt/rustwide/workdir" "-m" "1610612736" "--user" "0:0" "--network" "none" "ghcr.io/rust-lang/crates-build-env/linux@sha256:34b6a614d2c27851fe6cbf88fbd1137609cefab8b10d0615aaeb6fd47975d74e" "/opt/rustwide/cargo-home/bin/cargo" "+beta-2021-08-01" "build" "--frozen" "--message-format=json", kill_on_drop: false }`
[INFO] [stdout] 3b6c51b74e6fc3094bb0924a466d8d29ad38f2f880ee125c623f75c7b7d4e585
[INFO] running `Command { std: "docker" "start" "-a" "3b6c51b74e6fc3094bb0924a466d8d29ad38f2f880ee125c623f75c7b7d4e585", kill_on_drop: false }`
[INFO] [stderr]    Compiling proc-macro2 v1.0.28
[INFO] [stderr]    Compiling unicode-xid v0.2.2
[INFO] [stderr]    Compiling syn v1.0.74
[INFO] [stderr]    Compiling serde_derive v1.0.127
[INFO] [stderr]    Compiling serde v1.0.127
[INFO] [stderr]    Compiling cfg-if v1.0.0
[INFO] [stderr]    Compiling ryu v1.0.5
[INFO] [stderr]    Compiling libc v0.2.98
[INFO] [stderr]    Compiling getrandom v0.1.16
[INFO] [stderr]    Compiling matches v0.1.8
[INFO] [stderr]    Compiling tinyvec_macros v0.1.0
[INFO] [stderr]    Compiling log v0.4.14
[INFO] [stderr]    Compiling serde_json v1.0.66
[INFO] [stderr]    Compiling itoa v0.4.7
[INFO] [stderr]    Compiling percent-encoding v2.1.0
[INFO] [stderr]    Compiling ppv-lite86 v0.2.10
[INFO] [stderr]    Compiling semver-parser v0.7.0
[INFO] [stderr]    Compiling same-file v1.0.6
[INFO] [stderr]    Compiling pkg-config v0.3.19
[INFO] [stderr]    Compiling cc v1.0.69
[INFO] [stderr]    Compiling walkdir v2.3.2
[INFO] [stderr]    Compiling unicode-bidi v0.3.5
[INFO] [stderr]    Compiling tinyvec v1.3.1
[INFO] [stderr]    Compiling form_urlencoded v1.0.1
[INFO] [stderr]    Compiling uniui_core v0.0.4
[INFO] [stderr]    Compiling unicode-normalization v0.1.19
[INFO] [stderr]    Compiling quote v1.0.9
[INFO] [stderr]    Compiling rand_core v0.5.1
[INFO] [stderr]    Compiling rand_chacha v0.2.2
[INFO] [stderr]    Compiling idna v0.2.3
[INFO] [stderr]    Compiling rand v0.7.3
[INFO] [stderr]    Compiling url v2.2.2
[INFO] [stderr]    Compiling thiserror-impl v1.0.26
[INFO] [stderr]    Compiling uni_components_macro v0.0.7
[INFO] [stderr]    Compiling thiserror v1.0.26
[INFO] [stderr]    Compiling serde_urlencoded v0.7.0
[INFO] [stderr]    Compiling semver v0.10.0
[INFO] [stderr]    Compiling toml v0.5.8
[INFO] [stderr]    Compiling uni_net v0.0.5
[INFO] [stderr]    Compiling cargo_metadata v0.11.4
[INFO] [stderr]    Compiling uni_components v0.0.9
[INFO] [stderr]    Compiling uniui_build v0.0.15
[INFO] [stderr]    Compiling uniui_gui v0.0.16
[INFO] [stderr]    Compiling uniui_layout_linear_layout v0.0.10 (/opt/rustwide/workdir)
[INFO] [stderr]    Compiling uniui_gui_macro v0.0.15
[INFO] [stderr] warning: In file included from /usr/include/x86_64-linux-gnu/qt5/QtCore/qlocale.h:43,
[INFO] [stderr] warning:                  from /usr/include/x86_64-linux-gnu/qt5/QtGui/qguiapplication.h:47,
[INFO] [stderr] warning:                  from /usr/include/x86_64-linux-gnu/qt5/QtWidgets/qapplication.h:52,
[INFO] [stderr] warning:                  from /usr/include/x86_64-linux-gnu/qt5/QtWidgets/QApplication:1,
[INFO] [stderr] warning:                  from cpp/source.cpp:1:
[INFO] [stderr] warning: /usr/include/x86_64-linux-gnu/qt5/QtCore/qvariant.h: In constructor 'QVariant::QVariant(QVariant&&)':
[INFO] [stderr] warning: /usr/include/x86_64-linux-gnu/qt5/QtCore/qvariant.h:275:25: warning: implicitly-declared 'QVariant::Private& QVariant::Private::operator=(const QVariant::Private&)' is deprecated [-Wdeprecated-copy]
[INFO] [stderr] warning:   275 |     { other.d = Private(); }
[INFO] [stderr] warning:       |                         ^
[INFO] [stderr] warning: /usr/include/x86_64-linux-gnu/qt5/QtCore/qvariant.h:401:16: note: because 'QVariant::Private' has user-provided 'QVariant::Private::Private(const QVariant::Private&)'
[INFO] [stderr] warning:   401 |         inline Private(const Private &other) Q_DECL_NOTHROW
[INFO] [stderr] warning:       |                ^~~~~~~
[INFO] [stderr]     Finished dev [unoptimized + debuginfo] target(s) in 31.84s
[INFO] running `Command { std: "docker" "inspect" "3b6c51b74e6fc3094bb0924a466d8d29ad38f2f880ee125c623f75c7b7d4e585", kill_on_drop: false }`
[INFO] running `Command { std: "docker" "rm" "-f" "3b6c51b74e6fc3094bb0924a466d8d29ad38f2f880ee125c623f75c7b7d4e585", kill_on_drop: false }`
[INFO] [stdout] 3b6c51b74e6fc3094bb0924a466d8d29ad38f2f880ee125c623f75c7b7d4e585
[INFO] running `Command { std: "docker" "create" "-v" "/var/lib/crater-agent-workspace/builds/worker-115/target:/opt/rustwide/target:rw,Z" "-v" "/var/lib/crater-agent-workspace/builds/worker-115/source:/opt/rustwide/workdir:ro,Z" "-v" "/var/lib/crater-agent-workspace/cargo-home:/opt/rustwide/cargo-home:ro,Z" "-v" "/var/lib/crater-agent-workspace/rustup-home:/opt/rustwide/rustup-home:ro,Z" "-e" "SOURCE_DIR=/opt/rustwide/workdir" "-e" "CARGO_TARGET_DIR=/opt/rustwide/target" "-e" "CARGO_INCREMENTAL=0" "-e" "RUST_BACKTRACE=full" "-e" "RUSTFLAGS=--cap-lints=warn" "-e" "CARGO_HOME=/opt/rustwide/cargo-home" "-e" "RUSTUP_HOME=/opt/rustwide/rustup-home" "-w" "/opt/rustwide/workdir" "-m" "1610612736" "--user" "0:0" "--network" "none" "ghcr.io/rust-lang/crates-build-env/linux@sha256:34b6a614d2c27851fe6cbf88fbd1137609cefab8b10d0615aaeb6fd47975d74e" "/opt/rustwide/cargo-home/bin/cargo" "+beta-2021-08-01" "test" "--frozen" "--no-run" "--message-format=json", kill_on_drop: false }`
[INFO] [stdout] 453cd985625964a95ae34fee08a0d832e0b39c43eb645a5b1561bf033ff62fe8
[INFO] running `Command { std: "docker" "start" "-a" "453cd985625964a95ae34fee08a0d832e0b39c43eb645a5b1561bf033ff62fe8", kill_on_drop: false }`
[INFO] [stderr] warning: In file included from /usr/include/x86_64-linux-gnu/qt5/QtCore/qlocale.h:43,
[INFO] [stderr] warning:                  from /usr/include/x86_64-linux-gnu/qt5/QtGui/qguiapplication.h:47,
[INFO] [stderr] warning:                  from /usr/include/x86_64-linux-gnu/qt5/QtWidgets/qapplication.h:52,
[INFO] [stderr] warning:                  from /usr/include/x86_64-linux-gnu/qt5/QtWidgets/QApplication:1,
[INFO] [stderr] warning:                  from cpp/source.cpp:1:
[INFO] [stderr] warning: /usr/include/x86_64-linux-gnu/qt5/QtCore/qvariant.h: In constructor 'QVariant::QVariant(QVariant&&)':
[INFO] [stderr] warning: /usr/include/x86_64-linux-gnu/qt5/QtCore/qvariant.h:275:25: warning: implicitly-declared 'QVariant::Private& QVariant::Private::operator=(const QVariant::Private&)' is deprecated [-Wdeprecated-copy]
[INFO] [stderr] warning:   275 |     { other.d = Private(); }
[INFO] [stderr] warning:       |                         ^
[INFO] [stderr] warning: /usr/include/x86_64-linux-gnu/qt5/QtCore/qvariant.h:401:16: note: because 'QVariant::Private' has user-provided 'QVariant::Private::Private(const QVariant::Private&)'
[INFO] [stderr] warning:   401 |         inline Private(const Private &other) Q_DECL_NOTHROW
[INFO] [stderr] warning:       |                ^~~~~~~
[INFO] [stderr]    Compiling uniui_layout_linear_layout v0.0.10 (/opt/rustwide/workdir)
[INFO] [stderr]     Finished test [unoptimized + debuginfo] target(s) in 1.75s
[INFO] running `Command { std: "docker" "inspect" "453cd985625964a95ae34fee08a0d832e0b39c43eb645a5b1561bf033ff62fe8", kill_on_drop: false }`
[INFO] running `Command { std: "docker" "rm" "-f" "453cd985625964a95ae34fee08a0d832e0b39c43eb645a5b1561bf033ff62fe8", kill_on_drop: false }`
[INFO] [stdout] 453cd985625964a95ae34fee08a0d832e0b39c43eb645a5b1561bf033ff62fe8
[INFO] running `Command { std: "docker" "create" "-v" "/var/lib/crater-agent-workspace/builds/worker-115/target:/opt/rustwide/target:rw,Z" "-v" "/var/lib/crater-agent-workspace/builds/worker-115/source:/opt/rustwide/workdir:ro,Z" "-v" "/var/lib/crater-agent-workspace/cargo-home:/opt/rustwide/cargo-home:ro,Z" "-v" "/var/lib/crater-agent-workspace/rustup-home:/opt/rustwide/rustup-home:ro,Z" "-e" "SOURCE_DIR=/opt/rustwide/workdir" "-e" "CARGO_TARGET_DIR=/opt/rustwide/target" "-e" "CARGO_INCREMENTAL=0" "-e" "RUST_BACKTRACE=full" "-e" "RUSTFLAGS=--cap-lints=warn" "-e" "CARGO_HOME=/opt/rustwide/cargo-home" "-e" "RUSTUP_HOME=/opt/rustwide/rustup-home" "-w" "/opt/rustwide/workdir" "-m" "1610612736" "--user" "0:0" "--network" "none" "ghcr.io/rust-lang/crates-build-env/linux@sha256:34b6a614d2c27851fe6cbf88fbd1137609cefab8b10d0615aaeb6fd47975d74e" "/opt/rustwide/cargo-home/bin/cargo" "+beta-2021-08-01" "test" "--frozen", kill_on_drop: false }`
[INFO] [stdout] 2cdb6ffb2d1f948fa506c97924c388e9f55d92843d14780121fe57fdcc75125e
[INFO] running `Command { std: "docker" "start" "-a" "2cdb6ffb2d1f948fa506c97924c388e9f55d92843d14780121fe57fdcc75125e", kill_on_drop: false }`
[INFO] [stderr] warning: In file included from /usr/include/x86_64-linux-gnu/qt5/QtCore/qlocale.h:43,
[INFO] [stderr] warning:                  from /usr/include/x86_64-linux-gnu/qt5/QtGui/qguiapplication.h:47,
[INFO] [stderr] warning:                  from /usr/include/x86_64-linux-gnu/qt5/QtWidgets/qapplication.h:52,
[INFO] [stderr] warning:                  from /usr/include/x86_64-linux-gnu/qt5/QtWidgets/QApplication:1,
[INFO] [stderr] warning:                  from cpp/source.cpp:1:
[INFO] [stderr] warning: /usr/include/x86_64-linux-gnu/qt5/QtCore/qvariant.h: In constructor 'QVariant::QVariant(QVariant&&)':
[INFO] [stderr] warning: /usr/include/x86_64-linux-gnu/qt5/QtCore/qvariant.h:275:25: warning: implicitly-declared 'QVariant::Private& QVariant::Private::operator=(const QVariant::Private&)' is deprecated [-Wdeprecated-copy]
[INFO] [stderr] warning:   275 |     { other.d = Private(); }
[INFO] [stderr] warning:       |                         ^
[INFO] [stderr] warning: /usr/include/x86_64-linux-gnu/qt5/QtCore/qvariant.h:401:16: note: because 'QVariant::Private' has user-provided 'QVariant::Private::Private(const QVariant::Private&)'
[INFO] [stderr] warning:   401 |         inline Private(const Private &other) Q_DECL_NOTHROW
[INFO] [stderr] warning:       |                ^~~~~~~
[INFO] [stderr]     Finished test [unoptimized + debuginfo] target(s) in 0.08s
[INFO] [stderr]      Running unittests (/opt/rustwide/target/debug/deps/uniui_layout_linear_layout-99b510d5cb409794)
[INFO] [stdout] 
[INFO] [stdout] running 0 tests
[INFO] [stdout] 
[INFO] [stdout] test result: ok. 0 passed; 0 failed; 0 ignored; 0 measured; 0 filtered out; finished in 0.00s
[INFO] [stdout] 
[INFO] [stderr]    Doc-tests uniui_layout_linear_layout
[INFO] [stdout] 
[INFO] [stdout] running 5 tests
[INFO] [stdout] test src/linear_layout.rs - linear_layout::LinearLayout::push_widget (line 87) ... FAILED
[INFO] [stdout] test src/linear_layout.rs - linear_layout::LinearLayout (line 26) ... FAILED
[INFO] [stdout] test src/macros.rs - u_linear_layout (line 32) ... FAILED
[INFO] [stdout] test src/linear_layout.rs - linear_layout::LinearLayout (line 40) ... FAILED
[INFO] [stdout] test src/linear_layout.rs - linear_layout::LinearLayout::new (line 64) ... ok
[INFO] [stdout] 
[INFO] [stdout] failures:
[INFO] [stdout] 
[INFO] [stdout] ---- src/linear_layout.rs - linear_layout::LinearLayout::push_widget (line 87) stdout ----
[INFO] [stdout] error[E0432]: unresolved import `uniui_widget_button`
[INFO] [stdout]  --> src/linear_layout.rs:90:5
[INFO] [stdout]   |
[INFO] [stdout] 6 | use uniui_widget_button::Button;
[INFO] [stdout]   |     ^^^^^^^^^^^^^^^^^^^ use of undeclared crate or module `uniui_widget_button`
[INFO] [stdout] 
[INFO] [stdout] error: aborting due to previous error
[INFO] [stdout] 
[INFO] [stdout] For more information about this error, try `rustc --explain E0432`.
[INFO] [stdout] Couldn't compile the test.
[INFO] [stdout] ---- src/linear_layout.rs - linear_layout::LinearLayout (line 26) stdout ----
[INFO] [stdout] error[E0432]: unresolved import `uniui_widget_button`
[INFO] [stdout]  --> src/linear_layout.rs:27:5
[INFO] [stdout]   |
[INFO] [stdout] 4 | use uniui_widget_button::Button;
[INFO] [stdout]   |     ^^^^^^^^^^^^^^^^^^^ use of undeclared crate or module `uniui_widget_button`
[INFO] [stdout] 
[INFO] [stdout] error[E0433]: failed to resolve: use of undeclared type `Orientation`
[INFO] [stdout]   --> src/linear_layout.rs:33:43
[INFO] [stdout]    |
[INFO] [stdout] 10 | let mut linear_layout = LinearLayout::new(Orientation::Horizontal);
[INFO] [stdout]    |                                           ^^^^^^^^^^^ use of undeclared type `Orientation`
[INFO] [stdout] 
[INFO] [stdout] error: aborting due to 2 previous errors
[INFO] [stdout] 
[INFO] [stdout] Some errors have detailed explanations: E0432, E0433.
[INFO] [stdout] For more information about an error, try `rustc --explain E0432`.
[INFO] [stdout] Couldn't compile the test.
[INFO] [stdout] ---- src/macros.rs - u_linear_layout (line 32) stdout ----
[INFO] [stdout] error[E0432]: unresolved import `uniui_widget_button`
[INFO] [stdout]  --> src/macros.rs:34:5
[INFO] [stdout]   |
[INFO] [stdout] 4 | use uniui_widget_button::Button;
[INFO] [stdout]   |     ^^^^^^^^^^^^^^^^^^^ use of undeclared crate or module `uniui_widget_button`
[INFO] [stdout] 
[INFO] [stdout] error: cannot find macro `u_linear_layout` in this scope
[INFO] [stdout]  --> src/macros.rs:36:21
[INFO] [stdout]   |
[INFO] [stdout] 6 | let linear_layout = u_linear_layout! {
[INFO] [stdout]   |                     ^^^^^^^^^^^^^^^
[INFO] [stdout]   |
[INFO] [stdout]   = note: consider importing this macro:
[INFO] [stdout]           uniui_layout_linear_layout::u_linear_layout
[INFO] [stdout] 
[INFO] [stdout] error: aborting due to 2 previous errors
[INFO] [stdout] 
[INFO] [stdout] For more information about this error, try `rustc --explain E0432`.
[INFO] [stdout] Couldn't compile the test.
[INFO] [stdout] ---- src/linear_layout.rs - linear_layout::LinearLayout (line 40) stdout ----
[INFO] [stdout] error[E0433]: failed to resolve: use of undeclared type `Button`
[INFO] [stdout]  --> src/linear_layout.rs:46:9
[INFO] [stdout]   |
[INFO] [stdout] 9 |         Button::new("Button1".to_owned()),
[INFO] [stdout]   |         ^^^^^^ use of undeclared type `Button`
[INFO] [stdout] 
[INFO] [stdout] error[E0433]: failed to resolve: use of undeclared type `Button`
[INFO] [stdout]   --> src/linear_layout.rs:47:9
[INFO] [stdout]    |
[INFO] [stdout] 10 |         Button::new("Button2".to_owned()),
[INFO] [stdout]    |         ^^^^^^ use of undeclared type `Button`
[INFO] [stdout] 
[INFO] [stdout] error: aborting due to 2 previous errors
[INFO] [stdout] 
[INFO] [stdout] For more information about this error, try `rustc --explain E0433`.
[INFO] [stdout] Couldn't compile the test.
[INFO] [stdout] 
[INFO] [stdout] failures:
[INFO] [stdout]     src/linear_layout.rs - linear_layout::LinearLayout (line 26)
[INFO] [stdout]     src/linear_layout.rs - linear_layout::LinearLayout (line 40)
[INFO] [stdout]     src/linear_layout.rs - linear_layout::LinearLayout::push_widget (line 87)
[INFO] [stdout]     src/macros.rs - u_linear_layout (line 32)
[INFO] [stdout] 
[INFO] [stdout] test result: FAILED. 1 passed; 4 failed; 0 ignored; 0 measured; 0 filtered out; finished in 0.66s
[INFO] [stdout] 
[INFO] [stderr] error: test failed, to rerun pass '--doc'
[INFO] running `Command { std: "docker" "inspect" "2cdb6ffb2d1f948fa506c97924c388e9f55d92843d14780121fe57fdcc75125e", kill_on_drop: false }`
[INFO] running `Command { std: "docker" "rm" "-f" "2cdb6ffb2d1f948fa506c97924c388e9f55d92843d14780121fe57fdcc75125e", kill_on_drop: false }`
[INFO] [stdout] 2cdb6ffb2d1f948fa506c97924c388e9f55d92843d14780121fe57fdcc75125e
