[INFO] fetching crate uniaxe 0.1.1...
[INFO] testing uniaxe-0.1.1 against 1.54.0 for beta-1.55-1
[INFO] extracting crate uniaxe 0.1.1 into /workspace/builds/worker-3/source
[INFO] validating manifest of crates.io crate uniaxe 0.1.1 on toolchain 1.54.0
[INFO] running `Command { std: "/workspace/cargo-home/bin/cargo" "+1.54.0" "metadata" "--manifest-path" "Cargo.toml" "--no-deps", kill_on_drop: false }`
[INFO] started tweaking crates.io crate uniaxe 0.1.1
[INFO] finished tweaking crates.io crate uniaxe 0.1.1
[INFO] tweaked toml for crates.io crate uniaxe 0.1.1 written to /workspace/builds/worker-3/source/Cargo.toml
[INFO] running `Command { std: "/workspace/cargo-home/bin/cargo" "+1.54.0" "generate-lockfile" "--manifest-path" "Cargo.toml" "-Zno-index-update", kill_on_drop: false }`
[INFO] running `Command { std: "/workspace/cargo-home/bin/cargo" "+1.54.0" "fetch" "--manifest-path" "Cargo.toml", kill_on_drop: false }`
[INFO] running `Command { std: "docker" "create" "-v" "/var/lib/crater-agent-workspace/builds/worker-3/target:/opt/rustwide/target:rw,Z" "-v" "/var/lib/crater-agent-workspace/builds/worker-3/source:/opt/rustwide/workdir:ro,Z" "-v" "/var/lib/crater-agent-workspace/cargo-home:/opt/rustwide/cargo-home:ro,Z" "-v" "/var/lib/crater-agent-workspace/rustup-home:/opt/rustwide/rustup-home:ro,Z" "-e" "SOURCE_DIR=/opt/rustwide/workdir" "-e" "CARGO_TARGET_DIR=/opt/rustwide/target" "-e" "CARGO_HOME=/opt/rustwide/cargo-home" "-e" "RUSTUP_HOME=/opt/rustwide/rustup-home" "-w" "/opt/rustwide/workdir" "-m" "1610612736" "--user" "0:0" "--network" "none" "ghcr.io/rust-lang/crates-build-env/linux@sha256:34b6a614d2c27851fe6cbf88fbd1137609cefab8b10d0615aaeb6fd47975d74e" "/opt/rustwide/cargo-home/bin/cargo" "+1.54.0" "metadata" "--no-deps" "--format-version=1", kill_on_drop: false }`
[INFO] [stdout] 49ba42fd21afd58ef2f0bc046b34b5b63e91ed18769624b1a4ce9101f494c494
[INFO] running `Command { std: "docker" "start" "-a" "49ba42fd21afd58ef2f0bc046b34b5b63e91ed18769624b1a4ce9101f494c494", kill_on_drop: false }`
[INFO] running `Command { std: "docker" "inspect" "49ba42fd21afd58ef2f0bc046b34b5b63e91ed18769624b1a4ce9101f494c494", kill_on_drop: false }`
[INFO] running `Command { std: "docker" "rm" "-f" "49ba42fd21afd58ef2f0bc046b34b5b63e91ed18769624b1a4ce9101f494c494", kill_on_drop: false }`
[INFO] [stdout] 49ba42fd21afd58ef2f0bc046b34b5b63e91ed18769624b1a4ce9101f494c494
[INFO] running `Command { std: "docker" "create" "-v" "/var/lib/crater-agent-workspace/builds/worker-3/target:/opt/rustwide/target:rw,Z" "-v" "/var/lib/crater-agent-workspace/builds/worker-3/source:/opt/rustwide/workdir:ro,Z" "-v" "/var/lib/crater-agent-workspace/cargo-home:/opt/rustwide/cargo-home:ro,Z" "-v" "/var/lib/crater-agent-workspace/rustup-home:/opt/rustwide/rustup-home:ro,Z" "-e" "SOURCE_DIR=/opt/rustwide/workdir" "-e" "CARGO_TARGET_DIR=/opt/rustwide/target" "-e" "CARGO_INCREMENTAL=0" "-e" "RUST_BACKTRACE=full" "-e" "RUSTFLAGS=--cap-lints=warn" "-e" "CARGO_HOME=/opt/rustwide/cargo-home" "-e" "RUSTUP_HOME=/opt/rustwide/rustup-home" "-w" "/opt/rustwide/workdir" "-m" "1610612736" "--user" "0:0" "--network" "none" "ghcr.io/rust-lang/crates-build-env/linux@sha256:34b6a614d2c27851fe6cbf88fbd1137609cefab8b10d0615aaeb6fd47975d74e" "/opt/rustwide/cargo-home/bin/cargo" "+1.54.0" "build" "--frozen" "--message-format=json", kill_on_drop: false }`
[INFO] [stdout] f5acd51d7c73dc044956c8fcf112f12936c3758f3c61b6ca8817c2656db238e9
[INFO] running `Command { std: "docker" "start" "-a" "f5acd51d7c73dc044956c8fcf112f12936c3758f3c61b6ca8817c2656db238e9", kill_on_drop: false }`
[INFO] [stderr]     Blocking waiting for file lock on package cache
[INFO] [stderr]    Compiling uniaxe v0.1.1 (/opt/rustwide/workdir)
[INFO] [stderr]     Finished dev [unoptimized + debuginfo] target(s) in 1.58s
[INFO] running `Command { std: "docker" "inspect" "f5acd51d7c73dc044956c8fcf112f12936c3758f3c61b6ca8817c2656db238e9", kill_on_drop: false }`
[INFO] running `Command { std: "docker" "rm" "-f" "f5acd51d7c73dc044956c8fcf112f12936c3758f3c61b6ca8817c2656db238e9", kill_on_drop: false }`
[INFO] [stdout] f5acd51d7c73dc044956c8fcf112f12936c3758f3c61b6ca8817c2656db238e9
[INFO] running `Command { std: "docker" "create" "-v" "/var/lib/crater-agent-workspace/builds/worker-3/target:/opt/rustwide/target:rw,Z" "-v" "/var/lib/crater-agent-workspace/builds/worker-3/source:/opt/rustwide/workdir:ro,Z" "-v" "/var/lib/crater-agent-workspace/cargo-home:/opt/rustwide/cargo-home:ro,Z" "-v" "/var/lib/crater-agent-workspace/rustup-home:/opt/rustwide/rustup-home:ro,Z" "-e" "SOURCE_DIR=/opt/rustwide/workdir" "-e" "CARGO_TARGET_DIR=/opt/rustwide/target" "-e" "CARGO_INCREMENTAL=0" "-e" "RUST_BACKTRACE=full" "-e" "RUSTFLAGS=--cap-lints=warn" "-e" "CARGO_HOME=/opt/rustwide/cargo-home" "-e" "RUSTUP_HOME=/opt/rustwide/rustup-home" "-w" "/opt/rustwide/workdir" "-m" "1610612736" "--user" "0:0" "--network" "none" "ghcr.io/rust-lang/crates-build-env/linux@sha256:34b6a614d2c27851fe6cbf88fbd1137609cefab8b10d0615aaeb6fd47975d74e" "/opt/rustwide/cargo-home/bin/cargo" "+1.54.0" "test" "--frozen" "--no-run" "--message-format=json", kill_on_drop: false }`
[INFO] [stdout] bc00e3ededcc250f730db43966e782df9b02ca56ae3128053f586345a4709d18
[INFO] running `Command { std: "docker" "start" "-a" "bc00e3ededcc250f730db43966e782df9b02ca56ae3128053f586345a4709d18", kill_on_drop: false }`
[INFO] [stderr]    Compiling uniaxe v0.1.1 (/opt/rustwide/workdir)
[INFO] [stderr]     Finished test [unoptimized + debuginfo] target(s) in 1.20s
[INFO] running `Command { std: "docker" "inspect" "bc00e3ededcc250f730db43966e782df9b02ca56ae3128053f586345a4709d18", kill_on_drop: false }`
[INFO] running `Command { std: "docker" "rm" "-f" "bc00e3ededcc250f730db43966e782df9b02ca56ae3128053f586345a4709d18", kill_on_drop: false }`
[INFO] [stdout] bc00e3ededcc250f730db43966e782df9b02ca56ae3128053f586345a4709d18
[INFO] running `Command { std: "docker" "create" "-v" "/var/lib/crater-agent-workspace/builds/worker-3/target:/opt/rustwide/target:rw,Z" "-v" "/var/lib/crater-agent-workspace/builds/worker-3/source:/opt/rustwide/workdir:ro,Z" "-v" "/var/lib/crater-agent-workspace/cargo-home:/opt/rustwide/cargo-home:ro,Z" "-v" "/var/lib/crater-agent-workspace/rustup-home:/opt/rustwide/rustup-home:ro,Z" "-e" "SOURCE_DIR=/opt/rustwide/workdir" "-e" "CARGO_TARGET_DIR=/opt/rustwide/target" "-e" "CARGO_INCREMENTAL=0" "-e" "RUST_BACKTRACE=full" "-e" "RUSTFLAGS=--cap-lints=warn" "-e" "CARGO_HOME=/opt/rustwide/cargo-home" "-e" "RUSTUP_HOME=/opt/rustwide/rustup-home" "-w" "/opt/rustwide/workdir" "-m" "1610612736" "--user" "0:0" "--network" "none" "ghcr.io/rust-lang/crates-build-env/linux@sha256:34b6a614d2c27851fe6cbf88fbd1137609cefab8b10d0615aaeb6fd47975d74e" "/opt/rustwide/cargo-home/bin/cargo" "+1.54.0" "test" "--frozen", kill_on_drop: false }`
[INFO] [stdout] 9a6f0770fffbe2ef24614dec0dd0c8c1c4c4e2a5933540c8fe963109680faa98
[INFO] running `Command { std: "docker" "start" "-a" "9a6f0770fffbe2ef24614dec0dd0c8c1c4c4e2a5933540c8fe963109680faa98", kill_on_drop: false }`
[INFO] [stderr]     Finished test [unoptimized + debuginfo] target(s) in 0.08s
[INFO] [stderr]      Running unittests (/opt/rustwide/target/debug/deps/uniaxe-f7b316ed36d44e70)
[INFO] [stdout] 
[INFO] [stdout] running 2 tests
[INFO] [stdout] test tests::normal ... ok
[INFO] [stdout] test tests::conversion ... ok
[INFO] [stdout] 
[INFO] [stdout] test result: ok. 2 passed; 0 failed; 0 ignored; 0 measured; 0 filtered out; finished in 0.01s
[INFO] [stdout] 
[INFO] [stderr]    Doc-tests uniaxe
[INFO] [stdout] 
[INFO] [stdout] running 2 tests
[INFO] [stdout] test src/lookup.rs - lookup::set_helper (line 11) ... FAILED
[INFO] [stdout] test src/lib.rs - uniaxe (line 13) ... ok
[INFO] [stdout] 
[INFO] [stdout] failures:
[INFO] [stdout] 
[INFO] [stdout] ---- src/lookup.rs - lookup::set_helper (line 11) stdout ----
[INFO] [stdout] error[E0596]: cannot borrow `table` as mutable, as it is not declared as mutable
[INFO] [stdout]  --> src/lookup.rs:17:1
[INFO] [stdout]   |
[INFO] [stdout] 7 | let table = generate_table();
[INFO] [stdout]   |     ----- help: consider changing this to be mutable: `mut table`
[INFO] [stdout] 8 | // Extend the table
[INFO] [stdout] 9 | table.extend(
[INFO] [stdout]   | ^^^^^ cannot borrow as mutable
[INFO] [stdout] 
[INFO] [stdout] error: aborting due to previous error
[INFO] [stdout] 
[INFO] [stdout] For more information about this error, try `rustc --explain E0596`.
[INFO] [stdout] Couldn't compile the test.
[INFO] [stdout] 
[INFO] [stdout] failures:
[INFO] [stdout]     src/lookup.rs - lookup::set_helper (line 11)
[INFO] [stdout] 
[INFO] [stdout] test result: FAILED. 1 passed; 1 failed; 0 ignored; 0 measured; 0 filtered out; finished in 0.35s
[INFO] [stdout] 
[INFO] [stderr] error: test failed, to rerun pass '--doc'
[INFO] running `Command { std: "docker" "inspect" "9a6f0770fffbe2ef24614dec0dd0c8c1c4c4e2a5933540c8fe963109680faa98", kill_on_drop: false }`
[INFO] running `Command { std: "docker" "rm" "-f" "9a6f0770fffbe2ef24614dec0dd0c8c1c4c4e2a5933540c8fe963109680faa98", kill_on_drop: false }`
[INFO] [stdout] 9a6f0770fffbe2ef24614dec0dd0c8c1c4c4e2a5933540c8fe963109680faa98
