[INFO] fetching crate uni_localservice_macro 0.0.2...
[INFO] testing uni_localservice_macro-0.0.2 against beta-2021-08-01 for beta-1.55-1
[INFO] extracting crate uni_localservice_macro 0.0.2 into /workspace/builds/worker-14/source
[INFO] validating manifest of crates.io crate uni_localservice_macro 0.0.2 on toolchain beta-2021-08-01
[INFO] running `Command { std: "/workspace/cargo-home/bin/cargo" "+beta-2021-08-01" "metadata" "--manifest-path" "Cargo.toml" "--no-deps", kill_on_drop: false }`
[INFO] started tweaking crates.io crate uni_localservice_macro 0.0.2
[INFO] finished tweaking crates.io crate uni_localservice_macro 0.0.2
[INFO] tweaked toml for crates.io crate uni_localservice_macro 0.0.2 written to /workspace/builds/worker-14/source/Cargo.toml
[INFO] running `Command { std: "/workspace/cargo-home/bin/cargo" "+beta-2021-08-01" "generate-lockfile" "--manifest-path" "Cargo.toml" "-Zno-index-update", kill_on_drop: false }`
[INFO] [stderr]     Blocking waiting for file lock on package cache
[INFO] running `Command { std: "/workspace/cargo-home/bin/cargo" "+beta-2021-08-01" "fetch" "--manifest-path" "Cargo.toml", kill_on_drop: false }`
[INFO] [stderr]     Blocking waiting for file lock on package cache
[INFO] running `Command { std: "docker" "create" "-v" "/var/lib/crater-agent-workspace/builds/worker-14/target:/opt/rustwide/target:rw,Z" "-v" "/var/lib/crater-agent-workspace/builds/worker-14/source:/opt/rustwide/workdir:ro,Z" "-v" "/var/lib/crater-agent-workspace/cargo-home:/opt/rustwide/cargo-home:ro,Z" "-v" "/var/lib/crater-agent-workspace/rustup-home:/opt/rustwide/rustup-home:ro,Z" "-e" "SOURCE_DIR=/opt/rustwide/workdir" "-e" "CARGO_TARGET_DIR=/opt/rustwide/target" "-e" "CARGO_HOME=/opt/rustwide/cargo-home" "-e" "RUSTUP_HOME=/opt/rustwide/rustup-home" "-w" "/opt/rustwide/workdir" "-m" "1610612736" "--user" "0:0" "--network" "none" "ghcr.io/rust-lang/crates-build-env/linux@sha256:34b6a614d2c27851fe6cbf88fbd1137609cefab8b10d0615aaeb6fd47975d74e" "/opt/rustwide/cargo-home/bin/cargo" "+beta-2021-08-01" "metadata" "--no-deps" "--format-version=1", kill_on_drop: false }`
[INFO] [stdout] 347c92bb1974b092f8091eea8c900fdfdd4e6152db18647868c88a21a529df8f
[INFO] running `Command { std: "docker" "start" "-a" "347c92bb1974b092f8091eea8c900fdfdd4e6152db18647868c88a21a529df8f", kill_on_drop: false }`
[INFO] running `Command { std: "docker" "inspect" "347c92bb1974b092f8091eea8c900fdfdd4e6152db18647868c88a21a529df8f", kill_on_drop: false }`
[INFO] running `Command { std: "docker" "rm" "-f" "347c92bb1974b092f8091eea8c900fdfdd4e6152db18647868c88a21a529df8f", kill_on_drop: false }`
[INFO] [stdout] 347c92bb1974b092f8091eea8c900fdfdd4e6152db18647868c88a21a529df8f
[INFO] running `Command { std: "docker" "create" "-v" "/var/lib/crater-agent-workspace/builds/worker-14/target:/opt/rustwide/target:rw,Z" "-v" "/var/lib/crater-agent-workspace/builds/worker-14/source:/opt/rustwide/workdir:ro,Z" "-v" "/var/lib/crater-agent-workspace/cargo-home:/opt/rustwide/cargo-home:ro,Z" "-v" "/var/lib/crater-agent-workspace/rustup-home:/opt/rustwide/rustup-home:ro,Z" "-e" "SOURCE_DIR=/opt/rustwide/workdir" "-e" "CARGO_TARGET_DIR=/opt/rustwide/target" "-e" "CARGO_INCREMENTAL=0" "-e" "RUST_BACKTRACE=full" "-e" "RUSTFLAGS=--cap-lints=warn" "-e" "CARGO_HOME=/opt/rustwide/cargo-home" "-e" "RUSTUP_HOME=/opt/rustwide/rustup-home" "-w" "/opt/rustwide/workdir" "-m" "1610612736" "--user" "0:0" "--network" "none" "ghcr.io/rust-lang/crates-build-env/linux@sha256:34b6a614d2c27851fe6cbf88fbd1137609cefab8b10d0615aaeb6fd47975d74e" "/opt/rustwide/cargo-home/bin/cargo" "+beta-2021-08-01" "build" "--frozen" "--message-format=json", kill_on_drop: false }`
[INFO] [stdout] 84cb0a3aaab9313bad13783c8d9fcefb43df61094075d41cc49afb568ea23c67
[INFO] running `Command { std: "docker" "start" "-a" "84cb0a3aaab9313bad13783c8d9fcefb43df61094075d41cc49afb568ea23c67", kill_on_drop: false }`
[INFO] [stderr]     Blocking waiting for file lock on package cache
[INFO] [stderr]    Compiling syn v1.0.74
[INFO] [stderr]    Compiling uni_localservice_macro v0.0.2 (/opt/rustwide/workdir)
[INFO] [stderr]     Finished dev [unoptimized + debuginfo] target(s) in 11.66s
[INFO] running `Command { std: "docker" "inspect" "84cb0a3aaab9313bad13783c8d9fcefb43df61094075d41cc49afb568ea23c67", kill_on_drop: false }`
[INFO] running `Command { std: "docker" "rm" "-f" "84cb0a3aaab9313bad13783c8d9fcefb43df61094075d41cc49afb568ea23c67", kill_on_drop: false }`
[INFO] [stdout] 84cb0a3aaab9313bad13783c8d9fcefb43df61094075d41cc49afb568ea23c67
[INFO] running `Command { std: "docker" "create" "-v" "/var/lib/crater-agent-workspace/builds/worker-14/target:/opt/rustwide/target:rw,Z" "-v" "/var/lib/crater-agent-workspace/builds/worker-14/source:/opt/rustwide/workdir:ro,Z" "-v" "/var/lib/crater-agent-workspace/cargo-home:/opt/rustwide/cargo-home:ro,Z" "-v" "/var/lib/crater-agent-workspace/rustup-home:/opt/rustwide/rustup-home:ro,Z" "-e" "SOURCE_DIR=/opt/rustwide/workdir" "-e" "CARGO_TARGET_DIR=/opt/rustwide/target" "-e" "CARGO_INCREMENTAL=0" "-e" "RUST_BACKTRACE=full" "-e" "RUSTFLAGS=--cap-lints=warn" "-e" "CARGO_HOME=/opt/rustwide/cargo-home" "-e" "RUSTUP_HOME=/opt/rustwide/rustup-home" "-w" "/opt/rustwide/workdir" "-m" "1610612736" "--user" "0:0" "--network" "none" "ghcr.io/rust-lang/crates-build-env/linux@sha256:34b6a614d2c27851fe6cbf88fbd1137609cefab8b10d0615aaeb6fd47975d74e" "/opt/rustwide/cargo-home/bin/cargo" "+beta-2021-08-01" "test" "--frozen" "--no-run" "--message-format=json", kill_on_drop: false }`
[INFO] [stdout] 4ffe69498e9d18a762fd7c130565ba8e708d01cb97ae25f9e8fca95d649569a5
[INFO] running `Command { std: "docker" "start" "-a" "4ffe69498e9d18a762fd7c130565ba8e708d01cb97ae25f9e8fca95d649569a5", kill_on_drop: false }`
[INFO] [stderr]     Blocking waiting for file lock on package cache
[INFO] [stderr]    Compiling uni_localservice_macro v0.0.2 (/opt/rustwide/workdir)
[INFO] [stderr]     Finished test [unoptimized + debuginfo] target(s) in 0.61s
[INFO] running `Command { std: "docker" "inspect" "4ffe69498e9d18a762fd7c130565ba8e708d01cb97ae25f9e8fca95d649569a5", kill_on_drop: false }`
[INFO] running `Command { std: "docker" "rm" "-f" "4ffe69498e9d18a762fd7c130565ba8e708d01cb97ae25f9e8fca95d649569a5", kill_on_drop: false }`
[INFO] [stdout] 4ffe69498e9d18a762fd7c130565ba8e708d01cb97ae25f9e8fca95d649569a5
[INFO] running `Command { std: "docker" "create" "-v" "/var/lib/crater-agent-workspace/builds/worker-14/target:/opt/rustwide/target:rw,Z" "-v" "/var/lib/crater-agent-workspace/builds/worker-14/source:/opt/rustwide/workdir:ro,Z" "-v" "/var/lib/crater-agent-workspace/cargo-home:/opt/rustwide/cargo-home:ro,Z" "-v" "/var/lib/crater-agent-workspace/rustup-home:/opt/rustwide/rustup-home:ro,Z" "-e" "SOURCE_DIR=/opt/rustwide/workdir" "-e" "CARGO_TARGET_DIR=/opt/rustwide/target" "-e" "CARGO_INCREMENTAL=0" "-e" "RUST_BACKTRACE=full" "-e" "RUSTFLAGS=--cap-lints=warn" "-e" "CARGO_HOME=/opt/rustwide/cargo-home" "-e" "RUSTUP_HOME=/opt/rustwide/rustup-home" "-w" "/opt/rustwide/workdir" "-m" "1610612736" "--user" "0:0" "--network" "none" "ghcr.io/rust-lang/crates-build-env/linux@sha256:34b6a614d2c27851fe6cbf88fbd1137609cefab8b10d0615aaeb6fd47975d74e" "/opt/rustwide/cargo-home/bin/cargo" "+beta-2021-08-01" "test" "--frozen", kill_on_drop: false }`
[INFO] [stdout] 2456df9f9e65d9a8beb9256b6f41078ed08fa9dec3469208af68094bad032475
[INFO] running `Command { std: "docker" "start" "-a" "2456df9f9e65d9a8beb9256b6f41078ed08fa9dec3469208af68094bad032475", kill_on_drop: false }`
[INFO] [stderr]     Finished test [unoptimized + debuginfo] target(s) in 0.02s
[INFO] [stderr]      Running unittests (/opt/rustwide/target/debug/deps/uni_localservice_macro-9f123af0e306f49f)
[INFO] [stdout] 
[INFO] [stdout] running 0 tests
[INFO] [stdout] 
[INFO] [stdout] test result: ok. 0 passed; 0 failed; 0 ignored; 0 measured; 0 filtered out; finished in 0.00s
[INFO] [stdout] 
[INFO] [stderr]    Doc-tests uni_localservice_macro
[INFO] [stdout] 
[INFO] [stdout] running 1 test
[INFO] [stdout] test src/uni_localservice_macro.rs - u_service_impl (line 90) ... FAILED
[INFO] [stdout] 
[INFO] [stdout] failures:
[INFO] [stdout] 
[INFO] [stdout] ---- src/uni_localservice_macro.rs - u_service_impl (line 90) stdout ----
[INFO] [stdout] error[E0433]: failed to resolve: use of undeclared crate or module `uni_components`
[INFO] [stdout]  --> src/uni_localservice_macro.rs:91:1
[INFO] [stdout]   |
[INFO] [stdout] 3 | uni_components::define_service! {
[INFO] [stdout]   | ^^^^^^^^^^^^^^ use of undeclared crate or module `uni_components`
[INFO] [stdout] 
[INFO] [stdout] error[E0433]: failed to resolve: use of undeclared crate or module `uni_localservice`
[INFO] [stdout]   --> src/uni_localservice_macro.rs:128:1
[INFO] [stdout]    |
[INFO] [stdout] 40 | uni_localservice::u_service_impl! {
[INFO] [stdout]    | ^^^^^^^^^^^^^^^^ use of undeclared crate or module `uni_localservice`
[INFO] [stdout] 
[INFO] [stdout] error[E0433]: failed to resolve: use of undeclared crate or module `my_service`
[INFO] [stdout]   --> src/uni_localservice_macro.rs:121:16
[INFO] [stdout]    |
[INFO] [stdout] 33 |         input: my_service::In,
[INFO] [stdout]    |                ^^^^^^^^^^ use of undeclared crate or module `my_service`
[INFO] [stdout] 
[INFO] [stdout] error[E0433]: failed to resolve: use of undeclared crate or module `my_service`
[INFO] [stdout]   --> src/uni_localservice_macro.rs:123:10
[INFO] [stdout]    |
[INFO] [stdout] 35 |     ) -> my_service::Out {
[INFO] [stdout]    |          ^^^^^^^^^^ use of undeclared crate or module `my_service`
[INFO] [stdout] 
[INFO] [stdout] error[E0433]: failed to resolve: use of undeclared crate or module `my_service`
[INFO] [stdout]   --> src/uni_localservice_macro.rs:124:16
[INFO] [stdout]    |
[INFO] [stdout] 36 |         return my_service::Out::Ok(input + 42);
[INFO] [stdout]    |                ^^^^^^^^^^ use of undeclared crate or module `my_service`
[INFO] [stdout] 
[INFO] [stdout] error: aborting due to 5 previous errors
[INFO] [stdout] 
[INFO] [stdout] For more information about this error, try `rustc --explain E0433`.
[INFO] [stdout] Couldn't compile the test.
[INFO] [stdout] 
[INFO] [stdout] failures:
[INFO] [stdout]     src/uni_localservice_macro.rs - u_service_impl (line 90)
[INFO] [stdout] 
[INFO] [stdout] test result: FAILED. 0 passed; 1 failed; 0 ignored; 0 measured; 0 filtered out; finished in 0.17s
[INFO] [stdout] 
[INFO] [stderr] error: test failed, to rerun pass '--doc'
[INFO] running `Command { std: "docker" "inspect" "2456df9f9e65d9a8beb9256b6f41078ed08fa9dec3469208af68094bad032475", kill_on_drop: false }`
[INFO] running `Command { std: "docker" "rm" "-f" "2456df9f9e65d9a8beb9256b6f41078ed08fa9dec3469208af68094bad032475", kill_on_drop: false }`
[INFO] [stdout] 2456df9f9e65d9a8beb9256b6f41078ed08fa9dec3469208af68094bad032475
