[INFO] fetching crate uni_components_macro 0.0.7...
[INFO] testing uni_components_macro-0.0.7 against beta-2021-08-01 for beta-1.55-1
[INFO] extracting crate uni_components_macro 0.0.7 into /workspace/builds/worker-7/source
[INFO] validating manifest of crates.io crate uni_components_macro 0.0.7 on toolchain beta-2021-08-01
[INFO] running `Command { std: "/workspace/cargo-home/bin/cargo" "+beta-2021-08-01" "metadata" "--manifest-path" "Cargo.toml" "--no-deps", kill_on_drop: false }`
[INFO] started tweaking crates.io crate uni_components_macro 0.0.7
[INFO] finished tweaking crates.io crate uni_components_macro 0.0.7
[INFO] tweaked toml for crates.io crate uni_components_macro 0.0.7 written to /workspace/builds/worker-7/source/Cargo.toml
[INFO] running `Command { std: "/workspace/cargo-home/bin/cargo" "+beta-2021-08-01" "generate-lockfile" "--manifest-path" "Cargo.toml" "-Zno-index-update", kill_on_drop: false }`
[INFO] [stderr]     Blocking waiting for file lock on package cache
[INFO] running `Command { std: "/workspace/cargo-home/bin/cargo" "+beta-2021-08-01" "fetch" "--manifest-path" "Cargo.toml", kill_on_drop: false }`
[INFO] [stderr]     Blocking waiting for file lock on package cache
[INFO] [stderr]     Blocking waiting for file lock on package cache
[INFO] running `Command { std: "docker" "create" "-v" "/var/lib/crater-agent-workspace/builds/worker-7/target:/opt/rustwide/target:rw,Z" "-v" "/var/lib/crater-agent-workspace/builds/worker-7/source:/opt/rustwide/workdir:ro,Z" "-v" "/var/lib/crater-agent-workspace/cargo-home:/opt/rustwide/cargo-home:ro,Z" "-v" "/var/lib/crater-agent-workspace/rustup-home:/opt/rustwide/rustup-home:ro,Z" "-e" "SOURCE_DIR=/opt/rustwide/workdir" "-e" "CARGO_TARGET_DIR=/opt/rustwide/target" "-e" "CARGO_HOME=/opt/rustwide/cargo-home" "-e" "RUSTUP_HOME=/opt/rustwide/rustup-home" "-w" "/opt/rustwide/workdir" "-m" "1610612736" "--user" "0:0" "--network" "none" "ghcr.io/rust-lang/crates-build-env/linux@sha256:34b6a614d2c27851fe6cbf88fbd1137609cefab8b10d0615aaeb6fd47975d74e" "/opt/rustwide/cargo-home/bin/cargo" "+beta-2021-08-01" "metadata" "--no-deps" "--format-version=1", kill_on_drop: false }`
[INFO] [stdout] e9218f38c342062e2d5acad931f60f73c18230cdfd98fdde20c773ff013e6e98
[INFO] running `Command { std: "docker" "start" "-a" "e9218f38c342062e2d5acad931f60f73c18230cdfd98fdde20c773ff013e6e98", kill_on_drop: false }`
[INFO] running `Command { std: "docker" "inspect" "e9218f38c342062e2d5acad931f60f73c18230cdfd98fdde20c773ff013e6e98", kill_on_drop: false }`
[INFO] running `Command { std: "docker" "rm" "-f" "e9218f38c342062e2d5acad931f60f73c18230cdfd98fdde20c773ff013e6e98", kill_on_drop: false }`
[INFO] [stdout] e9218f38c342062e2d5acad931f60f73c18230cdfd98fdde20c773ff013e6e98
[INFO] running `Command { std: "docker" "create" "-v" "/var/lib/crater-agent-workspace/builds/worker-7/target:/opt/rustwide/target:rw,Z" "-v" "/var/lib/crater-agent-workspace/builds/worker-7/source:/opt/rustwide/workdir:ro,Z" "-v" "/var/lib/crater-agent-workspace/cargo-home:/opt/rustwide/cargo-home:ro,Z" "-v" "/var/lib/crater-agent-workspace/rustup-home:/opt/rustwide/rustup-home:ro,Z" "-e" "SOURCE_DIR=/opt/rustwide/workdir" "-e" "CARGO_TARGET_DIR=/opt/rustwide/target" "-e" "CARGO_INCREMENTAL=0" "-e" "RUST_BACKTRACE=full" "-e" "RUSTFLAGS=--cap-lints=warn" "-e" "CARGO_HOME=/opt/rustwide/cargo-home" "-e" "RUSTUP_HOME=/opt/rustwide/rustup-home" "-w" "/opt/rustwide/workdir" "-m" "1610612736" "--user" "0:0" "--network" "none" "ghcr.io/rust-lang/crates-build-env/linux@sha256:34b6a614d2c27851fe6cbf88fbd1137609cefab8b10d0615aaeb6fd47975d74e" "/opt/rustwide/cargo-home/bin/cargo" "+beta-2021-08-01" "build" "--frozen" "--message-format=json", kill_on_drop: false }`
[INFO] [stdout] f10dd4dee95c376b6a905cbc3706ef46a6ef3694249d3da570e96d98988d7803
[INFO] running `Command { std: "docker" "start" "-a" "f10dd4dee95c376b6a905cbc3706ef46a6ef3694249d3da570e96d98988d7803", kill_on_drop: false }`
[INFO] [stderr]    Compiling syn v1.0.74
[INFO] [stderr]    Compiling uni_components_macro v0.0.7 (/opt/rustwide/workdir)
[INFO] [stderr]     Finished dev [unoptimized + debuginfo] target(s) in 12.15s
[INFO] running `Command { std: "docker" "inspect" "f10dd4dee95c376b6a905cbc3706ef46a6ef3694249d3da570e96d98988d7803", kill_on_drop: false }`
[INFO] running `Command { std: "docker" "rm" "-f" "f10dd4dee95c376b6a905cbc3706ef46a6ef3694249d3da570e96d98988d7803", kill_on_drop: false }`
[INFO] [stdout] f10dd4dee95c376b6a905cbc3706ef46a6ef3694249d3da570e96d98988d7803
[INFO] running `Command { std: "docker" "create" "-v" "/var/lib/crater-agent-workspace/builds/worker-7/target:/opt/rustwide/target:rw,Z" "-v" "/var/lib/crater-agent-workspace/builds/worker-7/source:/opt/rustwide/workdir:ro,Z" "-v" "/var/lib/crater-agent-workspace/cargo-home:/opt/rustwide/cargo-home:ro,Z" "-v" "/var/lib/crater-agent-workspace/rustup-home:/opt/rustwide/rustup-home:ro,Z" "-e" "SOURCE_DIR=/opt/rustwide/workdir" "-e" "CARGO_TARGET_DIR=/opt/rustwide/target" "-e" "CARGO_INCREMENTAL=0" "-e" "RUST_BACKTRACE=full" "-e" "RUSTFLAGS=--cap-lints=warn" "-e" "CARGO_HOME=/opt/rustwide/cargo-home" "-e" "RUSTUP_HOME=/opt/rustwide/rustup-home" "-w" "/opt/rustwide/workdir" "-m" "1610612736" "--user" "0:0" "--network" "none" "ghcr.io/rust-lang/crates-build-env/linux@sha256:34b6a614d2c27851fe6cbf88fbd1137609cefab8b10d0615aaeb6fd47975d74e" "/opt/rustwide/cargo-home/bin/cargo" "+beta-2021-08-01" "test" "--frozen" "--no-run" "--message-format=json", kill_on_drop: false }`
[INFO] [stdout] 2b2c313b453a8d8c81e848d424bf6be880b879606a43ae502001b712f5e92cc4
[INFO] running `Command { std: "docker" "start" "-a" "2b2c313b453a8d8c81e848d424bf6be880b879606a43ae502001b712f5e92cc4", kill_on_drop: false }`
[INFO] [stderr]     Blocking waiting for file lock on package cache
[INFO] [stderr]    Compiling uni_components_macro v0.0.7 (/opt/rustwide/workdir)
[INFO] [stderr]     Finished test [unoptimized + debuginfo] target(s) in 0.73s
[INFO] running `Command { std: "docker" "inspect" "2b2c313b453a8d8c81e848d424bf6be880b879606a43ae502001b712f5e92cc4", kill_on_drop: false }`
[INFO] running `Command { std: "docker" "rm" "-f" "2b2c313b453a8d8c81e848d424bf6be880b879606a43ae502001b712f5e92cc4", kill_on_drop: false }`
[INFO] [stdout] 2b2c313b453a8d8c81e848d424bf6be880b879606a43ae502001b712f5e92cc4
[INFO] running `Command { std: "docker" "create" "-v" "/var/lib/crater-agent-workspace/builds/worker-7/target:/opt/rustwide/target:rw,Z" "-v" "/var/lib/crater-agent-workspace/builds/worker-7/source:/opt/rustwide/workdir:ro,Z" "-v" "/var/lib/crater-agent-workspace/cargo-home:/opt/rustwide/cargo-home:ro,Z" "-v" "/var/lib/crater-agent-workspace/rustup-home:/opt/rustwide/rustup-home:ro,Z" "-e" "SOURCE_DIR=/opt/rustwide/workdir" "-e" "CARGO_TARGET_DIR=/opt/rustwide/target" "-e" "CARGO_INCREMENTAL=0" "-e" "RUST_BACKTRACE=full" "-e" "RUSTFLAGS=--cap-lints=warn" "-e" "CARGO_HOME=/opt/rustwide/cargo-home" "-e" "RUSTUP_HOME=/opt/rustwide/rustup-home" "-w" "/opt/rustwide/workdir" "-m" "1610612736" "--user" "0:0" "--network" "none" "ghcr.io/rust-lang/crates-build-env/linux@sha256:34b6a614d2c27851fe6cbf88fbd1137609cefab8b10d0615aaeb6fd47975d74e" "/opt/rustwide/cargo-home/bin/cargo" "+beta-2021-08-01" "test" "--frozen", kill_on_drop: false }`
[INFO] [stdout] 2edfd141856b7a98674ab4f0825904168fd074762cbfae64f290a46b6f7ad726
[INFO] running `Command { std: "docker" "start" "-a" "2edfd141856b7a98674ab4f0825904168fd074762cbfae64f290a46b6f7ad726", kill_on_drop: false }`
[INFO] [stderr]     Finished test [unoptimized + debuginfo] target(s) in 0.06s
[INFO] [stderr]      Running unittests (/opt/rustwide/target/debug/deps/uni_components_macro-f9422ea25ef4dda5)
[INFO] [stdout] 
[INFO] [stdout] running 0 tests
[INFO] [stdout] 
[INFO] [stdout] test result: ok. 0 passed; 0 failed; 0 ignored; 0 measured; 0 filtered out; finished in 0.00s
[INFO] [stdout] 
[INFO] [stderr]    Doc-tests uni_components_macro
[INFO] [stdout] 
[INFO] [stdout] running 5 tests
[INFO] [stdout] test src/lib.rs - define_type (line 112) ... FAILED
[INFO] [stdout] test src/lib.rs - define_type (line 123) ... FAILED
[INFO] [stdout] test src/lib.rs - define_ui_page (line 11) ... FAILED
[INFO] [stdout] test src/lib.rs - define_type (line 139) ... FAILED
[INFO] [stdout] test src/lib.rs - define_service (line 71) ... FAILED
[INFO] [stdout] 
[INFO] [stdout] failures:
[INFO] [stdout] 
[INFO] [stdout] ---- src/lib.rs - define_type (line 112) stdout ----
[INFO] [stdout] error: expected one of `!`, `.`, `::`, `;`, `?`, or `}`, found keyword `where`
[INFO] [stdout]  --> src/lib.rs:114:21
[INFO] [stdout]   |
[INFO] [stdout] 4 | name: TypeName<T,K> where T: Send, K: Sync {},
[INFO] [stdout]   |     -               ^^^^^ expected one of `!`, `.`, `::`, `;`, `?`, or `}`
[INFO] [stdout]   |     |
[INFO] [stdout]   |     tried to parse a type due to this
[INFO] [stdout] 
[INFO] [stdout] error: aborting due to previous error
[INFO] [stdout] 
[INFO] [stdout] Couldn't compile the test.
[INFO] [stdout] ---- src/lib.rs - define_type (line 123) stdout ----
[INFO] [stdout] error: expected `::`, found `{`
[INFO] [stdout]  --> src/lib.rs:124:15
[INFO] [stdout]   |
[INFO] [stdout] 3 | <VariantName> {
[INFO] [stdout]   |               ^ expected `::`
[INFO] [stdout] 
[INFO] [stdout] error: aborting due to previous error
[INFO] [stdout] 
[INFO] [stdout] Couldn't compile the test.
[INFO] [stdout] ---- src/lib.rs - define_ui_page (line 11) stdout ----
[INFO] [stdout] error: cannot find macro `define_ui_page` in this scope
[INFO] [stdout]  --> src/lib.rs:12:1
[INFO] [stdout]   |
[INFO] [stdout] 3 | define_ui_page!(
[INFO] [stdout]   | ^^^^^^^^^^^^^^
[INFO] [stdout]   |
[INFO] [stdout]   = note: consider importing this macro:
[INFO] [stdout]           uni_components_macro::define_ui_page
[INFO] [stdout] 
[INFO] [stdout] error: aborting due to previous error
[INFO] [stdout] 
[INFO] [stdout] Couldn't compile the test.
[INFO] [stdout] ---- src/lib.rs - define_type (line 139) stdout ----
[INFO] [stdout] error: cannot find macro `define_type` in this scope
[INFO] [stdout]  --> src/lib.rs:140:1
[INFO] [stdout]   |
[INFO] [stdout] 3 | define_type!{
[INFO] [stdout]   | ^^^^^^^^^^^
[INFO] [stdout]   |
[INFO] [stdout]   = note: consider importing this macro:
[INFO] [stdout]           uni_components_macro::define_type
[INFO] [stdout] 
[INFO] [stdout] error: aborting due to previous error
[INFO] [stdout] 
[INFO] [stdout] Couldn't compile the test.
[INFO] [stdout] ---- src/lib.rs - define_service (line 71) stdout ----
[INFO] [stdout] error: cannot find macro `define_service` in this scope
[INFO] [stdout]  --> src/lib.rs:72:1
[INFO] [stdout]   |
[INFO] [stdout] 3 | define_service!(
[INFO] [stdout]   | ^^^^^^^^^^^^^^
[INFO] [stdout]   |
[INFO] [stdout]   = note: consider importing this macro:
[INFO] [stdout]           uni_components_macro::define_service
[INFO] [stdout] 
[INFO] [stdout] error: aborting due to previous error
[INFO] [stdout] 
[INFO] [stdout] Couldn't compile the test.
[INFO] [stdout] 
[INFO] [stdout] failures:
[INFO] [stdout]     src/lib.rs - define_service (line 71)
[INFO] [stdout]     src/lib.rs - define_type (line 112)
[INFO] [stdout]     src/lib.rs - define_type (line 123)
[INFO] [stdout]     src/lib.rs - define_type (line 139)
[INFO] [stdout]     src/lib.rs - define_ui_page (line 11)
[INFO] [stdout] 
[INFO] [stdout] test result: FAILED. 0 passed; 5 failed; 0 ignored; 0 measured; 0 filtered out; finished in 0.18s
[INFO] [stdout] 
[INFO] [stderr] error: test failed, to rerun pass '--doc'
[INFO] running `Command { std: "docker" "inspect" "2edfd141856b7a98674ab4f0825904168fd074762cbfae64f290a46b6f7ad726", kill_on_drop: false }`
[INFO] running `Command { std: "docker" "rm" "-f" "2edfd141856b7a98674ab4f0825904168fd074762cbfae64f290a46b6f7ad726", kill_on_drop: false }`
[INFO] [stdout] 2edfd141856b7a98674ab4f0825904168fd074762cbfae64f290a46b6f7ad726
