[INFO] fetching crate uni-path 1.51.1...
[INFO] testing uni-path-1.51.1 against beta-2021-08-01 for beta-1.55-1
[INFO] extracting crate uni-path 1.51.1 into /workspace/builds/worker-24/source
[INFO] validating manifest of crates.io crate uni-path 1.51.1 on toolchain beta-2021-08-01
[INFO] running `Command { std: "/workspace/cargo-home/bin/cargo" "+beta-2021-08-01" "metadata" "--manifest-path" "Cargo.toml" "--no-deps", kill_on_drop: false }`
[INFO] started tweaking crates.io crate uni-path 1.51.1
[INFO] finished tweaking crates.io crate uni-path 1.51.1
[INFO] tweaked toml for crates.io crate uni-path 1.51.1 written to /workspace/builds/worker-24/source/Cargo.toml
[INFO] running `Command { std: "/workspace/cargo-home/bin/cargo" "+beta-2021-08-01" "generate-lockfile" "--manifest-path" "Cargo.toml" "-Zno-index-update", kill_on_drop: false }`
[INFO] [stderr]     Blocking waiting for file lock on package cache
[INFO] running `Command { std: "/workspace/cargo-home/bin/cargo" "+beta-2021-08-01" "fetch" "--manifest-path" "Cargo.toml", kill_on_drop: false }`
[INFO] [stderr]     Blocking waiting for file lock on package cache
[INFO] [stderr]     Blocking waiting for file lock on package cache
[INFO] running `Command { std: "docker" "create" "-v" "/var/lib/crater-agent-workspace/builds/worker-24/target:/opt/rustwide/target:rw,Z" "-v" "/var/lib/crater-agent-workspace/builds/worker-24/source:/opt/rustwide/workdir:ro,Z" "-v" "/var/lib/crater-agent-workspace/cargo-home:/opt/rustwide/cargo-home:ro,Z" "-v" "/var/lib/crater-agent-workspace/rustup-home:/opt/rustwide/rustup-home:ro,Z" "-e" "SOURCE_DIR=/opt/rustwide/workdir" "-e" "CARGO_TARGET_DIR=/opt/rustwide/target" "-e" "CARGO_HOME=/opt/rustwide/cargo-home" "-e" "RUSTUP_HOME=/opt/rustwide/rustup-home" "-w" "/opt/rustwide/workdir" "-m" "1610612736" "--user" "0:0" "--network" "none" "ghcr.io/rust-lang/crates-build-env/linux@sha256:34b6a614d2c27851fe6cbf88fbd1137609cefab8b10d0615aaeb6fd47975d74e" "/opt/rustwide/cargo-home/bin/cargo" "+beta-2021-08-01" "metadata" "--no-deps" "--format-version=1", kill_on_drop: false }`
[INFO] [stdout] ea70357394950a9fed40e18d78a62a56ed4a119ac7b80d2dd89d95e945b35d4a
[INFO] running `Command { std: "docker" "start" "-a" "ea70357394950a9fed40e18d78a62a56ed4a119ac7b80d2dd89d95e945b35d4a", kill_on_drop: false }`
[INFO] running `Command { std: "docker" "inspect" "ea70357394950a9fed40e18d78a62a56ed4a119ac7b80d2dd89d95e945b35d4a", kill_on_drop: false }`
[INFO] running `Command { std: "docker" "rm" "-f" "ea70357394950a9fed40e18d78a62a56ed4a119ac7b80d2dd89d95e945b35d4a", kill_on_drop: false }`
[INFO] [stdout] ea70357394950a9fed40e18d78a62a56ed4a119ac7b80d2dd89d95e945b35d4a
[INFO] running `Command { std: "docker" "create" "-v" "/var/lib/crater-agent-workspace/builds/worker-24/target:/opt/rustwide/target:rw,Z" "-v" "/var/lib/crater-agent-workspace/builds/worker-24/source:/opt/rustwide/workdir:ro,Z" "-v" "/var/lib/crater-agent-workspace/cargo-home:/opt/rustwide/cargo-home:ro,Z" "-v" "/var/lib/crater-agent-workspace/rustup-home:/opt/rustwide/rustup-home:ro,Z" "-e" "SOURCE_DIR=/opt/rustwide/workdir" "-e" "CARGO_TARGET_DIR=/opt/rustwide/target" "-e" "CARGO_INCREMENTAL=0" "-e" "RUST_BACKTRACE=full" "-e" "RUSTFLAGS=--cap-lints=warn" "-e" "CARGO_HOME=/opt/rustwide/cargo-home" "-e" "RUSTUP_HOME=/opt/rustwide/rustup-home" "-w" "/opt/rustwide/workdir" "-m" "1610612736" "--user" "0:0" "--network" "none" "ghcr.io/rust-lang/crates-build-env/linux@sha256:34b6a614d2c27851fe6cbf88fbd1137609cefab8b10d0615aaeb6fd47975d74e" "/opt/rustwide/cargo-home/bin/cargo" "+beta-2021-08-01" "build" "--frozen" "--message-format=json", kill_on_drop: false }`
[INFO] [stdout] 98fcb90b52bd3d4dc63e914932947dfa414c6a1904971896fcffb4b32a487036
[INFO] running `Command { std: "docker" "start" "-a" "98fcb90b52bd3d4dc63e914932947dfa414c6a1904971896fcffb4b32a487036", kill_on_drop: false }`
[INFO] [stderr]     Blocking waiting for file lock on package cache
[INFO] [stderr]    Compiling uni-path v1.51.1 (/opt/rustwide/workdir)
[INFO] [stderr]     Finished dev [unoptimized + debuginfo] target(s) in 1.77s
[INFO] running `Command { std: "docker" "inspect" "98fcb90b52bd3d4dc63e914932947dfa414c6a1904971896fcffb4b32a487036", kill_on_drop: false }`
[INFO] running `Command { std: "docker" "rm" "-f" "98fcb90b52bd3d4dc63e914932947dfa414c6a1904971896fcffb4b32a487036", kill_on_drop: false }`
[INFO] [stdout] 98fcb90b52bd3d4dc63e914932947dfa414c6a1904971896fcffb4b32a487036
[INFO] running `Command { std: "docker" "create" "-v" "/var/lib/crater-agent-workspace/builds/worker-24/target:/opt/rustwide/target:rw,Z" "-v" "/var/lib/crater-agent-workspace/builds/worker-24/source:/opt/rustwide/workdir:ro,Z" "-v" "/var/lib/crater-agent-workspace/cargo-home:/opt/rustwide/cargo-home:ro,Z" "-v" "/var/lib/crater-agent-workspace/rustup-home:/opt/rustwide/rustup-home:ro,Z" "-e" "SOURCE_DIR=/opt/rustwide/workdir" "-e" "CARGO_TARGET_DIR=/opt/rustwide/target" "-e" "CARGO_INCREMENTAL=0" "-e" "RUST_BACKTRACE=full" "-e" "RUSTFLAGS=--cap-lints=warn" "-e" "CARGO_HOME=/opt/rustwide/cargo-home" "-e" "RUSTUP_HOME=/opt/rustwide/rustup-home" "-w" "/opt/rustwide/workdir" "-m" "1610612736" "--user" "0:0" "--network" "none" "ghcr.io/rust-lang/crates-build-env/linux@sha256:34b6a614d2c27851fe6cbf88fbd1137609cefab8b10d0615aaeb6fd47975d74e" "/opt/rustwide/cargo-home/bin/cargo" "+beta-2021-08-01" "test" "--frozen" "--no-run" "--message-format=json", kill_on_drop: false }`
[INFO] [stdout] ba6e03c495d8bf9ec777321e046d61d5daec568007a683e640e870109cc979c7
[INFO] running `Command { std: "docker" "start" "-a" "ba6e03c495d8bf9ec777321e046d61d5daec568007a683e640e870109cc979c7", kill_on_drop: false }`
[INFO] [stderr]     Blocking waiting for file lock on package cache
[INFO] [stderr]    Compiling uni-path v1.51.1 (/opt/rustwide/workdir)
[INFO] [stderr]     Finished test [unoptimized + debuginfo] target(s) in 5.87s
[INFO] running `Command { std: "docker" "inspect" "ba6e03c495d8bf9ec777321e046d61d5daec568007a683e640e870109cc979c7", kill_on_drop: false }`
[INFO] running `Command { std: "docker" "rm" "-f" "ba6e03c495d8bf9ec777321e046d61d5daec568007a683e640e870109cc979c7", kill_on_drop: false }`
[INFO] [stdout] ba6e03c495d8bf9ec777321e046d61d5daec568007a683e640e870109cc979c7
[INFO] running `Command { std: "docker" "create" "-v" "/var/lib/crater-agent-workspace/builds/worker-24/target:/opt/rustwide/target:rw,Z" "-v" "/var/lib/crater-agent-workspace/builds/worker-24/source:/opt/rustwide/workdir:ro,Z" "-v" "/var/lib/crater-agent-workspace/cargo-home:/opt/rustwide/cargo-home:ro,Z" "-v" "/var/lib/crater-agent-workspace/rustup-home:/opt/rustwide/rustup-home:ro,Z" "-e" "SOURCE_DIR=/opt/rustwide/workdir" "-e" "CARGO_TARGET_DIR=/opt/rustwide/target" "-e" "CARGO_INCREMENTAL=0" "-e" "RUST_BACKTRACE=full" "-e" "RUSTFLAGS=--cap-lints=warn" "-e" "CARGO_HOME=/opt/rustwide/cargo-home" "-e" "RUSTUP_HOME=/opt/rustwide/rustup-home" "-w" "/opt/rustwide/workdir" "-m" "1610612736" "--user" "0:0" "--network" "none" "ghcr.io/rust-lang/crates-build-env/linux@sha256:34b6a614d2c27851fe6cbf88fbd1137609cefab8b10d0615aaeb6fd47975d74e" "/opt/rustwide/cargo-home/bin/cargo" "+beta-2021-08-01" "test" "--frozen", kill_on_drop: false }`
[INFO] [stdout] 76a99612d3bb464b67135d7dac6eae5a166440e237c03339cd9a1d2adc4cd83b
[INFO] running `Command { std: "docker" "start" "-a" "76a99612d3bb464b67135d7dac6eae5a166440e237c03339cd9a1d2adc4cd83b", kill_on_drop: false }`
[INFO] [stderr]     Finished test [unoptimized + debuginfo] target(s) in 0.01s
[INFO] [stderr]      Running unittests (/opt/rustwide/target/debug/deps/uni_path-e6817f54862c5e49)
[INFO] [stdout] 
[INFO] [stdout] running 13 tests
[INFO] [stdout] test tests::into ... ok
[INFO] [stdout] test tests::into_boxed ... ok
[INFO] [stdout] test tests::into_rc ... ok
[INFO] [stdout] test tests::test_components_debug ... ok
[INFO] [stdout] test tests::test_compare ... ok
[INFO] [stdout] test tests::test_eq_receivers ... ok
[INFO] [stdout] test tests::test_iter_debug ... ok
[INFO] [stdout] test tests::test_decompositions_unix ... ok
[INFO] [stdout] test tests::test_pop ... ok
[INFO] [stdout] test tests::test_push ... ok
[INFO] [stdout] test tests::test_set_file_name ... ok
[INFO] [stdout] test tests::test_set_extension ... ok
[INFO] [stdout] test tests::test_stem_ext ... ok
[INFO] [stdout] 
[INFO] [stdout] test result: ok. 13 passed; 0 failed; 0 ignored; 0 measured; 0 filtered out; finished in 0.04s
[INFO] [stdout] 
[INFO] [stderr]    Doc-tests uni-path
[INFO] [stdout] 
[INFO] [stdout] running 44 tests
[INFO] [stdout] test src/lib.rs - Component::as_str (line 216) ... FAILED
[INFO] [stdout] test src/lib.rs - Component (line 179) ... FAILED
[INFO] [stdout] test src/lib.rs - Path::new (line 1302) ... FAILED
[INFO] [stdout] test src/lib.rs - Path::strip_prefix (line 1530) ... FAILED
[INFO] [stdout] test src/lib.rs - Path::ancestors (line 1470) ... FAILED
[INFO] [stdout] test src/lib.rs - Path::join (line 1668) ... FAILED
[INFO] [stdout] test src/lib.rs - (line 23) ... FAILED
[INFO] [stdout] test src/lib.rs - PathBuf::set_file_name (line 843) ... FAILED
[INFO] [stdout] test src/lib.rs - Components::as_path (line 328) ... FAILED
[INFO] [stdout] test src/lib.rs - Iter::as_path (line 461) ... FAILED
[INFO] [stdout] test src/lib.rs - PathBuf::push (line 769) ... FAILED
[INFO] [stdout] test src/lib.rs - Path::file_stem (line 1629) ... FAILED
[INFO] [stdout] test src/lib.rs - Path::to_path_buf (line 1369) ... FAILED
[INFO] [stdout] test src/lib.rs - PathBuf::push (line 759) ... FAILED
[INFO] [stdout] test src/lib.rs - Components (line 254) ... FAILED
[INFO] [stdout] test src/lib.rs - Path::with_extension (line 1715) ... FAILED
[INFO] [stdout] test src/lib.rs - Path::iter (line 1787) ... FAILED
[INFO] [stdout] test src/lib.rs - Path::with_file_name (line 1690) ... FAILED
[INFO] [stdout] test src/lib.rs - PathBuf::as_path (line 740) ... FAILED
[INFO] [stdout] test src/lib.rs - PathBuf::with_capacity (line 718) ... FAILED
[INFO] [stdout] test src/lib.rs - Path::parent (line 1438) ... FAILED
[INFO] [stdout] test src/lib.rs - Path::has_root (line 1422) ... ok
[INFO] [stdout] test src/lib.rs - Path::ends_with (line 1596) ... ok
[INFO] [stdout] test src/lib.rs - Path::as_str (line 1318) ... ok
[INFO] [stdout] test src/lib.rs - Path::starts_with (line 1566) ... ok
[INFO] [stdout] test src/lib.rs - Path::is_relative (line 1404) ... ok
[INFO] [stdout] test src/lib.rs - Path::new (line 1294) ... ok
[INFO] [stdout] test src/lib.rs - (line 40) ... ok
[INFO] [stdout] test src/lib.rs - Path::is_absolute (line 1386) ... ok
[INFO] [stdout] test src/lib.rs - Path::file_name (line 1502) ... ok
[INFO] [stdout] test src/lib.rs - is_separator (line 87) ... ok
[INFO] [stdout] test src/lib.rs - Ancestors (line 606) ... ok
[INFO] [stdout] test src/lib.rs - Path::extension (line 1652) ... ok
[INFO] [stdout] test src/lib.rs - Path::components (line 1756) ... ok
[INFO] [stdout] test src/lib.rs - PathBuf (line 680) ... ok
[INFO] [stdout] test src/lib.rs - PathBuf::set_extension (line 879) ... ok
[INFO] [stdout] test src/lib.rs - PathBuf::new (line 703) ... ok
[INFO] [stdout] test src/lib.rs - PathBuf::pop (line 809) ... ok
[INFO] [stdout] test src/lib.rs - PathBuf::into_string (line 920) ... ok
[INFO] [stdout] test src/lib.rs - PathBuf (line 671) ... ok
[INFO] [stdout] test src/lib.rs - Path::to_str (line 1339) ... ok
[INFO] [stdout] test src/lib.rs - Path::to_str_cow (line 1354) ... ok
[INFO] [stdout] test src/lib.rs - PathBuf (line 656) ... ok
[INFO] [stdout] test src/lib.rs - Path (line 1255) ... ok
[INFO] [stdout] 
[INFO] [stdout] failures:
[INFO] [stdout] 
[INFO] [stdout] ---- src/lib.rs - Component::as_str (line 216) stdout ----
[INFO] [stdout] Couldn't compile the test.
[INFO] [stdout] ---- src/lib.rs - Component (line 179) stdout ----
[INFO] [stdout] Couldn't compile the test.
[INFO] [stdout] ---- src/lib.rs - Path::new (line 1302) stdout ----
[INFO] [stdout] Couldn't compile the test.
[INFO] [stdout] ---- src/lib.rs - Path::strip_prefix (line 1530) stdout ----
[INFO] [stdout] Couldn't compile the test.
[INFO] [stdout] ---- src/lib.rs - Path::ancestors (line 1470) stdout ----
[INFO] [stdout] Couldn't compile the test.
[INFO] [stdout] ---- src/lib.rs - Path::join (line 1668) stdout ----
[INFO] [stdout] Couldn't compile the test.
[INFO] [stdout] ---- src/lib.rs - (line 23) stdout ----
[INFO] [stdout] Couldn't compile the test.
[INFO] [stdout] ---- src/lib.rs - PathBuf::set_file_name (line 843) stdout ----
[INFO] [stdout] Couldn't compile the test.
[INFO] [stdout] ---- src/lib.rs - Components::as_path (line 328) stdout ----
[INFO] [stdout] Couldn't compile the test.
[INFO] [stdout] ---- src/lib.rs - Iter::as_path (line 461) stdout ----
[INFO] [stdout] Couldn't compile the test.
[INFO] [stdout] ---- src/lib.rs - PathBuf::push (line 769) stdout ----
[INFO] [stdout] Couldn't compile the test.
[INFO] [stdout] ---- src/lib.rs - Path::file_stem (line 1629) stdout ----
[INFO] [stdout] Couldn't compile the test.
[INFO] [stdout] ---- src/lib.rs - Path::to_path_buf (line 1369) stdout ----
[INFO] [stdout] Couldn't compile the test.
[INFO] [stdout] ---- src/lib.rs - PathBuf::push (line 759) stdout ----
[INFO] [stdout] Couldn't compile the test.
[INFO] [stdout] ---- src/lib.rs - Components (line 254) stdout ----
[INFO] [stdout] Couldn't compile the test.
[INFO] [stdout] ---- src/lib.rs - Path::with_extension (line 1715) stdout ----
[INFO] [stdout] Couldn't compile the test.
[INFO] [stdout] ---- src/lib.rs - Path::iter (line 1787) stdout ----
[INFO] [stdout] Couldn't compile the test.
[INFO] [stdout] ---- src/lib.rs - Path::with_file_name (line 1690) stdout ----
[INFO] [stdout] Couldn't compile the test.
[INFO] [stdout] ---- src/lib.rs - PathBuf::as_path (line 740) stdout ----
[INFO] [stdout] Couldn't compile the test.
[INFO] [stdout] ---- src/lib.rs - PathBuf::with_capacity (line 718) stdout ----
[INFO] [stdout] Couldn't compile the test.
[INFO] [stdout] ---- src/lib.rs - Path::parent (line 1438) stdout ----
[INFO] [stdout] Couldn't compile the test.
[INFO] [stdout] 
[INFO] [stdout] failures:
[INFO] [stdout]     src/lib.rs - (line 23)
[INFO] [stdout]     src/lib.rs - Component (line 179)
[INFO] [stdout]     src/lib.rs - Component::as_str (line 216)
[INFO] [stdout]     src/lib.rs - Components (line 254)
[INFO] [stdout]     src/lib.rs - Components::as_path (line 328)
[INFO] [stdout]     src/lib.rs - Iter::as_path (line 461)
[INFO] [stdout]     src/lib.rs - Path::ancestors (line 1470)
[INFO] [stdout]     src/lib.rs - Path::file_stem (line 1629)
[INFO] [stdout]     src/lib.rs - Path::iter (line 1787)
[INFO] [stdout]     src/lib.rs - Path::join (line 1668)
[INFO] [stdout]     src/lib.rs - Path::new (line 1302)
[INFO] [stdout]     src/lib.rs - Path::parent (line 1438)
[INFO] [stdout]     src/lib.rs - Path::strip_prefix (line 1530)
[INFO] [stdout]     src/lib.rs - Path::to_path_buf (line 1369)
[INFO] [stdout]     src/lib.rs - Path::with_extension (line 1715)
[INFO] [stdout]     src/lib.rs - Path::with_file_name (line 1690)
[INFO] [stdout]     src/lib.rs - PathBuf::as_path (line 740)
[INFO] [stdout]     src/lib.rs - PathBuf::push (line 759)
[INFO] [stdout]     src/lib.rs - PathBuf::push (line 769)
[INFO] [stdout]     src/lib.rs - PathBuf::set_file_name (line 843)
[INFO] [stdout]     src/lib.rs - PathBuf::with_capacity (line 718)
[INFO] [stdout] 
[INFO] [stdout] test result: FAILED. 23 passed; 21 failed; 0 ignored; 0 measured; 0 filtered out; finished in 3.25s
[INFO] [stdout] 
[INFO] [stderr] error: test failed, to rerun pass '--doc'
[INFO] running `Command { std: "docker" "inspect" "76a99612d3bb464b67135d7dac6eae5a166440e237c03339cd9a1d2adc4cd83b", kill_on_drop: false }`
[INFO] running `Command { std: "docker" "rm" "-f" "76a99612d3bb464b67135d7dac6eae5a166440e237c03339cd9a1d2adc4cd83b", kill_on_drop: false }`
[INFO] [stdout] 76a99612d3bb464b67135d7dac6eae5a166440e237c03339cd9a1d2adc4cd83b
