[INFO] fetching crate unftp-sbe-gcs 0.2.0...
[INFO] testing unftp-sbe-gcs-0.2.0 against 1.54.0 for beta-1.55-1
[INFO] extracting crate unftp-sbe-gcs 0.2.0 into /workspace/builds/worker-62/source
[INFO] validating manifest of crates.io crate unftp-sbe-gcs 0.2.0 on toolchain 1.54.0
[INFO] running `Command { std: "/workspace/cargo-home/bin/cargo" "+1.54.0" "metadata" "--manifest-path" "Cargo.toml" "--no-deps", kill_on_drop: false }`
[INFO] started tweaking crates.io crate unftp-sbe-gcs 0.2.0
[INFO] finished tweaking crates.io crate unftp-sbe-gcs 0.2.0
[INFO] tweaked toml for crates.io crate unftp-sbe-gcs 0.2.0 written to /workspace/builds/worker-62/source/Cargo.toml
[INFO] crate crates.io crate unftp-sbe-gcs 0.2.0 already has a lockfile, it will not be regenerated
[INFO] running `Command { std: "/workspace/cargo-home/bin/cargo" "+1.54.0" "fetch" "--manifest-path" "Cargo.toml", kill_on_drop: false }`
[INFO] [stderr]     Blocking waiting for file lock on package cache
[INFO] [stderr]     Blocking waiting for file lock on package cache
[INFO] [stderr]  Downloading crates ...
[INFO] [stderr]   Downloaded more-asserts v0.2.1
[INFO] [stderr]   Downloaded slog-async v2.6.0
[INFO] [stderr]   Downloaded async_ftp v5.0.0
[INFO] running `Command { std: "docker" "create" "-v" "/var/lib/crater-agent-workspace/builds/worker-62/target:/opt/rustwide/target:rw,Z" "-v" "/var/lib/crater-agent-workspace/builds/worker-62/source:/opt/rustwide/workdir:ro,Z" "-v" "/var/lib/crater-agent-workspace/cargo-home:/opt/rustwide/cargo-home:ro,Z" "-v" "/var/lib/crater-agent-workspace/rustup-home:/opt/rustwide/rustup-home:ro,Z" "-e" "SOURCE_DIR=/opt/rustwide/workdir" "-e" "CARGO_TARGET_DIR=/opt/rustwide/target" "-e" "CARGO_HOME=/opt/rustwide/cargo-home" "-e" "RUSTUP_HOME=/opt/rustwide/rustup-home" "-w" "/opt/rustwide/workdir" "-m" "1610612736" "--user" "0:0" "--network" "none" "ghcr.io/rust-lang/crates-build-env/linux@sha256:34b6a614d2c27851fe6cbf88fbd1137609cefab8b10d0615aaeb6fd47975d74e" "/opt/rustwide/cargo-home/bin/cargo" "+1.54.0" "metadata" "--no-deps" "--format-version=1", kill_on_drop: false }`
[INFO] [stdout] 42a7c643946b0d74e13ddafe02aa959c5e612e59daa916dcf2c292d97f60d668
[INFO] running `Command { std: "docker" "start" "-a" "42a7c643946b0d74e13ddafe02aa959c5e612e59daa916dcf2c292d97f60d668", kill_on_drop: false }`
[INFO] running `Command { std: "docker" "inspect" "42a7c643946b0d74e13ddafe02aa959c5e612e59daa916dcf2c292d97f60d668", kill_on_drop: false }`
[INFO] running `Command { std: "docker" "rm" "-f" "42a7c643946b0d74e13ddafe02aa959c5e612e59daa916dcf2c292d97f60d668", kill_on_drop: false }`
[INFO] [stdout] 42a7c643946b0d74e13ddafe02aa959c5e612e59daa916dcf2c292d97f60d668
[INFO] running `Command { std: "docker" "create" "-v" "/var/lib/crater-agent-workspace/builds/worker-62/target:/opt/rustwide/target:rw,Z" "-v" "/var/lib/crater-agent-workspace/builds/worker-62/source:/opt/rustwide/workdir:ro,Z" "-v" "/var/lib/crater-agent-workspace/cargo-home:/opt/rustwide/cargo-home:ro,Z" "-v" "/var/lib/crater-agent-workspace/rustup-home:/opt/rustwide/rustup-home:ro,Z" "-e" "SOURCE_DIR=/opt/rustwide/workdir" "-e" "CARGO_TARGET_DIR=/opt/rustwide/target" "-e" "CARGO_INCREMENTAL=0" "-e" "RUST_BACKTRACE=full" "-e" "RUSTFLAGS=--cap-lints=warn" "-e" "CARGO_HOME=/opt/rustwide/cargo-home" "-e" "RUSTUP_HOME=/opt/rustwide/rustup-home" "-w" "/opt/rustwide/workdir" "-m" "1610612736" "--user" "0:0" "--network" "none" "ghcr.io/rust-lang/crates-build-env/linux@sha256:34b6a614d2c27851fe6cbf88fbd1137609cefab8b10d0615aaeb6fd47975d74e" "/opt/rustwide/cargo-home/bin/cargo" "+1.54.0" "build" "--frozen" "--message-format=json", kill_on_drop: false }`
[INFO] [stdout] 9542fdbc1003aeea67b208d9bb61118019b5a81b78f9081ae10dc376055a82d1
[INFO] running `Command { std: "docker" "start" "-a" "9542fdbc1003aeea67b208d9bb61118019b5a81b78f9081ae10dc376055a82d1", kill_on_drop: false }`
[INFO] [stderr]    Compiling proc-macro2 v1.0.27
[INFO] [stderr]    Compiling unicode-xid v0.2.2
[INFO] [stderr]    Compiling syn v1.0.73
[INFO] [stderr]    Compiling memchr v2.4.0
[INFO] [stderr]    Compiling proc-macro-hack v0.5.19
[INFO] [stderr]    Compiling futures-core v0.3.15
[INFO] [stderr]    Compiling cc v1.0.69
[INFO] [stderr]    Compiling bytes v1.0.1
[INFO] [stderr]    Compiling once_cell v1.8.0
[INFO] [stderr]    Compiling radium v0.5.3
[INFO] [stderr]    Compiling spin v0.5.2
[INFO] [stderr]    Compiling futures-task v0.3.15
[INFO] [stderr]    Compiling futures-channel v0.3.15
[INFO] [stderr]    Compiling proc-macro-nested v0.1.7
[INFO] [stderr]    Compiling untrusted v0.7.1
[INFO] [stderr]    Compiling futures-sink v0.3.15
[INFO] [stderr]    Compiling futures-io v0.3.15
[INFO] [stderr]    Compiling crunchy v0.2.2
[INFO] [stderr]    Compiling lexical-core v0.7.6
[INFO] [stderr]    Compiling arrayvec v0.5.2
[INFO] [stderr]    Compiling serde_derive v1.0.126
[INFO] [stderr]    Compiling pin-utils v0.1.0
[INFO] [stderr]    Compiling slab v0.4.3
[INFO] [stderr]    Compiling wyz v0.2.0
[INFO] [stderr]    Compiling tap v1.0.1
[INFO] [stderr]    Compiling tiny-keccak v2.0.2
[INFO] [stderr]    Compiling funty v1.1.0
[INFO] [stderr]    Compiling serde v1.0.126
[INFO] [stderr]    Compiling base64 v0.13.0
[INFO] [stderr]    Compiling itoa v0.4.7
[INFO] [stderr]    Compiling slog v2.7.0
[INFO] [stderr]    Compiling httparse v1.4.1
[INFO] [stderr]    Compiling tinyvec_macros v0.1.0
[INFO] [stderr]    Compiling crossbeam-utils v0.8.5
[INFO] [stderr]    Compiling matches v0.1.8
[INFO] [stderr]    Compiling hashbrown v0.11.2
[INFO] [stderr]    Compiling rustversion v1.0.5
[INFO] [stderr]    Compiling oid-registry v0.1.4
[INFO] [stderr]    Compiling try-lock v0.2.3
[INFO] [stderr]    Compiling prometheus v0.12.0
[INFO] [stderr]    Compiling tower-service v0.3.1
[INFO] [stderr]    Compiling httpdate v1.0.1
[INFO] [stderr]    Compiling arc-swap v1.3.0
[INFO] [stderr]    Compiling atomic-shim v0.1.0
[INFO] [stderr]    Compiling moka v0.5.0
[INFO] [stderr]    Compiling async-trait v0.1.50
[INFO] [stderr]    Compiling openssl-probe v0.1.4
[INFO] [stderr]    Compiling convert_case v0.4.0
[INFO] [stderr]    Compiling opaque-debug v0.3.0
[INFO] [stderr]    Compiling data-encoding v2.3.2
[INFO] [stderr]    Compiling seahash v4.1.0
[INFO] [stderr]    Compiling mime v0.3.16
[INFO] [stderr]    Compiling num-traits v0.2.14
[INFO] [stderr]    Compiling num-integer v0.1.44
[INFO] [stderr]    Compiling tokio v1.8.1
[INFO] [stderr]    Compiling futures-macro v0.3.15
[INFO] [stderr]    Compiling futures-util v0.3.15
[INFO] [stderr]    Compiling num-bigint v0.4.0
[INFO] [stderr]    Compiling indexmap v1.7.0
[INFO] [stderr]    Compiling nom v6.1.2
[INFO] [stderr]    Compiling tracing-core v0.1.18
[INFO] [stderr]    Compiling generic-array v0.14.4
[INFO] [stderr]    Compiling num_cpus v1.13.0
[INFO] [stderr]    Compiling mio v0.7.13
[INFO] [stderr]    Compiling time v0.1.43
[INFO] [stderr]    Compiling socket2 v0.4.0
[INFO] [stderr]    Compiling raw-cpuid v9.1.1
[INFO] [stderr]    Compiling uuid v0.8.2
[INFO] [stderr]    Compiling scheduled-thread-pool v0.2.5
[INFO] [stderr]    Compiling tinyvec v1.2.0
[INFO] [stderr]    Compiling tracing v0.1.26
[INFO] [stderr]    Compiling unicode-bidi v0.3.5
[INFO] [stderr]    Compiling form_urlencoded v1.0.1
[INFO] [stderr]    Compiling http v0.2.4
[INFO] [stderr]    Compiling want v0.3.0
[INFO] [stderr]    Compiling ring v0.16.20
[INFO] [stderr]    Compiling unicode-normalization v0.1.19
[INFO] [stderr]    Compiling bitvec v0.19.5
[INFO] [stderr]    Compiling quanta v0.9.0
[INFO] [stderr]    Compiling quote v1.0.9
[INFO] [stderr]    Compiling digest v0.9.0
[INFO] [stderr]    Compiling block-buffer v0.9.0
[INFO] [stderr]    Compiling crossbeam-channel v0.5.1
[INFO] [stderr]    Compiling slog-scope v4.4.0
[INFO] [stderr]    Compiling md-5 v0.9.1
[INFO] [stderr]    Compiling const-random-macro v0.1.13
[INFO] [stderr]    Compiling slog-stdlog v4.1.0
[INFO] [stderr]    Compiling idna v0.2.3
[INFO] [stderr]    Compiling const-random v0.1.13
[INFO] [stderr]    Compiling url v2.2.2
[INFO] [stderr]    Compiling ahash v0.3.8
[INFO] [stderr]    Compiling cht v0.4.1
[INFO] [stderr]    Compiling http-body v0.4.2
[INFO] [stderr]    Compiling sct v0.6.1
[INFO] [stderr]    Compiling webpki v0.21.4
[INFO] [stderr]    Compiling ct-logs v0.8.0
[INFO] [stderr]    Compiling rustls v0.19.1
[INFO] [stderr]    Compiling rusticata-macros v3.1.0
[INFO] [stderr]    Compiling tokio-macros v1.3.0
[INFO] [stderr]    Compiling thiserror-impl v1.0.26
[INFO] [stderr]    Compiling der-oid-macro v0.4.0
[INFO] [stderr]    Compiling tracing-attributes v0.1.15
[INFO] [stderr]    Compiling derive_more v0.99.16
[INFO] [stderr]    Compiling rustls-native-certs v0.5.0
[INFO] [stderr]    Compiling der-parser v5.1.0
[INFO] [stderr]    Compiling thiserror v1.0.26
[INFO] [stderr]    Compiling proxy-protocol v0.3.0
[INFO] [stderr]    Compiling futures-executor v0.3.15
[INFO] [stderr]    Compiling futures v0.3.15
[INFO] [stderr]    Compiling tokio-util v0.6.7
[INFO] [stderr]    Compiling tokio-rustls v0.22.0
[INFO] [stderr]    Compiling tokio-stream v0.1.7
[INFO] [stderr]    Compiling h2 v0.3.3
[INFO] [stderr]    Compiling chrono v0.4.19
[INFO] [stderr]    Compiling serde_json v1.0.64
[INFO] [stderr]    Compiling x509-parser v0.9.2
[INFO] [stderr]    Compiling hyper v0.14.10
[INFO] [stderr]    Compiling libunftp v0.18.0
[INFO] [stderr]    Compiling hyper-rustls v0.22.1
[INFO] [stderr]    Compiling yup-oauth2 v5.1.0
[INFO] [stderr]    Compiling unftp-sbe-gcs v0.2.0 (/opt/rustwide/workdir)
[INFO] [stderr]     Finished dev [unoptimized + debuginfo] target(s) in 47.16s
[INFO] running `Command { std: "docker" "inspect" "9542fdbc1003aeea67b208d9bb61118019b5a81b78f9081ae10dc376055a82d1", kill_on_drop: false }`
[INFO] running `Command { std: "docker" "rm" "-f" "9542fdbc1003aeea67b208d9bb61118019b5a81b78f9081ae10dc376055a82d1", kill_on_drop: false }`
[INFO] [stdout] 9542fdbc1003aeea67b208d9bb61118019b5a81b78f9081ae10dc376055a82d1
[INFO] running `Command { std: "docker" "create" "-v" "/var/lib/crater-agent-workspace/builds/worker-62/target:/opt/rustwide/target:rw,Z" "-v" "/var/lib/crater-agent-workspace/builds/worker-62/source:/opt/rustwide/workdir:ro,Z" "-v" "/var/lib/crater-agent-workspace/cargo-home:/opt/rustwide/cargo-home:ro,Z" "-v" "/var/lib/crater-agent-workspace/rustup-home:/opt/rustwide/rustup-home:ro,Z" "-e" "SOURCE_DIR=/opt/rustwide/workdir" "-e" "CARGO_TARGET_DIR=/opt/rustwide/target" "-e" "CARGO_INCREMENTAL=0" "-e" "RUST_BACKTRACE=full" "-e" "RUSTFLAGS=--cap-lints=warn" "-e" "CARGO_HOME=/opt/rustwide/cargo-home" "-e" "RUSTUP_HOME=/opt/rustwide/rustup-home" "-w" "/opt/rustwide/workdir" "-m" "1610612736" "--user" "0:0" "--network" "none" "ghcr.io/rust-lang/crates-build-env/linux@sha256:34b6a614d2c27851fe6cbf88fbd1137609cefab8b10d0615aaeb6fd47975d74e" "/opt/rustwide/cargo-home/bin/cargo" "+1.54.0" "test" "--frozen" "--no-run" "--message-format=json", kill_on_drop: false }`
[INFO] [stdout] 478b41e2155abc8cfff3510836ed364c20591f05ad02f57a7c8ab2e84f64df2b
[INFO] running `Command { std: "docker" "start" "-a" "478b41e2155abc8cfff3510836ed364c20591f05ad02f57a7c8ab2e84f64df2b", kill_on_drop: false }`
[INFO] [stderr]    Compiling quick-error v1.2.3
[INFO] [stderr]    Compiling ansi_term v0.12.1
[INFO] [stderr]    Compiling termcolor v1.1.2
[INFO] [stderr]    Compiling take_mut v0.2.2
[INFO] [stderr]    Compiling std_prelude v0.2.12
[INFO] [stderr]    Compiling diff v0.1.12
[INFO] [stderr]    Compiling more-asserts v0.2.1
[INFO] [stderr]    Compiling thread_local v1.1.3
[INFO] [stderr]    Compiling regex-automata v0.1.10
[INFO] [stderr]    Compiling sharded-slab v0.1.1
[INFO] [stderr]    Compiling aho-corasick v0.7.18
[INFO] [stderr]    Compiling dirs-sys-next v0.1.2
[INFO] [stderr]    Compiling tracing-log v0.1.2
[INFO] [stderr]    Compiling pin-project-internal v1.0.7
[INFO] [stderr]    Compiling tracing-serde v0.1.2
[INFO] [stderr]    Compiling humantime v1.3.0
[INFO] [stderr]    Compiling dirs-next v2.0.0
[INFO] [stderr]    Compiling slog-async v2.6.0
[INFO] [stderr]    Compiling pretty_assertions v0.7.2
[INFO] [stderr]    Compiling term v0.7.0
[INFO] [stderr]    Compiling slog-term v2.8.0
[INFO] [stderr]    Compiling matchers v0.0.1
[INFO] [stderr]    Compiling regex v1.5.4
[INFO] [stderr]    Compiling stfu8 v0.2.4
[INFO] [stderr]    Compiling env_logger v0.7.1
[INFO] [stderr]    Compiling tracing-subscriber v0.2.19
[INFO] [stderr]    Compiling pin-project v1.0.7
[INFO] [stderr]    Compiling async_ftp v5.0.0
[INFO] [stderr]    Compiling path_abs v0.5.1
[INFO] [stderr]    Compiling pretty_env_logger v0.4.0
[INFO] [stderr]    Compiling unftp-sbe-gcs v0.2.0 (/opt/rustwide/workdir)
[INFO] [stderr]     Finished test [unoptimized + debuginfo] target(s) in 27.51s
[INFO] running `Command { std: "docker" "inspect" "478b41e2155abc8cfff3510836ed364c20591f05ad02f57a7c8ab2e84f64df2b", kill_on_drop: false }`
[INFO] running `Command { std: "docker" "rm" "-f" "478b41e2155abc8cfff3510836ed364c20591f05ad02f57a7c8ab2e84f64df2b", kill_on_drop: false }`
[INFO] [stdout] 478b41e2155abc8cfff3510836ed364c20591f05ad02f57a7c8ab2e84f64df2b
[INFO] running `Command { std: "docker" "create" "-v" "/var/lib/crater-agent-workspace/builds/worker-62/target:/opt/rustwide/target:rw,Z" "-v" "/var/lib/crater-agent-workspace/builds/worker-62/source:/opt/rustwide/workdir:ro,Z" "-v" "/var/lib/crater-agent-workspace/cargo-home:/opt/rustwide/cargo-home:ro,Z" "-v" "/var/lib/crater-agent-workspace/rustup-home:/opt/rustwide/rustup-home:ro,Z" "-e" "SOURCE_DIR=/opt/rustwide/workdir" "-e" "CARGO_TARGET_DIR=/opt/rustwide/target" "-e" "CARGO_INCREMENTAL=0" "-e" "RUST_BACKTRACE=full" "-e" "RUSTFLAGS=--cap-lints=warn" "-e" "CARGO_HOME=/opt/rustwide/cargo-home" "-e" "RUSTUP_HOME=/opt/rustwide/rustup-home" "-w" "/opt/rustwide/workdir" "-m" "1610612736" "--user" "0:0" "--network" "none" "ghcr.io/rust-lang/crates-build-env/linux@sha256:34b6a614d2c27851fe6cbf88fbd1137609cefab8b10d0615aaeb6fd47975d74e" "/opt/rustwide/cargo-home/bin/cargo" "+1.54.0" "test" "--frozen", kill_on_drop: false }`
[INFO] [stdout] dabf7021487ff29fb5c793d6380085f53f157e3bdb4026fcd388e5d4ac2409e4
[INFO] running `Command { std: "docker" "start" "-a" "dabf7021487ff29fb5c793d6380085f53f157e3bdb4026fcd388e5d4ac2409e4", kill_on_drop: false }`
[INFO] [stderr]     Finished test [unoptimized + debuginfo] target(s) in 0.35s
[INFO] [stderr]      Running unittests (/opt/rustwide/target/debug/deps/unftp_sbe_gcs-836917a45b3dbd25)
[INFO] [stdout] 
[INFO] [stdout] running 3 tests
[INFO] [stdout] test response_body::test::to_metadata ... ok
[INFO] [stdout] test uri::tests::list ... ok
[INFO] [stdout] test response_body::test::to_metadata_parse_error ... ok
[INFO] [stdout] 
[INFO] [stdout] test result: ok. 3 passed; 0 failed; 0 ignored; 0 measured; 0 filtered out; finished in 0.01s
[INFO] [stdout] 
[INFO] [stderr]      Running tests/main.rs (/opt/rustwide/target/debug/deps/main-18f0971d3d6fa89b)
[INFO] [stdout] 
[INFO] [stdout] running 3 tests
[INFO] [stderr] mkdir: cannot create directory '/opt/rustwide/workdir/tests/resources/data': Read-only file system
[INFO] [stderr] Cannot connect to the Docker daemon at unix:///var/run/docker.sock. Is the docker daemon running?
[INFO] [stderr] Cannot connect to the Docker daemon at unix:///var/run/docker.sock. Is the docker daemon running?
[INFO] [stderr] docker: Cannot connect to the Docker daemon at unix:///var/run/docker.sock. Is the docker daemon running?.
[INFO] [stderr] See 'docker run --help'.
[INFO] [stderr] Aug 07 12:40:31.279 INFO Incoming control connection from 127.0.0.1:35762
[INFO] [stderr] Aug 07 12:40:31.308 INFO Starting control loop, source: 127.0.0.1:35762, trace-id: 0x892c87291f95bd16
[INFO] [stderr] Aug 07 12:40:31.308 INFO Control channel event Command(User { username: b"anonymous" }), seq: 1, source: 127.0.0.1:35762, trace-id: 0x892c87291f95bd16
[INFO] [stderr] Aug 07 12:40:31.308 INFO Control channel reply CodeAndMsg { code: NeedPassword, msg: "Password Required" }, seq: 1, source: 127.0.0.1:35762, trace-id: 0x892c87291f95bd16
[INFO] [stderr] Aug 07 12:40:31.308 INFO Control channel event Command(Pass { password: Password { bytes: ******* } }), seq: 2, source: 127.0.0.1:35762, trace-id: 0x892c87291f95bd16
[INFO] [stderr] Aug 07 12:40:31.308 INFO Control channel reply None, seq: 2, source: 127.0.0.1:35762, trace-id: 0x892c87291f95bd16
[INFO] [stderr] Aug 07 12:40:31.308 INFO User DefaultUser logged in, source: 127.0.0.1:35762, trace-id: 0x892c87291f95bd16
[INFO] [stderr] Aug 07 12:40:31.308 INFO Control channel event InternalMsg(AuthSuccess), seq: 3, source: 127.0.0.1:35762, trace-id: 0x892c87291f95bd16
[INFO] [stderr] Aug 07 12:40:31.309 INFO Control channel reply CodeAndMsg { code: UserLoggedIn, msg: "User logged in, proceed" }, seq: 3, source: 127.0.0.1:35762, trace-id: 0x892c87291f95bd16
[INFO] [stderr] Aug 07 12:40:31.309 INFO Control channel event Command(Mkd { path: "newly_created_dir_is_empty" }), seq: 4, source: 127.0.0.1:35762, trace-id: 0x892c87291f95bd16
[INFO] [stderr] Aug 07 12:40:31.309 INFO Control channel reply None, seq: 4, source: 127.0.0.1:35762, trace-id: 0x892c87291f95bd16
[INFO] [stderr] Aug 07 12:40:31.343 INFO Control channel event InternalMsg(StorageError(Error { kind: PermanentFileNotAvailable, source: Some(hyper::Error(Connect, ConnectError("tcp connect error", Os { code: 99, kind: AddrNotAvailable, message: "Cannot assign requested address" }))) })), seq: 5, source: 127.0.0.1:35762, trace-id: 0x892c87291f95bd16
[INFO] [stderr] Aug 07 12:40:31.343 INFO Control channel reply CodeAndMsg { code: FileError, msg: "File not found" }, seq: 5, source: 127.0.0.1:35762, trace-id: 0x892c87291f95bd16
[INFO] [stdout] test newly_created_dir_is_empty ... FAILED
[INFO] [stderr] Aug 07 12:40:32.454 INFO Incoming control connection from 127.0.0.1:35770
[INFO] [stderr] Aug 07 12:40:32.469 INFO Starting control loop, source: 127.0.0.1:35770, trace-id: 0x4993f85704039886
[INFO] [stderr] Aug 07 12:40:32.475 INFO Control channel event Command(User { username: b"anonymous" }), seq: 1, source: 127.0.0.1:35770, trace-id: 0x4993f85704039886
[INFO] [stderr] Aug 07 12:40:32.475 INFO Control channel reply CodeAndMsg { code: NeedPassword, msg: "Password Required" }, seq: 1, source: 127.0.0.1:35770, trace-id: 0x4993f85704039886
[INFO] [stderr] Aug 07 12:40:32.475 INFO Control channel event Command(Pass { password: Password { bytes: ******* } }), seq: 2, source: 127.0.0.1:35770, trace-id: 0x4993f85704039886
[INFO] [stderr] Aug 07 12:40:32.475 INFO Control channel reply None, seq: 2, source: 127.0.0.1:35770, trace-id: 0x4993f85704039886
[INFO] [stderr] Aug 07 12:40:32.475 INFO User DefaultUser logged in, source: 127.0.0.1:35770, trace-id: 0x4993f85704039886
[INFO] [stderr] Aug 07 12:40:32.475 INFO Control channel event InternalMsg(AuthSuccess), seq: 3, source: 127.0.0.1:35770, trace-id: 0x4993f85704039886
[INFO] [stderr] Aug 07 12:40:32.475 INFO Control channel reply CodeAndMsg { code: UserLoggedIn, msg: "User logged in, proceed" }, seq: 3, source: 127.0.0.1:35770, trace-id: 0x4993f85704039886
[INFO] [stderr] Aug 07 12:40:32.475 INFO Control channel event Command(Mkd { path: "creating_directory_with_file_in_it" }), seq: 4, source: 127.0.0.1:35770, trace-id: 0x4993f85704039886
[INFO] [stderr] Aug 07 12:40:32.476 INFO Control channel reply None, seq: 4, source: 127.0.0.1:35770, trace-id: 0x4993f85704039886
[INFO] [stderr] Aug 07 12:40:32.501 INFO Control channel event InternalMsg(StorageError(Error { kind: PermanentFileNotAvailable, source: Some(hyper::Error(Connect, ConnectError("tcp connect error", Os { code: 99, kind: AddrNotAvailable, message: "Cannot assign requested address" }))) })), seq: 5, source: 127.0.0.1:35770, trace-id: 0x4993f85704039886
[INFO] [stderr] Aug 07 12:40:32.501 INFO Control channel reply CodeAndMsg { code: FileError, msg: "File not found" }, seq: 5, source: 127.0.0.1:35770, trace-id: 0x4993f85704039886
[INFO] [stdout] test creating_directory_with_file_in_it ... FAILED
[INFO] [stderr] Aug 07 12:40:33.566 INFO Incoming control connection from 127.0.0.1:35788
[INFO] [stderr] Aug 07 12:40:33.597 INFO Starting control loop, source: 127.0.0.1:35788, trace-id: 0xb8af2b61ea295ac1
[INFO] [stderr] Aug 07 12:40:33.597 INFO Control channel event Command(User { username: b"anonymous" }), seq: 1, source: 127.0.0.1:35788, trace-id: 0xb8af2b61ea295ac1
[INFO] [stderr] Aug 07 12:40:33.597 INFO Control channel reply CodeAndMsg { code: NeedPassword, msg: "Password Required" }, seq: 1, source: 127.0.0.1:35788, trace-id: 0xb8af2b61ea295ac1
[INFO] [stderr] Aug 07 12:40:33.597 INFO Control channel event Command(Pass { password: Password { bytes: ******* } }), seq: 2, source: 127.0.0.1:35788, trace-id: 0xb8af2b61ea295ac1
[INFO] [stderr] Aug 07 12:40:33.597 INFO Control channel reply None, seq: 2, source: 127.0.0.1:35788, trace-id: 0xb8af2b61ea295ac1
[INFO] [stderr] Aug 07 12:40:33.597 INFO User DefaultUser logged in, source: 127.0.0.1:35788, trace-id: 0xb8af2b61ea295ac1
[INFO] [stderr] Aug 07 12:40:33.598 INFO Control channel event InternalMsg(AuthSuccess), seq: 3, source: 127.0.0.1:35788, trace-id: 0xb8af2b61ea295ac1
[INFO] [stderr] Aug 07 12:40:33.598 INFO Control channel reply CodeAndMsg { code: UserLoggedIn, msg: "User logged in, proceed" }, seq: 3, source: 127.0.0.1:35788, trace-id: 0xb8af2b61ea295ac1
[INFO] [stderr] Aug 07 12:40:33.598 INFO Control channel event Command(Mkd { path: "file_sizes" }), seq: 4, source: 127.0.0.1:35788, trace-id: 0xb8af2b61ea295ac1
[INFO] [stderr] Aug 07 12:40:33.598 INFO Control channel reply None, seq: 4, source: 127.0.0.1:35788, trace-id: 0xb8af2b61ea295ac1
[INFO] [stderr] Aug 07 12:40:33.626 INFO Control channel event InternalMsg(StorageError(Error { kind: PermanentFileNotAvailable, source: Some(hyper::Error(Connect, ConnectError("tcp connect error", Os { code: 99, kind: AddrNotAvailable, message: "Cannot assign requested address" }))) })), seq: 5, source: 127.0.0.1:35788, trace-id: 0xb8af2b61ea295ac1
[INFO] [stderr] Aug 07 12:40:33.626 INFO Control channel reply CodeAndMsg { code: FileError, msg: "File not found" }, seq: 5, source: 127.0.0.1:35788, trace-id: 0xb8af2b61ea295ac1
[INFO] [stdout] test file_sizes ... FAILED
[INFO] [stdout] 
[INFO] [stdout] failures:
[INFO] [stdout] 
[INFO] [stdout] ---- newly_created_dir_is_empty stdout ----
[INFO] [stdout] docker command: "docker" "run" "-d" "--name" "fake-gcs" "-v" "/opt/rustwide/workdir/tests/resources/data:/data" "-p" "9081:9081" "fsouza/fake-gcs-server" "-scheme" "http" "-port" "9081"
[INFO] [stdout] thread 'newly_created_dir_is_empty' panicked at 'called `Result::unwrap()` on an `Err` value: InvalidResponse("Expected code [257], got response: 550 File not found\r\n")', tests/main.rs:75:62
[INFO] [stdout] stack backtrace:
[INFO] [stdout]    0:     0x557ed67a65f0 - std::backtrace_rs::backtrace::libunwind::trace::h34055254b57d8e79
[INFO] [stdout]                                at /rustc/a178d0322ce20e33eac124758e837cbd80a6f633/library/std/src/../../backtrace/src/backtrace/libunwind.rs:90:5
[INFO] [stdout]    1:     0x557ed67a65f0 - std::backtrace_rs::backtrace::trace_unsynchronized::h8f1e3fbd9afff6ec
[INFO] [stdout]                                at /rustc/a178d0322ce20e33eac124758e837cbd80a6f633/library/std/src/../../backtrace/src/backtrace/mod.rs:66:5
[INFO] [stdout]    2:     0x557ed67a65f0 - std::sys_common::backtrace::_print_fmt::h3a99a796b770c360
[INFO] [stdout]                                at /rustc/a178d0322ce20e33eac124758e837cbd80a6f633/library/std/src/sys_common/backtrace.rs:67:5
[INFO] [stdout]    3:     0x557ed67a65f0 - <std::sys_common::backtrace::_print::DisplayBacktrace as core::fmt::Display>::fmt::h32d1f94a80615d18
[INFO] [stdout]                                at /rustc/a178d0322ce20e33eac124758e837cbd80a6f633/library/std/src/sys_common/backtrace.rs:46:22
[INFO] [stdout]    4:     0x557ed67cbe4c - core::fmt::write::h306731c068f7162c
[INFO] [stdout]                                at /rustc/a178d0322ce20e33eac124758e837cbd80a6f633/library/core/src/fmt/mod.rs:1110:17
[INFO] [stdout]    5:     0x557ed679f1c5 - std::io::Write::write_fmt::h87f19b0a2cd190bc
[INFO] [stdout]                                at /rustc/a178d0322ce20e33eac124758e837cbd80a6f633/library/std/src/io/mod.rs:1588:15
[INFO] [stdout]    6:     0x557ed67a884b - std::sys_common::backtrace::_print::h5abaa2601a852287
[INFO] [stdout]                                at /rustc/a178d0322ce20e33eac124758e837cbd80a6f633/library/std/src/sys_common/backtrace.rs:49:5
[INFO] [stdout]    7:     0x557ed67a884b - std::sys_common::backtrace::print::h8d81445442bb638f
[INFO] [stdout]                                at /rustc/a178d0322ce20e33eac124758e837cbd80a6f633/library/std/src/sys_common/backtrace.rs:36:9
[INFO] [stdout]    8:     0x557ed67a884b - std::panicking::default_hook::{{closure}}::hcfe804496a9fa747
[INFO] [stdout]                                at /rustc/a178d0322ce20e33eac124758e837cbd80a6f633/library/std/src/panicking.rs:208:50
[INFO] [stdout]    9:     0x557ed67a835c - std::panicking::default_hook::hbea8e3ccf2ba8901
[INFO] [stdout]                                at /rustc/a178d0322ce20e33eac124758e837cbd80a6f633/library/std/src/panicking.rs:222:9
[INFO] [stdout]   10:     0x557ed67a8f14 - std::panicking::rust_panic_with_hook::h7ee9e1a2d0f8975a
[INFO] [stdout]                                at /rustc/a178d0322ce20e33eac124758e837cbd80a6f633/library/std/src/panicking.rs:622:17
[INFO] [stdout]   11:     0x557ed67a89f7 - std::panicking::begin_panic_handler::{{closure}}::h8ab3b4491718b2c7
[INFO] [stdout]                                at /rustc/a178d0322ce20e33eac124758e837cbd80a6f633/library/std/src/panicking.rs:519:13
[INFO] [stdout]   12:     0x557ed67a6aec - std::sys_common::backtrace::__rust_end_short_backtrace::hd489062ffa586a9f
[INFO] [stdout]                                at /rustc/a178d0322ce20e33eac124758e837cbd80a6f633/library/std/src/sys_common/backtrace.rs:141:18
[INFO] [stdout]   13:     0x557ed67a8959 - rust_begin_unwind
[INFO] [stdout]                                at /rustc/a178d0322ce20e33eac124758e837cbd80a6f633/library/std/src/panicking.rs:515:5
[INFO] [stdout]   14:     0x557ed5b38d31 - core::panicking::panic_fmt::hca6330e3e14086b4
[INFO] [stdout]                                at /rustc/a178d0322ce20e33eac124758e837cbd80a6f633/library/core/src/panicking.rs:92:14
[INFO] [stdout]   15:     0x557ed5b38e23 - core::result::unwrap_failed::h6160d2b4bfbb0e87
[INFO] [stdout]                                at /rustc/a178d0322ce20e33eac124758e837cbd80a6f633/library/core/src/result.rs:1355:5
[INFO] [stdout]   16:     0x557ed5d97a23 - core::result::Result<T,E>::unwrap::hcf50cf63ade0f1d2
[INFO] [stdout]                                at /rustc/a178d0322ce20e33eac124758e837cbd80a6f633/library/core/src/result.rs:1037:23
[INFO] [stdout]   17:     0x557ed5b865b0 - main::newly_created_dir_is_empty::{{closure}}::{{closure}}::hdc57027bf73cc0b0
[INFO] [stdout]                                at /opt/rustwide/workdir/tests/main.rs:75:9
[INFO] [stdout]   18:     0x557ed5dfc12b - <core::future::from_generator::GenFuture<T> as core::future::future::Future>::poll::hbe974f32865edac6
[INFO] [stdout]                                at /rustc/a178d0322ce20e33eac124758e837cbd80a6f633/library/core/src/future/mod.rs:80:19
[INFO] [stdout]   19:     0x557ed5b84cca - main::run_test::{{closure}}::had21d7499c385434
[INFO] [stdout]                                at /opt/rustwide/workdir/tests/main.rs:159:5
[INFO] [stdout]   20:     0x557ed5dfcffb - <core::future::from_generator::GenFuture<T> as core::future::future::Future>::poll::hc894ff260fca4957
[INFO] [stdout]                                at /rustc/a178d0322ce20e33eac124758e837cbd80a6f633/library/core/src/future/mod.rs:80:19
[INFO] [stdout]   21:     0x557ed5b86c77 - main::newly_created_dir_is_empty::{{closure}}::h3f1c9ae7a4a8380e
[INFO] [stdout]                                at /opt/rustwide/workdir/tests/main.rs:72:5
[INFO] [stdout]   22:     0x557ed5df65fb - <core::future::from_generator::GenFuture<T> as core::future::future::Future>::poll::h6aa5e071f6c43136
[INFO] [stdout]                                at /rustc/a178d0322ce20e33eac124758e837cbd80a6f633/library/core/src/future/mod.rs:80:19
[INFO] [stdout]   23:     0x557ed5cda51f - <core::pin::Pin<P> as core::future::future::Future>::poll::hd71834cf37832587
[INFO] [stdout]                                at /rustc/a178d0322ce20e33eac124758e837cbd80a6f633/library/core/src/future/future.rs:119:9
[INFO] [stdout]   24:     0x557ed5dcc3e0 - tokio::runtime::basic_scheduler::Inner<P>::block_on::{{closure}}::{{closure}}::h0473c7faf18daaa7
[INFO] [stdout]                                at /opt/rustwide/cargo-home/registry/src/github.com-1ecc6299db9ec823/tokio-1.8.1/src/runtime/basic_scheduler.rs:213:62
[INFO] [stdout]   25:     0x557ed5b67d5c - tokio::coop::with_budget::{{closure}}::hbacb6133c01449e6
[INFO] [stdout]                                at /opt/rustwide/cargo-home/registry/src/github.com-1ecc6299db9ec823/tokio-1.8.1/src/coop.rs:106:9
[INFO] [stdout]   26:     0x557ed5b9f201 - std::thread::local::LocalKey<T>::try_with::h14570fe3e21d828b
[INFO] [stdout]                                at /rustc/a178d0322ce20e33eac124758e837cbd80a6f633/library/std/src/thread/local.rs:400:16
[INFO] [stdout]   27:     0x557ed5b9ea7d - std::thread::local::LocalKey<T>::with::h387f6a91fdc1bc0b
[INFO] [stdout]                                at /rustc/a178d0322ce20e33eac124758e837cbd80a6f633/library/std/src/thread/local.rs:376:9
[INFO] [stdout]   28:     0x557ed5dca6ac - tokio::coop::with_budget::h1b822318a7bae8de
[INFO] [stdout]                                at /opt/rustwide/cargo-home/registry/src/github.com-1ecc6299db9ec823/tokio-1.8.1/src/coop.rs:99:5
[INFO] [stdout]   29:     0x557ed5dca6ac - tokio::coop::budget::hae971abcea9e0ba3
[INFO] [stdout]                                at /opt/rustwide/cargo-home/registry/src/github.com-1ecc6299db9ec823/tokio-1.8.1/src/coop.rs:76:5
[INFO] [stdout]   30:     0x557ed5dca6ac - tokio::runtime::basic_scheduler::Inner<P>::block_on::{{closure}}::h15c310186b946c32
[INFO] [stdout]                                at /opt/rustwide/cargo-home/registry/src/github.com-1ecc6299db9ec823/tokio-1.8.1/src/runtime/basic_scheduler.rs:213:39
[INFO] [stdout]   31:     0x557ed5dce4d1 - tokio::runtime::basic_scheduler::enter::{{closure}}::h967900b33b64ad5b
[INFO] [stdout]                                at /opt/rustwide/cargo-home/registry/src/github.com-1ecc6299db9ec823/tokio-1.8.1/src/runtime/basic_scheduler.rs:323:29
[INFO] [stdout]   32:     0x557ed5dc9ffd - tokio::macros::scoped_tls::ScopedKey<T>::set::h1ac28bf75091f5ae
[INFO] [stdout]                                at /opt/rustwide/cargo-home/registry/src/github.com-1ecc6299db9ec823/tokio-1.8.1/src/macros/scoped_tls.rs:61:9
[INFO] [stdout]   33:     0x557ed5dce3cc - tokio::runtime::basic_scheduler::enter::h8e9d21a9d1d119f2
[INFO] [stdout]                                at /opt/rustwide/cargo-home/registry/src/github.com-1ecc6299db9ec823/tokio-1.8.1/src/runtime/basic_scheduler.rs:323:5
[INFO] [stdout]   34:     0x557ed5dca38b - tokio::runtime::basic_scheduler::Inner<P>::block_on::hc87042d3bbb6f71b
[INFO] [stdout]                                at /opt/rustwide/cargo-home/registry/src/github.com-1ecc6299db9ec823/tokio-1.8.1/src/runtime/basic_scheduler.rs:202:9
[INFO] [stdout]   35:     0x557ed5dcc834 - tokio::runtime::basic_scheduler::InnerGuard<P>::block_on::h037bbacb679fc97b
[INFO] [stdout]                                at /opt/rustwide/cargo-home/registry/src/github.com-1ecc6299db9ec823/tokio-1.8.1/src/runtime/basic_scheduler.rs:516:9
[INFO] [stdout]   36:     0x557ed5dcd03c - tokio::runtime::basic_scheduler::BasicScheduler<P>::block_on::ha4fa9de48168ddb9
[INFO] [stdout]                                at /opt/rustwide/cargo-home/registry/src/github.com-1ecc6299db9ec823/tokio-1.8.1/src/runtime/basic_scheduler.rs:162:24
[INFO] [stdout]   37:     0x557ed5ca6ffe - tokio::runtime::Runtime::block_on::h0d6bc2eea45e3c90
[INFO] [stdout]                                at /opt/rustwide/cargo-home/registry/src/github.com-1ecc6299db9ec823/tokio-1.8.1/src/runtime/mod.rs:450:46
[INFO] [stdout]   38:     0x557ed5b85e77 - main::newly_created_dir_is_empty::hd84e6dba0a297c75
[INFO] [stdout]                                at /opt/rustwide/workdir/tests/main.rs:72:5
[INFO] [stdout]   39:     0x557ed5b85d8a - main::newly_created_dir_is_empty::{{closure}}::hde2e754c883515f6
[INFO] [stdout]                                at /opt/rustwide/workdir/tests/main.rs:71:7
[INFO] [stdout]   40:     0x557ed5e036be - core::ops::function::FnOnce::call_once::h33e59dd928bef073
[INFO] [stdout]                                at /rustc/a178d0322ce20e33eac124758e837cbd80a6f633/library/core/src/ops/function.rs:227:5
[INFO] [stdout]   41:     0x557ed5eee953 - core::ops::function::FnOnce::call_once::h152e7e439ff59e19
[INFO] [stdout]                                at /rustc/a178d0322ce20e33eac124758e837cbd80a6f633/library/core/src/ops/function.rs:227:5
[INFO] [stdout]   42:     0x557ed5eee953 - test::__rust_begin_short_backtrace::h0908f3b1fdbb72ab
[INFO] [stdout]                                at /rustc/a178d0322ce20e33eac124758e837cbd80a6f633/library/test/src/lib.rs:577:5
[INFO] [stdout]   43:     0x557ed5eed410 - <alloc::boxed::Box<F,A> as core::ops::function::FnOnce<Args>>::call_once::hf6d2a51e5587546c
[INFO] [stdout]                                at /rustc/a178d0322ce20e33eac124758e837cbd80a6f633/library/alloc/src/boxed.rs:1575:9
[INFO] [stdout]   44:     0x557ed5eed410 - <std::panic::AssertUnwindSafe<F> as core::ops::function::FnOnce<()>>::call_once::h8af660f3a89ef593
[INFO] [stdout]                                at /rustc/a178d0322ce20e33eac124758e837cbd80a6f633/library/std/src/panic.rs:347:9
[INFO] [stdout]   45:     0x557ed5eed410 - std::panicking::try::do_call::hd36aef60f84b6d36
[INFO] [stdout]                                at /rustc/a178d0322ce20e33eac124758e837cbd80a6f633/library/std/src/panicking.rs:401:40
[INFO] [stdout]   46:     0x557ed5eed410 - std::panicking::try::h9932b4480e69817c
[INFO] [stdout]                                at /rustc/a178d0322ce20e33eac124758e837cbd80a6f633/library/std/src/panicking.rs:365:19
[INFO] [stdout]   47:     0x557ed5eed410 - std::panic::catch_unwind::h6aa177099cfff5f8
[INFO] [stdout]                                at /rustc/a178d0322ce20e33eac124758e837cbd80a6f633/library/std/src/panic.rs:434:14
[INFO] [stdout]   48:     0x557ed5eed410 - test::run_test_in_process::h5884d6f2d99e20c3
[INFO] [stdout]                                at /rustc/a178d0322ce20e33eac124758e837cbd80a6f633/library/test/src/lib.rs:600:18
[INFO] [stdout]   49:     0x557ed5eed410 - test::run_test::run_test_inner::{{closure}}::h6fdc58c6d5f5b6e3
[INFO] [stdout]                                at /rustc/a178d0322ce20e33eac124758e837cbd80a6f633/library/test/src/lib.rs:492:39
[INFO] [stdout]   50:     0x557ed5ec6ac2 - test::run_test::run_test_inner::{{closure}}::h408365d67a78ade8
[INFO] [stdout]                                at /rustc/a178d0322ce20e33eac124758e837cbd80a6f633/library/test/src/lib.rs:519:37
[INFO] [stdout]   51:     0x557ed5ec6ac2 - std::sys_common::backtrace::__rust_begin_short_backtrace::hb560b77c4f701523
[INFO] [stdout]                                at /rustc/a178d0322ce20e33eac124758e837cbd80a6f633/library/std/src/sys_common/backtrace.rs:125:18
[INFO] [stdout]   52:     0x557ed5eca678 - std::thread::Builder::spawn_unchecked::{{closure}}::{{closure}}::hf2e7831dad93c597
[INFO] [stdout]                                at /rustc/a178d0322ce20e33eac124758e837cbd80a6f633/library/std/src/thread/mod.rs:481:17
[INFO] [stdout]   53:     0x557ed5eca678 - <std::panic::AssertUnwindSafe<F> as core::ops::function::FnOnce<()>>::call_once::hd2e08783d8be4d02
[INFO] [stdout]                                at /rustc/a178d0322ce20e33eac124758e837cbd80a6f633/library/std/src/panic.rs:347:9
[INFO] [stdout]   54:     0x557ed5eca678 - std::panicking::try::do_call::h062597b7acfd6b82
[INFO] [stdout]                                at /rustc/a178d0322ce20e33eac124758e837cbd80a6f633/library/std/src/panicking.rs:401:40
[INFO] [stdout]   55:     0x557ed5eca678 - std::panicking::try::h0d7b79db04c14552
[INFO] [stdout]                                at /rustc/a178d0322ce20e33eac124758e837cbd80a6f633/library/std/src/panicking.rs:365:19
[INFO] [stdout]   56:     0x557ed5eca678 - std::panic::catch_unwind::hb01a0b5e7c8cd43b
[INFO] [stdout]                                at /rustc/a178d0322ce20e33eac124758e837cbd80a6f633/library/std/src/panic.rs:434:14
[INFO] [stdout]   57:     0x557ed5eca678 - std::thread::Builder::spawn_unchecked::{{closure}}::h5bde48cc887e0d1e
[INFO] [stdout]                                at /rustc/a178d0322ce20e33eac124758e837cbd80a6f633/library/std/src/thread/mod.rs:480:30
[INFO] [stdout]   58:     0x557ed5eca678 - core::ops::function::FnOnce::call_once{{vtable.shim}}::h745ea30807a29e55
[INFO] [stdout]                                at /rustc/a178d0322ce20e33eac124758e837cbd80a6f633/library/core/src/ops/function.rs:227:5
[INFO] [stdout]   59:     0x557ed67aec87 - <alloc::boxed::Box<F,A> as core::ops::function::FnOnce<Args>>::call_once::h7ece6cfefaff1005
[INFO] [stdout]                                at /rustc/a178d0322ce20e33eac124758e837cbd80a6f633/library/alloc/src/boxed.rs:1575:9
[INFO] [stdout]   60:     0x557ed67aec87 - <alloc::boxed::Box<F,A> as core::ops::function::FnOnce<Args>>::call_once::hb8b48e55c21f193e
[INFO] [stdout]                                at /rustc/a178d0322ce20e33eac124758e837cbd80a6f633/library/alloc/src/boxed.rs:1575:9
[INFO] [stdout]   61:     0x557ed67aec87 - std::sys::unix::thread::Thread::new::thread_start::h8c7c4450dba62914
[INFO] [stdout]                                at /rustc/a178d0322ce20e33eac124758e837cbd80a6f633/library/std/src/sys/unix/thread.rs:71:17
[INFO] [stdout]   62:     0x7f099b721609 - start_thread
[INFO] [stdout]   63:     0x7f099b4f3293 - clone
[INFO] [stdout]   64:                0x0 - <unknown>
[INFO] [stdout] 
[INFO] [stdout] ---- creating_directory_with_file_in_it stdout ----
[INFO] [stdout] thread 'creating_directory_with_file_in_it' panicked at 'called `Result::unwrap()` on an `Err` value: InvalidResponse("Expected code [257], got response: 550 File not found\r\n")', tests/main.rs:88:70
[INFO] [stdout] stack backtrace:
[INFO] [stdout]    0:     0x557ed67a65f0 - std::backtrace_rs::backtrace::libunwind::trace::h34055254b57d8e79
[INFO] [stdout]                                at /rustc/a178d0322ce20e33eac124758e837cbd80a6f633/library/std/src/../../backtrace/src/backtrace/libunwind.rs:90:5
[INFO] [stdout]    1:     0x557ed67a65f0 - std::backtrace_rs::backtrace::trace_unsynchronized::h8f1e3fbd9afff6ec
[INFO] [stdout]                                at /rustc/a178d0322ce20e33eac124758e837cbd80a6f633/library/std/src/../../backtrace/src/backtrace/mod.rs:66:5
[INFO] [stdout]    2:     0x557ed67a65f0 - std::sys_common::backtrace::_print_fmt::h3a99a796b770c360
[INFO] [stdout]                                at /rustc/a178d0322ce20e33eac124758e837cbd80a6f633/library/std/src/sys_common/backtrace.rs:67:5
[INFO] [stdout]    3:     0x557ed67a65f0 - <std::sys_common::backtrace::_print::DisplayBacktrace as core::fmt::Display>::fmt::h32d1f94a80615d18
[INFO] [stdout]                                at /rustc/a178d0322ce20e33eac124758e837cbd80a6f633/library/std/src/sys_common/backtrace.rs:46:22
[INFO] [stdout]    4:     0x557ed67cbe4c - core::fmt::write::h306731c068f7162c
[INFO] [stdout]                                at /rustc/a178d0322ce20e33eac124758e837cbd80a6f633/library/core/src/fmt/mod.rs:1110:17
[INFO] [stdout]    5:     0x557ed679f1c5 - std::io::Write::write_fmt::h87f19b0a2cd190bc
[INFO] [stdout]                                at /rustc/a178d0322ce20e33eac124758e837cbd80a6f633/library/std/src/io/mod.rs:1588:15
[INFO] [stdout]    6:     0x557ed67a884b - std::sys_common::backtrace::_print::h5abaa2601a852287
[INFO] [stdout]                                at /rustc/a178d0322ce20e33eac124758e837cbd80a6f633/library/std/src/sys_common/backtrace.rs:49:5
[INFO] [stdout]    7:     0x557ed67a884b - std::sys_common::backtrace::print::h8d81445442bb638f
[INFO] [stdout]                                at /rustc/a178d0322ce20e33eac124758e837cbd80a6f633/library/std/src/sys_common/backtrace.rs:36:9
[INFO] [stdout]    8:     0x557ed67a884b - std::panicking::default_hook::{{closure}}::hcfe804496a9fa747
[INFO] [stdout]                                at /rustc/a178d0322ce20e33eac124758e837cbd80a6f633/library/std/src/panicking.rs:208:50
[INFO] [stdout]    9:     0x557ed67a835c - std::panicking::default_hook::hbea8e3ccf2ba8901
[INFO] [stdout]                                at /rustc/a178d0322ce20e33eac124758e837cbd80a6f633/library/std/src/panicking.rs:222:9
[INFO] [stdout]   10:     0x557ed67a8f14 - std::panicking::rust_panic_with_hook::h7ee9e1a2d0f8975a
[INFO] [stdout]                                at /rustc/a178d0322ce20e33eac124758e837cbd80a6f633/library/std/src/panicking.rs:622:17
[INFO] [stdout]   11:     0x557ed67a89f7 - std::panicking::begin_panic_handler::{{closure}}::h8ab3b4491718b2c7
[INFO] [stdout]                                at /rustc/a178d0322ce20e33eac124758e837cbd80a6f633/library/std/src/panicking.rs:519:13
[INFO] [stdout]   12:     0x557ed67a6aec - std::sys_common::backtrace::__rust_end_short_backtrace::hd489062ffa586a9f
[INFO] [stdout]                                at /rustc/a178d0322ce20e33eac124758e837cbd80a6f633/library/std/src/sys_common/backtrace.rs:141:18
[INFO] [stdout]   13:     0x557ed67a8959 - rust_begin_unwind
[INFO] [stdout]                                at /rustc/a178d0322ce20e33eac124758e837cbd80a6f633/library/std/src/panicking.rs:515:5
[INFO] [stdout]   14:     0x557ed5b38d31 - core::panicking::panic_fmt::hca6330e3e14086b4
[INFO] [stdout]                                at /rustc/a178d0322ce20e33eac124758e837cbd80a6f633/library/core/src/panicking.rs:92:14
[INFO] [stdout]   15:     0x557ed5b38e23 - core::result::unwrap_failed::h6160d2b4bfbb0e87
[INFO] [stdout]                                at /rustc/a178d0322ce20e33eac124758e837cbd80a6f633/library/core/src/result.rs:1355:5
[INFO] [stdout]   16:     0x557ed5d97a23 - core::result::Result<T,E>::unwrap::hcf50cf63ade0f1d2
[INFO] [stdout]                                at /rustc/a178d0322ce20e33eac124758e837cbd80a6f633/library/core/src/result.rs:1037:23
[INFO] [stdout]   17:     0x557ed5b876fe - main::creating_directory_with_file_in_it::{{closure}}::{{closure}}::h846634ccabf93ddb
[INFO] [stdout]                                at /opt/rustwide/workdir/tests/main.rs:88:9
[INFO] [stdout]   18:     0x557ed5dfe3ab - <core::future::from_generator::GenFuture<T> as core::future::future::Future>::poll::hdaed2def11a0c0da
[INFO] [stdout]                                at /rustc/a178d0322ce20e33eac124758e837cbd80a6f633/library/core/src/future/mod.rs:80:19
[INFO] [stdout]   19:     0x557ed5b8594a - main::run_test::{{closure}}::hfd532c9a30c7c995
[INFO] [stdout]                                at /opt/rustwide/workdir/tests/main.rs:159:5
[INFO] [stdout]   20:     0x557ed5df7aab - <core::future::from_generator::GenFuture<T> as core::future::future::Future>::poll::h7ebf8aafe9b22080
[INFO] [stdout]                                at /rustc/a178d0322ce20e33eac124758e837cbd80a6f633/library/core/src/future/mod.rs:80:19
[INFO] [stdout]   21:     0x557ed5b88a17 - main::creating_directory_with_file_in_it::{{closure}}::h62d85ccead85c32e
[INFO] [stdout]                                at /opt/rustwide/workdir/tests/main.rs:85:5
[INFO] [stdout]   22:     0x557ed5df7b3b - <core::future::from_generator::GenFuture<T> as core::future::future::Future>::poll::h801a2cabe94369f2
[INFO] [stdout]                                at /rustc/a178d0322ce20e33eac124758e837cbd80a6f633/library/core/src/future/mod.rs:80:19
[INFO] [stdout]   23:     0x557ed5cda5ff - <core::pin::Pin<P> as core::future::future::Future>::poll::hfb26456163f1fc80
[INFO] [stdout]                                at /rustc/a178d0322ce20e33eac124758e837cbd80a6f633/library/core/src/future/future.rs:119:9
[INFO] [stdout]   24:     0x557ed5dcc730 - tokio::runtime::basic_scheduler::Inner<P>::block_on::{{closure}}::{{closure}}::hd256edd4c74e7d70
[INFO] [stdout]                                at /opt/rustwide/cargo-home/registry/src/github.com-1ecc6299db9ec823/tokio-1.8.1/src/runtime/basic_scheduler.rs:213:62
[INFO] [stdout]   25:     0x557ed5b679cc - tokio::coop::with_budget::{{closure}}::h7b881d44b21110cd
[INFO] [stdout]                                at /opt/rustwide/cargo-home/registry/src/github.com-1ecc6299db9ec823/tokio-1.8.1/src/coop.rs:106:9
[INFO] [stdout]   26:     0x557ed5b9f5b1 - std::thread::local::LocalKey<T>::try_with::h304e9592c4d9868d
[INFO] [stdout]                                at /rustc/a178d0322ce20e33eac124758e837cbd80a6f633/library/std/src/thread/local.rs:400:16
[INFO] [stdout]   27:     0x557ed5b9e8ed - std::thread::local::LocalKey<T>::with::h135f6726ad04e85a
[INFO] [stdout]                                at /rustc/a178d0322ce20e33eac124758e837cbd80a6f633/library/std/src/thread/local.rs:376:9
[INFO] [stdout]   28:     0x557ed5dcbc0c - tokio::coop::with_budget::h9c04f6997171fefe
[INFO] [stdout]                                at /opt/rustwide/cargo-home/registry/src/github.com-1ecc6299db9ec823/tokio-1.8.1/src/coop.rs:99:5
[INFO] [stdout]   29:     0x557ed5dcbc0c - tokio::coop::budget::hf6048ace5babef9f
[INFO] [stdout]                                at /opt/rustwide/cargo-home/registry/src/github.com-1ecc6299db9ec823/tokio-1.8.1/src/coop.rs:76:5
[INFO] [stdout]   30:     0x557ed5dcbc0c - tokio::runtime::basic_scheduler::Inner<P>::block_on::{{closure}}::hd681597c7930f28c
[INFO] [stdout]                                at /opt/rustwide/cargo-home/registry/src/github.com-1ecc6299db9ec823/tokio-1.8.1/src/runtime/basic_scheduler.rs:213:39
[INFO] [stdout]   31:     0x557ed5dce451 - tokio::runtime::basic_scheduler::enter::{{closure}}::h26c5a665f195abbe
[INFO] [stdout]                                at /opt/rustwide/cargo-home/registry/src/github.com-1ecc6299db9ec823/tokio-1.8.1/src/runtime/basic_scheduler.rs:323:29
[INFO] [stdout]   32:     0x557ed5dca1dd - tokio::macros::scoped_tls::ScopedKey<T>::set::he76073d03f0447b6
[INFO] [stdout]                                at /opt/rustwide/cargo-home/registry/src/github.com-1ecc6299db9ec823/tokio-1.8.1/src/macros/scoped_tls.rs:61:9
[INFO] [stdout]   33:     0x557ed5dcdcec - tokio::runtime::basic_scheduler::enter::h364bdacc5e58984b
[INFO] [stdout]                                at /opt/rustwide/cargo-home/registry/src/github.com-1ecc6299db9ec823/tokio-1.8.1/src/runtime/basic_scheduler.rs:323:5
[INFO] [stdout]   34:     0x557ed5dca36b - tokio::runtime::basic_scheduler::Inner<P>::block_on::h8a7c2c3ee201e7e1
[INFO] [stdout]                                at /opt/rustwide/cargo-home/registry/src/github.com-1ecc6299db9ec823/tokio-1.8.1/src/runtime/basic_scheduler.rs:202:9
[INFO] [stdout]   35:     0x557ed5dcc954 - tokio::runtime::basic_scheduler::InnerGuard<P>::block_on::hdc058375b3bcc046
[INFO] [stdout]                                at /opt/rustwide/cargo-home/registry/src/github.com-1ecc6299db9ec823/tokio-1.8.1/src/runtime/basic_scheduler.rs:516:9
[INFO] [stdout]   36:     0x557ed5dccc7c - tokio::runtime::basic_scheduler::BasicScheduler<P>::block_on::h527e2d3df24beced
[INFO] [stdout]                                at /opt/rustwide/cargo-home/registry/src/github.com-1ecc6299db9ec823/tokio-1.8.1/src/runtime/basic_scheduler.rs:162:24
[INFO] [stdout]   37:     0x557ed5ca731e - tokio::runtime::Runtime::block_on::he84dfe8f1ec6e821
[INFO] [stdout]                                at /opt/rustwide/cargo-home/registry/src/github.com-1ecc6299db9ec823/tokio-1.8.1/src/runtime/mod.rs:450:46
[INFO] [stdout]   38:     0x557ed5b86de7 - main::creating_directory_with_file_in_it::h6b7ebfc09e682ffa
[INFO] [stdout]                                at /opt/rustwide/workdir/tests/main.rs:85:5
[INFO] [stdout]   39:     0x557ed5b86cfa - main::creating_directory_with_file_in_it::{{closure}}::h5a71c0e7ec6cac6b
[INFO] [stdout]                                at /opt/rustwide/workdir/tests/main.rs:84:7
[INFO] [stdout]   40:     0x557ed5e039de - core::ops::function::FnOnce::call_once::h4e45e6dd522997b9
[INFO] [stdout]                                at /rustc/a178d0322ce20e33eac124758e837cbd80a6f633/library/core/src/ops/function.rs:227:5
[INFO] [stdout]   41:     0x557ed5eee953 - core::ops::function::FnOnce::call_once::h152e7e439ff59e19
[INFO] [stdout]                                at /rustc/a178d0322ce20e33eac124758e837cbd80a6f633/library/core/src/ops/function.rs:227:5
[INFO] [stdout]   42:     0x557ed5eee953 - test::__rust_begin_short_backtrace::h0908f3b1fdbb72ab
[INFO] [stdout]                                at /rustc/a178d0322ce20e33eac124758e837cbd80a6f633/library/test/src/lib.rs:577:5
[INFO] [stdout]   43:     0x557ed5eed410 - <alloc::boxed::Box<F,A> as core::ops::function::FnOnce<Args>>::call_once::hf6d2a51e5587546c
[INFO] [stdout]                                at /rustc/a178d0322ce20e33eac124758e837cbd80a6f633/library/alloc/src/boxed.rs:1575:9
[INFO] [stdout]   44:     0x557ed5eed410 - <std::panic::AssertUnwindSafe<F> as core::ops::function::FnOnce<()>>::call_once::h8af660f3a89ef593
[INFO] [stdout]                                at /rustc/a178d0322ce20e33eac124758e837cbd80a6f633/library/std/src/panic.rs:347:9
[INFO] [stdout]   45:     0x557ed5eed410 - std::panicking::try::do_call::hd36aef60f84b6d36
[INFO] [stdout]                                at /rustc/a178d0322ce20e33eac124758e837cbd80a6f633/library/std/src/panicking.rs:401:40
[INFO] [stdout]   46:     0x557ed5eed410 - std::panicking::try::h9932b4480e69817c
[INFO] [stdout]                                at /rustc/a178d0322ce20e33eac124758e837cbd80a6f633/library/std/src/panicking.rs:365:19
[INFO] [stdout]   47:     0x557ed5eed410 - std::panic::catch_unwind::h6aa177099cfff5f8
[INFO] [stdout]                                at /rustc/a178d0322ce20e33eac124758e837cbd80a6f633/library/std/src/panic.rs:434:14
[INFO] [stdout]   48:     0x557ed5eed410 - test::run_test_in_process::h5884d6f2d99e20c3
[INFO] [stdout]                                at /rustc/a178d0322ce20e33eac124758e837cbd80a6f633/library/test/src/lib.rs:600:18
[INFO] [stdout]   49:     0x557ed5eed410 - test::run_test::run_test_inner::{{closure}}::h6fdc58c6d5f5b6e3
[INFO] [stdout]                                at /rustc/a178d0322ce20e33eac124758e837cbd80a6f633/library/test/src/lib.rs:492:39
[INFO] [stdout]   50:     0x557ed5ec6ac2 - test::run_test::run_test_inner::{{closure}}::h408365d67a78ade8
[INFO] [stdout]                                at /rustc/a178d0322ce20e33eac124758e837cbd80a6f633/library/test/src/lib.rs:519:37
[INFO] [stdout]   51:     0x557ed5ec6ac2 - std::sys_common::backtrace::__rust_begin_short_backtrace::hb560b77c4f701523
[INFO] [stdout]                                at /rustc/a178d0322ce20e33eac124758e837cbd80a6f633/library/std/src/sys_common/backtrace.rs:125:18
[INFO] [stdout]   52:     0x557ed5eca678 - std::thread::Builder::spawn_unchecked::{{closure}}::{{closure}}::hf2e7831dad93c597
[INFO] [stdout]                                at /rustc/a178d0322ce20e33eac124758e837cbd80a6f633/library/std/src/thread/mod.rs:481:17
[INFO] [stdout]   53:     0x557ed5eca678 - <std::panic::AssertUnwindSafe<F> as core::ops::function::FnOnce<()>>::call_once::hd2e08783d8be4d02
[INFO] [stdout]                                at /rustc/a178d0322ce20e33eac124758e837cbd80a6f633/library/std/src/panic.rs:347:9
[INFO] [stdout]   54:     0x557ed5eca678 - std::panicking::try::do_call::h062597b7acfd6b82
[INFO] [stdout]                                at /rustc/a178d0322ce20e33eac124758e837cbd80a6f633/library/std/src/panicking.rs:401:40
[INFO] [stdout]   55:     0x557ed5eca678 - std::panicking::try::h0d7b79db04c14552
[INFO] [stdout]                                at /rustc/a178d0322ce20e33eac124758e837cbd80a6f633/library/std/src/panicking.rs:365:19
[INFO] [stdout]   56:     0x557ed5eca678 - std::panic::catch_unwind::hb01a0b5e7c8cd43b
[INFO] [stdout]                                at /rustc/a178d0322ce20e33eac124758e837cbd80a6f633/library/std/src/panic.rs:434:14
[INFO] [stdout]   57:     0x557ed5eca678 - std::thread::Builder::spawn_unchecked::{{closure}}::h5bde48cc887e0d1e
[INFO] [stdout]                                at /rustc/a178d0322ce20e33eac124758e837cbd80a6f633/library/std/src/thread/mod.rs:480:30
[INFO] [stdout]   58:     0x557ed5eca678 - core::ops::function::FnOnce::call_once{{vtable.shim}}::h745ea30807a29e55
[INFO] [stdout]                                at /rustc/a178d0322ce20e33eac124758e837cbd80a6f633/library/core/src/ops/function.rs:227:5
[INFO] [stdout]   59:     0x557ed67aec87 - <alloc::boxed::Box<F,A> as core::ops::function::FnOnce<Args>>::call_once::h7ece6cfefaff1005
[INFO] [stdout]                                at /rustc/a178d0322ce20e33eac124758e837cbd80a6f633/library/alloc/src/boxed.rs:1575:9
[INFO] [stdout]   60:     0x557ed67aec87 - <alloc::boxed::Box<F,A> as core::ops::function::FnOnce<Args>>::call_once::hb8b48e55c21f193e
[INFO] [stdout]                                at /rustc/a178d0322ce20e33eac124758e837cbd80a6f633/library/alloc/src/boxed.rs:1575:9
[INFO] [stdout]   61:     0x557ed67aec87 - std::sys::unix::thread::Thread::new::thread_start::h8c7c4450dba62914
[INFO] [stdout]                                at /rustc/a178d0322ce20e33eac124758e837cbd80a6f633/library/std/src/sys/unix/thread.rs:71:17
[INFO] [stdout]   62:     0x7f099b721609 - start_thread
[INFO] [stdout]   63:     0x7f099b4f3293 - clone
[INFO] [stdout]   64:                0x0 - <unknown>
[INFO] [stdout] 
[INFO] [stdout] ---- file_sizes stdout ----
[INFO] [stdout] thread 'file_sizes' panicked at 'called `Result::unwrap()` on an `Err` value: InvalidResponse("Expected code [257], got response: 550 File not found\r\n")', tests/main.rs:117:46
[INFO] [stdout] stack backtrace:
[INFO] [stdout]    0:     0x557ed67a65f0 - std::backtrace_rs::backtrace::libunwind::trace::h34055254b57d8e79
[INFO] [stdout]                                at /rustc/a178d0322ce20e33eac124758e837cbd80a6f633/library/std/src/../../backtrace/src/backtrace/libunwind.rs:90:5
[INFO] [stdout]    1:     0x557ed67a65f0 - std::backtrace_rs::backtrace::trace_unsynchronized::h8f1e3fbd9afff6ec
[INFO] [stdout]                                at /rustc/a178d0322ce20e33eac124758e837cbd80a6f633/library/std/src/../../backtrace/src/backtrace/mod.rs:66:5
[INFO] [stdout]    2:     0x557ed67a65f0 - std::sys_common::backtrace::_print_fmt::h3a99a796b770c360
[INFO] [stdout]                                at /rustc/a178d0322ce20e33eac124758e837cbd80a6f633/library/std/src/sys_common/backtrace.rs:67:5
[INFO] [stdout]    3:     0x557ed67a65f0 - <std::sys_common::backtrace::_print::DisplayBacktrace as core::fmt::Display>::fmt::h32d1f94a80615d18
[INFO] [stdout]                                at /rustc/a178d0322ce20e33eac124758e837cbd80a6f633/library/std/src/sys_common/backtrace.rs:46:22
[INFO] [stdout]    4:     0x557ed67cbe4c - core::fmt::write::h306731c068f7162c
[INFO] [stdout]                                at /rustc/a178d0322ce20e33eac124758e837cbd80a6f633/library/core/src/fmt/mod.rs:1110:17
[INFO] [stdout]    5:     0x557ed679f1c5 - std::io::Write::write_fmt::h87f19b0a2cd190bc
[INFO] [stdout]                                at /rustc/a178d0322ce20e33eac124758e837cbd80a6f633/library/std/src/io/mod.rs:1588:15
[INFO] [stdout]    6:     0x557ed67a884b - std::sys_common::backtrace::_print::h5abaa2601a852287
[INFO] [stdout]                                at /rustc/a178d0322ce20e33eac124758e837cbd80a6f633/library/std/src/sys_common/backtrace.rs:49:5
[INFO] [stdout]    7:     0x557ed67a884b - std::sys_common::backtrace::print::h8d81445442bb638f
[INFO] [stdout]                                at /rustc/a178d0322ce20e33eac124758e837cbd80a6f633/library/std/src/sys_common/backtrace.rs:36:9
[INFO] [stdout]    8:     0x557ed67a884b - std::panicking::default_hook::{{closure}}::hcfe804496a9fa747
[INFO] [stdout]                                at /rustc/a178d0322ce20e33eac124758e837cbd80a6f633/library/std/src/panicking.rs:208:50
[INFO] [stdout]    9:     0x557ed67a835c - std::panicking::default_hook::hbea8e3ccf2ba8901
[INFO] [stdout]                                at /rustc/a178d0322ce20e33eac124758e837cbd80a6f633/library/std/src/panicking.rs:222:9
[INFO] [stdout]   10:     0x557ed67a8f14 - std::panicking::rust_panic_with_hook::h7ee9e1a2d0f8975a
[INFO] [stdout]                                at /rustc/a178d0322ce20e33eac124758e837cbd80a6f633/library/std/src/panicking.rs:622:17
[INFO] [stdout]   11:     0x557ed67a89f7 - std::panicking::begin_panic_handler::{{closure}}::h8ab3b4491718b2c7
[INFO] [stdout]                                at /rustc/a178d0322ce20e33eac124758e837cbd80a6f633/library/std/src/panicking.rs:519:13
[INFO] [stdout]   12:     0x557ed67a6aec - std::sys_common::backtrace::__rust_end_short_backtrace::hd489062ffa586a9f
[INFO] [stdout]                                at /rustc/a178d0322ce20e33eac124758e837cbd80a6f633/library/std/src/sys_common/backtrace.rs:141:18
[INFO] [stdout]   13:     0x557ed67a8959 - rust_begin_unwind
[INFO] [stdout]                                at /rustc/a178d0322ce20e33eac124758e837cbd80a6f633/library/std/src/panicking.rs:515:5
[INFO] [stdout]   14:     0x557ed5b38d31 - core::panicking::panic_fmt::hca6330e3e14086b4
[INFO] [stdout]                                at /rustc/a178d0322ce20e33eac124758e837cbd80a6f633/library/core/src/panicking.rs:92:14
[INFO] [stdout]   15:     0x557ed5b38e23 - core::result::unwrap_failed::h6160d2b4bfbb0e87
[INFO] [stdout]                                at /rustc/a178d0322ce20e33eac124758e837cbd80a6f633/library/core/src/result.rs:1355:5
[INFO] [stdout]   16:     0x557ed5d97a23 - core::result::Result<T,E>::unwrap::hcf50cf63ade0f1d2
[INFO] [stdout]                                at /rustc/a178d0322ce20e33eac124758e837cbd80a6f633/library/core/src/result.rs:1037:23
[INFO] [stdout]   17:     0x557ed5b8966c - main::file_sizes::{{closure}}::{{closure}}::hcf309bcaa7e9cef1
[INFO] [stdout]                                at /opt/rustwide/workdir/tests/main.rs:117:9
[INFO] [stdout]   18:     0x557ed5dfb5eb - <core::future::from_generator::GenFuture<T> as core::future::future::Future>::poll::hb5e83449323c63b3
[INFO] [stdout]                                at /rustc/a178d0322ce20e33eac124758e837cbd80a6f633/library/core/src/future/mod.rs:80:19
[INFO] [stdout]   19:     0x557ed5b8404a - main::run_test::{{closure}}::h3893bb8e068c7293
[INFO] [stdout]                                at /opt/rustwide/workdir/tests/main.rs:159:5
[INFO] [stdout]   20:     0x557ed5dffbdb - <core::future::from_generator::GenFuture<T> as core::future::future::Future>::poll::hf238e0c7563ba959
[INFO] [stdout]                                at /rustc/a178d0322ce20e33eac124758e837cbd80a6f633/library/core/src/future/mod.rs:80:19
[INFO] [stdout]   21:     0x557ed5b8a267 - main::file_sizes::{{closure}}::h35d0e588c18471a2
[INFO] [stdout]                                at /opt/rustwide/workdir/tests/main.rs:114:5
[INFO] [stdout]   22:     0x557ed5dfc3db - <core::future::from_generator::GenFuture<T> as core::future::future::Future>::poll::hc02b8201d23e7e0e
[INFO] [stdout]                                at /rustc/a178d0322ce20e33eac124758e837cbd80a6f633/library/core/src/future/mod.rs:80:19
[INFO] [stdout]   23:     0x557ed5cda13f - <core::pin::Pin<P> as core::future::future::Future>::poll::h8c1dcb7df060355e
[INFO] [stdout]                                at /rustc/a178d0322ce20e33eac124758e837cbd80a6f633/library/core/src/future/future.rs:119:9
[INFO] [stdout]   24:     0x557ed5dcc790 - tokio::runtime::basic_scheduler::Inner<P>::block_on::{{closure}}::{{closure}}::hd3cda10d6778bf7b
[INFO] [stdout]                                at /opt/rustwide/cargo-home/registry/src/github.com-1ecc6299db9ec823/tokio-1.8.1/src/runtime/basic_scheduler.rs:213:62
[INFO] [stdout]   25:     0x557ed5b67e8c - tokio::coop::with_budget::{{closure}}::he26cc57ba3dba9cc
[INFO] [stdout]                                at /opt/rustwide/cargo-home/registry/src/github.com-1ecc6299db9ec823/tokio-1.8.1/src/coop.rs:106:9
[INFO] [stdout]   26:     0x557ed5ba00a1 - std::thread::local::LocalKey<T>::try_with::hbce2d2ec343f4b8e
[INFO] [stdout]                                at /rustc/a178d0322ce20e33eac124758e837cbd80a6f633/library/std/src/thread/local.rs:400:16
[INFO] [stdout]   27:     0x557ed5b9eb5d - std::thread::local::LocalKey<T>::with::h56fda02bd1bf29e1
[INFO] [stdout]                                at /rustc/a178d0322ce20e33eac124758e837cbd80a6f633/library/std/src/thread/local.rs:376:9
[INFO] [stdout]   28:     0x557ed5dcb15c - tokio::coop::with_budget::h65a3701d03222539
[INFO] [stdout]                                at /opt/rustwide/cargo-home/registry/src/github.com-1ecc6299db9ec823/tokio-1.8.1/src/coop.rs:99:5
[INFO] [stdout]   29:     0x557ed5dcb15c - tokio::coop::budget::h2f8d44600e67f862
[INFO] [stdout]                                at /opt/rustwide/cargo-home/registry/src/github.com-1ecc6299db9ec823/tokio-1.8.1/src/coop.rs:76:5
[INFO] [stdout]   30:     0x557ed5dcb15c - tokio::runtime::basic_scheduler::Inner<P>::block_on::{{closure}}::h31b268660f4b1401
[INFO] [stdout]                                at /opt/rustwide/cargo-home/registry/src/github.com-1ecc6299db9ec823/tokio-1.8.1/src/runtime/basic_scheduler.rs:213:39
[INFO] [stdout]   31:     0x557ed5dce491 - tokio::runtime::basic_scheduler::enter::{{closure}}::h686ba1076be81d90
[INFO] [stdout]                                at /opt/rustwide/cargo-home/registry/src/github.com-1ecc6299db9ec823/tokio-1.8.1/src/runtime/basic_scheduler.rs:323:29
[INFO] [stdout]   32:     0x557ed5dca0ed - tokio::macros::scoped_tls::ScopedKey<T>::set::hd17e1a60458de291
[INFO] [stdout]                                at /opt/rustwide/cargo-home/registry/src/github.com-1ecc6299db9ec823/tokio-1.8.1/src/macros/scoped_tls.rs:61:9
[INFO] [stdout]   33:     0x557ed5dce05c - tokio::runtime::basic_scheduler::enter::h5c0ea04aa4fb6e8d
[INFO] [stdout]                                at /opt/rustwide/cargo-home/registry/src/github.com-1ecc6299db9ec823/tokio-1.8.1/src/runtime/basic_scheduler.rs:323:5
[INFO] [stdout]   34:     0x557ed5dca34b - tokio::runtime::basic_scheduler::Inner<P>::block_on::h1b3d702aca461093
[INFO] [stdout]                                at /opt/rustwide/cargo-home/registry/src/github.com-1ecc6299db9ec823/tokio-1.8.1/src/runtime/basic_scheduler.rs:202:9
[INFO] [stdout]   35:     0x557ed5dcc8c4 - tokio::runtime::basic_scheduler::InnerGuard<P>::block_on::h51b91be89f1a85e1
[INFO] [stdout]                                at /opt/rustwide/cargo-home/registry/src/github.com-1ecc6299db9ec823/tokio-1.8.1/src/runtime/basic_scheduler.rs:516:9
[INFO] [stdout]   36:     0x557ed5dcd3fc - tokio::runtime::basic_scheduler::BasicScheduler<P>::block_on::hf28c128b41a458d0
[INFO] [stdout]                                at /opt/rustwide/cargo-home/registry/src/github.com-1ecc6299db9ec823/tokio-1.8.1/src/runtime/basic_scheduler.rs:162:24
[INFO] [stdout]   37:     0x557ed5ca718e - tokio::runtime::Runtime::block_on::h543c332759e83745
[INFO] [stdout]                                at /opt/rustwide/cargo-home/registry/src/github.com-1ecc6299db9ec823/tokio-1.8.1/src/runtime/mod.rs:450:46
[INFO] [stdout]   38:     0x557ed5b88b87 - main::file_sizes::h419ee17c50cfb33f
[INFO] [stdout]                                at /opt/rustwide/workdir/tests/main.rs:114:5
[INFO] [stdout]   39:     0x557ed5b88a9a - main::file_sizes::{{closure}}::h33fafaa951eefc89
[INFO] [stdout]                                at /opt/rustwide/workdir/tests/main.rs:113:7
[INFO] [stdout]   40:     0x557ed5e0410e - core::ops::function::FnOnce::call_once::had359d9c982e0c29
[INFO] [stdout]                                at /rustc/a178d0322ce20e33eac124758e837cbd80a6f633/library/core/src/ops/function.rs:227:5
[INFO] [stdout]   41:     0x557ed5eee953 - core::ops::function::FnOnce::call_once::h152e7e439ff59e19
[INFO] [stdout]                                at /rustc/a178d0322ce20e33eac124758e837cbd80a6f633/library/core/src/ops/function.rs:227:5
[INFO] [stdout]   42:     0x557ed5eee953 - test::__rust_begin_short_backtrace::h0908f3b1fdbb72ab
[INFO] [stdout]                                at /rustc/a178d0322ce20e33eac124758e837cbd80a6f633/library/test/src/lib.rs:577:5
[INFO] [stdout]   43:     0x557ed5eed410 - <alloc::boxed::Box<F,A> as core::ops::function::FnOnce<Args>>::call_once::hf6d2a51e5587546c
[INFO] [stdout]                                at /rustc/a178d0322ce20e33eac124758e837cbd80a6f633/library/alloc/src/boxed.rs:1575:9
[INFO] [stdout]   44:     0x557ed5eed410 - <std::panic::AssertUnwindSafe<F> as core::ops::function::FnOnce<()>>::call_once::h8af660f3a89ef593
[INFO] [stdout]                                at /rustc/a178d0322ce20e33eac124758e837cbd80a6f633/library/std/src/panic.rs:347:9
[INFO] [stdout]   45:     0x557ed5eed410 - std::panicking::try::do_call::hd36aef60f84b6d36
[INFO] [stdout]                                at /rustc/a178d0322ce20e33eac124758e837cbd80a6f633/library/std/src/panicking.rs:401:40
[INFO] [stdout]   46:     0x557ed5eed410 - std::panicking::try::h9932b4480e69817c
[INFO] [stdout]                                at /rustc/a178d0322ce20e33eac124758e837cbd80a6f633/library/std/src/panicking.rs:365:19
[INFO] [stdout]   47:     0x557ed5eed410 - std::panic::catch_unwind::h6aa177099cfff5f8
[INFO] [stdout]                                at /rustc/a178d0322ce20e33eac124758e837cbd80a6f633/library/std/src/panic.rs:434:14
[INFO] [stdout]   48:     0x557ed5eed410 - test::run_test_in_process::h5884d6f2d99e20c3
[INFO] [stdout]                                at /rustc/a178d0322ce20e33eac124758e837cbd80a6f633/library/test/src/lib.rs:600:18
[INFO] [stdout]   49:     0x557ed5eed410 - test::run_test::run_test_inner::{{closure}}::h6fdc58c6d5f5b6e3
[INFO] [stdout]                                at /rustc/a178d0322ce20e33eac124758e837cbd80a6f633/library/test/src/lib.rs:492:39
[INFO] [stdout]   50:     0x557ed5ec6ac2 - test::run_test::run_test_inner::{{closure}}::h408365d67a78ade8
[INFO] [stdout]                                at /rustc/a178d0322ce20e33eac124758e837cbd80a6f633/library/test/src/lib.rs:519:37
[INFO] [stdout]   51:     0x557ed5ec6ac2 - std::sys_common::backtrace::__rust_begin_short_backtrace::hb560b77c4f701523
[INFO] [stdout]                                at /rustc/a178d0322ce20e33eac124758e837cbd80a6f633/library/std/src/sys_common/backtrace.rs:125:18
[INFO] [stdout]   52:     0x557ed5eca678 - std::thread::Builder::spawn_unchecked::{{closure}}::{{closure}}::hf2e7831dad93c597
[INFO] [stdout]                                at /rustc/a178d0322ce20e33eac124758e837cbd80a6f633/library/std/src/thread/mod.rs:481:17
[INFO] [stdout]   53:     0x557ed5eca678 - <std::panic::AssertUnwindSafe<F> as core::ops::function::FnOnce<()>>::call_once::hd2e08783d8be4d02
[INFO] [stdout]                                at /rustc/a178d0322ce20e33eac124758e837cbd80a6f633/library/std/src/panic.rs:347:9
[INFO] [stdout]   54:     0x557ed5eca678 - std::panicking::try::do_call::h062597b7acfd6b82
[INFO] [stdout]                                at /rustc/a178d0322ce20e33eac124758e837cbd80a6f633/library/std/src/panicking.rs:401:40
[INFO] [stdout]   55:     0x557ed5eca678 - std::panicking::try::h0d7b79db04c14552
[INFO] [stdout]                                at /rustc/a178d0322ce20e33eac124758e837cbd80a6f633/library/std/src/panicking.rs:365:19
[INFO] [stdout]   56:     0x557ed5eca678 - std::panic::catch_unwind::hb01a0b5e7c8cd43b
[INFO] [stdout]                                at /rustc/a178d0322ce20e33eac124758e837cbd80a6f633/library/std/src/panic.rs:434:14
[INFO] [stdout]   57:     0x557ed5eca678 - std::thread::Builder::spawn_unchecked::{{closure}}::h5bde48cc887e0d1e
[INFO] [stdout]                                at /rustc/a178d0322ce20e33eac124758e837cbd80a6f633/library/std/src/thread/mod.rs:480:30
[INFO] [stdout]   58:     0x557ed5eca678 - core::ops::function::FnOnce::call_once{{vtable.shim}}::h745ea30807a29e55
[INFO] [stdout]                                at /rustc/a178d0322ce20e33eac124758e837cbd80a6f633/library/core/src/ops/function.rs:227:5
[INFO] [stdout]   59:     0x557ed67aec87 - <alloc::boxed::Box<F,A> as core::ops::function::FnOnce<Args>>::call_once::h7ece6cfefaff1005
[INFO] [stdout]                                at /rustc/a178d0322ce20e33eac124758e837cbd80a6f633/library/alloc/src/boxed.rs:1575:9
[INFO] [stdout]   60:     0x557ed67aec87 - <alloc::boxed::Box<F,A> as core::ops::function::FnOnce<Args>>::call_once::hb8b48e55c21f193e
[INFO] [stdout]                                at /rustc/a178d0322ce20e33eac124758e837cbd80a6f633/library/alloc/src/boxed.rs:1575:9
[INFO] [stdout]   61:     0x557ed67aec87 - std::sys::unix::thread::Thread::new::thread_start::h8c7c4450dba62914
[INFO] [stdout]                                at /rustc/a178d0322ce20e33eac124758e837cbd80a6f633/library/std/src/sys/unix/thread.rs:71:17
[INFO] [stdout]   62:     0x7f099b721609 - start_thread
[INFO] [stdout]   63:     0x7f099b4f3293 - clone
[INFO] [stdout]   64:                0x0 - <unknown>
[INFO] [stdout] 
[INFO] [stdout] 
[INFO] [stdout] failures:
[INFO] [stdout]     creating_directory_with_file_in_it
[INFO] [stdout]     file_sizes
[INFO] [stdout]     newly_created_dir_is_empty
[INFO] [stdout] 
[INFO] [stdout] test result: FAILED. 0 passed; 3 failed; 0 ignored; 0 measured; 0 filtered out; finished in 13.81s
[INFO] [stdout] 
[INFO] [stderr] error: test failed, to rerun pass '--test main'
[INFO] running `Command { std: "docker" "inspect" "dabf7021487ff29fb5c793d6380085f53f157e3bdb4026fcd388e5d4ac2409e4", kill_on_drop: false }`
[INFO] running `Command { std: "docker" "rm" "-f" "dabf7021487ff29fb5c793d6380085f53f157e3bdb4026fcd388e5d4ac2409e4", kill_on_drop: false }`
[INFO] [stdout] dabf7021487ff29fb5c793d6380085f53f157e3bdb4026fcd388e5d4ac2409e4
