[INFO] fetching crate undo 0.46.3...
[INFO] testing undo-0.46.3 against 1.54.0 for beta-1.55-1
[INFO] extracting crate undo 0.46.3 into /workspace/builds/worker-102/source
[INFO] validating manifest of crates.io crate undo 0.46.3 on toolchain 1.54.0
[INFO] running `Command { std: "/workspace/cargo-home/bin/cargo" "+1.54.0" "metadata" "--manifest-path" "Cargo.toml" "--no-deps", kill_on_drop: false }`
[INFO] started tweaking crates.io crate undo 0.46.3
[INFO] finished tweaking crates.io crate undo 0.46.3
[INFO] tweaked toml for crates.io crate undo 0.46.3 written to /workspace/builds/worker-102/source/Cargo.toml
[INFO] running `Command { std: "/workspace/cargo-home/bin/cargo" "+1.54.0" "generate-lockfile" "--manifest-path" "Cargo.toml" "-Zno-index-update", kill_on_drop: false }`
[INFO] [stderr]     Blocking waiting for file lock on package cache
[INFO] running `Command { std: "/workspace/cargo-home/bin/cargo" "+1.54.0" "fetch" "--manifest-path" "Cargo.toml", kill_on_drop: false }`
[INFO] [stderr]     Blocking waiting for file lock on package cache
[INFO] [stderr]     Blocking waiting for file lock on package cache
[INFO] [stderr]  Downloading crates ...
[INFO] [stderr]   Downloaded arrayvec v0.7.1
[INFO] running `Command { std: "docker" "create" "-v" "/var/lib/crater-agent-workspace/builds/worker-102/target:/opt/rustwide/target:rw,Z" "-v" "/var/lib/crater-agent-workspace/builds/worker-102/source:/opt/rustwide/workdir:ro,Z" "-v" "/var/lib/crater-agent-workspace/cargo-home:/opt/rustwide/cargo-home:ro,Z" "-v" "/var/lib/crater-agent-workspace/rustup-home:/opt/rustwide/rustup-home:ro,Z" "-e" "SOURCE_DIR=/opt/rustwide/workdir" "-e" "CARGO_TARGET_DIR=/opt/rustwide/target" "-e" "CARGO_HOME=/opt/rustwide/cargo-home" "-e" "RUSTUP_HOME=/opt/rustwide/rustup-home" "-w" "/opt/rustwide/workdir" "-m" "1610612736" "--user" "0:0" "--network" "none" "ghcr.io/rust-lang/crates-build-env/linux@sha256:34b6a614d2c27851fe6cbf88fbd1137609cefab8b10d0615aaeb6fd47975d74e" "/opt/rustwide/cargo-home/bin/cargo" "+1.54.0" "metadata" "--no-deps" "--format-version=1", kill_on_drop: false }`
[INFO] [stdout] ba7972ecb3c745193d4e0c1ad1344300bfbedfc1a2d0019b8260e88f90b0d82f
[INFO] running `Command { std: "docker" "start" "-a" "ba7972ecb3c745193d4e0c1ad1344300bfbedfc1a2d0019b8260e88f90b0d82f", kill_on_drop: false }`
[INFO] running `Command { std: "docker" "inspect" "ba7972ecb3c745193d4e0c1ad1344300bfbedfc1a2d0019b8260e88f90b0d82f", kill_on_drop: false }`
[INFO] running `Command { std: "docker" "rm" "-f" "ba7972ecb3c745193d4e0c1ad1344300bfbedfc1a2d0019b8260e88f90b0d82f", kill_on_drop: false }`
[INFO] [stdout] ba7972ecb3c745193d4e0c1ad1344300bfbedfc1a2d0019b8260e88f90b0d82f
[INFO] running `Command { std: "docker" "create" "-v" "/var/lib/crater-agent-workspace/builds/worker-102/target:/opt/rustwide/target:rw,Z" "-v" "/var/lib/crater-agent-workspace/builds/worker-102/source:/opt/rustwide/workdir:ro,Z" "-v" "/var/lib/crater-agent-workspace/cargo-home:/opt/rustwide/cargo-home:ro,Z" "-v" "/var/lib/crater-agent-workspace/rustup-home:/opt/rustwide/rustup-home:ro,Z" "-e" "SOURCE_DIR=/opt/rustwide/workdir" "-e" "CARGO_TARGET_DIR=/opt/rustwide/target" "-e" "CARGO_INCREMENTAL=0" "-e" "RUST_BACKTRACE=full" "-e" "RUSTFLAGS=--cap-lints=warn" "-e" "CARGO_HOME=/opt/rustwide/cargo-home" "-e" "RUSTUP_HOME=/opt/rustwide/rustup-home" "-w" "/opt/rustwide/workdir" "-m" "1610612736" "--user" "0:0" "--network" "none" "ghcr.io/rust-lang/crates-build-env/linux@sha256:34b6a614d2c27851fe6cbf88fbd1137609cefab8b10d0615aaeb6fd47975d74e" "/opt/rustwide/cargo-home/bin/cargo" "+1.54.0" "build" "--frozen" "--message-format=json", kill_on_drop: false }`
[INFO] [stdout] f1923dd79281ce58f807a9874e4471b65314078df046913d09981bc56cd8e35e
[INFO] running `Command { std: "docker" "start" "-a" "f1923dd79281ce58f807a9874e4471b65314078df046913d09981bc56cd8e35e", kill_on_drop: false }`
[INFO] [stderr]     Blocking waiting for file lock on package cache
[INFO] [stderr]    Compiling syn v1.0.74
[INFO] [stderr]    Compiling serde v1.0.127
[INFO] [stderr]    Compiling arrayvec v0.7.1
[INFO] [stderr]    Compiling serde_derive v1.0.127
[INFO] [stderr]    Compiling undo v0.46.3 (/opt/rustwide/workdir)
[INFO] [stderr]     Finished dev [unoptimized + debuginfo] target(s) in 15.69s
[INFO] running `Command { std: "docker" "inspect" "f1923dd79281ce58f807a9874e4471b65314078df046913d09981bc56cd8e35e", kill_on_drop: false }`
[INFO] running `Command { std: "docker" "rm" "-f" "f1923dd79281ce58f807a9874e4471b65314078df046913d09981bc56cd8e35e", kill_on_drop: false }`
[INFO] [stdout] f1923dd79281ce58f807a9874e4471b65314078df046913d09981bc56cd8e35e
[INFO] running `Command { std: "docker" "create" "-v" "/var/lib/crater-agent-workspace/builds/worker-102/target:/opt/rustwide/target:rw,Z" "-v" "/var/lib/crater-agent-workspace/builds/worker-102/source:/opt/rustwide/workdir:ro,Z" "-v" "/var/lib/crater-agent-workspace/cargo-home:/opt/rustwide/cargo-home:ro,Z" "-v" "/var/lib/crater-agent-workspace/rustup-home:/opt/rustwide/rustup-home:ro,Z" "-e" "SOURCE_DIR=/opt/rustwide/workdir" "-e" "CARGO_TARGET_DIR=/opt/rustwide/target" "-e" "CARGO_INCREMENTAL=0" "-e" "RUST_BACKTRACE=full" "-e" "RUSTFLAGS=--cap-lints=warn" "-e" "CARGO_HOME=/opt/rustwide/cargo-home" "-e" "RUSTUP_HOME=/opt/rustwide/rustup-home" "-w" "/opt/rustwide/workdir" "-m" "1610612736" "--user" "0:0" "--network" "none" "ghcr.io/rust-lang/crates-build-env/linux@sha256:34b6a614d2c27851fe6cbf88fbd1137609cefab8b10d0615aaeb6fd47975d74e" "/opt/rustwide/cargo-home/bin/cargo" "+1.54.0" "test" "--frozen" "--no-run" "--message-format=json", kill_on_drop: false }`
[INFO] [stdout] 81e85b7c5367d7d1f39e488b9afdbcd0b65383a5ce6efb59dc057b8223d5fdaf
[INFO] running `Command { std: "docker" "start" "-a" "81e85b7c5367d7d1f39e488b9afdbcd0b65383a5ce6efb59dc057b8223d5fdaf", kill_on_drop: false }`
[INFO] [stderr]    Compiling undo v0.46.3 (/opt/rustwide/workdir)
[INFO] [stderr]     Finished test [unoptimized + debuginfo] target(s) in 1.91s
[INFO] running `Command { std: "docker" "inspect" "81e85b7c5367d7d1f39e488b9afdbcd0b65383a5ce6efb59dc057b8223d5fdaf", kill_on_drop: false }`
[INFO] running `Command { std: "docker" "rm" "-f" "81e85b7c5367d7d1f39e488b9afdbcd0b65383a5ce6efb59dc057b8223d5fdaf", kill_on_drop: false }`
[INFO] [stdout] 81e85b7c5367d7d1f39e488b9afdbcd0b65383a5ce6efb59dc057b8223d5fdaf
[INFO] running `Command { std: "docker" "create" "-v" "/var/lib/crater-agent-workspace/builds/worker-102/target:/opt/rustwide/target:rw,Z" "-v" "/var/lib/crater-agent-workspace/builds/worker-102/source:/opt/rustwide/workdir:ro,Z" "-v" "/var/lib/crater-agent-workspace/cargo-home:/opt/rustwide/cargo-home:ro,Z" "-v" "/var/lib/crater-agent-workspace/rustup-home:/opt/rustwide/rustup-home:ro,Z" "-e" "SOURCE_DIR=/opt/rustwide/workdir" "-e" "CARGO_TARGET_DIR=/opt/rustwide/target" "-e" "CARGO_INCREMENTAL=0" "-e" "RUST_BACKTRACE=full" "-e" "RUSTFLAGS=--cap-lints=warn" "-e" "CARGO_HOME=/opt/rustwide/cargo-home" "-e" "RUSTUP_HOME=/opt/rustwide/rustup-home" "-w" "/opt/rustwide/workdir" "-m" "1610612736" "--user" "0:0" "--network" "none" "ghcr.io/rust-lang/crates-build-env/linux@sha256:34b6a614d2c27851fe6cbf88fbd1137609cefab8b10d0615aaeb6fd47975d74e" "/opt/rustwide/cargo-home/bin/cargo" "+1.54.0" "test" "--frozen", kill_on_drop: false }`
[INFO] [stdout] 82c7fd8debb573ae90f8e5382062c808727f8880a280b17206f68859d6032df8
[INFO] running `Command { std: "docker" "start" "-a" "82c7fd8debb573ae90f8e5382062c808727f8880a280b17206f68859d6032df8", kill_on_drop: false }`
[INFO] [stderr]     Blocking waiting for file lock on package cache
[INFO] [stderr]     Finished test [unoptimized + debuginfo] target(s) in 0.77s
[INFO] [stderr]      Running unittests (/opt/rustwide/target/debug/deps/undo-0c781a489453458b)
[INFO] [stdout] 
[INFO] [stdout] running 9 tests
[INFO] [stdout] test record::tests::dyn_trait ... ok
[INFO] [stdout] test record::tests::annul ... ok
[INFO] [stdout] test record::tests::checkpoint_saved ... ok
[INFO] [stdout] test record::tests::checkpoint_cancel ... ok
[INFO] [stdout] test record::tests::checkpoint_commit ... ok
[INFO] [stdout] test record::tests::go_to ... ok
[INFO] [stdout] test history::tests::go_to ... ok
[INFO] [stdout] test record::tests::queue_commit ... ok
[INFO] [stdout] test timeline::tests::limit ... ok
[INFO] [stdout] 
[INFO] [stdout] test result: ok. 9 passed; 0 failed; 0 ignored; 0 measured; 0 filtered out; finished in 0.00s
[INFO] [stdout] 
[INFO] [stderr]    Doc-tests undo
[INFO] [stdout] 
[INFO] [stdout] running 8 tests
[INFO] [stdout] test src/record.rs - record::Queue (line 518) ... FAILED
[INFO] [stdout] test src/timeline.rs - timeline::Timeline (line 26) ... FAILED
[INFO] [stdout] test src/history.rs - history::History (line 24) ... FAILED
[INFO] [stdout] test src/record.rs - record::Record (line 32) ... FAILED
[INFO] [stdout] test src/lib.rs - (line 36) ... FAILED
[INFO] [stdout] test src/history.rs - history::Queue (line 522) ... FAILED
[INFO] [stdout] test src/history.rs - history::Builder (line 443) ... ok
[INFO] [stdout] test src/record.rs - record::Builder (line 419) ... ok
[INFO] [stdout] 
[INFO] [stdout] failures:
[INFO] [stdout] 
[INFO] [stdout] ---- src/record.rs - record::Queue (line 518) stdout ----
[INFO] [stdout] error[E0277]: `main` has invalid return type `Result<<Add as Action>::Output, <Add as Action>::Error>`
[INFO] [stdout]   --> src/record.rs:534:14
[INFO] [stdout]    |
[INFO] [stdout] 18 | fn main() -> undo::Result<Add> {
[INFO] [stdout]    |              ^^^^^^^^^^^^^^^^^ `main` can only return types that implement `Termination`
[INFO] [stdout]    |
[INFO] [stdout]    = help: consider using `()`, or a `Result`
[INFO] [stdout] help: consider introducing a `where` bound, but there might be an alternative better way to express this requirement
[INFO] [stdout]    |
[INFO] [stdout] 18 | fn main() -> undo::Result<Add> where Result<<Add as Action>::Output, <Add as Action>::Error>: Termination {
[INFO] [stdout]    |                                ^^^^^^^^^^^^^^^^^^^^^^^^^^^^^^^^^^^^^^^^^^^^^^^^^^^^^^^^^^^^^^^^^^^^^^^^^^
[INFO] [stdout] 
[INFO] [stdout] error: aborting due to previous error
[INFO] [stdout] 
[INFO] [stdout] For more information about this error, try `rustc --explain E0277`.
[INFO] [stdout] Couldn't compile the test.
[INFO] [stdout] ---- src/timeline.rs - timeline::Timeline (line 26) stdout ----
[INFO] [stdout] error[E0277]: `main` has invalid return type `Result<<Add as Action>::Output, <Add as Action>::Error>`
[INFO] [stdout]   --> src/timeline.rs:42:14
[INFO] [stdout]    |
[INFO] [stdout] 18 | fn main() -> undo::Result<Add> {
[INFO] [stdout]    |              ^^^^^^^^^^^^^^^^^ `main` can only return types that implement `Termination`
[INFO] [stdout]    |
[INFO] [stdout]    = help: consider using `()`, or a `Result`
[INFO] [stdout] help: consider introducing a `where` bound, but there might be an alternative better way to express this requirement
[INFO] [stdout]    |
[INFO] [stdout] 18 | fn main() -> undo::Result<Add> where Result<<Add as Action>::Output, <Add as Action>::Error>: Termination {
[INFO] [stdout]    |                                ^^^^^^^^^^^^^^^^^^^^^^^^^^^^^^^^^^^^^^^^^^^^^^^^^^^^^^^^^^^^^^^^^^^^^^^^^^
[INFO] [stdout] 
[INFO] [stdout] error: aborting due to previous error
[INFO] [stdout] 
[INFO] [stdout] For more information about this error, try `rustc --explain E0277`.
[INFO] [stdout] Couldn't compile the test.
[INFO] [stdout] ---- src/history.rs - history::History (line 24) stdout ----
[INFO] [stdout] error[E0277]: `main` has invalid return type `Result<<Add as Action>::Output, <Add as Action>::Error>`
[INFO] [stdout]   --> src/history.rs:40:14
[INFO] [stdout]    |
[INFO] [stdout] 18 | fn main() -> undo::Result<Add> {
[INFO] [stdout]    |              ^^^^^^^^^^^^^^^^^ `main` can only return types that implement `Termination`
[INFO] [stdout]    |
[INFO] [stdout]    = help: consider using `()`, or a `Result`
[INFO] [stdout] help: consider introducing a `where` bound, but there might be an alternative better way to express this requirement
[INFO] [stdout]    |
[INFO] [stdout] 18 | fn main() -> undo::Result<Add> where Result<<Add as Action>::Output, <Add as Action>::Error>: Termination {
[INFO] [stdout]    |                                ^^^^^^^^^^^^^^^^^^^^^^^^^^^^^^^^^^^^^^^^^^^^^^^^^^^^^^^^^^^^^^^^^^^^^^^^^^
[INFO] [stdout] 
[INFO] [stdout] error: aborting due to previous error
[INFO] [stdout] 
[INFO] [stdout] For more information about this error, try `rustc --explain E0277`.
[INFO] [stdout] Couldn't compile the test.
[INFO] [stdout] ---- src/record.rs - record::Record (line 32) stdout ----
[INFO] [stdout] error[E0277]: `main` has invalid return type `Result<<Add as Action>::Output, <Add as Action>::Error>`
[INFO] [stdout]   --> src/record.rs:48:14
[INFO] [stdout]    |
[INFO] [stdout] 18 | fn main() -> undo::Result<Add> {
[INFO] [stdout]    |              ^^^^^^^^^^^^^^^^^ `main` can only return types that implement `Termination`
[INFO] [stdout]    |
[INFO] [stdout]    = help: consider using `()`, or a `Result`
[INFO] [stdout] help: consider introducing a `where` bound, but there might be an alternative better way to express this requirement
[INFO] [stdout]    |
[INFO] [stdout] 18 | fn main() -> undo::Result<Add> where Result<<Add as Action>::Output, <Add as Action>::Error>: Termination {
[INFO] [stdout]    |                                ^^^^^^^^^^^^^^^^^^^^^^^^^^^^^^^^^^^^^^^^^^^^^^^^^^^^^^^^^^^^^^^^^^^^^^^^^^
[INFO] [stdout] 
[INFO] [stdout] error: aborting due to previous error
[INFO] [stdout] 
[INFO] [stdout] For more information about this error, try `rustc --explain E0277`.
[INFO] [stdout] Couldn't compile the test.
[INFO] [stdout] ---- src/lib.rs - (line 36) stdout ----
[INFO] [stdout] error[E0277]: `main` has invalid return type `Result<<Add as Action>::Output, <Add as Action>::Error>`
[INFO] [stdout]   --> src/lib.rs:57:14
[INFO] [stdout]    |
[INFO] [stdout] 23 | fn main() -> undo::Result<Add> {
[INFO] [stdout]    |              ^^^^^^^^^^^^^^^^^ `main` can only return types that implement `Termination`
[INFO] [stdout]    |
[INFO] [stdout]    = help: consider using `()`, or a `Result`
[INFO] [stdout] help: consider introducing a `where` bound, but there might be an alternative better way to express this requirement
[INFO] [stdout]    |
[INFO] [stdout] 23 | fn main() -> undo::Result<Add> where Result<<Add as Action>::Output, <Add as Action>::Error>: Termination {
[INFO] [stdout]    |                                ^^^^^^^^^^^^^^^^^^^^^^^^^^^^^^^^^^^^^^^^^^^^^^^^^^^^^^^^^^^^^^^^^^^^^^^^^^
[INFO] [stdout] 
[INFO] [stdout] error: aborting due to previous error
[INFO] [stdout] 
[INFO] [stdout] For more information about this error, try `rustc --explain E0277`.
[INFO] [stdout] Couldn't compile the test.
[INFO] [stdout] ---- src/history.rs - history::Queue (line 522) stdout ----
[INFO] [stdout] error[E0277]: `main` has invalid return type `Result<<Add as Action>::Output, <Add as Action>::Error>`
[INFO] [stdout]   --> src/history.rs:538:14
[INFO] [stdout]    |
[INFO] [stdout] 18 | fn main() -> undo::Result<Add> {
[INFO] [stdout]    |              ^^^^^^^^^^^^^^^^^ `main` can only return types that implement `Termination`
[INFO] [stdout]    |
[INFO] [stdout]    = help: consider using `()`, or a `Result`
[INFO] [stdout] help: consider introducing a `where` bound, but there might be an alternative better way to express this requirement
[INFO] [stdout]    |
[INFO] [stdout] 18 | fn main() -> undo::Result<Add> where Result<<Add as Action>::Output, <Add as Action>::Error>: Termination {
[INFO] [stdout]    |                                ^^^^^^^^^^^^^^^^^^^^^^^^^^^^^^^^^^^^^^^^^^^^^^^^^^^^^^^^^^^^^^^^^^^^^^^^^^
[INFO] [stdout] 
[INFO] [stdout] error: aborting due to previous error
[INFO] [stdout] 
[INFO] [stdout] For more information about this error, try `rustc --explain E0277`.
[INFO] [stdout] Couldn't compile the test.
[INFO] [stdout] 
[INFO] [stdout] failures:
[INFO] [stdout]     src/history.rs - history::History (line 24)
[INFO] [stdout]     src/history.rs - history::Queue (line 522)
[INFO] [stdout]     src/lib.rs - (line 36)
[INFO] [stdout]     src/record.rs - record::Queue (line 518)
[INFO] [stdout]     src/record.rs - record::Record (line 32)
[INFO] [stdout]     src/timeline.rs - timeline::Timeline (line 26)
[INFO] [stdout] 
[INFO] [stdout] test result: FAILED. 2 passed; 6 failed; 0 ignored; 0 measured; 0 filtered out; finished in 0.48s
[INFO] [stdout] 
[INFO] [stderr] error: test failed, to rerun pass '--doc'
[INFO] running `Command { std: "docker" "inspect" "82c7fd8debb573ae90f8e5382062c808727f8880a280b17206f68859d6032df8", kill_on_drop: false }`
[INFO] running `Command { std: "docker" "rm" "-f" "82c7fd8debb573ae90f8e5382062c808727f8880a280b17206f68859d6032df8", kill_on_drop: false }`
[INFO] [stdout] 82c7fd8debb573ae90f8e5382062c808727f8880a280b17206f68859d6032df8
