[INFO] fetching crate ufmt_float 0.1.0...
[INFO] testing ufmt_float-0.1.0 against 1.54.0 for beta-1.55-1
[INFO] extracting crate ufmt_float 0.1.0 into /workspace/builds/worker-70/source
[INFO] validating manifest of crates.io crate ufmt_float 0.1.0 on toolchain 1.54.0
[INFO] running `Command { std: "/workspace/cargo-home/bin/cargo" "+1.54.0" "metadata" "--manifest-path" "Cargo.toml" "--no-deps", kill_on_drop: false }`
[INFO] started tweaking crates.io crate ufmt_float 0.1.0
[INFO] removed 0 missing tests
[INFO] finished tweaking crates.io crate ufmt_float 0.1.0
[INFO] tweaked toml for crates.io crate ufmt_float 0.1.0 written to /workspace/builds/worker-70/source/Cargo.toml
[INFO] running `Command { std: "/workspace/cargo-home/bin/cargo" "+1.54.0" "generate-lockfile" "--manifest-path" "Cargo.toml" "-Zno-index-update", kill_on_drop: false }`
[INFO] [stderr]     Blocking waiting for file lock on package cache
[INFO] running `Command { std: "/workspace/cargo-home/bin/cargo" "+1.54.0" "fetch" "--manifest-path" "Cargo.toml", kill_on_drop: false }`
[INFO] [stderr]     Blocking waiting for file lock on package cache
[INFO] [stderr]     Blocking waiting for file lock on package cache
[INFO] running `Command { std: "docker" "create" "-v" "/var/lib/crater-agent-workspace/builds/worker-70/target:/opt/rustwide/target:rw,Z" "-v" "/var/lib/crater-agent-workspace/builds/worker-70/source:/opt/rustwide/workdir:ro,Z" "-v" "/var/lib/crater-agent-workspace/cargo-home:/opt/rustwide/cargo-home:ro,Z" "-v" "/var/lib/crater-agent-workspace/rustup-home:/opt/rustwide/rustup-home:ro,Z" "-e" "SOURCE_DIR=/opt/rustwide/workdir" "-e" "CARGO_TARGET_DIR=/opt/rustwide/target" "-e" "CARGO_HOME=/opt/rustwide/cargo-home" "-e" "RUSTUP_HOME=/opt/rustwide/rustup-home" "-w" "/opt/rustwide/workdir" "-m" "1610612736" "--user" "0:0" "--network" "none" "ghcr.io/rust-lang/crates-build-env/linux@sha256:34b6a614d2c27851fe6cbf88fbd1137609cefab8b10d0615aaeb6fd47975d74e" "/opt/rustwide/cargo-home/bin/cargo" "+1.54.0" "metadata" "--no-deps" "--format-version=1", kill_on_drop: false }`
[INFO] [stdout] 7f6095b75e1e0d1197ca68b865ebe4f2d0a321d48176cccc4b1919324360e6c2
[INFO] running `Command { std: "docker" "start" "-a" "7f6095b75e1e0d1197ca68b865ebe4f2d0a321d48176cccc4b1919324360e6c2", kill_on_drop: false }`
[INFO] running `Command { std: "docker" "inspect" "7f6095b75e1e0d1197ca68b865ebe4f2d0a321d48176cccc4b1919324360e6c2", kill_on_drop: false }`
[INFO] running `Command { std: "docker" "rm" "-f" "7f6095b75e1e0d1197ca68b865ebe4f2d0a321d48176cccc4b1919324360e6c2", kill_on_drop: false }`
[INFO] [stdout] 7f6095b75e1e0d1197ca68b865ebe4f2d0a321d48176cccc4b1919324360e6c2
[INFO] running `Command { std: "docker" "create" "-v" "/var/lib/crater-agent-workspace/builds/worker-70/target:/opt/rustwide/target:rw,Z" "-v" "/var/lib/crater-agent-workspace/builds/worker-70/source:/opt/rustwide/workdir:ro,Z" "-v" "/var/lib/crater-agent-workspace/cargo-home:/opt/rustwide/cargo-home:ro,Z" "-v" "/var/lib/crater-agent-workspace/rustup-home:/opt/rustwide/rustup-home:ro,Z" "-e" "SOURCE_DIR=/opt/rustwide/workdir" "-e" "CARGO_TARGET_DIR=/opt/rustwide/target" "-e" "CARGO_INCREMENTAL=0" "-e" "RUST_BACKTRACE=full" "-e" "RUSTFLAGS=--cap-lints=warn" "-e" "CARGO_HOME=/opt/rustwide/cargo-home" "-e" "RUSTUP_HOME=/opt/rustwide/rustup-home" "-w" "/opt/rustwide/workdir" "-m" "1610612736" "--user" "0:0" "--network" "none" "ghcr.io/rust-lang/crates-build-env/linux@sha256:34b6a614d2c27851fe6cbf88fbd1137609cefab8b10d0615aaeb6fd47975d74e" "/opt/rustwide/cargo-home/bin/cargo" "+1.54.0" "build" "--frozen" "--message-format=json", kill_on_drop: false }`
[INFO] [stdout] f38daa683761e582c5d2f27767ccdc8f168d09f9710fd202fe937ffbbb645fa4
[INFO] running `Command { std: "docker" "start" "-a" "f38daa683761e582c5d2f27767ccdc8f168d09f9710fd202fe937ffbbb645fa4", kill_on_drop: false }`
[INFO] [stderr]    Compiling proc-macro2 v1.0.28
[INFO] [stderr]    Compiling unicode-xid v0.2.2
[INFO] [stderr]    Compiling proc-macro-hack v0.5.19
[INFO] [stderr]    Compiling syn v1.0.74
[INFO] [stderr]    Compiling ufmt-write v0.1.0
[INFO] [stderr]    Compiling micromath v1.1.1
[INFO] [stderr]    Compiling quote v1.0.9
[INFO] [stderr]    Compiling ufmt-macros v0.1.1
[INFO] [stderr]    Compiling ufmt v0.1.0
[INFO] [stderr]    Compiling ufmt_float v0.1.0 (/opt/rustwide/workdir)
[INFO] [stderr]     Finished dev [unoptimized + debuginfo] target(s) in 15.62s
[INFO] running `Command { std: "docker" "inspect" "f38daa683761e582c5d2f27767ccdc8f168d09f9710fd202fe937ffbbb645fa4", kill_on_drop: false }`
[INFO] running `Command { std: "docker" "rm" "-f" "f38daa683761e582c5d2f27767ccdc8f168d09f9710fd202fe937ffbbb645fa4", kill_on_drop: false }`
[INFO] [stdout] f38daa683761e582c5d2f27767ccdc8f168d09f9710fd202fe937ffbbb645fa4
[INFO] running `Command { std: "docker" "create" "-v" "/var/lib/crater-agent-workspace/builds/worker-70/target:/opt/rustwide/target:rw,Z" "-v" "/var/lib/crater-agent-workspace/builds/worker-70/source:/opt/rustwide/workdir:ro,Z" "-v" "/var/lib/crater-agent-workspace/cargo-home:/opt/rustwide/cargo-home:ro,Z" "-v" "/var/lib/crater-agent-workspace/rustup-home:/opt/rustwide/rustup-home:ro,Z" "-e" "SOURCE_DIR=/opt/rustwide/workdir" "-e" "CARGO_TARGET_DIR=/opt/rustwide/target" "-e" "CARGO_INCREMENTAL=0" "-e" "RUST_BACKTRACE=full" "-e" "RUSTFLAGS=--cap-lints=warn" "-e" "CARGO_HOME=/opt/rustwide/cargo-home" "-e" "RUSTUP_HOME=/opt/rustwide/rustup-home" "-w" "/opt/rustwide/workdir" "-m" "1610612736" "--user" "0:0" "--network" "none" "ghcr.io/rust-lang/crates-build-env/linux@sha256:34b6a614d2c27851fe6cbf88fbd1137609cefab8b10d0615aaeb6fd47975d74e" "/opt/rustwide/cargo-home/bin/cargo" "+1.54.0" "test" "--frozen" "--no-run" "--message-format=json", kill_on_drop: false }`
[INFO] [stdout] c332a4908f8cb9ada94ed889a7c67907449e8c46da85970f93c2e945d3133691
[INFO] running `Command { std: "docker" "start" "-a" "c332a4908f8cb9ada94ed889a7c67907449e8c46da85970f93c2e945d3133691", kill_on_drop: false }`
[INFO] [stderr]    Compiling ufmt_float v0.1.0 (/opt/rustwide/workdir)
[INFO] [stderr]     Finished test [unoptimized + debuginfo] target(s) in 0.73s
[INFO] running `Command { std: "docker" "inspect" "c332a4908f8cb9ada94ed889a7c67907449e8c46da85970f93c2e945d3133691", kill_on_drop: false }`
[INFO] running `Command { std: "docker" "rm" "-f" "c332a4908f8cb9ada94ed889a7c67907449e8c46da85970f93c2e945d3133691", kill_on_drop: false }`
[INFO] [stdout] c332a4908f8cb9ada94ed889a7c67907449e8c46da85970f93c2e945d3133691
[INFO] running `Command { std: "docker" "create" "-v" "/var/lib/crater-agent-workspace/builds/worker-70/target:/opt/rustwide/target:rw,Z" "-v" "/var/lib/crater-agent-workspace/builds/worker-70/source:/opt/rustwide/workdir:ro,Z" "-v" "/var/lib/crater-agent-workspace/cargo-home:/opt/rustwide/cargo-home:ro,Z" "-v" "/var/lib/crater-agent-workspace/rustup-home:/opt/rustwide/rustup-home:ro,Z" "-e" "SOURCE_DIR=/opt/rustwide/workdir" "-e" "CARGO_TARGET_DIR=/opt/rustwide/target" "-e" "CARGO_INCREMENTAL=0" "-e" "RUST_BACKTRACE=full" "-e" "RUSTFLAGS=--cap-lints=warn" "-e" "CARGO_HOME=/opt/rustwide/cargo-home" "-e" "RUSTUP_HOME=/opt/rustwide/rustup-home" "-w" "/opt/rustwide/workdir" "-m" "1610612736" "--user" "0:0" "--network" "none" "ghcr.io/rust-lang/crates-build-env/linux@sha256:34b6a614d2c27851fe6cbf88fbd1137609cefab8b10d0615aaeb6fd47975d74e" "/opt/rustwide/cargo-home/bin/cargo" "+1.54.0" "test" "--frozen", kill_on_drop: false }`
[INFO] [stdout] 293d6f98df74bf4d415d43d7775ba51781caff80c336ed79f941bab6baef5728
[INFO] running `Command { std: "docker" "start" "-a" "293d6f98df74bf4d415d43d7775ba51781caff80c336ed79f941bab6baef5728", kill_on_drop: false }`
[INFO] [stderr]     Blocking waiting for file lock on package cache
[INFO] [stderr]     Finished test [unoptimized + debuginfo] target(s) in 1.14s
[INFO] [stderr]      Running unittests (/opt/rustwide/target/debug/deps/ufmt_float-47d7f28144de24f8)
[INFO] [stdout] 
[INFO] [stdout] running 0 tests
[INFO] [stdout] 
[INFO] [stdout] test result: ok. 0 passed; 0 failed; 0 ignored; 0 measured; 0 filtered out; finished in 0.00s
[INFO] [stdout] 
[INFO] [stderr]    Doc-tests ufmt_float
[INFO] [stdout] 
[INFO] [stdout] running 1 test
[INFO] [stdout] test src/lib.rs - (line 9) ... FAILED
[INFO] [stdout] 
[INFO] [stdout] failures:
[INFO] [stdout] 
[INFO] [stdout] ---- src/lib.rs - (line 9) stdout ----
[INFO] [stdout] error[E0599]: the method `do_as_formatter` exists for mutable reference `&mut String`, but its trait bounds were not satisfied
[INFO] [stdout]    --> src/lib.rs:15:1
[INFO] [stdout]     |
[INFO] [stdout] 9   |   uwriteln!(&mut s, "{}",pi_write).unwrap();
[INFO] [stdout]     |   ^^^^^^^^^^^^^^^^^^^^^^^^^^^^^^^^ method cannot be called on `&mut String` due to unsatisfied trait bounds
[INFO] [stdout]     |
[INFO] [stdout]     = note: the following trait bounds were not satisfied:
[INFO] [stdout]             `String: uWrite`
[INFO] [stdout]             which is required by `String: UnstableDoAsFormatter`
[INFO] [stdout]             `&mut String: uWrite`
[INFO] [stdout]             which is required by `&mut String: UnstableDoAsFormatter`
[INFO] [stdout]             `str: uWrite`
[INFO] [stdout]             which is required by `str: UnstableDoAsFormatter`
[INFO] [stdout]     = note: this error originates in the macro `proc_macro_call` (in Nightly builds, run with -Z macro-backtrace for more info)
[INFO] [stdout] 
[INFO] [stdout] error: aborting due to previous error
[INFO] [stdout] 
[INFO] [stdout] For more information about this error, try `rustc --explain E0599`.
[INFO] [stdout] Couldn't compile the test.
[INFO] [stdout] 
[INFO] [stdout] failures:
[INFO] [stdout]     src/lib.rs - (line 9)
[INFO] [stdout] 
[INFO] [stdout] test result: FAILED. 0 passed; 1 failed; 0 ignored; 0 measured; 0 filtered out; finished in 0.16s
[INFO] [stdout] 
[INFO] [stderr] error: test failed, to rerun pass '--doc'
[INFO] running `Command { std: "docker" "inspect" "293d6f98df74bf4d415d43d7775ba51781caff80c336ed79f941bab6baef5728", kill_on_drop: false }`
[INFO] running `Command { std: "docker" "rm" "-f" "293d6f98df74bf4d415d43d7775ba51781caff80c336ed79f941bab6baef5728", kill_on_drop: false }`
[INFO] [stdout] 293d6f98df74bf4d415d43d7775ba51781caff80c336ed79f941bab6baef5728
