[INFO] fetching crate ufire_sht20 0.9.1...
[INFO] testing ufire_sht20-0.9.1 against beta-2021-08-01 for beta-1.55-1
[INFO] extracting crate ufire_sht20 0.9.1 into /workspace/builds/worker-84/source
[INFO] validating manifest of crates.io crate ufire_sht20 0.9.1 on toolchain beta-2021-08-01
[INFO] running `Command { std: "/workspace/cargo-home/bin/cargo" "+beta-2021-08-01" "metadata" "--manifest-path" "Cargo.toml" "--no-deps", kill_on_drop: false }`
[INFO] started tweaking crates.io crate ufire_sht20 0.9.1
[INFO] finished tweaking crates.io crate ufire_sht20 0.9.1
[INFO] tweaked toml for crates.io crate ufire_sht20 0.9.1 written to /workspace/builds/worker-84/source/Cargo.toml
[INFO] crate crates.io crate ufire_sht20 0.9.1 already has a lockfile, it will not be regenerated
[INFO] running `Command { std: "/workspace/cargo-home/bin/cargo" "+beta-2021-08-01" "fetch" "--manifest-path" "Cargo.toml", kill_on_drop: false }`
[INFO] [stderr]     Blocking waiting for file lock on package cache
[INFO] [stderr]     Blocking waiting for file lock on package cache
[INFO] running `Command { std: "docker" "create" "-v" "/var/lib/crater-agent-workspace/builds/worker-84/target:/opt/rustwide/target:rw,Z" "-v" "/var/lib/crater-agent-workspace/builds/worker-84/source:/opt/rustwide/workdir:ro,Z" "-v" "/var/lib/crater-agent-workspace/cargo-home:/opt/rustwide/cargo-home:ro,Z" "-v" "/var/lib/crater-agent-workspace/rustup-home:/opt/rustwide/rustup-home:ro,Z" "-e" "SOURCE_DIR=/opt/rustwide/workdir" "-e" "CARGO_TARGET_DIR=/opt/rustwide/target" "-e" "CARGO_HOME=/opt/rustwide/cargo-home" "-e" "RUSTUP_HOME=/opt/rustwide/rustup-home" "-w" "/opt/rustwide/workdir" "-m" "1610612736" "--user" "0:0" "--network" "none" "ghcr.io/rust-lang/crates-build-env/linux@sha256:34b6a614d2c27851fe6cbf88fbd1137609cefab8b10d0615aaeb6fd47975d74e" "/opt/rustwide/cargo-home/bin/cargo" "+beta-2021-08-01" "metadata" "--no-deps" "--format-version=1", kill_on_drop: false }`
[INFO] [stdout] 72ce809dfdb9a3e46d0ad127cc78e9a77488b4f33d271908a36313cb36bb0075
[INFO] running `Command { std: "docker" "start" "-a" "72ce809dfdb9a3e46d0ad127cc78e9a77488b4f33d271908a36313cb36bb0075", kill_on_drop: false }`
[INFO] running `Command { std: "docker" "inspect" "72ce809dfdb9a3e46d0ad127cc78e9a77488b4f33d271908a36313cb36bb0075", kill_on_drop: false }`
[INFO] running `Command { std: "docker" "rm" "-f" "72ce809dfdb9a3e46d0ad127cc78e9a77488b4f33d271908a36313cb36bb0075", kill_on_drop: false }`
[INFO] [stdout] 72ce809dfdb9a3e46d0ad127cc78e9a77488b4f33d271908a36313cb36bb0075
[INFO] running `Command { std: "docker" "create" "-v" "/var/lib/crater-agent-workspace/builds/worker-84/target:/opt/rustwide/target:rw,Z" "-v" "/var/lib/crater-agent-workspace/builds/worker-84/source:/opt/rustwide/workdir:ro,Z" "-v" "/var/lib/crater-agent-workspace/cargo-home:/opt/rustwide/cargo-home:ro,Z" "-v" "/var/lib/crater-agent-workspace/rustup-home:/opt/rustwide/rustup-home:ro,Z" "-e" "SOURCE_DIR=/opt/rustwide/workdir" "-e" "CARGO_TARGET_DIR=/opt/rustwide/target" "-e" "CARGO_INCREMENTAL=0" "-e" "RUST_BACKTRACE=full" "-e" "RUSTFLAGS=--cap-lints=warn" "-e" "CARGO_HOME=/opt/rustwide/cargo-home" "-e" "RUSTUP_HOME=/opt/rustwide/rustup-home" "-w" "/opt/rustwide/workdir" "-m" "1610612736" "--user" "0:0" "--network" "none" "ghcr.io/rust-lang/crates-build-env/linux@sha256:34b6a614d2c27851fe6cbf88fbd1137609cefab8b10d0615aaeb6fd47975d74e" "/opt/rustwide/cargo-home/bin/cargo" "+beta-2021-08-01" "build" "--frozen" "--message-format=json", kill_on_drop: false }`
[INFO] [stdout] a18eb4751726cb133f6d7f65baf4b6ecee8965719adb01a7957ab2d73eb4ca65
[INFO] running `Command { std: "docker" "start" "-a" "a18eb4751726cb133f6d7f65baf4b6ecee8965719adb01a7957ab2d73eb4ca65", kill_on_drop: false }`
[INFO] [stderr]    Compiling libc v0.2.37
[INFO] [stderr]    Compiling serde v1.0.88
[INFO] [stderr]    Compiling cc v1.0.5
[INFO] [stderr]    Compiling winapi-build v0.1.1
[INFO] [stderr]    Compiling unicode-xid v0.0.4
[INFO] [stderr]    Compiling quote v0.3.15
[INFO] [stderr]    Compiling cfg-if v0.1.2
[INFO] [stderr]    Compiling rustc-demangle v0.1.7
[INFO] [stderr]    Compiling winapi v0.2.8
[INFO] [stderr]    Compiling num-traits v0.2.1
[INFO] [stderr]    Compiling itoa v0.3.4
[INFO] [stderr]    Compiling pulldown-cmark v0.1.2
[INFO] [stderr]    Compiling byteorder v1.2.1
[INFO] [stderr]    Compiling semver-parser v0.7.0
[INFO] [stderr]    Compiling dtoa v0.4.2
[INFO] [stderr]    Compiling memchr v2.2.0
[INFO] [stderr]    Compiling bitflags v0.9.1
[INFO] [stderr]    Compiling same-file v0.1.3
[INFO] [stderr]    Compiling bytecount v0.2.0
[INFO] [stderr]    Compiling glob v0.2.11
[INFO] [stderr]    Compiling nix v0.10.0
[INFO] [stderr]    Compiling unicode-width v0.1.5
[INFO] [stderr]    Compiling encode_unicode v0.3.5
[INFO] [stderr]    Compiling bitflags v1.0.1
[INFO] [stderr]    Compiling void v1.0.2
[INFO] [stderr]    Compiling lazy_static v1.2.0
[INFO] [stderr]    Compiling synom v0.11.3
[INFO] [stderr]    Compiling walkdir v1.0.7
[INFO] [stderr]    Compiling rand v0.4.2
[INFO] [stderr]    Compiling iovec v0.1.2
[INFO] [stderr]    Compiling atty v0.2.11
[INFO] [stderr]    Compiling term v0.5.1
[INFO] [stderr]    Compiling syn v0.11.11
[INFO] [stderr]    Compiling bytes v0.4.6
[INFO] [stderr]    Compiling kernel32-sys v0.2.2
[INFO] [stderr]    Compiling backtrace-sys v0.1.16
[INFO] [stderr]    Compiling csv-core v0.1.5
[INFO] [stderr]    Compiling remove_dir_all v0.3.0
[INFO] [stderr]    Compiling tempdir v0.3.6
[INFO] [stderr]    Compiling serde_derive_internals v0.19.0
[INFO] [stderr]    Compiling serde_derive v1.0.27
[INFO] [stderr]    Compiling semver v0.8.0
[INFO] [stderr]    Compiling serde_json v1.0.10
[INFO] [stderr]    Compiling csv v1.0.5
[INFO] [stderr]    Compiling prettytable-rs v0.8.0
[INFO] [stderr]    Compiling shrust v0.0.6
[INFO] [stderr]    Compiling backtrace v0.3.5
[INFO] [stderr]    Compiling error-chain v0.11.0
[INFO] [stderr]    Compiling cargo_metadata v0.3.3
[INFO] [stderr]    Compiling skeptic v0.13.2
[INFO] [stderr]    Compiling i2cdev v0.3.2
[INFO] [stderr]    Compiling ufire_sht20 v0.9.1 (/opt/rustwide/workdir)
[INFO] [stdout] warning: unnecessary parentheses around type
[INFO] [stdout]   --> src/lib.rs:61:45
[INFO] [stdout]    |
[INFO] [stdout] 61 |     pub fn temperature(&mut self) -> Result<(f32), Box<LinuxI2CError>> {
[INFO] [stdout]    |                                             ^^^^^ help: remove these parentheses
[INFO] [stdout]    |
[INFO] [stdout]    = note: `#[warn(unused_parens)]` on by default
[INFO] [stdout] 
[INFO] [stdout] 
[INFO] [stdout] warning: unnecessary parentheses around type
[INFO] [stdout]   --> src/lib.rs:80:42
[INFO] [stdout]    |
[INFO] [stdout] 80 |     pub fn humidity(&mut self) -> Result<(f32), Box<LinuxI2CError>> {
[INFO] [stdout]    |                                          ^^^^^ help: remove these parentheses
[INFO] [stdout] 
[INFO] [stdout] 
[INFO] [stdout] warning: unnecessary parentheses around type
[INFO] [stdout]    --> src/lib.rs:125:62
[INFO] [stdout]     |
[INFO] [stdout] 125 |     pub fn _read_register(&mut self, register: u8) -> Result<(f32), Box<LinuxI2CError>> {
[INFO] [stdout]     |                                                              ^^^^^ help: remove these parentheses
[INFO] [stdout] 
[INFO] [stdout] 
[INFO] [stdout] warning: 3 warnings emitted
[INFO] [stdout] 
[INFO] [stdout] 
[INFO] [stdout] warning: use of deprecated macro `try`: use the `?` operator instead
[INFO] [stdout]   --> src/main.rs:14:3
[INFO] [stdout]    |
[INFO] [stdout] 14 |         try!(writeln!(io, "{}", sht20.temperature().unwrap()));
[INFO] [stdout]    |         ^^^
[INFO] [stdout]    |
[INFO] [stdout]    = note: `#[warn(deprecated)]` on by default
[INFO] [stdout] 
[INFO] [stdout] 
[INFO] [stdout] warning: use of deprecated macro `try`: use the `?` operator instead
[INFO] [stdout]   --> src/main.rs:20:3
[INFO] [stdout]    |
[INFO] [stdout] 20 |         try!(writeln!(io, "{}", sht20.humidity().unwrap()));
[INFO] [stdout]    |         ^^^
[INFO] [stdout] 
[INFO] [stdout] 
[INFO] [stdout] warning: 2 warnings emitted
[INFO] [stdout] 
[INFO] [stdout] 
[INFO] [stderr]     Finished dev [unoptimized + debuginfo] target(s) in 30.92s
[INFO] running `Command { std: "docker" "inspect" "a18eb4751726cb133f6d7f65baf4b6ecee8965719adb01a7957ab2d73eb4ca65", kill_on_drop: false }`
[INFO] running `Command { std: "docker" "rm" "-f" "a18eb4751726cb133f6d7f65baf4b6ecee8965719adb01a7957ab2d73eb4ca65", kill_on_drop: false }`
[INFO] [stdout] a18eb4751726cb133f6d7f65baf4b6ecee8965719adb01a7957ab2d73eb4ca65
[INFO] running `Command { std: "docker" "create" "-v" "/var/lib/crater-agent-workspace/builds/worker-84/target:/opt/rustwide/target:rw,Z" "-v" "/var/lib/crater-agent-workspace/builds/worker-84/source:/opt/rustwide/workdir:ro,Z" "-v" "/var/lib/crater-agent-workspace/cargo-home:/opt/rustwide/cargo-home:ro,Z" "-v" "/var/lib/crater-agent-workspace/rustup-home:/opt/rustwide/rustup-home:ro,Z" "-e" "SOURCE_DIR=/opt/rustwide/workdir" "-e" "CARGO_TARGET_DIR=/opt/rustwide/target" "-e" "CARGO_INCREMENTAL=0" "-e" "RUST_BACKTRACE=full" "-e" "RUSTFLAGS=--cap-lints=warn" "-e" "CARGO_HOME=/opt/rustwide/cargo-home" "-e" "RUSTUP_HOME=/opt/rustwide/rustup-home" "-w" "/opt/rustwide/workdir" "-m" "1610612736" "--user" "0:0" "--network" "none" "ghcr.io/rust-lang/crates-build-env/linux@sha256:34b6a614d2c27851fe6cbf88fbd1137609cefab8b10d0615aaeb6fd47975d74e" "/opt/rustwide/cargo-home/bin/cargo" "+beta-2021-08-01" "test" "--frozen" "--no-run" "--message-format=json", kill_on_drop: false }`
[INFO] [stdout] b3b175be327a26edb8eaef0dcf45bdd054d3108606ee270988e1fa2fd1ba683e
[INFO] running `Command { std: "docker" "start" "-a" "b3b175be327a26edb8eaef0dcf45bdd054d3108606ee270988e1fa2fd1ba683e", kill_on_drop: false }`
[INFO] [stderr]    Compiling i2cdev v0.3.2
[INFO] [stderr]    Compiling ufire_sht20 v0.9.1 (/opt/rustwide/workdir)
[INFO] [stdout] warning: unnecessary parentheses around type
[INFO] [stdout]   --> src/lib.rs:61:45
[INFO] [stdout]    |
[INFO] [stdout] 61 |     pub fn temperature(&mut self) -> Result<(f32), Box<LinuxI2CError>> {
[INFO] [stdout]    |                                             ^^^^^ help: remove these parentheses
[INFO] [stdout]    |
[INFO] [stdout]    = note: `#[warn(unused_parens)]` on by default
[INFO] [stdout] 
[INFO] [stdout] 
[INFO] [stdout] warning: unnecessary parentheses around type
[INFO] [stdout]   --> src/lib.rs:80:42
[INFO] [stdout]    |
[INFO] [stdout] 80 |     pub fn humidity(&mut self) -> Result<(f32), Box<LinuxI2CError>> {
[INFO] [stdout]    |                                          ^^^^^ help: remove these parentheses
[INFO] [stdout] 
[INFO] [stdout] 
[INFO] [stdout] warning: unnecessary parentheses around type
[INFO] [stdout]    --> src/lib.rs:125:62
[INFO] [stdout]     |
[INFO] [stdout] 125 |     pub fn _read_register(&mut self, register: u8) -> Result<(f32), Box<LinuxI2CError>> {
[INFO] [stdout]     |                                                              ^^^^^ help: remove these parentheses
[INFO] [stdout] 
[INFO] [stdout] 
[INFO] [stdout] warning: unnecessary parentheses around type
[INFO] [stdout]   --> src/lib.rs:61:45
[INFO] [stdout]    |
[INFO] [stdout] 61 |     pub fn temperature(&mut self) -> Result<(f32), Box<LinuxI2CError>> {
[INFO] [stdout]    |                                             ^^^^^ help: remove these parentheses
[INFO] [stdout]    |
[INFO] [stdout]    = note: `#[warn(unused_parens)]` on by default
[INFO] [stdout] 
[INFO] [stdout] 
[INFO] [stdout] warning: unnecessary parentheses around type
[INFO] [stdout]   --> src/lib.rs:80:42
[INFO] [stdout]    |
[INFO] [stdout] 80 |     pub fn humidity(&mut self) -> Result<(f32), Box<LinuxI2CError>> {
[INFO] [stdout]    |                                          ^^^^^ help: remove these parentheses
[INFO] [stdout] 
[INFO] [stdout] 
[INFO] [stdout] warning: unnecessary parentheses around type
[INFO] [stdout]    --> src/lib.rs:125:62
[INFO] [stdout]     |
[INFO] [stdout] 125 |     pub fn _read_register(&mut self, register: u8) -> Result<(f32), Box<LinuxI2CError>> {
[INFO] [stdout]     |                                                              ^^^^^ help: remove these parentheses
[INFO] [stdout] 
[INFO] [stdout] 
[INFO] [stdout] warning: 3 warnings emitted
[INFO] [stdout] 
[INFO] [stdout] 
[INFO] [stdout] warning: use of deprecated macro `try`: use the `?` operator instead
[INFO] [stdout]   --> src/main.rs:14:3
[INFO] [stdout]    |
[INFO] [stdout] 14 |         try!(writeln!(io, "{}", sht20.temperature().unwrap()));
[INFO] [stdout]    |         ^^^
[INFO] [stdout]    |
[INFO] [stdout]    = note: `#[warn(deprecated)]` on by default
[INFO] [stdout] 
[INFO] [stdout] 
[INFO] [stdout] warning: use of deprecated macro `try`: use the `?` operator instead
[INFO] [stdout]   --> src/main.rs:20:3
[INFO] [stdout]    |
[INFO] [stdout] 20 |         try!(writeln!(io, "{}", sht20.humidity().unwrap()));
[INFO] [stdout]    |         ^^^
[INFO] [stdout] 
[INFO] [stdout] 
[INFO] [stdout] warning: 3 warnings emitted
[INFO] [stdout] 
[INFO] [stdout] 
[INFO] [stdout] warning: 2 warnings emitted
[INFO] [stdout] 
[INFO] [stdout] 
[INFO] [stderr]     Finished test [unoptimized + debuginfo] target(s) in 2.25s
[INFO] running `Command { std: "docker" "inspect" "b3b175be327a26edb8eaef0dcf45bdd054d3108606ee270988e1fa2fd1ba683e", kill_on_drop: false }`
[INFO] running `Command { std: "docker" "rm" "-f" "b3b175be327a26edb8eaef0dcf45bdd054d3108606ee270988e1fa2fd1ba683e", kill_on_drop: false }`
[INFO] [stdout] b3b175be327a26edb8eaef0dcf45bdd054d3108606ee270988e1fa2fd1ba683e
[INFO] running `Command { std: "docker" "create" "-v" "/var/lib/crater-agent-workspace/builds/worker-84/target:/opt/rustwide/target:rw,Z" "-v" "/var/lib/crater-agent-workspace/builds/worker-84/source:/opt/rustwide/workdir:ro,Z" "-v" "/var/lib/crater-agent-workspace/cargo-home:/opt/rustwide/cargo-home:ro,Z" "-v" "/var/lib/crater-agent-workspace/rustup-home:/opt/rustwide/rustup-home:ro,Z" "-e" "SOURCE_DIR=/opt/rustwide/workdir" "-e" "CARGO_TARGET_DIR=/opt/rustwide/target" "-e" "CARGO_INCREMENTAL=0" "-e" "RUST_BACKTRACE=full" "-e" "RUSTFLAGS=--cap-lints=warn" "-e" "CARGO_HOME=/opt/rustwide/cargo-home" "-e" "RUSTUP_HOME=/opt/rustwide/rustup-home" "-w" "/opt/rustwide/workdir" "-m" "1610612736" "--user" "0:0" "--network" "none" "ghcr.io/rust-lang/crates-build-env/linux@sha256:34b6a614d2c27851fe6cbf88fbd1137609cefab8b10d0615aaeb6fd47975d74e" "/opt/rustwide/cargo-home/bin/cargo" "+beta-2021-08-01" "test" "--frozen", kill_on_drop: false }`
[INFO] [stdout] b3a3f1240121cc85331f5e956fa192f01a9a586805d35083e51d422cc424b898
[INFO] running `Command { std: "docker" "start" "-a" "b3a3f1240121cc85331f5e956fa192f01a9a586805d35083e51d422cc424b898", kill_on_drop: false }`
[INFO] [stderr]    Compiling i2cdev v0.3.2
[INFO] [stderr]    Compiling ufire_sht20 v0.9.1 (/opt/rustwide/workdir)
[INFO] [stderr] warning: unnecessary parentheses around type
[INFO] [stderr]   --> src/lib.rs:61:45
[INFO] [stderr]    |
[INFO] [stderr] 61 |     pub fn temperature(&mut self) -> Result<(f32), Box<LinuxI2CError>> {
[INFO] [stderr]    |                                             ^^^^^ help: remove these parentheses
[INFO] [stderr]    |
[INFO] [stderr]    = note: `#[warn(unused_parens)]` on by default
[INFO] [stderr] 
[INFO] [stderr] warning: unnecessary parentheses around type
[INFO] [stderr]   --> src/lib.rs:80:42
[INFO] [stderr]    |
[INFO] [stderr] 80 |     pub fn humidity(&mut self) -> Result<(f32), Box<LinuxI2CError>> {
[INFO] [stderr]    |                                          ^^^^^ help: remove these parentheses
[INFO] [stderr] 
[INFO] [stderr] warning: unnecessary parentheses around type
[INFO] [stderr]    --> src/lib.rs:125:62
[INFO] [stderr]     |
[INFO] [stderr] 125 |     pub fn _read_register(&mut self, register: u8) -> Result<(f32), Box<LinuxI2CError>> {
[INFO] [stderr]     |                                                              ^^^^^ help: remove these parentheses
[INFO] [stderr] 
[INFO] [stderr] warning: `ufire_sht20` (lib) generated 3 warnings
[INFO] [stderr] warning: `ufire_sht20` (lib test) generated 3 warnings (3 duplicates)
[INFO] [stderr] warning: use of deprecated macro `try`: use the `?` operator instead
[INFO] [stderr]   --> src/main.rs:14:3
[INFO] [stderr]    |
[INFO] [stderr] 14 |         try!(writeln!(io, "{}", sht20.temperature().unwrap()));
[INFO] [stderr]    |         ^^^
[INFO] [stderr]    |
[INFO] [stderr]    = note: `#[warn(deprecated)]` on by default
[INFO] [stderr] 
[INFO] [stderr] warning: use of deprecated macro `try`: use the `?` operator instead
[INFO] [stderr]   --> src/main.rs:20:3
[INFO] [stderr]    |
[INFO] [stderr] 20 |         try!(writeln!(io, "{}", sht20.humidity().unwrap()));
[INFO] [stderr]    |         ^^^
[INFO] [stderr] 
[INFO] [stderr] warning: `ufire_sht20` (bin "ufire_sht20_bin" test) generated 2 warnings
[INFO] [stderr]     Finished test [unoptimized + debuginfo] target(s) in 1.58s
[INFO] [stderr]      Running unittests (/opt/rustwide/target/debug/deps/ufire_sht20-f959bd60560fd6a0)
[INFO] [stdout] 
[INFO] [stdout] running 0 tests
[INFO] [stdout] 
[INFO] [stdout] test result: ok. 0 passed; 0 failed; 0 ignored; 0 measured; 0 filtered out; finished in 0.00s
[INFO] [stdout] 
[INFO] [stderr]      Running unittests (/opt/rustwide/target/debug/deps/ufire_sht20_bin-b0109b41f9730493)
[INFO] [stdout] 
[INFO] [stderr]    Doc-tests ufire_sht20
[INFO] [stdout] running 0 tests
[INFO] [stdout] 
[INFO] [stdout] test result: ok. 0 passed; 0 failed; 0 ignored; 0 measured; 0 filtered out; finished in 0.00s
[INFO] [stdout] 
[INFO] [stderr] warning: unnecessary parentheses around type
[INFO] [stderr]   --> /opt/rustwide/workdir/src/lib.rs:61:45
[INFO] [stderr]    |
[INFO] [stderr] 61 |     pub fn temperature(&mut self) -> Result<(f32), Box<LinuxI2CError>> {
[INFO] [stderr]    |                                             ^^^^^ help: remove these parentheses
[INFO] [stderr]    |
[INFO] [stderr]    = note: `#[warn(unused_parens)]` on by default
[INFO] [stderr] 
[INFO] [stderr] warning: unnecessary parentheses around type
[INFO] [stderr]   --> /opt/rustwide/workdir/src/lib.rs:80:42
[INFO] [stderr]    |
[INFO] [stderr] 80 |     pub fn humidity(&mut self) -> Result<(f32), Box<LinuxI2CError>> {
[INFO] [stderr]    |                                          ^^^^^ help: remove these parentheses
[INFO] [stderr] 
[INFO] [stderr] warning: unnecessary parentheses around type
[INFO] [stderr]    --> /opt/rustwide/workdir/src/lib.rs:125:62
[INFO] [stderr]     |
[INFO] [stderr] 125 |     pub fn _read_register(&mut self, register: u8) -> Result<(f32), Box<LinuxI2CError>> {
[INFO] [stderr]     |                                                              ^^^^^ help: remove these parentheses
[INFO] [stderr] 
[INFO] [stderr] warning: 3 warnings emitted
[INFO] [stderr] 
[INFO] [stdout] 
[INFO] [stdout] running 3 tests
[INFO] [stdout] test src/lib.rs - SHT20::new (line 45) ... FAILED
[INFO] [stdout] test src/lib.rs - SHT20::humidity (line 76) ... FAILED
[INFO] [stdout] test src/lib.rs - SHT20::temperature (line 57) ... FAILED
[INFO] [stdout] 
[INFO] [stdout] failures:
[INFO] [stdout] 
[INFO] [stdout] ---- src/lib.rs - SHT20::new (line 45) stdout ----
[INFO] [stdout] error[E0433]: failed to resolve: use of undeclared type `SHT20`
[INFO] [stdout]  --> src/lib.rs:46:17
[INFO] [stdout]   |
[INFO] [stdout] 3 | let mut sht20 = SHT20::new("/dev/i2c-3").unwrap();
[INFO] [stdout]   |                 ^^^^^ use of undeclared type `SHT20`
[INFO] [stdout] 
[INFO] [stdout] error: aborting due to previous error
[INFO] [stdout] 
[INFO] [stdout] For more information about this error, try `rustc --explain E0433`.
[INFO] [stdout] Couldn't compile the test.
[INFO] [stdout] ---- src/lib.rs - SHT20::humidity (line 76) stdout ----
[INFO] [stdout] error[E0433]: failed to resolve: use of undeclared type `SHT20`
[INFO] [stdout]  --> src/lib.rs:77:17
[INFO] [stdout]   |
[INFO] [stdout] 3 | let mut sht20 = SHT20::new("/dev/i2c-3").unwrap();
[INFO] [stdout]   |                 ^^^^^ use of undeclared type `SHT20`
[INFO] [stdout] 
[INFO] [stdout] error: aborting due to previous error
[INFO] [stdout] 
[INFO] [stdout] For more information about this error, try `rustc --explain E0433`.
[INFO] [stdout] Couldn't compile the test.
[INFO] [stdout] ---- src/lib.rs - SHT20::temperature (line 57) stdout ----
[INFO] [stdout] error[E0433]: failed to resolve: use of undeclared type `SHT20`
[INFO] [stdout]  --> src/lib.rs:58:17
[INFO] [stdout]   |
[INFO] [stdout] 3 | let mut sht20 = SHT20::new("/dev/i2c-3").unwrap();
[INFO] [stdout]   |                 ^^^^^ use of undeclared type `SHT20`
[INFO] [stdout] 
[INFO] [stdout] error: aborting due to previous error
[INFO] [stdout] 
[INFO] [stdout] For more information about this error, try `rustc --explain E0433`.
[INFO] [stdout] Couldn't compile the test.
[INFO] [stdout] 
[INFO] [stdout] failures:
[INFO] [stdout]     src/lib.rs - SHT20::humidity (line 76)
[INFO] [stdout]     src/lib.rs - SHT20::new (line 45)
[INFO] [stdout]     src/lib.rs - SHT20::temperature (line 57)
[INFO] [stdout] 
[INFO] [stdout] test result: FAILED. 0 passed; 3 failed; 0 ignored; 0 measured; 0 filtered out; finished in 0.06s
[INFO] [stdout] 
[INFO] [stderr] error: test failed, to rerun pass '--doc'
[INFO] running `Command { std: "docker" "inspect" "b3a3f1240121cc85331f5e956fa192f01a9a586805d35083e51d422cc424b898", kill_on_drop: false }`
[INFO] running `Command { std: "docker" "rm" "-f" "b3a3f1240121cc85331f5e956fa192f01a9a586805d35083e51d422cc424b898", kill_on_drop: false }`
[INFO] [stdout] b3a3f1240121cc85331f5e956fa192f01a9a586805d35083e51d422cc424b898
