[INFO] fetching crate udp-stream 0.0.0-alpha.3...
[INFO] testing udp-stream-0.0.0-alpha.3 against 1.54.0 for beta-1.55-1
[INFO] extracting crate udp-stream 0.0.0-alpha.3 into /workspace/builds/worker-111/source
[INFO] validating manifest of crates.io crate udp-stream 0.0.0-alpha.3 on toolchain 1.54.0
[INFO] running `Command { std: "/workspace/cargo-home/bin/cargo" "+1.54.0" "metadata" "--manifest-path" "Cargo.toml" "--no-deps", kill_on_drop: false }`
[INFO] started tweaking crates.io crate udp-stream 0.0.0-alpha.3
[INFO] finished tweaking crates.io crate udp-stream 0.0.0-alpha.3
[INFO] tweaked toml for crates.io crate udp-stream 0.0.0-alpha.3 written to /workspace/builds/worker-111/source/Cargo.toml
[INFO] crate crates.io crate udp-stream 0.0.0-alpha.3 already has a lockfile, it will not be regenerated
[INFO] running `Command { std: "/workspace/cargo-home/bin/cargo" "+1.54.0" "fetch" "--manifest-path" "Cargo.toml", kill_on_drop: false }`
[INFO] [stderr]     Blocking waiting for file lock on package cache
[INFO] running `Command { std: "docker" "create" "-v" "/var/lib/crater-agent-workspace/builds/worker-111/target:/opt/rustwide/target:rw,Z" "-v" "/var/lib/crater-agent-workspace/builds/worker-111/source:/opt/rustwide/workdir:ro,Z" "-v" "/var/lib/crater-agent-workspace/cargo-home:/opt/rustwide/cargo-home:ro,Z" "-v" "/var/lib/crater-agent-workspace/rustup-home:/opt/rustwide/rustup-home:ro,Z" "-e" "SOURCE_DIR=/opt/rustwide/workdir" "-e" "CARGO_TARGET_DIR=/opt/rustwide/target" "-e" "CARGO_HOME=/opt/rustwide/cargo-home" "-e" "RUSTUP_HOME=/opt/rustwide/rustup-home" "-w" "/opt/rustwide/workdir" "-m" "1610612736" "--user" "0:0" "--network" "none" "ghcr.io/rust-lang/crates-build-env/linux@sha256:34b6a614d2c27851fe6cbf88fbd1137609cefab8b10d0615aaeb6fd47975d74e" "/opt/rustwide/cargo-home/bin/cargo" "+1.54.0" "metadata" "--no-deps" "--format-version=1", kill_on_drop: false }`
[INFO] [stdout] 7f7aeff590d98d4578a188d77773e9b65d87b3e6d9dfc912ea6e3726b1b9605d
[INFO] running `Command { std: "docker" "start" "-a" "7f7aeff590d98d4578a188d77773e9b65d87b3e6d9dfc912ea6e3726b1b9605d", kill_on_drop: false }`
[INFO] running `Command { std: "docker" "inspect" "7f7aeff590d98d4578a188d77773e9b65d87b3e6d9dfc912ea6e3726b1b9605d", kill_on_drop: false }`
[INFO] running `Command { std: "docker" "rm" "-f" "7f7aeff590d98d4578a188d77773e9b65d87b3e6d9dfc912ea6e3726b1b9605d", kill_on_drop: false }`
[INFO] [stdout] 7f7aeff590d98d4578a188d77773e9b65d87b3e6d9dfc912ea6e3726b1b9605d
[INFO] running `Command { std: "docker" "create" "-v" "/var/lib/crater-agent-workspace/builds/worker-111/target:/opt/rustwide/target:rw,Z" "-v" "/var/lib/crater-agent-workspace/builds/worker-111/source:/opt/rustwide/workdir:ro,Z" "-v" "/var/lib/crater-agent-workspace/cargo-home:/opt/rustwide/cargo-home:ro,Z" "-v" "/var/lib/crater-agent-workspace/rustup-home:/opt/rustwide/rustup-home:ro,Z" "-e" "SOURCE_DIR=/opt/rustwide/workdir" "-e" "CARGO_TARGET_DIR=/opt/rustwide/target" "-e" "CARGO_INCREMENTAL=0" "-e" "RUST_BACKTRACE=full" "-e" "RUSTFLAGS=--cap-lints=warn" "-e" "CARGO_HOME=/opt/rustwide/cargo-home" "-e" "RUSTUP_HOME=/opt/rustwide/rustup-home" "-w" "/opt/rustwide/workdir" "-m" "1610612736" "--user" "0:0" "--network" "none" "ghcr.io/rust-lang/crates-build-env/linux@sha256:34b6a614d2c27851fe6cbf88fbd1137609cefab8b10d0615aaeb6fd47975d74e" "/opt/rustwide/cargo-home/bin/cargo" "+1.54.0" "build" "--frozen" "--message-format=json", kill_on_drop: false }`
[INFO] [stdout] fc01a8cd7ecd3582708c0d04947c5b673bfbb8334b813a534b110c373284d5e6
[INFO] running `Command { std: "docker" "start" "-a" "fc01a8cd7ecd3582708c0d04947c5b673bfbb8334b813a534b110c373284d5e6", kill_on_drop: false }`
[INFO] [stderr]     Blocking waiting for file lock on package cache
[INFO] [stderr]    Compiling libc v0.2.66
[INFO] [stderr]    Compiling proc-macro2 v1.0.6
[INFO] [stderr]    Compiling unicode-xid v0.2.0
[INFO] [stderr]    Compiling log v0.4.8
[INFO] [stderr]    Compiling cfg-if v0.1.10
[INFO] [stderr]    Compiling syn v1.0.9
[INFO] [stderr]    Compiling memchr v2.2.1
[INFO] [stderr]    Compiling slab v0.4.2
[INFO] [stderr]    Compiling pin-project-lite v0.1.1
[INFO] [stderr]    Compiling lazy_static v1.4.0
[INFO] [stderr]    Compiling bytes v0.5.2
[INFO] [stderr]    Compiling fnv v1.0.6
[INFO] [stderr]    Compiling quote v1.0.2
[INFO] [stderr]    Compiling iovec v0.1.4
[INFO] [stderr]    Compiling net2 v0.2.33
[INFO] [stderr]    Compiling mio v0.6.21
[INFO] [stderr]    Compiling tokio-macros v0.2.0
[INFO] [stderr]    Compiling tokio v0.2.2
[INFO] [stderr]    Compiling udp-stream v0.0.0-alpha.3 (/opt/rustwide/workdir)
[INFO] [stderr]     Finished dev [unoptimized + debuginfo] target(s) in 13.95s
[INFO] running `Command { std: "docker" "inspect" "fc01a8cd7ecd3582708c0d04947c5b673bfbb8334b813a534b110c373284d5e6", kill_on_drop: false }`
[INFO] running `Command { std: "docker" "rm" "-f" "fc01a8cd7ecd3582708c0d04947c5b673bfbb8334b813a534b110c373284d5e6", kill_on_drop: false }`
[INFO] [stdout] fc01a8cd7ecd3582708c0d04947c5b673bfbb8334b813a534b110c373284d5e6
[INFO] running `Command { std: "docker" "create" "-v" "/var/lib/crater-agent-workspace/builds/worker-111/target:/opt/rustwide/target:rw,Z" "-v" "/var/lib/crater-agent-workspace/builds/worker-111/source:/opt/rustwide/workdir:ro,Z" "-v" "/var/lib/crater-agent-workspace/cargo-home:/opt/rustwide/cargo-home:ro,Z" "-v" "/var/lib/crater-agent-workspace/rustup-home:/opt/rustwide/rustup-home:ro,Z" "-e" "SOURCE_DIR=/opt/rustwide/workdir" "-e" "CARGO_TARGET_DIR=/opt/rustwide/target" "-e" "CARGO_INCREMENTAL=0" "-e" "RUST_BACKTRACE=full" "-e" "RUSTFLAGS=--cap-lints=warn" "-e" "CARGO_HOME=/opt/rustwide/cargo-home" "-e" "RUSTUP_HOME=/opt/rustwide/rustup-home" "-w" "/opt/rustwide/workdir" "-m" "1610612736" "--user" "0:0" "--network" "none" "ghcr.io/rust-lang/crates-build-env/linux@sha256:34b6a614d2c27851fe6cbf88fbd1137609cefab8b10d0615aaeb6fd47975d74e" "/opt/rustwide/cargo-home/bin/cargo" "+1.54.0" "test" "--frozen" "--no-run" "--message-format=json", kill_on_drop: false }`
[INFO] [stdout] d8c0ae93ffaae35404755985f070be504a7f0c8e375c766e61ae92c335dd22c2
[INFO] running `Command { std: "docker" "start" "-a" "d8c0ae93ffaae35404755985f070be504a7f0c8e375c766e61ae92c335dd22c2", kill_on_drop: false }`
[INFO] [stderr]    Compiling cc v1.0.47
[INFO] [stderr]    Compiling autocfg v0.1.7
[INFO] [stderr]    Compiling pkg-config v0.3.17
[INFO] [stderr]    Compiling bitflags v1.2.1
[INFO] [stderr]    Compiling openssl v0.10.26
[INFO] [stderr]    Compiling foreign-types-shared v0.1.1
[INFO] [stderr]    Compiling foreign-types v0.3.2
[INFO] [stderr]    Compiling openssl-src v111.6.0+1.1.1d
[INFO] [stderr]    Compiling openssl-sys v0.9.53
[INFO] [stderr]    Compiling tokio-openssl v0.4.0
[INFO] [stderr]    Compiling udp-stream v0.0.0-alpha.3 (/opt/rustwide/workdir)
[INFO] [stderr]     Finished test [unoptimized + debuginfo] target(s) in 28.77s
[INFO] running `Command { std: "docker" "inspect" "d8c0ae93ffaae35404755985f070be504a7f0c8e375c766e61ae92c335dd22c2", kill_on_drop: false }`
[INFO] running `Command { std: "docker" "rm" "-f" "d8c0ae93ffaae35404755985f070be504a7f0c8e375c766e61ae92c335dd22c2", kill_on_drop: false }`
[INFO] [stdout] d8c0ae93ffaae35404755985f070be504a7f0c8e375c766e61ae92c335dd22c2
[INFO] running `Command { std: "docker" "create" "-v" "/var/lib/crater-agent-workspace/builds/worker-111/target:/opt/rustwide/target:rw,Z" "-v" "/var/lib/crater-agent-workspace/builds/worker-111/source:/opt/rustwide/workdir:ro,Z" "-v" "/var/lib/crater-agent-workspace/cargo-home:/opt/rustwide/cargo-home:ro,Z" "-v" "/var/lib/crater-agent-workspace/rustup-home:/opt/rustwide/rustup-home:ro,Z" "-e" "SOURCE_DIR=/opt/rustwide/workdir" "-e" "CARGO_TARGET_DIR=/opt/rustwide/target" "-e" "CARGO_INCREMENTAL=0" "-e" "RUST_BACKTRACE=full" "-e" "RUSTFLAGS=--cap-lints=warn" "-e" "CARGO_HOME=/opt/rustwide/cargo-home" "-e" "RUSTUP_HOME=/opt/rustwide/rustup-home" "-w" "/opt/rustwide/workdir" "-m" "1610612736" "--user" "0:0" "--network" "none" "ghcr.io/rust-lang/crates-build-env/linux@sha256:34b6a614d2c27851fe6cbf88fbd1137609cefab8b10d0615aaeb6fd47975d74e" "/opt/rustwide/cargo-home/bin/cargo" "+1.54.0" "test" "--frozen", kill_on_drop: false }`
[INFO] [stdout] dc7ffd784ca3dcc5ad684e3a885682b8d35ac7922a3dc37fa912826154f19898
[INFO] running `Command { std: "docker" "start" "-a" "dc7ffd784ca3dcc5ad684e3a885682b8d35ac7922a3dc37fa912826154f19898", kill_on_drop: false }`
[INFO] [stderr]     Blocking waiting for file lock on package cache
[INFO] [stdout] 
[INFO] [stderr]     Finished test [unoptimized + debuginfo] target(s) in 0.52s
[INFO] [stdout] running 0 tests
[INFO] [stderr]      Running unittests (/opt/rustwide/target/debug/deps/udp_stream-bcb56ba9ce65567b)
[INFO] [stdout] 
[INFO] [stderr]    Doc-tests udp-stream
[INFO] [stdout] test result: ok. 0 passed; 0 failed; 0 ignored; 0 measured; 0 filtered out; finished in 0.00s
[INFO] [stdout] 
[INFO] [stdout] 
[INFO] [stdout] running 1 test
[INFO] [stdout] test src/lib.rs - UdpListener (line 37) - compile ... FAILED
[INFO] [stdout] 
[INFO] [stdout] failures:
[INFO] [stdout] 
[INFO] [stdout] ---- src/lib.rs - UdpListener (line 37) stdout ----
[INFO] [stdout] error[E0599]: no variant or associated item named `from_str` found for enum `std::net::SocketAddr` in the current scope
[INFO] [stdout]   --> src/lib.rs:45:54
[INFO] [stdout]    |
[INFO] [stdout] 10 |     let mut listener = UdpListener::bind(SocketAddr::from_str("127.0.0.1:8080").unwrap()).await?;
[INFO] [stdout]    |                                                      ^^^^^^^^ variant or associated item not found in `std::net::SocketAddr`
[INFO] [stdout]    |
[INFO] [stdout]    = help: items from traits can only be used if the trait is in scope
[INFO] [stdout] help: the following trait is implemented but not in scope; perhaps add a `use` for it:
[INFO] [stdout]    |
[INFO] [stdout] 3  | use std::str::FromStr;
[INFO] [stdout]    |
[INFO] [stdout] 
[INFO] [stdout] error: aborting due to previous error
[INFO] [stdout] 
[INFO] [stdout] For more information about this error, try `rustc --explain E0599`.
[INFO] [stdout] Couldn't compile the test.
[INFO] [stdout] 
[INFO] [stdout] failures:
[INFO] [stdout]     src/lib.rs - UdpListener (line 37)
[INFO] [stdout] 
[INFO] [stdout] test result: FAILED. 0 passed; 1 failed; 0 ignored; 0 measured; 0 filtered out; finished in 0.23s
[INFO] [stdout] 
[INFO] [stderr] error: test failed, to rerun pass '--doc'
[INFO] running `Command { std: "docker" "inspect" "dc7ffd784ca3dcc5ad684e3a885682b8d35ac7922a3dc37fa912826154f19898", kill_on_drop: false }`
[INFO] running `Command { std: "docker" "rm" "-f" "dc7ffd784ca3dcc5ad684e3a885682b8d35ac7922a3dc37fa912826154f19898", kill_on_drop: false }`
[INFO] [stdout] dc7ffd784ca3dcc5ad684e3a885682b8d35ac7922a3dc37fa912826154f19898
