[INFO] fetching crate type_val 0.3.3...
[INFO] testing type_val-0.3.3 against 1.54.0 for beta-1.55-1
[INFO] extracting crate type_val 0.3.3 into /workspace/builds/worker-88/source
[INFO] validating manifest of crates.io crate type_val 0.3.3 on toolchain 1.54.0
[INFO] running `Command { std: "/workspace/cargo-home/bin/cargo" "+1.54.0" "metadata" "--manifest-path" "Cargo.toml" "--no-deps", kill_on_drop: false }`
[INFO] started tweaking crates.io crate type_val 0.3.3
[INFO] finished tweaking crates.io crate type_val 0.3.3
[INFO] tweaked toml for crates.io crate type_val 0.3.3 written to /workspace/builds/worker-88/source/Cargo.toml
[INFO] running `Command { std: "/workspace/cargo-home/bin/cargo" "+1.54.0" "generate-lockfile" "--manifest-path" "Cargo.toml" "-Zno-index-update", kill_on_drop: false }`
[INFO] running `Command { std: "/workspace/cargo-home/bin/cargo" "+1.54.0" "fetch" "--manifest-path" "Cargo.toml", kill_on_drop: false }`
[INFO] running `Command { std: "docker" "create" "-v" "/var/lib/crater-agent-workspace/builds/worker-88/target:/opt/rustwide/target:rw,Z" "-v" "/var/lib/crater-agent-workspace/builds/worker-88/source:/opt/rustwide/workdir:ro,Z" "-v" "/var/lib/crater-agent-workspace/cargo-home:/opt/rustwide/cargo-home:ro,Z" "-v" "/var/lib/crater-agent-workspace/rustup-home:/opt/rustwide/rustup-home:ro,Z" "-e" "SOURCE_DIR=/opt/rustwide/workdir" "-e" "CARGO_TARGET_DIR=/opt/rustwide/target" "-e" "CARGO_HOME=/opt/rustwide/cargo-home" "-e" "RUSTUP_HOME=/opt/rustwide/rustup-home" "-w" "/opt/rustwide/workdir" "-m" "1610612736" "--user" "0:0" "--network" "none" "ghcr.io/rust-lang/crates-build-env/linux@sha256:34b6a614d2c27851fe6cbf88fbd1137609cefab8b10d0615aaeb6fd47975d74e" "/opt/rustwide/cargo-home/bin/cargo" "+1.54.0" "metadata" "--no-deps" "--format-version=1", kill_on_drop: false }`
[INFO] [stdout] 9b37f093d345477b9ae653074bb60cf35b4e35cac8a9f94b59f6e2b4ba81c652
[INFO] running `Command { std: "docker" "start" "-a" "9b37f093d345477b9ae653074bb60cf35b4e35cac8a9f94b59f6e2b4ba81c652", kill_on_drop: false }`
[INFO] running `Command { std: "docker" "inspect" "9b37f093d345477b9ae653074bb60cf35b4e35cac8a9f94b59f6e2b4ba81c652", kill_on_drop: false }`
[INFO] running `Command { std: "docker" "rm" "-f" "9b37f093d345477b9ae653074bb60cf35b4e35cac8a9f94b59f6e2b4ba81c652", kill_on_drop: false }`
[INFO] [stdout] 9b37f093d345477b9ae653074bb60cf35b4e35cac8a9f94b59f6e2b4ba81c652
[INFO] running `Command { std: "docker" "create" "-v" "/var/lib/crater-agent-workspace/builds/worker-88/target:/opt/rustwide/target:rw,Z" "-v" "/var/lib/crater-agent-workspace/builds/worker-88/source:/opt/rustwide/workdir:ro,Z" "-v" "/var/lib/crater-agent-workspace/cargo-home:/opt/rustwide/cargo-home:ro,Z" "-v" "/var/lib/crater-agent-workspace/rustup-home:/opt/rustwide/rustup-home:ro,Z" "-e" "SOURCE_DIR=/opt/rustwide/workdir" "-e" "CARGO_TARGET_DIR=/opt/rustwide/target" "-e" "CARGO_INCREMENTAL=0" "-e" "RUST_BACKTRACE=full" "-e" "RUSTFLAGS=--cap-lints=warn" "-e" "CARGO_HOME=/opt/rustwide/cargo-home" "-e" "RUSTUP_HOME=/opt/rustwide/rustup-home" "-w" "/opt/rustwide/workdir" "-m" "1610612736" "--user" "0:0" "--network" "none" "ghcr.io/rust-lang/crates-build-env/linux@sha256:34b6a614d2c27851fe6cbf88fbd1137609cefab8b10d0615aaeb6fd47975d74e" "/opt/rustwide/cargo-home/bin/cargo" "+1.54.0" "build" "--frozen" "--message-format=json", kill_on_drop: false }`
[INFO] [stdout] b35157ebe9937dfb56993894a0c493603cfe931973abfba1282be24b533d963c
[INFO] running `Command { std: "docker" "start" "-a" "b35157ebe9937dfb56993894a0c493603cfe931973abfba1282be24b533d963c", kill_on_drop: false }`
[INFO] [stderr]     Blocking waiting for file lock on package cache
[INFO] [stderr]    Compiling type_val v0.3.3 (/opt/rustwide/workdir)
[INFO] [stderr]     Finished dev [unoptimized + debuginfo] target(s) in 0.73s
[INFO] running `Command { std: "docker" "inspect" "b35157ebe9937dfb56993894a0c493603cfe931973abfba1282be24b533d963c", kill_on_drop: false }`
[INFO] running `Command { std: "docker" "rm" "-f" "b35157ebe9937dfb56993894a0c493603cfe931973abfba1282be24b533d963c", kill_on_drop: false }`
[INFO] [stdout] b35157ebe9937dfb56993894a0c493603cfe931973abfba1282be24b533d963c
[INFO] running `Command { std: "docker" "create" "-v" "/var/lib/crater-agent-workspace/builds/worker-88/target:/opt/rustwide/target:rw,Z" "-v" "/var/lib/crater-agent-workspace/builds/worker-88/source:/opt/rustwide/workdir:ro,Z" "-v" "/var/lib/crater-agent-workspace/cargo-home:/opt/rustwide/cargo-home:ro,Z" "-v" "/var/lib/crater-agent-workspace/rustup-home:/opt/rustwide/rustup-home:ro,Z" "-e" "SOURCE_DIR=/opt/rustwide/workdir" "-e" "CARGO_TARGET_DIR=/opt/rustwide/target" "-e" "CARGO_INCREMENTAL=0" "-e" "RUST_BACKTRACE=full" "-e" "RUSTFLAGS=--cap-lints=warn" "-e" "CARGO_HOME=/opt/rustwide/cargo-home" "-e" "RUSTUP_HOME=/opt/rustwide/rustup-home" "-w" "/opt/rustwide/workdir" "-m" "1610612736" "--user" "0:0" "--network" "none" "ghcr.io/rust-lang/crates-build-env/linux@sha256:34b6a614d2c27851fe6cbf88fbd1137609cefab8b10d0615aaeb6fd47975d74e" "/opt/rustwide/cargo-home/bin/cargo" "+1.54.0" "test" "--frozen" "--no-run" "--message-format=json", kill_on_drop: false }`
[INFO] [stdout] 6b58ea799d6b9d98e0327d7f6057fa60099184523a381bd4482e9188153a900b
[INFO] running `Command { std: "docker" "start" "-a" "6b58ea799d6b9d98e0327d7f6057fa60099184523a381bd4482e9188153a900b", kill_on_drop: false }`
[INFO] [stderr]    Compiling type_val v0.3.3 (/opt/rustwide/workdir)
[INFO] [stderr]     Finished test [unoptimized + debuginfo] target(s) in 0.41s
[INFO] running `Command { std: "docker" "inspect" "6b58ea799d6b9d98e0327d7f6057fa60099184523a381bd4482e9188153a900b", kill_on_drop: false }`
[INFO] running `Command { std: "docker" "rm" "-f" "6b58ea799d6b9d98e0327d7f6057fa60099184523a381bd4482e9188153a900b", kill_on_drop: false }`
[INFO] [stdout] 6b58ea799d6b9d98e0327d7f6057fa60099184523a381bd4482e9188153a900b
[INFO] running `Command { std: "docker" "create" "-v" "/var/lib/crater-agent-workspace/builds/worker-88/target:/opt/rustwide/target:rw,Z" "-v" "/var/lib/crater-agent-workspace/builds/worker-88/source:/opt/rustwide/workdir:ro,Z" "-v" "/var/lib/crater-agent-workspace/cargo-home:/opt/rustwide/cargo-home:ro,Z" "-v" "/var/lib/crater-agent-workspace/rustup-home:/opt/rustwide/rustup-home:ro,Z" "-e" "SOURCE_DIR=/opt/rustwide/workdir" "-e" "CARGO_TARGET_DIR=/opt/rustwide/target" "-e" "CARGO_INCREMENTAL=0" "-e" "RUST_BACKTRACE=full" "-e" "RUSTFLAGS=--cap-lints=warn" "-e" "CARGO_HOME=/opt/rustwide/cargo-home" "-e" "RUSTUP_HOME=/opt/rustwide/rustup-home" "-w" "/opt/rustwide/workdir" "-m" "1610612736" "--user" "0:0" "--network" "none" "ghcr.io/rust-lang/crates-build-env/linux@sha256:34b6a614d2c27851fe6cbf88fbd1137609cefab8b10d0615aaeb6fd47975d74e" "/opt/rustwide/cargo-home/bin/cargo" "+1.54.0" "test" "--frozen", kill_on_drop: false }`
[INFO] [stdout] 5c5db45515e1c0bfaa05b162dddc02e07aec7dcd25e115dcbba7cf215f5a38a0
[INFO] running `Command { std: "docker" "start" "-a" "5c5db45515e1c0bfaa05b162dddc02e07aec7dcd25e115dcbba7cf215f5a38a0", kill_on_drop: false }`
[INFO] [stderr]     Finished test [unoptimized + debuginfo] target(s) in 0.01s
[INFO] [stdout] 
[INFO] [stderr]      Running unittests (/opt/rustwide/target/debug/deps/type_val-fcbe0e5aca3ae61f)
[INFO] [stdout] running 0 tests
[INFO] [stdout] 
[INFO] [stdout] test result: ok. 0 passed; 0 failed; 0 ignored; 0 measured; 0 filtered out; finished in 0.00s
[INFO] [stdout] 
[INFO] [stderr]    Doc-tests type_val
[INFO] [stdout] 
[INFO] [stdout] running 2 tests
[INFO] [stdout] test src/lib.rs - def_type_val (line 78) ... FAILED
[INFO] [stdout] test src/lib.rs - (line 14) ... ok
[INFO] [stdout] 
[INFO] [stdout] failures:
[INFO] [stdout] 
[INFO] [stdout] ---- src/lib.rs - def_type_val (line 78) stdout ----
[INFO] [stdout] error: cannot find macro `def_type_val` in this scope
[INFO] [stdout]  --> src/lib.rs:79:1
[INFO] [stdout]   |
[INFO] [stdout] 4 | def_type_val! {
[INFO] [stdout]   | ^^^^^^^^^^^^
[INFO] [stdout]   |
[INFO] [stdout]   = note: consider importing this macro:
[INFO] [stdout]           type_val::def_type_val
[INFO] [stdout] 
[INFO] [stdout] error[E0433]: failed to resolve: use of undeclared type `One`
[INFO] [stdout]   --> src/lib.rs:89:5
[INFO] [stdout]    |
[INFO] [stdout] 14 |     One::VAL,
[INFO] [stdout]    |     ^^^ use of undeclared type `One`
[INFO] [stdout] 
[INFO] [stdout] error[E0433]: failed to resolve: use of undeclared type `True`
[INFO] [stdout]   --> src/lib.rs:90:5
[INFO] [stdout]    |
[INFO] [stdout] 15 |     True::VAL,
[INFO] [stdout]    |     ^^^^ use of undeclared type `True`
[INFO] [stdout] 
[INFO] [stdout] error[E0433]: failed to resolve: use of undeclared type `NegOne`
[INFO] [stdout]   --> src/lib.rs:91:5
[INFO] [stdout]    |
[INFO] [stdout] 16 |     NegOne::VAL,
[INFO] [stdout]    |     ^^^^^^ use of undeclared type `NegOne`
[INFO] [stdout] 
[INFO] [stdout] error[E0433]: failed to resolve: use of undeclared type `False`
[INFO] [stdout]   --> src/lib.rs:92:5
[INFO] [stdout]    |
[INFO] [stdout] 17 |     False::VAL);
[INFO] [stdout]    |     ^^^^^ use of undeclared type `False`
[INFO] [stdout] 
[INFO] [stdout] error: aborting due to 5 previous errors
[INFO] [stdout] 
[INFO] [stdout] For more information about this error, try `rustc --explain E0433`.
[INFO] [stdout] Couldn't compile the test.
[INFO] [stdout] 
[INFO] [stdout] failures:
[INFO] [stdout]     src/lib.rs - def_type_val (line 78)
[INFO] [stdout] 
[INFO] [stdout] test result: FAILED. 1 passed; 1 failed; 0 ignored; 0 measured; 0 filtered out; finished in 0.26s
[INFO] [stdout] 
[INFO] [stderr] error: test failed, to rerun pass '--doc'
[INFO] running `Command { std: "docker" "inspect" "5c5db45515e1c0bfaa05b162dddc02e07aec7dcd25e115dcbba7cf215f5a38a0", kill_on_drop: false }`
[INFO] running `Command { std: "docker" "rm" "-f" "5c5db45515e1c0bfaa05b162dddc02e07aec7dcd25e115dcbba7cf215f5a38a0", kill_on_drop: false }`
[INFO] [stdout] 5c5db45515e1c0bfaa05b162dddc02e07aec7dcd25e115dcbba7cf215f5a38a0
