[INFO] fetching crate tynm 0.1.6...
[INFO] testing tynm-0.1.6 against beta-2021-08-01 for beta-1.55-1
[INFO] extracting crate tynm 0.1.6 into /workspace/builds/worker-40/source
[INFO] validating manifest of crates.io crate tynm 0.1.6 on toolchain beta-2021-08-01
[INFO] running `Command { std: "/workspace/cargo-home/bin/cargo" "+beta-2021-08-01" "metadata" "--manifest-path" "Cargo.toml" "--no-deps", kill_on_drop: false }`
[INFO] started tweaking crates.io crate tynm 0.1.6
[INFO] finished tweaking crates.io crate tynm 0.1.6
[INFO] tweaked toml for crates.io crate tynm 0.1.6 written to /workspace/builds/worker-40/source/Cargo.toml
[INFO] running `Command { std: "/workspace/cargo-home/bin/cargo" "+beta-2021-08-01" "generate-lockfile" "--manifest-path" "Cargo.toml" "-Zno-index-update", kill_on_drop: false }`
[INFO] running `Command { std: "/workspace/cargo-home/bin/cargo" "+beta-2021-08-01" "fetch" "--manifest-path" "Cargo.toml", kill_on_drop: false }`
[INFO] running `Command { std: "docker" "create" "-v" "/var/lib/crater-agent-workspace/builds/worker-40/target:/opt/rustwide/target:rw,Z" "-v" "/var/lib/crater-agent-workspace/builds/worker-40/source:/opt/rustwide/workdir:ro,Z" "-v" "/var/lib/crater-agent-workspace/cargo-home:/opt/rustwide/cargo-home:ro,Z" "-v" "/var/lib/crater-agent-workspace/rustup-home:/opt/rustwide/rustup-home:ro,Z" "-e" "SOURCE_DIR=/opt/rustwide/workdir" "-e" "CARGO_TARGET_DIR=/opt/rustwide/target" "-e" "CARGO_HOME=/opt/rustwide/cargo-home" "-e" "RUSTUP_HOME=/opt/rustwide/rustup-home" "-w" "/opt/rustwide/workdir" "-m" "1610612736" "--user" "0:0" "--network" "none" "ghcr.io/rust-lang/crates-build-env/linux@sha256:34b6a614d2c27851fe6cbf88fbd1137609cefab8b10d0615aaeb6fd47975d74e" "/opt/rustwide/cargo-home/bin/cargo" "+beta-2021-08-01" "metadata" "--no-deps" "--format-version=1", kill_on_drop: false }`
[INFO] [stdout] 879d19e4f60d918c9a510b37a6a016de43e9e4f7748f4a89e6494e67e9f78bd2
[INFO] running `Command { std: "docker" "start" "-a" "879d19e4f60d918c9a510b37a6a016de43e9e4f7748f4a89e6494e67e9f78bd2", kill_on_drop: false }`
[INFO] running `Command { std: "docker" "inspect" "879d19e4f60d918c9a510b37a6a016de43e9e4f7748f4a89e6494e67e9f78bd2", kill_on_drop: false }`
[INFO] running `Command { std: "docker" "rm" "-f" "879d19e4f60d918c9a510b37a6a016de43e9e4f7748f4a89e6494e67e9f78bd2", kill_on_drop: false }`
[INFO] [stdout] 879d19e4f60d918c9a510b37a6a016de43e9e4f7748f4a89e6494e67e9f78bd2
[INFO] running `Command { std: "docker" "create" "-v" "/var/lib/crater-agent-workspace/builds/worker-40/target:/opt/rustwide/target:rw,Z" "-v" "/var/lib/crater-agent-workspace/builds/worker-40/source:/opt/rustwide/workdir:ro,Z" "-v" "/var/lib/crater-agent-workspace/cargo-home:/opt/rustwide/cargo-home:ro,Z" "-v" "/var/lib/crater-agent-workspace/rustup-home:/opt/rustwide/rustup-home:ro,Z" "-e" "SOURCE_DIR=/opt/rustwide/workdir" "-e" "CARGO_TARGET_DIR=/opt/rustwide/target" "-e" "CARGO_INCREMENTAL=0" "-e" "RUST_BACKTRACE=full" "-e" "RUSTFLAGS=--cap-lints=warn" "-e" "CARGO_HOME=/opt/rustwide/cargo-home" "-e" "RUSTUP_HOME=/opt/rustwide/rustup-home" "-w" "/opt/rustwide/workdir" "-m" "1610612736" "--user" "0:0" "--network" "none" "ghcr.io/rust-lang/crates-build-env/linux@sha256:34b6a614d2c27851fe6cbf88fbd1137609cefab8b10d0615aaeb6fd47975d74e" "/opt/rustwide/cargo-home/bin/cargo" "+beta-2021-08-01" "build" "--frozen" "--message-format=json", kill_on_drop: false }`
[INFO] [stdout] 2739f543c24432423dd70b806e6cbf57a8ccd1c7ed848c027c58f3bc46c17fac
[INFO] running `Command { std: "docker" "start" "-a" "2739f543c24432423dd70b806e6cbf57a8ccd1c7ed848c027c58f3bc46c17fac", kill_on_drop: false }`
[INFO] [stderr]     Blocking waiting for file lock on package cache
[INFO] [stderr]    Compiling memchr v2.4.0
[INFO] [stderr]    Compiling nom v5.1.2
[INFO] [stderr]    Compiling tynm v0.1.6 (/opt/rustwide/workdir)
[INFO] [stderr]     Finished dev [unoptimized + debuginfo] target(s) in 5.33s
[INFO] running `Command { std: "docker" "inspect" "2739f543c24432423dd70b806e6cbf57a8ccd1c7ed848c027c58f3bc46c17fac", kill_on_drop: false }`
[INFO] running `Command { std: "docker" "rm" "-f" "2739f543c24432423dd70b806e6cbf57a8ccd1c7ed848c027c58f3bc46c17fac", kill_on_drop: false }`
[INFO] [stdout] 2739f543c24432423dd70b806e6cbf57a8ccd1c7ed848c027c58f3bc46c17fac
[INFO] running `Command { std: "docker" "create" "-v" "/var/lib/crater-agent-workspace/builds/worker-40/target:/opt/rustwide/target:rw,Z" "-v" "/var/lib/crater-agent-workspace/builds/worker-40/source:/opt/rustwide/workdir:ro,Z" "-v" "/var/lib/crater-agent-workspace/cargo-home:/opt/rustwide/cargo-home:ro,Z" "-v" "/var/lib/crater-agent-workspace/rustup-home:/opt/rustwide/rustup-home:ro,Z" "-e" "SOURCE_DIR=/opt/rustwide/workdir" "-e" "CARGO_TARGET_DIR=/opt/rustwide/target" "-e" "CARGO_INCREMENTAL=0" "-e" "RUST_BACKTRACE=full" "-e" "RUSTFLAGS=--cap-lints=warn" "-e" "CARGO_HOME=/opt/rustwide/cargo-home" "-e" "RUSTUP_HOME=/opt/rustwide/rustup-home" "-w" "/opt/rustwide/workdir" "-m" "1610612736" "--user" "0:0" "--network" "none" "ghcr.io/rust-lang/crates-build-env/linux@sha256:34b6a614d2c27851fe6cbf88fbd1137609cefab8b10d0615aaeb6fd47975d74e" "/opt/rustwide/cargo-home/bin/cargo" "+beta-2021-08-01" "test" "--frozen" "--no-run" "--message-format=json", kill_on_drop: false }`
[INFO] [stdout] bdfeb77bf8aff2edbea99062105f77dcc5a45088f6ec2516af37a2155cc1abef
[INFO] running `Command { std: "docker" "start" "-a" "bdfeb77bf8aff2edbea99062105f77dcc5a45088f6ec2516af37a2155cc1abef", kill_on_drop: false }`
[INFO] [stderr]     Blocking waiting for file lock on package cache
[INFO] [stderr]    Compiling difference v2.0.0
[INFO] [stderr]    Compiling ansi_term v0.11.0
[INFO] [stderr]    Compiling pretty_assertions v0.6.1
[INFO] [stderr]    Compiling tynm v0.1.6 (/opt/rustwide/workdir)
[INFO] [stderr]     Finished test [unoptimized + debuginfo] target(s) in 1.78s
[INFO] running `Command { std: "docker" "inspect" "bdfeb77bf8aff2edbea99062105f77dcc5a45088f6ec2516af37a2155cc1abef", kill_on_drop: false }`
[INFO] running `Command { std: "docker" "rm" "-f" "bdfeb77bf8aff2edbea99062105f77dcc5a45088f6ec2516af37a2155cc1abef", kill_on_drop: false }`
[INFO] [stdout] bdfeb77bf8aff2edbea99062105f77dcc5a45088f6ec2516af37a2155cc1abef
[INFO] running `Command { std: "docker" "create" "-v" "/var/lib/crater-agent-workspace/builds/worker-40/target:/opt/rustwide/target:rw,Z" "-v" "/var/lib/crater-agent-workspace/builds/worker-40/source:/opt/rustwide/workdir:ro,Z" "-v" "/var/lib/crater-agent-workspace/cargo-home:/opt/rustwide/cargo-home:ro,Z" "-v" "/var/lib/crater-agent-workspace/rustup-home:/opt/rustwide/rustup-home:ro,Z" "-e" "SOURCE_DIR=/opt/rustwide/workdir" "-e" "CARGO_TARGET_DIR=/opt/rustwide/target" "-e" "CARGO_INCREMENTAL=0" "-e" "RUST_BACKTRACE=full" "-e" "RUSTFLAGS=--cap-lints=warn" "-e" "CARGO_HOME=/opt/rustwide/cargo-home" "-e" "RUSTUP_HOME=/opt/rustwide/rustup-home" "-w" "/opt/rustwide/workdir" "-m" "1610612736" "--user" "0:0" "--network" "none" "ghcr.io/rust-lang/crates-build-env/linux@sha256:34b6a614d2c27851fe6cbf88fbd1137609cefab8b10d0615aaeb6fd47975d74e" "/opt/rustwide/cargo-home/bin/cargo" "+beta-2021-08-01" "test" "--frozen", kill_on_drop: false }`
[INFO] [stdout] 82b8a75724dc746232e1e9bf309dee3ea5ed1de1704361a02eb572ec4ae58a13
[INFO] running `Command { std: "docker" "start" "-a" "82b8a75724dc746232e1e9bf309dee3ea5ed1de1704361a02eb572ec4ae58a13", kill_on_drop: false }`
[INFO] [stderr]     Finished test [unoptimized + debuginfo] target(s) in 0.03s
[INFO] [stderr]      Running unittests (/opt/rustwide/target/debug/deps/tynm-f6720ac1b9dbbc2d)
[INFO] [stdout] 
[INFO] [stdout] running 15 tests
[INFO] [stdout] test tests::type_name_array ... ok
[INFO] [stdout] test tests::type_name_display ... ok
[INFO] [stdout] test tests::type_name_primitives ... ok
[INFO] [stdout] test tests::type_name_reference ... ok
[INFO] [stdout] test tests::type_name_display_mn ... ok
[INFO] [stdout] test tests::type_name_slice ... ok
[INFO] [stdout] test tests::type_name_unsized ... ok
[INFO] [stdout] test tests::type_name_unit_tuple ... ok
[INFO] [stdout] test tests::type_name_unsized_mn ... ok
[INFO] [stdout] test tests::type_name_usize_mn ... ok
[INFO] [stdout] test types::tests::parse_multi_type_parameterized_struct ... ok
[INFO] [stdout] test types::tests::parse_nested_type_parameterized_struct ... ok
[INFO] [stdout] test types::tests::parse_nested_multi_type_parameterized_struct ... ok
[INFO] [stdout] test types::tests::parse_simple_struct ... ok
[INFO] [stdout] test types::tests::parse_type_parameterized_struct ... ok
[INFO] [stdout] 
[INFO] [stdout] test result: ok. 15 passed; 0 failed; 0 ignored; 0 measured; 0 filtered out; finished in 0.00s
[INFO] [stdout] 
[INFO] [stderr]    Doc-tests tynm
[INFO] [stdout] 
[INFO] [stdout] running 8 tests
[INFO] [stdout] test src/types.rs - types::TypeName::as_display (line 93) ... ok
[INFO] [stdout] test src/types.rs - types::TypeName::as_display_mn (line 124) ... ok
[INFO] [stdout] test src/lib.rs - type_namemn (line 127) ... ok
[INFO] [stdout] test src/lib.rs - type_namem (line 76) ... ok
[INFO] [stdout] test src/lib.rs - type_namen (line 101) ... ok
[INFO] [stdout] test src/lib.rs - type_name (line 54) ... ok
[INFO] [stdout] test src/types.rs - types::TypeNameDisplay (line 16) ... ok
[INFO] [stdout] test src/lib.rs - (line 5) ... FAILED
[INFO] [stdout] 
[INFO] [stdout] failures:
[INFO] [stdout] 
[INFO] [stdout] ---- src/lib.rs - (line 5) stdout ----
[INFO] [stdout] Test executable failed (exit code 101).
[INFO] [stdout] 
[INFO] [stdout] stderr:
[INFO] [stdout] thread 'main' panicked at 'assertion failed: `(left == right)`
[INFO] [stdout]   left: `"rust_out::main::"`,
[INFO] [stdout]  right: `"rust_out::..::three::Struct"`', src/lib.rs:22:31
[INFO] [stdout] stack backtrace:
[INFO] [stdout]    0:     0x558d25896da0 - std::backtrace_rs::backtrace::libunwind::trace::hff4d1766e93f64f1
[INFO] [stdout]                                at /rustc/53fd98ca776cb875bc9e5514f56b52eb74f9e7a9/library/std/src/../../backtrace/src/backtrace/libunwind.rs:90:5
[INFO] [stdout]    1:     0x558d25896da0 - std::backtrace_rs::backtrace::trace_unsynchronized::h56bbc8eb78770bcb
[INFO] [stdout]                                at /rustc/53fd98ca776cb875bc9e5514f56b52eb74f9e7a9/library/std/src/../../backtrace/src/backtrace/mod.rs:66:5
[INFO] [stdout]    2:     0x558d25896da0 - std::sys_common::backtrace::_print_fmt::h5c8e75464faca780
[INFO] [stdout]                                at /rustc/53fd98ca776cb875bc9e5514f56b52eb74f9e7a9/library/std/src/sys_common/backtrace.rs:67:5
[INFO] [stdout]    3:     0x558d25896da0 - <std::sys_common::backtrace::_print::DisplayBacktrace as core::fmt::Display>::fmt::h48b88277def8b362
[INFO] [stdout]                                at /rustc/53fd98ca776cb875bc9e5514f56b52eb74f9e7a9/library/std/src/sys_common/backtrace.rs:46:22
[INFO] [stdout]    4:     0x558d258b03dc - core::fmt::write::h3381b3176fe2b3d3
[INFO] [stdout]                                at /rustc/53fd98ca776cb875bc9e5514f56b52eb74f9e7a9/library/core/src/fmt/mod.rs:1115:17
[INFO] [stdout]    5:     0x558d25895835 - std::io::Write::write_fmt::hd42607e5d8e44db0
[INFO] [stdout]                                at /rustc/53fd98ca776cb875bc9e5514f56b52eb74f9e7a9/library/std/src/io/mod.rs:1665:15
[INFO] [stdout]    6:     0x558d258989db - std::sys_common::backtrace::_print::ha537687d6c17dd0d
[INFO] [stdout]                                at /rustc/53fd98ca776cb875bc9e5514f56b52eb74f9e7a9/library/std/src/sys_common/backtrace.rs:49:5
[INFO] [stdout]    7:     0x558d258989db - std::sys_common::backtrace::print::h61376ae57d131d72
[INFO] [stdout]                                at /rustc/53fd98ca776cb875bc9e5514f56b52eb74f9e7a9/library/std/src/sys_common/backtrace.rs:36:9
[INFO] [stdout]    8:     0x558d258989db - std::panicking::default_hook::{{closure}}::h0f7208c0b9644a54
[INFO] [stdout]                                at /rustc/53fd98ca776cb875bc9e5514f56b52eb74f9e7a9/library/std/src/panicking.rs:208:50
[INFO] [stdout]    9:     0x558d258984b1 - std::panicking::default_hook::hdac7fc06578c14ce
[INFO] [stdout]                                at /rustc/53fd98ca776cb875bc9e5514f56b52eb74f9e7a9/library/std/src/panicking.rs:225:9
[INFO] [stdout]   10:     0x558d258990a4 - std::panicking::rust_panic_with_hook::h72b21c283da3d1ef
[INFO] [stdout]                                at /rustc/53fd98ca776cb875bc9e5514f56b52eb74f9e7a9/library/std/src/panicking.rs:622:17
[INFO] [stdout]   11:     0x558d25898b87 - std::panicking::begin_panic_handler::{{closure}}::he5778f1729cff84a
[INFO] [stdout]                                at /rustc/53fd98ca776cb875bc9e5514f56b52eb74f9e7a9/library/std/src/panicking.rs:519:13
[INFO] [stdout]   12:     0x558d2589727c - std::sys_common::backtrace::__rust_end_short_backtrace::h2d11ca8b453b4b1d
[INFO] [stdout]                                at /rustc/53fd98ca776cb875bc9e5514f56b52eb74f9e7a9/library/std/src/sys_common/backtrace.rs:141:18
[INFO] [stdout]   13:     0x558d25898ae9 - rust_begin_unwind
[INFO] [stdout]                                at /rustc/53fd98ca776cb875bc9e5514f56b52eb74f9e7a9/library/std/src/panicking.rs:515:5
[INFO] [stdout]   14:     0x558d25866e21 - core::panicking::panic_fmt::hf9de31d4acbce4db
[INFO] [stdout]                                at /rustc/53fd98ca776cb875bc9e5514f56b52eb74f9e7a9/library/core/src/panicking.rs:92:14
[INFO] [stdout]   15:     0x558d258af698 - core::panicking::assert_failed_inner::h62e8cb2847a6e7ec
[INFO] [stdout]   16:     0x558d2586814a - core::panicking::assert_failed::hf3b619d755b68a2d
[INFO] [stdout]   17:     0x558d258696b0 - rust_out::main::_doctest_main_src_lib_rs_5_0::{{closure}}::h1d831b6661194434
[INFO] [stdout]   18:     0x558d258691b0 - <core::slice::iter::Iter<T> as core::iter::traits::iterator::Iterator>::for_each::h879fbf87848b0b38
[INFO] [stdout]   19:     0x558d25869611 - rust_out::main::_doctest_main_src_lib_rs_5_0::hdf699776b6ec4a50
[INFO] [stdout]   20:     0x558d258691f6 - rust_out::main::h61823b600df25383
[INFO] [stdout]   21:     0x558d258678b3 - core::ops::function::FnOnce::call_once::h3d07824a44777914
[INFO] [stdout]   22:     0x558d25867689 - std::sys_common::backtrace::__rust_begin_short_backtrace::h1ee1ba859d3174aa
[INFO] [stdout]   23:     0x558d25867709 - std::rt::lang_start::{{closure}}::hee9719d6b6efb7fa
[INFO] [stdout]   24:     0x558d258995aa - core::ops::function::impls::<impl core::ops::function::FnOnce<A> for &F>::call_once::ha88a7d1a4d24e549
[INFO] [stdout]                                at /rustc/53fd98ca776cb875bc9e5514f56b52eb74f9e7a9/library/core/src/ops/function.rs:259:13
[INFO] [stdout]   25:     0x558d258995aa - std::panicking::try::do_call::hd3b1d7740607ccc7
[INFO] [stdout]                                at /rustc/53fd98ca776cb875bc9e5514f56b52eb74f9e7a9/library/std/src/panicking.rs:401:40
[INFO] [stdout]   26:     0x558d258995aa - std::panicking::try::h0ee8c65ac7461507
[INFO] [stdout]                                at /rustc/53fd98ca776cb875bc9e5514f56b52eb74f9e7a9/library/std/src/panicking.rs:365:19
[INFO] [stdout]   27:     0x558d258995aa - std::panic::catch_unwind::head47f0de4ccd838
[INFO] [stdout]                                at /rustc/53fd98ca776cb875bc9e5514f56b52eb74f9e7a9/library/std/src/panic.rs:434:14
[INFO] [stdout]   28:     0x558d258995aa - std::rt::lang_start_internal::{{closure}}::hbc7de8ec820ac085
[INFO] [stdout]                                at /rustc/53fd98ca776cb875bc9e5514f56b52eb74f9e7a9/library/std/src/rt.rs:45:48
[INFO] [stdout]   29:     0x558d258995aa - std::panicking::try::do_call::h2609e52e8bad4a7b
[INFO] [stdout]                                at /rustc/53fd98ca776cb875bc9e5514f56b52eb74f9e7a9/library/std/src/panicking.rs:401:40
[INFO] [stdout]   30:     0x558d258995aa - std::panicking::try::hd0929f0b603e0389
[INFO] [stdout]                                at /rustc/53fd98ca776cb875bc9e5514f56b52eb74f9e7a9/library/std/src/panicking.rs:365:19
[INFO] [stdout]   31:     0x558d258995aa - std::panic::catch_unwind::h27902b81c3e47571
[INFO] [stdout]                                at /rustc/53fd98ca776cb875bc9e5514f56b52eb74f9e7a9/library/std/src/panic.rs:434:14
[INFO] [stdout]   32:     0x558d258995aa - std::rt::lang_start_internal::h3fb2d794dd391e3e
[INFO] [stdout]                                at /rustc/53fd98ca776cb875bc9e5514f56b52eb74f9e7a9/library/std/src/rt.rs:45:20
[INFO] [stdout]   33:     0x558d258676e1 - std::rt::lang_start::h0745d281d96e0cdb
[INFO] [stdout]   34:     0x558d258696d3 - main
[INFO] [stdout]   35:     0x7f669b4660b3 - __libc_start_main
[INFO] [stdout]   36:     0x558d2586757e - _start
[INFO] [stdout]   37:                0x0 - <unknown>
[INFO] [stdout] 
[INFO] [stdout] 
[INFO] [stdout] 
[INFO] [stdout] failures:
[INFO] [stdout]     src/lib.rs - (line 5)
[INFO] [stdout] 
[INFO] [stdout] test result: FAILED. 7 passed; 1 failed; 0 ignored; 0 measured; 0 filtered out; finished in 0.35s
[INFO] [stdout] 
[INFO] [stderr] error: test failed, to rerun pass '--doc'
[INFO] running `Command { std: "docker" "inspect" "82b8a75724dc746232e1e9bf309dee3ea5ed1de1704361a02eb572ec4ae58a13", kill_on_drop: false }`
[INFO] running `Command { std: "docker" "rm" "-f" "82b8a75724dc746232e1e9bf309dee3ea5ed1de1704361a02eb572ec4ae58a13", kill_on_drop: false }`
[INFO] [stdout] 82b8a75724dc746232e1e9bf309dee3ea5ed1de1704361a02eb572ec4ae58a13
