[INFO] fetching crate twofloat 0.4.1...
[INFO] testing twofloat-0.4.1 against 1.54.0 for beta-1.55-1
[INFO] extracting crate twofloat 0.4.1 into /workspace/builds/worker-99/source
[INFO] validating manifest of crates.io crate twofloat 0.4.1 on toolchain 1.54.0
[INFO] running `Command { std: "/workspace/cargo-home/bin/cargo" "+1.54.0" "metadata" "--manifest-path" "Cargo.toml" "--no-deps", kill_on_drop: false }`
[INFO] started tweaking crates.io crate twofloat 0.4.1
[INFO] finished tweaking crates.io crate twofloat 0.4.1
[INFO] tweaked toml for crates.io crate twofloat 0.4.1 written to /workspace/builds/worker-99/source/Cargo.toml
[INFO] running `Command { std: "/workspace/cargo-home/bin/cargo" "+1.54.0" "generate-lockfile" "--manifest-path" "Cargo.toml" "-Zno-index-update", kill_on_drop: false }`
[INFO] running `Command { std: "/workspace/cargo-home/bin/cargo" "+1.54.0" "fetch" "--manifest-path" "Cargo.toml", kill_on_drop: false }`
[INFO] running `Command { std: "docker" "create" "-v" "/var/lib/crater-agent-workspace/builds/worker-99/target:/opt/rustwide/target:rw,Z" "-v" "/var/lib/crater-agent-workspace/builds/worker-99/source:/opt/rustwide/workdir:ro,Z" "-v" "/var/lib/crater-agent-workspace/cargo-home:/opt/rustwide/cargo-home:ro,Z" "-v" "/var/lib/crater-agent-workspace/rustup-home:/opt/rustwide/rustup-home:ro,Z" "-e" "SOURCE_DIR=/opt/rustwide/workdir" "-e" "CARGO_TARGET_DIR=/opt/rustwide/target" "-e" "CARGO_HOME=/opt/rustwide/cargo-home" "-e" "RUSTUP_HOME=/opt/rustwide/rustup-home" "-w" "/opt/rustwide/workdir" "-m" "1610612736" "--user" "0:0" "--network" "none" "ghcr.io/rust-lang/crates-build-env/linux@sha256:34b6a614d2c27851fe6cbf88fbd1137609cefab8b10d0615aaeb6fd47975d74e" "/opt/rustwide/cargo-home/bin/cargo" "+1.54.0" "metadata" "--no-deps" "--format-version=1", kill_on_drop: false }`
[INFO] [stdout] 3259c13809b2bb64d01715279f27acebbf83228ff31b2f0608df4d13d67fd7ea
[INFO] running `Command { std: "docker" "start" "-a" "3259c13809b2bb64d01715279f27acebbf83228ff31b2f0608df4d13d67fd7ea", kill_on_drop: false }`
[INFO] running `Command { std: "docker" "inspect" "3259c13809b2bb64d01715279f27acebbf83228ff31b2f0608df4d13d67fd7ea", kill_on_drop: false }`
[INFO] running `Command { std: "docker" "rm" "-f" "3259c13809b2bb64d01715279f27acebbf83228ff31b2f0608df4d13d67fd7ea", kill_on_drop: false }`
[INFO] [stdout] 3259c13809b2bb64d01715279f27acebbf83228ff31b2f0608df4d13d67fd7ea
[INFO] running `Command { std: "docker" "create" "-v" "/var/lib/crater-agent-workspace/builds/worker-99/target:/opt/rustwide/target:rw,Z" "-v" "/var/lib/crater-agent-workspace/builds/worker-99/source:/opt/rustwide/workdir:ro,Z" "-v" "/var/lib/crater-agent-workspace/cargo-home:/opt/rustwide/cargo-home:ro,Z" "-v" "/var/lib/crater-agent-workspace/rustup-home:/opt/rustwide/rustup-home:ro,Z" "-e" "SOURCE_DIR=/opt/rustwide/workdir" "-e" "CARGO_TARGET_DIR=/opt/rustwide/target" "-e" "CARGO_INCREMENTAL=0" "-e" "RUST_BACKTRACE=full" "-e" "RUSTFLAGS=--cap-lints=warn" "-e" "CARGO_HOME=/opt/rustwide/cargo-home" "-e" "RUSTUP_HOME=/opt/rustwide/rustup-home" "-w" "/opt/rustwide/workdir" "-m" "1610612736" "--user" "0:0" "--network" "none" "ghcr.io/rust-lang/crates-build-env/linux@sha256:34b6a614d2c27851fe6cbf88fbd1137609cefab8b10d0615aaeb6fd47975d74e" "/opt/rustwide/cargo-home/bin/cargo" "+1.54.0" "build" "--frozen" "--message-format=json", kill_on_drop: false }`
[INFO] [stdout] b86779af16052a5a3a6ae51fcbd5df55cec6ad3b8ee4354697628e83e9a89cfd
[INFO] running `Command { std: "docker" "start" "-a" "b86779af16052a5a3a6ae51fcbd5df55cec6ad3b8ee4354697628e83e9a89cfd", kill_on_drop: false }`
[INFO] [stderr]    Compiling twofloat v0.4.1 (/opt/rustwide/workdir)
[INFO] [stderr]     Finished dev [unoptimized + debuginfo] target(s) in 1.33s
[INFO] running `Command { std: "docker" "inspect" "b86779af16052a5a3a6ae51fcbd5df55cec6ad3b8ee4354697628e83e9a89cfd", kill_on_drop: false }`
[INFO] running `Command { std: "docker" "rm" "-f" "b86779af16052a5a3a6ae51fcbd5df55cec6ad3b8ee4354697628e83e9a89cfd", kill_on_drop: false }`
[INFO] [stdout] b86779af16052a5a3a6ae51fcbd5df55cec6ad3b8ee4354697628e83e9a89cfd
[INFO] running `Command { std: "docker" "create" "-v" "/var/lib/crater-agent-workspace/builds/worker-99/target:/opt/rustwide/target:rw,Z" "-v" "/var/lib/crater-agent-workspace/builds/worker-99/source:/opt/rustwide/workdir:ro,Z" "-v" "/var/lib/crater-agent-workspace/cargo-home:/opt/rustwide/cargo-home:ro,Z" "-v" "/var/lib/crater-agent-workspace/rustup-home:/opt/rustwide/rustup-home:ro,Z" "-e" "SOURCE_DIR=/opt/rustwide/workdir" "-e" "CARGO_TARGET_DIR=/opt/rustwide/target" "-e" "CARGO_INCREMENTAL=0" "-e" "RUST_BACKTRACE=full" "-e" "RUSTFLAGS=--cap-lints=warn" "-e" "CARGO_HOME=/opt/rustwide/cargo-home" "-e" "RUSTUP_HOME=/opt/rustwide/rustup-home" "-w" "/opt/rustwide/workdir" "-m" "1610612736" "--user" "0:0" "--network" "none" "ghcr.io/rust-lang/crates-build-env/linux@sha256:34b6a614d2c27851fe6cbf88fbd1137609cefab8b10d0615aaeb6fd47975d74e" "/opt/rustwide/cargo-home/bin/cargo" "+1.54.0" "test" "--frozen" "--no-run" "--message-format=json", kill_on_drop: false }`
[INFO] [stdout] 16c8e2b6fdfd56e4bc42806b748444cba230b3d38b50ebfb157f6a3e543f7ae0
[INFO] running `Command { std: "docker" "start" "-a" "16c8e2b6fdfd56e4bc42806b748444cba230b3d38b50ebfb157f6a3e543f7ae0", kill_on_drop: false }`
[INFO] [stderr]    Compiling libc v0.2.98
[INFO] [stderr]    Compiling getrandom v0.1.16
[INFO] [stderr]    Compiling cfg-if v1.0.0
[INFO] [stderr]    Compiling serde v1.0.127
[INFO] [stderr]    Compiling ppv-lite86 v0.2.10
[INFO] [stderr]    Compiling rand_core v0.5.1
[INFO] [stderr]    Compiling rand_chacha v0.2.2
[INFO] [stderr]    Compiling rand v0.7.3
[INFO] [stderr]    Compiling serde_test v1.0.127
[INFO] [stderr]    Compiling twofloat v0.4.1 (/opt/rustwide/workdir)
[INFO] [stderr]     Finished test [unoptimized + debuginfo] target(s) in 9.95s
[INFO] running `Command { std: "docker" "inspect" "16c8e2b6fdfd56e4bc42806b748444cba230b3d38b50ebfb157f6a3e543f7ae0", kill_on_drop: false }`
[INFO] running `Command { std: "docker" "rm" "-f" "16c8e2b6fdfd56e4bc42806b748444cba230b3d38b50ebfb157f6a3e543f7ae0", kill_on_drop: false }`
[INFO] [stdout] 16c8e2b6fdfd56e4bc42806b748444cba230b3d38b50ebfb157f6a3e543f7ae0
[INFO] running `Command { std: "docker" "create" "-v" "/var/lib/crater-agent-workspace/builds/worker-99/target:/opt/rustwide/target:rw,Z" "-v" "/var/lib/crater-agent-workspace/builds/worker-99/source:/opt/rustwide/workdir:ro,Z" "-v" "/var/lib/crater-agent-workspace/cargo-home:/opt/rustwide/cargo-home:ro,Z" "-v" "/var/lib/crater-agent-workspace/rustup-home:/opt/rustwide/rustup-home:ro,Z" "-e" "SOURCE_DIR=/opt/rustwide/workdir" "-e" "CARGO_TARGET_DIR=/opt/rustwide/target" "-e" "CARGO_INCREMENTAL=0" "-e" "RUST_BACKTRACE=full" "-e" "RUSTFLAGS=--cap-lints=warn" "-e" "CARGO_HOME=/opt/rustwide/cargo-home" "-e" "RUSTUP_HOME=/opt/rustwide/rustup-home" "-w" "/opt/rustwide/workdir" "-m" "1610612736" "--user" "0:0" "--network" "none" "ghcr.io/rust-lang/crates-build-env/linux@sha256:34b6a614d2c27851fe6cbf88fbd1137609cefab8b10d0615aaeb6fd47975d74e" "/opt/rustwide/cargo-home/bin/cargo" "+1.54.0" "test" "--frozen", kill_on_drop: false }`
[INFO] [stdout] 14a4fdda463b12a187753d0532561c25501e9e60e8d54a75220ea359306af2ce
[INFO] running `Command { std: "docker" "start" "-a" "14a4fdda463b12a187753d0532561c25501e9e60e8d54a75220ea359306af2ce", kill_on_drop: false }`
[INFO] [stdout] 
[INFO] [stderr]     Finished test [unoptimized + debuginfo] target(s) in 0.05s
[INFO] [stdout] running 58 tests
[INFO] [stderr]      Running unittests (/opt/rustwide/target/debug/deps/twofloat-7c576620e4072290)
[INFO] [stdout] test base::tests::display_test ... ok
[INFO] [stdout] test base::tests::lowerexp_test ... ok
[INFO] [stdout] test consts::tests::FRAC_PI_2::valid_test ... ok
[INFO] [stdout] test consts::tests::FRAC_1_PI::valid_test ... ok
[INFO] [stdout] test consts::tests::FRAC_2_PI::valid_test ... ok
[INFO] [stdout] test consts::tests::E::valid_test ... ok
[INFO] [stdout] test consts::tests::FRAC_PI_6::value_test ... ok
[INFO] [stdout] test base::tests::default_test ... ok
[INFO] [stdout] test consts::tests::FRAC_1_SQRT_2::value_test ... ok
[INFO] [stdout] test consts::tests::FRAC_PI_8::valid_test ... ok
[INFO] [stdout] test consts::tests::E::value_test ... ok
[INFO] [stdout] test consts::tests::FRAC_PI_3::value_test ... ok
[INFO] [stdout] test consts::tests::FRAC_1_SQRT_2::valid_test ... ok
[INFO] [stdout] test consts::tests::FRAC_2_SQRT_PI::value_test ... ok
[INFO] [stdout] test consts::tests::FRAC_PI_4::valid_test ... ok
[INFO] [stdout] test consts::tests::FRAC_PI_2::value_test ... ok
[INFO] [stdout] test consts::tests::FRAC_2_PI::value_test ... ok
[INFO] [stdout] test consts::tests::FRAC_PI_3::valid_test ... ok
[INFO] [stdout] test consts::tests::FRAC_PI_4::value_test ... ok
[INFO] [stdout] test consts::tests::FRAC_PI_6::valid_test ... ok
[INFO] [stdout] test base::tests::upperexp_test ... ok
[INFO] [stdout] test consts::tests::FRAC_2_SQRT_PI::valid_test ... ok
[INFO] [stdout] test base::tests::no_overlap_test ... ok
[INFO] [stdout] test consts::tests::LN_10::value_test ... ok
[INFO] [stdout] test consts::tests::LN_2::valid_test ... ok
[INFO] [stdout] test consts::tests::FRAC_PI_8::value_test ... ok
[INFO] [stdout] test consts::tests::LOG2_E::valid_test ... ok
[INFO] [stdout] test functions::explog::tests::ln_test ... ok
[INFO] [stdout] test consts::tests::LN_2::value_test ... ok
[INFO] [stdout] test consts::tests::LOG10_E::value_test ... ok
[INFO] [stdout] test consts::tests::LOG10_E::valid_test ... ok
[INFO] [stdout] test consts::tests::LOG10_2::valid_test ... ok
[INFO] [stdout] test consts::tests::LN_10::valid_test ... ok
[INFO] [stdout] test consts::tests::FRAC_1_PI::value_test ... ok
[INFO] [stdout] test functions::fraction::tests::round_test ... ok
[INFO] [stdout] test functions::sign::tests::is_sign_negative_test ... ok
[INFO] [stdout] test functions::sign::tests::is_sign_positive_test ... ok
[INFO] [stdout] test functions::sign::tests::abs_test ... ok
[INFO] [stdout] test functions::trigonometry::tests::atan_test ... ok
[INFO] [stdout] test functions::trigonometry::tests::cos_test ... ok
[INFO] [stdout] test functions::trigonometry::tests::sin_test ... ok
[INFO] [stdout] test functions::trigonometry::tests::quadrant_test ... ok
[INFO] [stdout] test functions::trigonometry::tests::tan_test ... ok
[INFO] [stdout] test functions::fraction::tests::trunc_test ... ok
[INFO] [stdout] test consts::tests::LOG2_E::value_test ... ok
[INFO] [stdout] test consts::tests::PI::valid_test ... ok
[INFO] [stdout] test functions::trigonometry::tests::asin_test ... ok
[INFO] [stdout] test consts::tests::LOG2_10::valid_test ... ok
[INFO] [stdout] test functions::trigonometry::tests::atan2_test ... ok
[INFO] [stdout] test consts::tests::SQRT_2::value_test ... ok
[INFO] [stdout] test consts::tests::PI::value_test ... ok
[INFO] [stdout] test functions::fraction::tests::ceil_test ... ok
[INFO] [stdout] test consts::tests::TAU::valid_test ... ok
[INFO] [stdout] test functions::explog::tests::exp_test ... ok
[INFO] [stdout] test functions::fraction::tests::floor_test ... ok
[INFO] [stdout] test functions::trigonometry::tests::acos_test ... ok
[INFO] [stdout] test consts::tests::SQRT_2::valid_test ... ok
[INFO] [stderr]      Running tests/arithmetic_tests.rs (/opt/rustwide/target/debug/deps/arithmetic_tests-e9a6fa18a12ead1d)
[INFO] [stdout] test arithmetic::tests::fast_two_sum_test ... ok
[INFO] [stdout] 
[INFO] [stdout] test result: ok. 58 passed; 0 failed; 0 ignored; 0 measured; 0 filtered out; finished in 0.93s
[INFO] [stdout] 
[INFO] [stdout] 
[INFO] [stdout] running 35 tests
[INFO] [stdout] test add_f64_test::value_left_test ... ok
[INFO] [stdout] test add_f64_test::reversible_test ... ok
[INFO] [stdout] test mul_test::value_test ... ok
[INFO] [stdout] test sub_f64_test::value_left_test ... ok
[INFO] [stdout] test rem_f64_test::value_right_test ... ok
[INFO] [stdout] test rem_f64_test::value_left_test ... ok
[INFO] [stdout] test div_f64_test::value_left_test ... ok
[INFO] [stdout] test rem_test::value_test ... ok
[INFO] [stdout] test sub_f64_test::value_right_test ... ok
[INFO] [stdout] test mul_f64_test::reversible_test ... ok
[INFO] [stdout] test div_f64_test::value_right_test ... ok
[INFO] [stdout] test sub_test::value_test ... ok
[INFO] [stdout] test div_test::value_test ... ok
[INFO] [stdout] test mul_f64_test::value_left_test ... ok
[INFO] [stdout] test add_test::value_test ... ok
[INFO] [stdout] test new_div_test ... ok
[INFO] [stdout] test new_sub_test ... ok
[INFO] [stdout] test new_add_test ... ok
[INFO] [stdout] test new_mul_test ... ok
[INFO] [stdout] test neg_test ... ok
[INFO] [stdout] test add_f64_test::ref_overloads_right_test ... ok
[INFO] [stdout] test add_f64_test::ref_overloads_left_test ... ok
[INFO] [stdout] test sub_f64_test::ref_overloads_right_test ... ok
[INFO] [stdout] test mul_f64_test::ref_overloads_right_test ... ok
[INFO] [stdout] test sub_f64_test::ref_overloads_left_test ... ok
[INFO] [stdout] test rem_f64_test::ref_overloads_right_test ... ok
[INFO] [stdout] test div_f64_test::ref_overloads_right_test ... ok
[INFO] [stdout] test rem_test::ref_overloads_test ... ok
[INFO] [stdout] test rem_f64_test::ref_overloads_left_test ... ok
[INFO] [stdout] test mul_f64_test::ref_overloads_left_test ... ok
[INFO] [stdout] test div_f64_test::ref_overloads_left_test ... ok
[INFO] [stdout] test add_test::ref_overloads_test ... ok
[INFO] [stdout] test div_test::ref_overloads_test ... ok
[INFO] [stdout] test sub_test::ref_overloads_test ... ok
[INFO] [stdout] test mul_test::ref_overloads_test ... ok
[INFO] [stdout] 
[INFO] [stdout] test result: ok. 35 passed; 0 failed; 0 ignored; 0 measured; 0 filtered out; finished in 7.53s
[INFO] [stdout] 
[INFO] [stderr]      Running tests/base_tests.rs (/opt/rustwide/target/debug/deps/base_tests-497abc5205ff19f6)
[INFO] [stdout] 
[INFO] [stdout] running 15 tests
[INFO] [stdout] test copy_test ... ok
[INFO] [stdout] test clone_test ... ok
[INFO] [stdout] test compare_f64_test ... ok
[INFO] [stdout] test greater_equal_ref_test ... ok
[INFO] [stdout] test max_test ... ok
[INFO] [stdout] test greater_than_test ... ok
[INFO] [stdout] test less_equal_ref_test ... ok
[INFO] [stdout] test less_equal_test ... ok
[INFO] [stdout] test equality_test ... ok
[INFO] [stdout] test less_than_test ... ok
[INFO] [stdout] test min_test ... ok
[INFO] [stdout] test greater_than_ref_test ... ok
[INFO] [stdout] test less_than_ref_test ... ok
[INFO] [stdout] test greater_equal_test ... ok
[INFO] [stdout] test equality_f64_test ... ok
[INFO] [stdout] 
[INFO] [stdout] test result: ok. 15 passed; 0 failed; 0 ignored; 0 measured; 0 filtered out; finished in 4.59s
[INFO] [stdout] 
[INFO] [stderr]      Running tests/convert_tests.rs (/opt/rustwide/target/debug/deps/convert_tests-a7626a54ac78b0c5)
[INFO] [stdout] 
[INFO] [stdout] running 72 tests
[INFO] [stdout] test i16_test::to_twofloat ... ok
[INFO] [stdout] test i8_test::to_twofloat ... ok
[INFO] [stdout] test i32_test::to_twofloat ... ok
[INFO] [stdout] test u16_test::to_twofloat ... ok
[INFO] [stdout] test u8_test::to_twofloat ... ok
[INFO] [stdout] test i64_test::to_twofloat ... ok
[INFO] [stdout] test i128_test::to_twofloat_exact ... ok
[INFO] [stdout] test from_f64_test ... ok
[INFO] [stdout] test i128_test::inexact_roundtrip ... ok
[INFO] [stdout] test i128_test::from_twofloat_upper_bound ... ok
[INFO] [stdout] test i128_test::from_twofloat_lower_bound ... ok
[INFO] [stdout] test i64_test::from_twofloat_upper_bound ... ok
[INFO] [stdout] test i32_test::from_twofloat_upper_bound ... ok
[INFO] [stdout] test u128_test::from_twofloat_upper_bound ... ok
[INFO] [stdout] test i8_test::from_twofloat_upper_bound ... ok
[INFO] [stdout] test from_f32_test ... ok
[INFO] [stdout] test u128_test::from_twofloat_lower_bound ... ok
[INFO] [stdout] test u32_test::to_twofloat ... ok
[INFO] [stdout] test i128_test::from_twofloat_high_fract ... ok
[INFO] [stdout] test i64_test::from_twofloat_large ... ok
[INFO] [stdout] test u64_test::to_twofloat ... ok
[INFO] [stdout] test i16_test::from_twofloat_lower_bound ... ok
[INFO] [stdout] test u8_test::from_twofloat_lower_bound ... ok
[INFO] [stdout] test i16_test::from_twofloat_upper_bound ... ok
[INFO] [stdout] test i32_test::from_twofloat_split_fract ... ok
[INFO] [stdout] test i32_test::from_twofloat_lower_bound ... ok
[INFO] [stdout] test u64_test::from_twofloat_large ... ok
[INFO] [stdout] test u128_test::from_twofloat_high_fract ... ok
[INFO] [stdout] test u16_test::from_twofloat_upper_bound ... ok
[INFO] [stdout] test u16_test::from_twofloat_lower_bound ... ok
[INFO] [stdout] test u8_test::from_twofloat_upper_bound ... ok
[INFO] [stdout] test u32_test::from_twofloat_lower_bound ... ok
[INFO] [stdout] test u64_test::from_twofloat_upper_bound ... ok
[INFO] [stdout] test i16_test::from_twofloat_with_fract ... ok
[INFO] [stdout] test i8_test::from_twofloat_split_fract ... ok
[INFO] [stdout] test u64_test::from_twofloat_lower_bound ... ok
[INFO] [stdout] test i64_test::from_twofloat_lower_bound ... ok
[INFO] [stdout] test u32_test::from_twofloat_upper_bound ... ok
[INFO] [stdout] test i8_test::from_twofloat_lower_bound ... ok
[INFO] [stdout] test u64_test::from_twofloat_high_fract ... ok
[INFO] [stdout] test u16_test::from_twofloat_split_fract ... ok
[INFO] [stdout] test u128_test::inexact_roundtrip ... ok
[INFO] [stdout] test u128_test::to_twofloat_exact ... ok
[INFO] [stdout] test i8_test::from_twofloat_with_fract ... ok
[INFO] [stdout] test u32_test::from_twofloat_split_fract ... ok
[INFO] [stdout] test i64_test::from_twofloat_high_fract ... ok
[INFO] [stdout] test i64_test::from_twofloat_out_of_range ... ok
[INFO] [stdout] test into_f32_test ... ok
[INFO] [stdout] test i32_test::from_twofloat_with_fract ... ok
[INFO] [stdout] test i32_test::from_twofloat_out_of_range ... ok
[INFO] [stdout] test try_from_array_no_overlap_test ... ok
[INFO] [stdout] test try_from_tuple_overlap_test ... ok
[INFO] [stdout] test u16_test::from_twofloat_with_fract ... ok
[INFO] [stdout] test u128_test::from_twofloat_out_of_range ... ok
[INFO] [stdout] test u8_test::from_twofloat_out_of_range ... ok
[INFO] [stdout] test u128_test::from_twofloat_split_fract ... ok
[INFO] [stdout] test u8_test::from_twofloat_with_fract ... ok
[INFO] [stdout] test try_from_tuple_no_overlap_test ... ok
[INFO] [stdout] test i128_test::from_twofloat_out_of_range ... ok
[INFO] [stdout] test i16_test::from_twofloat_split_fract ... ok
[INFO] [stdout] test i16_test::from_twofloat_out_of_range ... ok
[INFO] [stdout] test u32_test::from_twofloat_out_of_range ... ok
[INFO] [stdout] test i128_test::from_twofloat_split_fract ... ok
[INFO] [stdout] test into_f64_test ... ok
[INFO] [stdout] test try_from_array_overlap_test ... ok
[INFO] [stdout] test u32_test::from_twofloat_with_fract ... ok
[INFO] [stdout] test u64_test::from_twofloat_out_of_range ... ok
[INFO] [stdout] test u16_test::from_twofloat_out_of_range ... ok
[INFO] [stdout] test u8_test::from_twofloat_split_fract ... ok
[INFO] [stdout] test i64_test::from_twofloat_split_fract ... ok
[INFO] [stdout] test i8_test::from_twofloat_out_of_range ... ok
[INFO] [stderr]      Running tests/explog_tests.rs (/opt/rustwide/target/debug/deps/explog_tests-8a33820f1a6d13ed)
[INFO] [stdout] test u64_test::from_twofloat_split_fract ... ok
[INFO] [stdout] 
[INFO] [stdout] test result: ok. 72 passed; 0 failed; 0 ignored; 0 measured; 0 filtered out; finished in 7.74s
[INFO] [stdout] 
[INFO] [stdout] 
[INFO] [stdout] running 5 tests
[INFO] [stdout] test tests::exp_m1_test ... ok
[INFO] [stdout] test tests::exp_test ... ok
[INFO] [stdout] test tests::ln_test ... ok
[INFO] [stdout] test tests::ln_1p_test ... ok
[INFO] [stdout] test tests::ln_negative_test ... ok
[INFO] [stdout] 
[INFO] [stdout] test result: ok. 5 passed; 0 failed; 0 ignored; 0 measured; 0 filtered out; finished in 3.79s
[INFO] [stdout] 
[INFO] [stderr]      Running tests/fraction_tests.rs (/opt/rustwide/target/debug/deps/fraction_tests-eb516205f104f264)
[INFO] [stdout] 
[INFO] [stdout] running 26 tests
[INFO] [stdout] test floor_no_lo_word_test ... ok
[INFO] [stdout] test round_no_lo_word_test ... ok
[INFO] [stdout] test trunc_no_lo_word_test ... ok
[INFO] [stdout] test fract_no_lo_word_test ... ok
[INFO] [stdout] test ceil_no_lo_word_test ... ok
[INFO] [stdout] test floor_no_lo_fract_test ... ok
[INFO] [stdout] test round_no_fract_test ... ok
[INFO] [stdout] test ceil_no_lo_fract_test ... ok
[INFO] [stdout] test ceil_no_fract_test ... ok
[INFO] [stdout] test fract_no_fract_test ... ok
[INFO] [stdout] test floor_no_fract_test ... ok
[INFO] [stdout] test trunc_no_fract_test ... ok
[INFO] [stdout] test round_no_lo_fract_test ... ok
[INFO] [stdout] test trunc_no_lo_fract_test ... ok
[INFO] [stdout] test ceil_lo_fract_test ... ok
[INFO] [stdout] test round_lo_fract_test ... ok
[INFO] [stdout] test floor_lo_fract_test ... ok
[INFO] [stdout] test trunc_lo_fract_test ... ok
[INFO] [stdout] test fract_lo_fract_test ... ok
[INFO] [stdout] test round_hi_half_test ... ok
[INFO] [stdout] test round_lo_half_test ... ok
[INFO] [stdout] test fract_hi_fract_test ... ok
[INFO] [stdout] test floor_hi_fract_test ... ok
[INFO] [stdout] test round_hi_fract_test ... ok
[INFO] [stdout] test ceil_hi_fract_test ... ok
[INFO] [stdout] test trunc_hi_fract_test ... ok
[INFO] [stdout] 
[INFO] [stdout] test result: ok. 26 passed; 0 failed; 0 ignored; 0 measured; 0 filtered out; finished in 11.34s
[INFO] [stdout] 
[INFO] [stderr]      Running tests/hyperbolic_tests.rs (/opt/rustwide/target/debug/deps/hyperbolic_tests-628544cb6b097354)
[INFO] [stdout] 
[INFO] [stdout] running 4 tests
[INFO] [stdout] test tests::sinh_asinh_test ... ok
[INFO] [stdout] test tests::cosh_acosh_test ... ok
[INFO] [stdout] test tests::tanh_atanh_test ... ok
[INFO] [stdout] test tests::cosh_sinh_test ... ok
[INFO] [stdout] 
[INFO] [stdout] test result: ok. 4 passed; 0 failed; 0 ignored; 0 measured; 0 filtered out; finished in 2.00s
[INFO] [stdout] 
[INFO] [stderr]      Running tests/power_tests.rs (/opt/rustwide/target/debug/deps/power_tests-a6490288a195948e)
[INFO] [stdout] 
[INFO] [stdout] running 11 tests
[INFO] [stdout] test tests::powi_reciprocal_test ... ok
[INFO] [stdout] test tests::powi_value_test ... ok
[INFO] [stdout] test tests::powf_test ... ok
[INFO] [stdout] test tests::powi_1_test ... ok
[INFO] [stdout] test tests::recip_test ... ok
[INFO] [stdout] test tests::powf_zero_test ... ok
[INFO] [stdout] test tests::zero_powf_test ... ok
[INFO] [stdout] test tests::powi_0_test ... ok
[INFO] [stdout] test tests::cbrt_test ... ok
[INFO] [stdout] test tests::sqrt_negative_test ... ok
[INFO] [stdout] test tests::sqrt_test ... ok
[INFO] [stdout] 
[INFO] [stdout] test result: ok. 11 passed; 0 failed; 0 ignored; 0 measured; 0 filtered out; finished in 3.17s
[INFO] [stdout] 
[INFO] [stderr]      Running tests/serde_tests.rs (/opt/rustwide/target/debug/deps/serde_tests-9d2390cf53dad72e)
[INFO] [stdout] 
[INFO] [stdout] running 0 tests
[INFO] [stdout] 
[INFO] [stdout] test result: ok. 0 passed; 0 failed; 0 ignored; 0 measured; 0 filtered out; finished in 0.00s
[INFO] [stdout] 
[INFO] [stderr]      Running tests/trigonometry_tests.rs (/opt/rustwide/target/debug/deps/trigonometry_tests-010a077fd2930f33)
[INFO] [stdout] 
[INFO] [stdout] running 5 tests
[INFO] [stdout] test tests::sin_asin_test ... ok
[INFO] [stdout] test tests::cos_acos_test ... ok
[INFO] [stdout] test tests::tan_atan_test ... ok
[INFO] [stdout] test tests::sin_cos_atan2_test ... ok
[INFO] [stdout] test tests::sin_cos_test ... ok
[INFO] [stdout] 
[INFO] [stdout] test result: ok. 5 passed; 0 failed; 0 ignored; 0 measured; 0 filtered out; finished in 1.78s
[INFO] [stdout] 
[INFO] [stderr]    Doc-tests twofloat
[INFO] [stdout] 
[INFO] [stdout] running 47 tests
[INFO] [stdout] test src/functions/trigonometry.rs - functions::trigonometry::TwoFloat::to_degrees (line 315) ... FAILED
[INFO] [stdout] test src/functions/trigonometry.rs - functions::trigonometry::TwoFloat::cos (line 352) ... FAILED
[INFO] [stdout] test src/functions/trigonometry.rs - functions::trigonometry::TwoFloat::sin_cos (line 378) ... FAILED
[INFO] [stdout] test src/functions/fraction.rs - functions::fraction::TwoFloat::fract (line 9) ... FAILED
[INFO] [stdout] test src/functions/fraction.rs - functions::fraction::TwoFloat::round (line 108) ... FAILED
[INFO] [stdout] test src/functions/sign.rs - functions::sign::TwoFloat::abs (line 8) ... FAILED
[INFO] [stdout] test src/arithmetic.rs - arithmetic::TwoFloat::div_euclid (line 386) ... FAILED
[INFO] [stdout] test src/functions/fraction.rs - functions::fraction::TwoFloat::ceil (line 55) ... FAILED
[INFO] [stdout] test src/functions/fraction.rs - functions::fraction::TwoFloat::floor (line 81) ... FAILED
[INFO] [stdout] test src/arithmetic.rs - arithmetic::TwoFloat::rem_euclid (line 416) ... FAILED
[INFO] [stdout] test src/functions/sign.rs - functions::sign::TwoFloat::copysign (line 67) ... FAILED
[INFO] [stdout] test src/base.rs - base::TwoFloat::min (line 105) ... FAILED
[INFO] [stdout] test src/base.rs - base::TwoFloat::max (line 126) ... FAILED
[INFO] [stdout] test src/functions/fraction.rs - functions::fraction::TwoFloat::trunc (line 36) ... FAILED
[INFO] [stdout] test src/base.rs - base::TwoFloat::hi (line 64) ... FAILED
[INFO] [stdout] test src/functions/explog.rs - functions::explog::TwoFloat::log2 (line 365) ... FAILED
[INFO] [stdout] test src/functions/trigonometry.rs - functions::trigonometry::TwoFloat::sin (line 328) ... FAILED
[INFO] [stdout] test src/functions/hyperbolic.rs - functions::hyperbolic::TwoFloat::asinh (line 85) ... FAILED
[INFO] [stdout] test src/base.rs - base::TwoFloat::lo (line 76) ... FAILED
[INFO] [stdout] test src/functions/explog.rs - functions::explog::TwoFloat::exp_m1 (line 244) ... ok
[INFO] [stdout] test src/functions/trigonometry.rs - functions::trigonometry::TwoFloat::acos (line 457) ... ok
[INFO] [stdout] test src/base.rs - base::TwoFloat::is_valid (line 89) ... ok
[INFO] [stdout] test src/functions/hyperbolic.rs - functions::hyperbolic::TwoFloat::cosh (line 11) ... ok
[INFO] [stdout] test src/functions/hyperbolic.rs - functions::hyperbolic::TwoFloat::tanh (line 47) ... ok
[INFO] [stdout] test src/functions/explog.rs - functions::explog::TwoFloat::ln (line 300) ... ok
[INFO] [stdout] test src/functions/trigonometry.rs - functions::trigonometry::TwoFloat::atan2 (line 524) ... ok
[INFO] [stdout] test src/functions/explog.rs - functions::explog::TwoFloat::exp (line 186) ... ok
[INFO] [stdout] test src/functions/explog.rs - functions::explog::TwoFloat::log10 (line 389) ... ok
[INFO] [stdout] test src/functions/explog.rs - functions::explog::TwoFloat::ln_1p (line 322) ... ok
[INFO] [stdout] test src/functions/power.rs - functions::power::TwoFloat::powi (line 80) ... ok
[INFO] [stdout] test src/functions/power.rs - functions::power::TwoFloat::recip (line 8) ... ok
[INFO] [stdout] test src/functions/explog.rs - functions::explog::TwoFloat::exp2 (line 264) ... ok
[INFO] [stdout] test src/functions/trigonometry.rs - functions::trigonometry::TwoFloat::tan (line 404) ... ok
[INFO] [stdout] test src/functions/trigonometry.rs - functions::trigonometry::TwoFloat::atan (line 478) ... ok
[INFO] [stdout] test src/base.rs - base::no_overlap (line 29) ... ok
[INFO] [stdout] test src/functions/hyperbolic.rs - functions::hyperbolic::TwoFloat::acosh (line 67) ... ok
[INFO] [stdout] test src/lib.rs - (line 14) ... ok
[INFO] [stdout] test src/functions/trigonometry.rs - functions::trigonometry::TwoFloat::asin (line 428) ... ok
[INFO] [stdout] test src/functions/trigonometry.rs - functions::trigonometry::TwoFloat::to_radians (line 301) ... ok
[INFO] [stdout] test src/functions/sign.rs - functions::sign::TwoFloat::is_sign_negative (line 46) ... ok
[INFO] [stdout] test src/functions/hyperbolic.rs - functions::hyperbolic::TwoFloat::sinh (line 29) ... ok
[INFO] [stdout] test src/functions/power.rs - functions::power::TwoFloat::cbrt (line 46) ... ok
[INFO] [stdout] test src/functions/power.rs - functions::power::TwoFloat::hypot (line 65) ... ok
[INFO] [stdout] test src/functions/sign.rs - functions::sign::TwoFloat::is_sign_positive (line 29) ... ok
[INFO] [stdout] test src/functions/power.rs - functions::power::TwoFloat::sqrt (line 24) ... ok
[INFO] [stdout] test src/functions/hyperbolic.rs - functions::hyperbolic::TwoFloat::atanh (line 103) ... ok
[INFO] [stdout] test src/functions/power.rs - functions::power::TwoFloat::powf (line 125) ... ok
[INFO] [stdout] 
[INFO] [stdout] failures:
[INFO] [stdout] 
[INFO] [stdout] ---- src/functions/trigonometry.rs - functions::trigonometry::TwoFloat::to_degrees (line 315) stdout ----
[INFO] [stdout] Couldn't compile the test.
[INFO] [stdout] ---- src/functions/trigonometry.rs - functions::trigonometry::TwoFloat::cos (line 352) stdout ----
[INFO] [stdout] Couldn't compile the test.
[INFO] [stdout] ---- src/functions/trigonometry.rs - functions::trigonometry::TwoFloat::sin_cos (line 378) stdout ----
[INFO] [stdout] Couldn't compile the test.
[INFO] [stdout] ---- src/functions/fraction.rs - functions::fraction::TwoFloat::fract (line 9) stdout ----
[INFO] [stdout] Couldn't compile the test.
[INFO] [stdout] ---- src/functions/fraction.rs - functions::fraction::TwoFloat::round (line 108) stdout ----
[INFO] [stdout] Couldn't compile the test.
[INFO] [stdout] ---- src/functions/sign.rs - functions::sign::TwoFloat::abs (line 8) stdout ----
[INFO] [stdout] Couldn't compile the test.
[INFO] [stdout] ---- src/arithmetic.rs - arithmetic::TwoFloat::div_euclid (line 386) stdout ----
[INFO] [stdout] Couldn't compile the test.
[INFO] [stdout] ---- src/functions/fraction.rs - functions::fraction::TwoFloat::ceil (line 55) stdout ----
[INFO] [stdout] Couldn't compile the test.
[INFO] [stdout] ---- src/functions/fraction.rs - functions::fraction::TwoFloat::floor (line 81) stdout ----
[INFO] [stdout] Couldn't compile the test.
[INFO] [stdout] ---- src/arithmetic.rs - arithmetic::TwoFloat::rem_euclid (line 416) stdout ----
[INFO] [stdout] Couldn't compile the test.
[INFO] [stdout] ---- src/functions/sign.rs - functions::sign::TwoFloat::copysign (line 67) stdout ----
[INFO] [stdout] Couldn't compile the test.
[INFO] [stdout] ---- src/base.rs - base::TwoFloat::min (line 105) stdout ----
[INFO] [stdout] Couldn't compile the test.
[INFO] [stdout] ---- src/base.rs - base::TwoFloat::max (line 126) stdout ----
[INFO] [stdout] Couldn't compile the test.
[INFO] [stdout] ---- src/functions/fraction.rs - functions::fraction::TwoFloat::trunc (line 36) stdout ----
[INFO] [stdout] Couldn't compile the test.
[INFO] [stdout] ---- src/base.rs - base::TwoFloat::hi (line 64) stdout ----
[INFO] [stdout] Couldn't compile the test.
[INFO] [stdout] ---- src/functions/explog.rs - functions::explog::TwoFloat::log2 (line 365) stdout ----
[INFO] [stdout] Couldn't compile the test.
[INFO] [stdout] ---- src/functions/trigonometry.rs - functions::trigonometry::TwoFloat::sin (line 328) stdout ----
[INFO] [stdout] Couldn't compile the test.
[INFO] [stdout] ---- src/functions/hyperbolic.rs - functions::hyperbolic::TwoFloat::asinh (line 85) stdout ----
[INFO] [stdout] Couldn't compile the test.
[INFO] [stdout] ---- src/base.rs - base::TwoFloat::lo (line 76) stdout ----
[INFO] [stdout] Couldn't compile the test.
[INFO] [stdout] 
[INFO] [stdout] failures:
[INFO] [stdout]     src/arithmetic.rs - arithmetic::TwoFloat::div_euclid (line 386)
[INFO] [stdout]     src/arithmetic.rs - arithmetic::TwoFloat::rem_euclid (line 416)
[INFO] [stdout]     src/base.rs - base::TwoFloat::hi (line 64)
[INFO] [stdout]     src/base.rs - base::TwoFloat::lo (line 76)
[INFO] [stdout]     src/base.rs - base::TwoFloat::max (line 126)
[INFO] [stdout]     src/base.rs - base::TwoFloat::min (line 105)
[INFO] [stdout]     src/functions/explog.rs - functions::explog::TwoFloat::log2 (line 365)
[INFO] [stdout]     src/functions/fraction.rs - functions::fraction::TwoFloat::ceil (line 55)
[INFO] [stdout]     src/functions/fraction.rs - functions::fraction::TwoFloat::floor (line 81)
[INFO] [stdout]     src/functions/fraction.rs - functions::fraction::TwoFloat::fract (line 9)
[INFO] [stdout]     src/functions/fraction.rs - functions::fraction::TwoFloat::round (line 108)
[INFO] [stdout]     src/functions/fraction.rs - functions::fraction::TwoFloat::trunc (line 36)
[INFO] [stdout]     src/functions/hyperbolic.rs - functions::hyperbolic::TwoFloat::asinh (line 85)
[INFO] [stdout]     src/functions/sign.rs - functions::sign::TwoFloat::abs (line 8)
[INFO] [stdout]     src/functions/sign.rs - functions::sign::TwoFloat::copysign (line 67)
[INFO] [stdout]     src/functions/trigonometry.rs - functions::trigonometry::TwoFloat::cos (line 352)
[INFO] [stdout]     src/functions/trigonometry.rs - functions::trigonometry::TwoFloat::sin (line 328)
[INFO] [stdout]     src/functions/trigonometry.rs - functions::trigonometry::TwoFloat::sin_cos (line 378)
[INFO] [stdout]     src/functions/trigonometry.rs - functions::trigonometry::TwoFloat::to_degrees (line 315)
[INFO] [stdout] 
[INFO] [stdout] test result: FAILED. 28 passed; 19 failed; 0 ignored; 0 measured; 0 filtered out; finished in 2.02s
[INFO] [stdout] 
[INFO] [stderr] error: test failed, to rerun pass '--doc'
[INFO] running `Command { std: "docker" "inspect" "14a4fdda463b12a187753d0532561c25501e9e60e8d54a75220ea359306af2ce", kill_on_drop: false }`
[INFO] running `Command { std: "docker" "rm" "-f" "14a4fdda463b12a187753d0532561c25501e9e60e8d54a75220ea359306af2ce", kill_on_drop: false }`
[INFO] [stdout] 14a4fdda463b12a187753d0532561c25501e9e60e8d54a75220ea359306af2ce
