[INFO] fetching crate twenty-minutes 0.0.2...
[INFO] testing twenty-minutes-0.0.2 against 1.54.0 for beta-1.55-1
[INFO] extracting crate twenty-minutes 0.0.2 into /workspace/builds/worker-8/source
[INFO] validating manifest of crates.io crate twenty-minutes 0.0.2 on toolchain 1.54.0
[INFO] running `Command { std: "/workspace/cargo-home/bin/cargo" "+1.54.0" "metadata" "--manifest-path" "Cargo.toml" "--no-deps", kill_on_drop: false }`
[INFO] started tweaking crates.io crate twenty-minutes 0.0.2
[INFO] removed 0 missing tests
[INFO] finished tweaking crates.io crate twenty-minutes 0.0.2
[INFO] tweaked toml for crates.io crate twenty-minutes 0.0.2 written to /workspace/builds/worker-8/source/Cargo.toml
[INFO] crate crates.io crate twenty-minutes 0.0.2 already has a lockfile, it will not be regenerated
[INFO] running `Command { std: "/workspace/cargo-home/bin/cargo" "+1.54.0" "fetch" "--manifest-path" "Cargo.toml", kill_on_drop: false }`
[INFO] [stderr]     Blocking waiting for file lock on package cache
[INFO] [stderr]     Blocking waiting for file lock on package cache
[INFO] running `Command { std: "docker" "create" "-v" "/var/lib/crater-agent-workspace/builds/worker-8/target:/opt/rustwide/target:rw,Z" "-v" "/var/lib/crater-agent-workspace/builds/worker-8/source:/opt/rustwide/workdir:ro,Z" "-v" "/var/lib/crater-agent-workspace/cargo-home:/opt/rustwide/cargo-home:ro,Z" "-v" "/var/lib/crater-agent-workspace/rustup-home:/opt/rustwide/rustup-home:ro,Z" "-e" "SOURCE_DIR=/opt/rustwide/workdir" "-e" "CARGO_TARGET_DIR=/opt/rustwide/target" "-e" "CARGO_HOME=/opt/rustwide/cargo-home" "-e" "RUSTUP_HOME=/opt/rustwide/rustup-home" "-w" "/opt/rustwide/workdir" "-m" "1610612736" "--user" "0:0" "--network" "none" "ghcr.io/rust-lang/crates-build-env/linux@sha256:34b6a614d2c27851fe6cbf88fbd1137609cefab8b10d0615aaeb6fd47975d74e" "/opt/rustwide/cargo-home/bin/cargo" "+1.54.0" "metadata" "--no-deps" "--format-version=1", kill_on_drop: false }`
[INFO] [stdout] 0842465c76061732eb08b84f62d89b2d6cbd17b7b1fba212accd16fcf551e2dd
[INFO] running `Command { std: "docker" "start" "-a" "0842465c76061732eb08b84f62d89b2d6cbd17b7b1fba212accd16fcf551e2dd", kill_on_drop: false }`
[INFO] running `Command { std: "docker" "inspect" "0842465c76061732eb08b84f62d89b2d6cbd17b7b1fba212accd16fcf551e2dd", kill_on_drop: false }`
[INFO] running `Command { std: "docker" "rm" "-f" "0842465c76061732eb08b84f62d89b2d6cbd17b7b1fba212accd16fcf551e2dd", kill_on_drop: false }`
[INFO] [stdout] 0842465c76061732eb08b84f62d89b2d6cbd17b7b1fba212accd16fcf551e2dd
[INFO] running `Command { std: "docker" "create" "-v" "/var/lib/crater-agent-workspace/builds/worker-8/target:/opt/rustwide/target:rw,Z" "-v" "/var/lib/crater-agent-workspace/builds/worker-8/source:/opt/rustwide/workdir:ro,Z" "-v" "/var/lib/crater-agent-workspace/cargo-home:/opt/rustwide/cargo-home:ro,Z" "-v" "/var/lib/crater-agent-workspace/rustup-home:/opt/rustwide/rustup-home:ro,Z" "-e" "SOURCE_DIR=/opt/rustwide/workdir" "-e" "CARGO_TARGET_DIR=/opt/rustwide/target" "-e" "CARGO_INCREMENTAL=0" "-e" "RUST_BACKTRACE=full" "-e" "RUSTFLAGS=--cap-lints=warn" "-e" "CARGO_HOME=/opt/rustwide/cargo-home" "-e" "RUSTUP_HOME=/opt/rustwide/rustup-home" "-w" "/opt/rustwide/workdir" "-m" "1610612736" "--user" "0:0" "--network" "none" "ghcr.io/rust-lang/crates-build-env/linux@sha256:34b6a614d2c27851fe6cbf88fbd1137609cefab8b10d0615aaeb6fd47975d74e" "/opt/rustwide/cargo-home/bin/cargo" "+1.54.0" "build" "--frozen" "--message-format=json", kill_on_drop: false }`
[INFO] [stdout] 64a9f8d3775393b2bb2081feb99f1ab4b5d1923efaf3a41d0360b330967f3753
[INFO] running `Command { std: "docker" "start" "-a" "64a9f8d3775393b2bb2081feb99f1ab4b5d1923efaf3a41d0360b330967f3753", kill_on_drop: false }`
[INFO] [stderr]    Compiling proc-macro2 v0.4.15
[INFO] [stderr]    Compiling unicode-xid v0.1.0
[INFO] [stderr]    Compiling unicode-width v0.1.5
[INFO] [stderr]    Compiling unicode-segmentation v1.3.0
[INFO] [stderr]    Compiling bitflags v1.0.4
[INFO] [stderr]    Compiling textwrap v0.10.0
[INFO] [stderr]    Compiling clap v2.32.0
[INFO] [stderr]    Compiling heck v0.3.1
[INFO] [stderr]    Compiling quote v0.6.8
[INFO] [stderr]    Compiling syn v0.15.9
[INFO] [stderr]    Compiling structopt-derive v0.2.18
[INFO] [stderr]    Compiling structopt v0.2.18
[INFO] [stderr]    Compiling twenty-minutes v0.0.2 (/opt/rustwide/workdir)
[INFO] [stderr]     Finished dev [unoptimized + debuginfo] target(s) in 16.54s
[INFO] running `Command { std: "docker" "inspect" "64a9f8d3775393b2bb2081feb99f1ab4b5d1923efaf3a41d0360b330967f3753", kill_on_drop: false }`
[INFO] running `Command { std: "docker" "rm" "-f" "64a9f8d3775393b2bb2081feb99f1ab4b5d1923efaf3a41d0360b330967f3753", kill_on_drop: false }`
[INFO] [stdout] 64a9f8d3775393b2bb2081feb99f1ab4b5d1923efaf3a41d0360b330967f3753
[INFO] running `Command { std: "docker" "create" "-v" "/var/lib/crater-agent-workspace/builds/worker-8/target:/opt/rustwide/target:rw,Z" "-v" "/var/lib/crater-agent-workspace/builds/worker-8/source:/opt/rustwide/workdir:ro,Z" "-v" "/var/lib/crater-agent-workspace/cargo-home:/opt/rustwide/cargo-home:ro,Z" "-v" "/var/lib/crater-agent-workspace/rustup-home:/opt/rustwide/rustup-home:ro,Z" "-e" "SOURCE_DIR=/opt/rustwide/workdir" "-e" "CARGO_TARGET_DIR=/opt/rustwide/target" "-e" "CARGO_INCREMENTAL=0" "-e" "RUST_BACKTRACE=full" "-e" "RUSTFLAGS=--cap-lints=warn" "-e" "CARGO_HOME=/opt/rustwide/cargo-home" "-e" "RUSTUP_HOME=/opt/rustwide/rustup-home" "-w" "/opt/rustwide/workdir" "-m" "1610612736" "--user" "0:0" "--network" "none" "ghcr.io/rust-lang/crates-build-env/linux@sha256:34b6a614d2c27851fe6cbf88fbd1137609cefab8b10d0615aaeb6fd47975d74e" "/opt/rustwide/cargo-home/bin/cargo" "+1.54.0" "test" "--frozen" "--no-run" "--message-format=json", kill_on_drop: false }`
[INFO] [stdout] 6b2dd448c032767b9508f9a52e3ec050304800c5554adcc0d1640f604aff694f
[INFO] running `Command { std: "docker" "start" "-a" "6b2dd448c032767b9508f9a52e3ec050304800c5554adcc0d1640f604aff694f", kill_on_drop: false }`
[INFO] [stderr]    Compiling cargo-husky v1.4.0
[INFO] [stderr]    Compiling twenty-minutes v0.0.2 (/opt/rustwide/workdir)
[INFO] [stderr]     Finished test [unoptimized + debuginfo] target(s) in 5.33s
[INFO] running `Command { std: "docker" "inspect" "6b2dd448c032767b9508f9a52e3ec050304800c5554adcc0d1640f604aff694f", kill_on_drop: false }`
[INFO] running `Command { std: "docker" "rm" "-f" "6b2dd448c032767b9508f9a52e3ec050304800c5554adcc0d1640f604aff694f", kill_on_drop: false }`
[INFO] [stdout] 6b2dd448c032767b9508f9a52e3ec050304800c5554adcc0d1640f604aff694f
[INFO] running `Command { std: "docker" "create" "-v" "/var/lib/crater-agent-workspace/builds/worker-8/target:/opt/rustwide/target:rw,Z" "-v" "/var/lib/crater-agent-workspace/builds/worker-8/source:/opt/rustwide/workdir:ro,Z" "-v" "/var/lib/crater-agent-workspace/cargo-home:/opt/rustwide/cargo-home:ro,Z" "-v" "/var/lib/crater-agent-workspace/rustup-home:/opt/rustwide/rustup-home:ro,Z" "-e" "SOURCE_DIR=/opt/rustwide/workdir" "-e" "CARGO_TARGET_DIR=/opt/rustwide/target" "-e" "CARGO_INCREMENTAL=0" "-e" "RUST_BACKTRACE=full" "-e" "RUSTFLAGS=--cap-lints=warn" "-e" "CARGO_HOME=/opt/rustwide/cargo-home" "-e" "RUSTUP_HOME=/opt/rustwide/rustup-home" "-w" "/opt/rustwide/workdir" "-m" "1610612736" "--user" "0:0" "--network" "none" "ghcr.io/rust-lang/crates-build-env/linux@sha256:34b6a614d2c27851fe6cbf88fbd1137609cefab8b10d0615aaeb6fd47975d74e" "/opt/rustwide/cargo-home/bin/cargo" "+1.54.0" "test" "--frozen", kill_on_drop: false }`
[INFO] [stdout] dec67630039d3e86c44f8fc506941aa3decabf126f37c3bc81aaf75abd029126
[INFO] running `Command { std: "docker" "start" "-a" "dec67630039d3e86c44f8fc506941aa3decabf126f37c3bc81aaf75abd029126", kill_on_drop: false }`
[INFO] [stderr]     Blocking waiting for file lock on package cache
[INFO] [stderr]     Finished test [unoptimized + debuginfo] target(s) in 0.39s
[INFO] [stderr]      Running unittests (/opt/rustwide/target/debug/deps/twenty_minutes-d5b7b869046daac3)
[INFO] [stdout] 
[INFO] [stdout] running 3 tests
[INFO] [stdout] test test::test_parse_pair ... ok
[INFO] [stdout] test test::test_split_arg ... ok
[INFO] [stderr]      Running unittests (/opt/rustwide/target/debug/deps/20min-e5d690d928dd7c98)
[INFO] [stdout] test config::config_test::test_config_to_tuple ... ok
[INFO] [stdout] 
[INFO] [stdout] test result: ok. 3 passed; 0 failed; 0 ignored; 0 measured; 0 filtered out; finished in 0.01s
[INFO] [stdout] 
[INFO] [stdout] 
[INFO] [stdout] running 0 tests
[INFO] [stdout] 
[INFO] [stdout] test result: ok. 0 passed; 0 failed; 0 ignored; 0 measured; 0 filtered out; finished in 0.00s
[INFO] [stdout] 
[INFO] [stderr]      Running test/test.rs (/opt/rustwide/target/debug/deps/e2e-a47cc994b4036142)
[INFO] [stdout] 
[INFO] [stdout] running 6 tests
[INFO] [stdout] test opts::test::test_run_with_unknown_opts ... ok
[INFO] [stdout] test args::test::test_run_with_invalid_args_with_comma ... ok
[INFO] [stdout] test args::test::test_run_with_invalid_args_without_comma ... ok
[INFO] [stdout] test opts::test::test_run_with_invalid_opts ... ok
[INFO] [stderr]    Doc-tests twenty_minutes
[INFO] [stdout] test args::test::test_run_with_valid_args ... ok
[INFO] [stdout] test opts::test::test_run_with_valid_opts ... ok
[INFO] [stdout] 
[INFO] [stdout] test result: ok. 6 passed; 0 failed; 0 ignored; 0 measured; 0 filtered out; finished in 4.02s
[INFO] [stdout] 
[INFO] [stdout] 
[INFO] [stdout] running 3 tests
[INFO] [stdout] test src/lib.rs - parse_pair (line 17) ... FAILED
[INFO] [stdout] test src/ticker.rs - ticker::progress (line 12) ... FAILED
[INFO] [stdout] test src/lib.rs - split_arg (line 41) ... FAILED
[INFO] [stdout] 
[INFO] [stdout] failures:
[INFO] [stdout] 
[INFO] [stdout] ---- src/lib.rs - parse_pair (line 17) stdout ----
[INFO] [stdout] error[E0425]: cannot find function `parse_pair` in this scope
[INFO] [stdout]  --> src/lib.rs:18:18
[INFO] [stdout]   |
[INFO] [stdout] 3 | assert_eq!(None, parse_pair::<i32>("", ','));
[INFO] [stdout]   |                  ^^^^^^^^^^ not found in this scope
[INFO] [stdout] 
[INFO] [stdout] error[E0425]: cannot find function `parse_pair` in this scope
[INFO] [stdout]  --> src/lib.rs:19:29
[INFO] [stdout]   |
[INFO] [stdout] 4 | assert_eq!(Some("15", "5"), parse_pair::<i32>("15,5", ','));
[INFO] [stdout]   |                             ^^^^^^^^^^ not found in this scope
[INFO] [stdout] 
[INFO] [stdout] error[E0061]: this function takes 1 argument but 2 arguments were supplied
[INFO] [stdout]  --> src/lib.rs:19:12
[INFO] [stdout]   |
[INFO] [stdout] 4 | assert_eq!(Some("15", "5"), parse_pair::<i32>("15,5", ','));
[INFO] [stdout]   |            ^^^^ ----  --- supplied 2 arguments
[INFO] [stdout]   |            |
[INFO] [stdout]   |            expected 1 argument
[INFO] [stdout] 
[INFO] [stdout] error: aborting due to 3 previous errors
[INFO] [stdout] 
[INFO] [stdout] Some errors have detailed explanations: E0061, E0425.
[INFO] [stdout] For more information about an error, try `rustc --explain E0061`.
[INFO] [stdout] Couldn't compile the test.
[INFO] [stdout] ---- src/ticker.rs - ticker::progress (line 12) stdout ----
[INFO] [stdout] error[E0425]: cannot find function `progress` in this scope
[INFO] [stdout]  --> src/ticker.rs:13:16
[INFO] [stdout]   |
[INFO] [stdout] 3 | assert_eq!("", progress(10, 100, "Working"));
[INFO] [stdout]   |                ^^^^^^^^ not found in this scope
[INFO] [stdout]   |
[INFO] [stdout] help: consider importing this function
[INFO] [stdout]   |
[INFO] [stdout] 2 | use twenty_minutes::ticker::progress;
[INFO] [stdout]   |
[INFO] [stdout] 
[INFO] [stdout] error: aborting due to previous error
[INFO] [stdout] 
[INFO] [stdout] For more information about this error, try `rustc --explain E0425`.
[INFO] [stdout] Couldn't compile the test.
[INFO] [stdout] ---- src/lib.rs - split_arg (line 41) stdout ----
[INFO] [stdout] error[E0425]: cannot find function `split_arg` in this scope
[INFO] [stdout]  --> src/lib.rs:44:5
[INFO] [stdout]   |
[INFO] [stdout] 5 |     split_arg("10,")
[INFO] [stdout]   |     ^^^^^^^^^ not found in this scope
[INFO] [stdout]   |
[INFO] [stdout] help: consider importing this function
[INFO] [stdout]   |
[INFO] [stdout] 2 | use twenty_minutes::split_arg;
[INFO] [stdout]   |
[INFO] [stdout] 
[INFO] [stdout] error: aborting due to previous error
[INFO] [stdout] 
[INFO] [stdout] For more information about this error, try `rustc --explain E0425`.
[INFO] [stdout] Couldn't compile the test.
[INFO] [stdout] 
[INFO] [stdout] failures:
[INFO] [stdout]     src/lib.rs - parse_pair (line 17)
[INFO] [stdout]     src/lib.rs - split_arg (line 41)
[INFO] [stdout]     src/ticker.rs - ticker::progress (line 12)
[INFO] [stdout] 
[INFO] [stdout] test result: FAILED. 0 passed; 3 failed; 0 ignored; 0 measured; 0 filtered out; finished in 0.08s
[INFO] [stdout] 
[INFO] [stderr] error: test failed, to rerun pass '--doc'
[INFO] running `Command { std: "docker" "inspect" "dec67630039d3e86c44f8fc506941aa3decabf126f37c3bc81aaf75abd029126", kill_on_drop: false }`
[INFO] running `Command { std: "docker" "rm" "-f" "dec67630039d3e86c44f8fc506941aa3decabf126f37c3bc81aaf75abd029126", kill_on_drop: false }`
[INFO] [stdout] dec67630039d3e86c44f8fc506941aa3decabf126f37c3bc81aaf75abd029126
