[INFO] fetching crate tweep 0.3.0...
[INFO] testing tweep-0.3.0 against beta-2021-08-01 for beta-1.55-1
[INFO] extracting crate tweep 0.3.0 into /workspace/builds/worker-59/source
[INFO] validating manifest of crates.io crate tweep 0.3.0 on toolchain beta-2021-08-01
[INFO] running `Command { std: "/workspace/cargo-home/bin/cargo" "+beta-2021-08-01" "metadata" "--manifest-path" "Cargo.toml" "--no-deps", kill_on_drop: false }`
[INFO] started tweaking crates.io crate tweep 0.3.0
[INFO] finished tweaking crates.io crate tweep 0.3.0
[INFO] tweaked toml for crates.io crate tweep 0.3.0 written to /workspace/builds/worker-59/source/Cargo.toml
[INFO] running `Command { std: "/workspace/cargo-home/bin/cargo" "+beta-2021-08-01" "generate-lockfile" "--manifest-path" "Cargo.toml" "-Zno-index-update", kill_on_drop: false }`
[INFO] running `Command { std: "/workspace/cargo-home/bin/cargo" "+beta-2021-08-01" "fetch" "--manifest-path" "Cargo.toml", kill_on_drop: false }`
[INFO] [stderr]  Downloading crates ...
[INFO] [stderr]   Downloaded bimap v0.4.0
[INFO] running `Command { std: "docker" "create" "-v" "/var/lib/crater-agent-workspace/builds/worker-59/target:/opt/rustwide/target:rw,Z" "-v" "/var/lib/crater-agent-workspace/builds/worker-59/source:/opt/rustwide/workdir:ro,Z" "-v" "/var/lib/crater-agent-workspace/cargo-home:/opt/rustwide/cargo-home:ro,Z" "-v" "/var/lib/crater-agent-workspace/rustup-home:/opt/rustwide/rustup-home:ro,Z" "-e" "SOURCE_DIR=/opt/rustwide/workdir" "-e" "CARGO_TARGET_DIR=/opt/rustwide/target" "-e" "CARGO_HOME=/opt/rustwide/cargo-home" "-e" "RUSTUP_HOME=/opt/rustwide/rustup-home" "-w" "/opt/rustwide/workdir" "-m" "1610612736" "--user" "0:0" "--network" "none" "ghcr.io/rust-lang/crates-build-env/linux@sha256:34b6a614d2c27851fe6cbf88fbd1137609cefab8b10d0615aaeb6fd47975d74e" "/opt/rustwide/cargo-home/bin/cargo" "+beta-2021-08-01" "metadata" "--no-deps" "--format-version=1", kill_on_drop: false }`
[INFO] [stdout] 76da179664e5d3e038f6dd83a8e9f3617ecb9c62f425ec3363db44f589a625a3
[INFO] running `Command { std: "docker" "start" "-a" "76da179664e5d3e038f6dd83a8e9f3617ecb9c62f425ec3363db44f589a625a3", kill_on_drop: false }`
[INFO] running `Command { std: "docker" "inspect" "76da179664e5d3e038f6dd83a8e9f3617ecb9c62f425ec3363db44f589a625a3", kill_on_drop: false }`
[INFO] running `Command { std: "docker" "rm" "-f" "76da179664e5d3e038f6dd83a8e9f3617ecb9c62f425ec3363db44f589a625a3", kill_on_drop: false }`
[INFO] [stdout] 76da179664e5d3e038f6dd83a8e9f3617ecb9c62f425ec3363db44f589a625a3
[INFO] running `Command { std: "docker" "create" "-v" "/var/lib/crater-agent-workspace/builds/worker-59/target:/opt/rustwide/target:rw,Z" "-v" "/var/lib/crater-agent-workspace/builds/worker-59/source:/opt/rustwide/workdir:ro,Z" "-v" "/var/lib/crater-agent-workspace/cargo-home:/opt/rustwide/cargo-home:ro,Z" "-v" "/var/lib/crater-agent-workspace/rustup-home:/opt/rustwide/rustup-home:ro,Z" "-e" "SOURCE_DIR=/opt/rustwide/workdir" "-e" "CARGO_TARGET_DIR=/opt/rustwide/target" "-e" "CARGO_INCREMENTAL=0" "-e" "RUST_BACKTRACE=full" "-e" "RUSTFLAGS=--cap-lints=warn" "-e" "CARGO_HOME=/opt/rustwide/cargo-home" "-e" "RUSTUP_HOME=/opt/rustwide/rustup-home" "-w" "/opt/rustwide/workdir" "-m" "1610612736" "--user" "0:0" "--network" "none" "ghcr.io/rust-lang/crates-build-env/linux@sha256:34b6a614d2c27851fe6cbf88fbd1137609cefab8b10d0615aaeb6fd47975d74e" "/opt/rustwide/cargo-home/bin/cargo" "+beta-2021-08-01" "build" "--frozen" "--message-format=json", kill_on_drop: false }`
[INFO] [stdout] d09c9a4bcbfef85493f615acf855126d12d6d86611ea82699d64aa5b715c7cc3
[INFO] running `Command { std: "docker" "start" "-a" "d09c9a4bcbfef85493f615acf855126d12d6d86611ea82699d64aa5b715c7cc3", kill_on_drop: false }`
[INFO] [stderr]    Compiling syn v1.0.74
[INFO] [stderr]    Compiling serde_derive v1.0.127
[INFO] [stderr]    Compiling serde v1.0.127
[INFO] [stderr]    Compiling serde_json v1.0.66
[INFO] [stderr]    Compiling tweep v0.3.0 (/opt/rustwide/workdir)
[INFO] [stderr]     Finished dev [unoptimized + debuginfo] target(s) in 21.09s
[INFO] running `Command { std: "docker" "inspect" "d09c9a4bcbfef85493f615acf855126d12d6d86611ea82699d64aa5b715c7cc3", kill_on_drop: false }`
[INFO] running `Command { std: "docker" "rm" "-f" "d09c9a4bcbfef85493f615acf855126d12d6d86611ea82699d64aa5b715c7cc3", kill_on_drop: false }`
[INFO] [stdout] d09c9a4bcbfef85493f615acf855126d12d6d86611ea82699d64aa5b715c7cc3
[INFO] running `Command { std: "docker" "create" "-v" "/var/lib/crater-agent-workspace/builds/worker-59/target:/opt/rustwide/target:rw,Z" "-v" "/var/lib/crater-agent-workspace/builds/worker-59/source:/opt/rustwide/workdir:ro,Z" "-v" "/var/lib/crater-agent-workspace/cargo-home:/opt/rustwide/cargo-home:ro,Z" "-v" "/var/lib/crater-agent-workspace/rustup-home:/opt/rustwide/rustup-home:ro,Z" "-e" "SOURCE_DIR=/opt/rustwide/workdir" "-e" "CARGO_TARGET_DIR=/opt/rustwide/target" "-e" "CARGO_INCREMENTAL=0" "-e" "RUST_BACKTRACE=full" "-e" "RUSTFLAGS=--cap-lints=warn" "-e" "CARGO_HOME=/opt/rustwide/cargo-home" "-e" "RUSTUP_HOME=/opt/rustwide/rustup-home" "-w" "/opt/rustwide/workdir" "-m" "1610612736" "--user" "0:0" "--network" "none" "ghcr.io/rust-lang/crates-build-env/linux@sha256:34b6a614d2c27851fe6cbf88fbd1137609cefab8b10d0615aaeb6fd47975d74e" "/opt/rustwide/cargo-home/bin/cargo" "+beta-2021-08-01" "test" "--frozen" "--no-run" "--message-format=json", kill_on_drop: false }`
[INFO] [stdout] 623ac26dcde74f81918e270bc0ea113ee83216dfc02aa7d2ba24c4571656ca7e
[INFO] running `Command { std: "docker" "start" "-a" "623ac26dcde74f81918e270bc0ea113ee83216dfc02aa7d2ba24c4571656ca7e", kill_on_drop: false }`
[INFO] [stderr]     Blocking waiting for file lock on package cache
[INFO] [stderr]    Compiling remove_dir_all v0.5.3
[INFO] [stderr]    Compiling getrandom v0.2.3
[INFO] [stderr]    Compiling rand_core v0.6.3
[INFO] [stderr]    Compiling rand_chacha v0.3.1
[INFO] [stderr]    Compiling rand v0.8.4
[INFO] [stderr]    Compiling tempfile v3.2.0
[INFO] [stderr]    Compiling tweep v0.3.0 (/opt/rustwide/workdir)
[INFO] [stdout] warning: unnecessary trailing semicolon
[INFO] [stdout]    --> src/issues/error_list.rs:187:10
[INFO] [stdout]     |
[INFO] [stdout] 187 |         };
[INFO] [stdout]     |          ^ help: remove this semicolon
[INFO] [stdout]     |
[INFO] [stdout]     = note: `#[warn(redundant_semicolons)]` on by default
[INFO] [stdout] 
[INFO] [stdout] 
[INFO] [stdout] warning: unnecessary trailing semicolon
[INFO] [stdout]    --> src/issues/error_list.rs:192:10
[INFO] [stdout]     |
[INFO] [stdout] 192 |         };
[INFO] [stdout]     |          ^ help: remove this semicolon
[INFO] [stdout] 
[INFO] [stdout] 
[INFO] [stdout] warning: 2 warnings emitted
[INFO] [stdout] 
[INFO] [stdout] 
[INFO] [stderr]     Finished test [unoptimized + debuginfo] target(s) in 5.99s
[INFO] running `Command { std: "docker" "inspect" "623ac26dcde74f81918e270bc0ea113ee83216dfc02aa7d2ba24c4571656ca7e", kill_on_drop: false }`
[INFO] running `Command { std: "docker" "rm" "-f" "623ac26dcde74f81918e270bc0ea113ee83216dfc02aa7d2ba24c4571656ca7e", kill_on_drop: false }`
[INFO] [stdout] 623ac26dcde74f81918e270bc0ea113ee83216dfc02aa7d2ba24c4571656ca7e
[INFO] running `Command { std: "docker" "create" "-v" "/var/lib/crater-agent-workspace/builds/worker-59/target:/opt/rustwide/target:rw,Z" "-v" "/var/lib/crater-agent-workspace/builds/worker-59/source:/opt/rustwide/workdir:ro,Z" "-v" "/var/lib/crater-agent-workspace/cargo-home:/opt/rustwide/cargo-home:ro,Z" "-v" "/var/lib/crater-agent-workspace/rustup-home:/opt/rustwide/rustup-home:ro,Z" "-e" "SOURCE_DIR=/opt/rustwide/workdir" "-e" "CARGO_TARGET_DIR=/opt/rustwide/target" "-e" "CARGO_INCREMENTAL=0" "-e" "RUST_BACKTRACE=full" "-e" "RUSTFLAGS=--cap-lints=warn" "-e" "CARGO_HOME=/opt/rustwide/cargo-home" "-e" "RUSTUP_HOME=/opt/rustwide/rustup-home" "-w" "/opt/rustwide/workdir" "-m" "1610612736" "--user" "0:0" "--network" "none" "ghcr.io/rust-lang/crates-build-env/linux@sha256:34b6a614d2c27851fe6cbf88fbd1137609cefab8b10d0615aaeb6fd47975d74e" "/opt/rustwide/cargo-home/bin/cargo" "+beta-2021-08-01" "test" "--frozen", kill_on_drop: false }`
[INFO] [stdout] a21121cbd56211611ac3a6ad462811aef004953bfa30613fa32d2b157a7a6141
[INFO] running `Command { std: "docker" "start" "-a" "a21121cbd56211611ac3a6ad462811aef004953bfa30613fa32d2b157a7a6141", kill_on_drop: false }`
[INFO] [stderr]     Blocking waiting for file lock on package cache
[INFO] [stderr] warning: unnecessary trailing semicolon
[INFO] [stderr]    --> src/issues/error_list.rs:187:10
[INFO] [stderr]     |
[INFO] [stderr] 187 |         };
[INFO] [stderr]     |          ^ help: remove this semicolon
[INFO] [stderr]     |
[INFO] [stderr]     = note: `#[warn(redundant_semicolons)]` on by default
[INFO] [stderr] 
[INFO] [stderr] warning: unnecessary trailing semicolon
[INFO] [stderr]    --> src/issues/error_list.rs:192:10
[INFO] [stderr]     |
[INFO] [stderr] 192 |         };
[INFO] [stderr]     |          ^ help: remove this semicolon
[INFO] [stderr] 
[INFO] [stderr] warning: `tweep` (lib test) generated 2 warnings
[INFO] [stderr]     Finished test [unoptimized + debuginfo] target(s) in 0.11s
[INFO] [stderr]      Running unittests (/opt/rustwide/target/debug/deps/tweep-eeb8b956a66090ef)
[INFO] [stdout] 
[INFO] [stdout] running 63 tests
[INFO] [stdout] test context::full_context::tests::subcontext ... ok
[INFO] [stdout] test context::full_context::tests::test_construction ... ok
[INFO] [stdout] test context::partial_context::tests::test_conversion ... ok
[INFO] [stdout] test context::partial_context::tests::from_subcontext ... ok
[INFO] [stdout] test context::position::tests::subpositions ... ok
[INFO] [stdout] test issues::error_list::tests::basic ... ok
[INFO] [stdout] test issues::error_list::tests::merge ... ok
[INFO] [stdout] test issues::error_list::tests::positional ... ok
[INFO] [stdout] test issues::warning::tests::incremental ... ok
[INFO] [stdout] test issues::warning::tests::unchanged_referent ... ok
[INFO] [stdout] test output::tests::basic ... ok
[INFO] [stdout] test output::tests::basic_with_warnings ... ok
[INFO] [stdout] test output::tests::output_result ... ok
[INFO] [stdout] test passages::header::tests::empty_name ... ok
[INFO] [stdout] test passages::header::tests::empty_tags ... ok
[INFO] [stdout] test passages::header::tests::leading_whitespace ... ok
[INFO] [stdout] test passages::header::tests::malformed_metadata ... ok
[INFO] [stdout] test passages::header::tests::escaped_chars ... ok
[INFO] [stdout] test passages::header::tests::metadata_with_array ... ok
[INFO] [stdout] test passages::header::tests::missing_sigil ... ok
[INFO] [stdout] test passages::header::tests::metadata ... ok
[INFO] [stdout] test passages::header::tests::multilevel_metadata ... ok
[INFO] [stdout] test passages::header::tests::metadata_before_tags ... ok
[INFO] [stdout] test passages::header::tests::tags ... ok
[INFO] [stdout] test passages::header::tests::tags_and_metadata ... ok
[INFO] [stdout] test passages::header::tests::unclosed_metadata ... ok
[INFO] [stdout] test passages::passage::tests::a_test ... ok
[INFO] [stdout] test passages::header::tests::unclosed_tags ... ok
[INFO] [stdout] test passages::header::tests::unescaped_chars ... ok
[INFO] [stdout] test passages::passage::tests::one_line_story_title ... ok
[INFO] [stdout] test passages::script_content::tests::basic ... ok
[INFO] [stdout] test passages::story_data::tests::test_example ... ok
[INFO] [stdout] test passages::story_data::tests::test_malformed ... ok
[INFO] [stdout] test passages::story_title::tests::basic ... ok
[INFO] [stdout] test passages::twine_content::tests::a_test ... ok
[INFO] [stdout] test passages::passage::tests::multi_line_story_title ... ok
[INFO] [stdout] test passages::twine_content::tests::links ... ok
[INFO] [stdout] test passages::twine_content::tests::unclosed_link ... ok
[INFO] [stdout] test passages::twine_content::tests::whitespace_in_link ... ok
[INFO] [stdout] test passages::passage::tests::stylesheet_passage ... ok
[INFO] [stdout] test passages::passage::tests::script_passage ... ok
[INFO] [stdout] test passages::stylesheet_content::tests::basic ... ok
[INFO] [stdout] test stories::story::tests::a_test ... ok
[INFO] [stdout] test stories::story_passages::tests::a_test ... ok
[INFO] [stdout] test stories::story_passages::tests::alt_start ... ok
[INFO] [stdout] test stories::story::tests::warning_offsets ... ok
[INFO] [stdout] test stories::story_passages::tests::dead_link ... ok
[INFO] [stdout] test stories::story_passages::tests::duplicate_story_data ... ok
[INFO] [stdout] test stories::story_passages::tests::duplicate_story_title ... ok
[INFO] [stdout] test stories::story_passages::tests::dead_start ... ok
[INFO] [stdout] test stories::story_passages::tests::file_input ... ok
[INFO] [stdout] test stories::story_passages::tests::from_string_error ... ok
[INFO] [stdout] test stories::story_passages::tests::warning_offsets ... ok
[INFO] [stdout] test stories::story_passages::tests::dir_input ... ok
[INFO] [stdout] test stories::story::tests::file_input ... ok
[INFO] [stdout] test stories::story_passages::tests::empty_passage ... ok
[INFO] [stdout] test stories::story_passages::tests::missing_start ... ok
[INFO] [stdout] test stories::story_passages::tests::missing_title ... ok
[INFO] [stdout] test stories::story::tests::dir_input ... ok
[INFO] [stdout] test stories::story_passages::tests::dir_input_duplicates ... ok
[INFO] [stdout] test stories::story_passages::tests::multi_path ... ok
[INFO] [stdout] test output::tests::into_ok_panic - should panic ... ok
[INFO] [stdout] test output::tests::into_err_panic - should panic ... ok
[INFO] [stdout] 
[INFO] [stdout] test result: ok. 63 passed; 0 failed; 0 ignored; 0 measured; 0 filtered out; finished in 0.10s
[INFO] [stdout] 
[INFO] [stderr]    Doc-tests tweep
[INFO] [stderr] warning: lint `missing_doc_code_examples` has been renamed to `rustdoc::missing_doc_code_examples`
[INFO] [stderr]    --> /opt/rustwide/workdir/src/lib.rs:105:9
[INFO] [stderr]     |
[INFO] [stderr] 105 | #![warn(missing_doc_code_examples)]
[INFO] [stderr]     |         ^^^^^^^^^^^^^^^^^^^^^^^^^ help: use the new name: `rustdoc::missing_doc_code_examples`
[INFO] [stderr]     |
[INFO] [stderr]     = note: `#[warn(renamed_and_removed_lints)]` on by default
[INFO] [stderr] 
[INFO] [stdout] 
[INFO] [stderr] warning: 1 warning emitted
[INFO] [stdout] running 38 tests
[INFO] [stderr] 
[INFO] [stdout] test src/output.rs - output::Output<T>::get_warnings (line 101) ... FAILED
[INFO] [stdout] test src/issues/warning.rs - issues::warning::Warning::has_referent (line 52) ... FAILED
[INFO] [stdout] test src/passages/header.rs - passages::header::PassageHeader (line 31) ... FAILED
[INFO] [stdout] test src/output.rs - output::Output<T>::has_warnings (line 85) ... FAILED
[INFO] [stderr] error: test failed, to rerun pass '--doc'
[INFO] [stderr] 
[INFO] [stderr] Caused by:
[INFO] [stderr]   process didn't exit successfully: `rustdoc --edition=2018 --crate-type lib --crate-name tweep --test /opt/rustwide/workdir/src/lib.rs -L dependency=/opt/rustwide/target/debug/deps -L dependency=/opt/rustwide/target/debug/deps --extern serde=/opt/rustwide/target/debug/deps/libserde-f43f8e1b5ee1427a.rlib --extern serde_json=/opt/rustwide/target/debug/deps/libserde_json-c9fe09edd4ae99bc.rlib --extern tempfile=/opt/rustwide/target/debug/deps/libtempfile-5ade0e027224b284.rlib --extern tweep=/opt/rustwide/target/debug/deps/libtweep-c868a12e4213b8b6.rlib -C embed-bitcode=no --error-format human` (signal: 9, SIGKILL: kill)
[INFO] running `Command { std: "docker" "inspect" "a21121cbd56211611ac3a6ad462811aef004953bfa30613fa32d2b157a7a6141", kill_on_drop: false }`
[INFO] running `Command { std: "docker" "rm" "-f" "a21121cbd56211611ac3a6ad462811aef004953bfa30613fa32d2b157a7a6141", kill_on_drop: false }`
[INFO] [stdout] a21121cbd56211611ac3a6ad462811aef004953bfa30613fa32d2b157a7a6141
