[INFO] fetching crate ttyecho 0.1.2...
[INFO] testing ttyecho-0.1.2 against beta-2021-08-01 for beta-1.55-1
[INFO] extracting crate ttyecho 0.1.2 into /workspace/builds/worker-3/source
[INFO] validating manifest of crates.io crate ttyecho 0.1.2 on toolchain beta-2021-08-01
[INFO] running `Command { std: "/workspace/cargo-home/bin/cargo" "+beta-2021-08-01" "metadata" "--manifest-path" "Cargo.toml" "--no-deps", kill_on_drop: false }`
[INFO] started tweaking crates.io crate ttyecho 0.1.2
[INFO] finished tweaking crates.io crate ttyecho 0.1.2
[INFO] tweaked toml for crates.io crate ttyecho 0.1.2 written to /workspace/builds/worker-3/source/Cargo.toml
[INFO] running `Command { std: "/workspace/cargo-home/bin/cargo" "+beta-2021-08-01" "generate-lockfile" "--manifest-path" "Cargo.toml" "-Zno-index-update", kill_on_drop: false }`
[INFO] running `Command { std: "/workspace/cargo-home/bin/cargo" "+beta-2021-08-01" "fetch" "--manifest-path" "Cargo.toml", kill_on_drop: false }`
[INFO] running `Command { std: "docker" "create" "-v" "/var/lib/crater-agent-workspace/builds/worker-3/target:/opt/rustwide/target:rw,Z" "-v" "/var/lib/crater-agent-workspace/builds/worker-3/source:/opt/rustwide/workdir:ro,Z" "-v" "/var/lib/crater-agent-workspace/cargo-home:/opt/rustwide/cargo-home:ro,Z" "-v" "/var/lib/crater-agent-workspace/rustup-home:/opt/rustwide/rustup-home:ro,Z" "-e" "SOURCE_DIR=/opt/rustwide/workdir" "-e" "CARGO_TARGET_DIR=/opt/rustwide/target" "-e" "CARGO_HOME=/opt/rustwide/cargo-home" "-e" "RUSTUP_HOME=/opt/rustwide/rustup-home" "-w" "/opt/rustwide/workdir" "-m" "1610612736" "--user" "0:0" "--network" "none" "ghcr.io/rust-lang/crates-build-env/linux@sha256:34b6a614d2c27851fe6cbf88fbd1137609cefab8b10d0615aaeb6fd47975d74e" "/opt/rustwide/cargo-home/bin/cargo" "+beta-2021-08-01" "metadata" "--no-deps" "--format-version=1", kill_on_drop: false }`
[INFO] [stdout] 934848e07583a6a918c5fc922fcf01246fe6c4ac37b7c126a851f406aa1f08dd
[INFO] running `Command { std: "docker" "start" "-a" "934848e07583a6a918c5fc922fcf01246fe6c4ac37b7c126a851f406aa1f08dd", kill_on_drop: false }`
[INFO] running `Command { std: "docker" "inspect" "934848e07583a6a918c5fc922fcf01246fe6c4ac37b7c126a851f406aa1f08dd", kill_on_drop: false }`
[INFO] running `Command { std: "docker" "rm" "-f" "934848e07583a6a918c5fc922fcf01246fe6c4ac37b7c126a851f406aa1f08dd", kill_on_drop: false }`
[INFO] [stdout] 934848e07583a6a918c5fc922fcf01246fe6c4ac37b7c126a851f406aa1f08dd
[INFO] running `Command { std: "docker" "create" "-v" "/var/lib/crater-agent-workspace/builds/worker-3/target:/opt/rustwide/target:rw,Z" "-v" "/var/lib/crater-agent-workspace/builds/worker-3/source:/opt/rustwide/workdir:ro,Z" "-v" "/var/lib/crater-agent-workspace/cargo-home:/opt/rustwide/cargo-home:ro,Z" "-v" "/var/lib/crater-agent-workspace/rustup-home:/opt/rustwide/rustup-home:ro,Z" "-e" "SOURCE_DIR=/opt/rustwide/workdir" "-e" "CARGO_TARGET_DIR=/opt/rustwide/target" "-e" "CARGO_INCREMENTAL=0" "-e" "RUST_BACKTRACE=full" "-e" "RUSTFLAGS=--cap-lints=warn" "-e" "CARGO_HOME=/opt/rustwide/cargo-home" "-e" "RUSTUP_HOME=/opt/rustwide/rustup-home" "-w" "/opt/rustwide/workdir" "-m" "1610612736" "--user" "0:0" "--network" "none" "ghcr.io/rust-lang/crates-build-env/linux@sha256:34b6a614d2c27851fe6cbf88fbd1137609cefab8b10d0615aaeb6fd47975d74e" "/opt/rustwide/cargo-home/bin/cargo" "+beta-2021-08-01" "build" "--frozen" "--message-format=json", kill_on_drop: false }`
[INFO] [stdout] 0e1daaad412408af8b3100bec1cb968a67995e20a2bdf3844d6db5577ed3e106
[INFO] running `Command { std: "docker" "start" "-a" "0e1daaad412408af8b3100bec1cb968a67995e20a2bdf3844d6db5577ed3e106", kill_on_drop: false }`
[INFO] [stderr]    Compiling ttyecho v0.1.2 (/opt/rustwide/workdir)
[INFO] [stderr]     Finished dev [unoptimized + debuginfo] target(s) in 0.91s
[INFO] running `Command { std: "docker" "inspect" "0e1daaad412408af8b3100bec1cb968a67995e20a2bdf3844d6db5577ed3e106", kill_on_drop: false }`
[INFO] running `Command { std: "docker" "rm" "-f" "0e1daaad412408af8b3100bec1cb968a67995e20a2bdf3844d6db5577ed3e106", kill_on_drop: false }`
[INFO] [stdout] 0e1daaad412408af8b3100bec1cb968a67995e20a2bdf3844d6db5577ed3e106
[INFO] running `Command { std: "docker" "create" "-v" "/var/lib/crater-agent-workspace/builds/worker-3/target:/opt/rustwide/target:rw,Z" "-v" "/var/lib/crater-agent-workspace/builds/worker-3/source:/opt/rustwide/workdir:ro,Z" "-v" "/var/lib/crater-agent-workspace/cargo-home:/opt/rustwide/cargo-home:ro,Z" "-v" "/var/lib/crater-agent-workspace/rustup-home:/opt/rustwide/rustup-home:ro,Z" "-e" "SOURCE_DIR=/opt/rustwide/workdir" "-e" "CARGO_TARGET_DIR=/opt/rustwide/target" "-e" "CARGO_INCREMENTAL=0" "-e" "RUST_BACKTRACE=full" "-e" "RUSTFLAGS=--cap-lints=warn" "-e" "CARGO_HOME=/opt/rustwide/cargo-home" "-e" "RUSTUP_HOME=/opt/rustwide/rustup-home" "-w" "/opt/rustwide/workdir" "-m" "1610612736" "--user" "0:0" "--network" "none" "ghcr.io/rust-lang/crates-build-env/linux@sha256:34b6a614d2c27851fe6cbf88fbd1137609cefab8b10d0615aaeb6fd47975d74e" "/opt/rustwide/cargo-home/bin/cargo" "+beta-2021-08-01" "test" "--frozen" "--no-run" "--message-format=json", kill_on_drop: false }`
[INFO] [stdout] 52a25ecd67ed26768d85d2774987e6fc8fe21fd91b37c548a716be80ea75479f
[INFO] running `Command { std: "docker" "start" "-a" "52a25ecd67ed26768d85d2774987e6fc8fe21fd91b37c548a716be80ea75479f", kill_on_drop: false }`
[INFO] [stderr]    Compiling ttyecho v0.1.2 (/opt/rustwide/workdir)
[INFO] [stderr]     Finished test [unoptimized + debuginfo] target(s) in 0.56s
[INFO] running `Command { std: "docker" "inspect" "52a25ecd67ed26768d85d2774987e6fc8fe21fd91b37c548a716be80ea75479f", kill_on_drop: false }`
[INFO] running `Command { std: "docker" "rm" "-f" "52a25ecd67ed26768d85d2774987e6fc8fe21fd91b37c548a716be80ea75479f", kill_on_drop: false }`
[INFO] [stdout] 52a25ecd67ed26768d85d2774987e6fc8fe21fd91b37c548a716be80ea75479f
[INFO] running `Command { std: "docker" "create" "-v" "/var/lib/crater-agent-workspace/builds/worker-3/target:/opt/rustwide/target:rw,Z" "-v" "/var/lib/crater-agent-workspace/builds/worker-3/source:/opt/rustwide/workdir:ro,Z" "-v" "/var/lib/crater-agent-workspace/cargo-home:/opt/rustwide/cargo-home:ro,Z" "-v" "/var/lib/crater-agent-workspace/rustup-home:/opt/rustwide/rustup-home:ro,Z" "-e" "SOURCE_DIR=/opt/rustwide/workdir" "-e" "CARGO_TARGET_DIR=/opt/rustwide/target" "-e" "CARGO_INCREMENTAL=0" "-e" "RUST_BACKTRACE=full" "-e" "RUSTFLAGS=--cap-lints=warn" "-e" "CARGO_HOME=/opt/rustwide/cargo-home" "-e" "RUSTUP_HOME=/opt/rustwide/rustup-home" "-w" "/opt/rustwide/workdir" "-m" "1610612736" "--user" "0:0" "--network" "none" "ghcr.io/rust-lang/crates-build-env/linux@sha256:34b6a614d2c27851fe6cbf88fbd1137609cefab8b10d0615aaeb6fd47975d74e" "/opt/rustwide/cargo-home/bin/cargo" "+beta-2021-08-01" "test" "--frozen", kill_on_drop: false }`
[INFO] [stdout] 5d8c7a275b245cc57dcf87bea8eb6d495d6ea47bcf28dc8b6fe6a5c35d2fa6c0
[INFO] running `Command { std: "docker" "start" "-a" "5d8c7a275b245cc57dcf87bea8eb6d495d6ea47bcf28dc8b6fe6a5c35d2fa6c0", kill_on_drop: false }`
[INFO] [stderr]     Finished test [unoptimized + debuginfo] target(s) in 0.01s
[INFO] [stderr]      Running unittests (/opt/rustwide/target/debug/deps/ttyecho-f6dba71bd3879e9e)
[INFO] [stdout] 
[INFO] [stdout] running 0 tests
[INFO] [stdout] 
[INFO] [stdout] test result: ok. 0 passed; 0 failed; 0 ignored; 0 measured; 0 filtered out; finished in 0.00s
[INFO] [stdout] 
[INFO] [stderr]    Doc-tests ttyecho
[INFO] [stdout] 
[INFO] [stdout] running 1 test
[INFO] [stdout] test src/lib.rs - (line 6) ... FAILED
[INFO] [stdout] 
[INFO] [stdout] failures:
[INFO] [stdout] 
[INFO] [stdout] ---- src/lib.rs - (line 6) stdout ----
[INFO] [stdout] error[E0423]: expected function, found crate `ttyecho`
[INFO] [stdout]   --> src/lib.rs:15:5
[INFO] [stdout]    |
[INFO] [stdout] 11 |     ttyecho(tty, command, append_new_line);
[INFO] [stdout]    |     ^^^^^^^ not a function
[INFO] [stdout]    |
[INFO] [stdout] help: consider importing this function instead
[INFO] [stdout]    |
[INFO] [stdout] 3  | use ttyecho::ttyecho;
[INFO] [stdout]    |
[INFO] [stdout] 
[INFO] [stdout] error: aborting due to previous error
[INFO] [stdout] 
[INFO] [stdout] For more information about this error, try `rustc --explain E0423`.
[INFO] [stdout] Couldn't compile the test.
[INFO] [stdout] 
[INFO] [stdout] failures:
[INFO] [stdout]     src/lib.rs - (line 6)
[INFO] [stdout] 
[INFO] [stdout] test result: FAILED. 0 passed; 1 failed; 0 ignored; 0 measured; 0 filtered out; finished in 0.11s
[INFO] [stdout] 
[INFO] [stderr] error: test failed, to rerun pass '--doc'
[INFO] running `Command { std: "docker" "inspect" "5d8c7a275b245cc57dcf87bea8eb6d495d6ea47bcf28dc8b6fe6a5c35d2fa6c0", kill_on_drop: false }`
[INFO] running `Command { std: "docker" "rm" "-f" "5d8c7a275b245cc57dcf87bea8eb6d495d6ea47bcf28dc8b6fe6a5c35d2fa6c0", kill_on_drop: false }`
[INFO] [stdout] 5d8c7a275b245cc57dcf87bea8eb6d495d6ea47bcf28dc8b6fe6a5c35d2fa6c0
