[INFO] fetching crate ttrpc-codegen 0.2.0...
[INFO] testing ttrpc-codegen-0.2.0 against 1.54.0 for beta-1.55-1
[INFO] extracting crate ttrpc-codegen 0.2.0 into /workspace/builds/worker-1/source
[INFO] validating manifest of crates.io crate ttrpc-codegen 0.2.0 on toolchain 1.54.0
[INFO] running `Command { std: "/workspace/cargo-home/bin/cargo" "+1.54.0" "metadata" "--manifest-path" "Cargo.toml" "--no-deps", kill_on_drop: false }`
[INFO] started tweaking crates.io crate ttrpc-codegen 0.2.0
[INFO] finished tweaking crates.io crate ttrpc-codegen 0.2.0
[INFO] tweaked toml for crates.io crate ttrpc-codegen 0.2.0 written to /workspace/builds/worker-1/source/Cargo.toml
[INFO] running `Command { std: "/workspace/cargo-home/bin/cargo" "+1.54.0" "generate-lockfile" "--manifest-path" "Cargo.toml" "-Zno-index-update", kill_on_drop: false }`
[INFO] [stderr]     Blocking waiting for file lock on package cache
[INFO] running `Command { std: "/workspace/cargo-home/bin/cargo" "+1.54.0" "fetch" "--manifest-path" "Cargo.toml", kill_on_drop: false }`
[INFO] [stderr]  Downloading crates ...
[INFO] [stderr]   Downloaded derive-new v0.5.9
[INFO] [stderr]   Downloaded protobuf-codegen v2.24.1
[INFO] [stderr]   Downloaded protobuf v2.24.1
[INFO] [stderr]   Downloaded ttrpc-compiler v0.4.0
[INFO] [stderr]   Downloaded protobuf-codegen-pure v2.24.1
[INFO] running `Command { std: "docker" "create" "-v" "/var/lib/crater-agent-workspace/builds/worker-1/target:/opt/rustwide/target:rw,Z" "-v" "/var/lib/crater-agent-workspace/builds/worker-1/source:/opt/rustwide/workdir:ro,Z" "-v" "/var/lib/crater-agent-workspace/cargo-home:/opt/rustwide/cargo-home:ro,Z" "-v" "/var/lib/crater-agent-workspace/rustup-home:/opt/rustwide/rustup-home:ro,Z" "-e" "SOURCE_DIR=/opt/rustwide/workdir" "-e" "CARGO_TARGET_DIR=/opt/rustwide/target" "-e" "CARGO_HOME=/opt/rustwide/cargo-home" "-e" "RUSTUP_HOME=/opt/rustwide/rustup-home" "-w" "/opt/rustwide/workdir" "-m" "1610612736" "--user" "0:0" "--network" "none" "ghcr.io/rust-lang/crates-build-env/linux@sha256:34b6a614d2c27851fe6cbf88fbd1137609cefab8b10d0615aaeb6fd47975d74e" "/opt/rustwide/cargo-home/bin/cargo" "+1.54.0" "metadata" "--no-deps" "--format-version=1", kill_on_drop: false }`
[INFO] [stdout] b6718121879edf3d8b8f8d20fc8e71a2f2544cdf2a6f9526ea7ff651c9ca4c57
[INFO] running `Command { std: "docker" "start" "-a" "b6718121879edf3d8b8f8d20fc8e71a2f2544cdf2a6f9526ea7ff651c9ca4c57", kill_on_drop: false }`
[INFO] running `Command { std: "docker" "inspect" "b6718121879edf3d8b8f8d20fc8e71a2f2544cdf2a6f9526ea7ff651c9ca4c57", kill_on_drop: false }`
[INFO] running `Command { std: "docker" "rm" "-f" "b6718121879edf3d8b8f8d20fc8e71a2f2544cdf2a6f9526ea7ff651c9ca4c57", kill_on_drop: false }`
[INFO] [stdout] b6718121879edf3d8b8f8d20fc8e71a2f2544cdf2a6f9526ea7ff651c9ca4c57
[INFO] running `Command { std: "docker" "create" "-v" "/var/lib/crater-agent-workspace/builds/worker-1/target:/opt/rustwide/target:rw,Z" "-v" "/var/lib/crater-agent-workspace/builds/worker-1/source:/opt/rustwide/workdir:ro,Z" "-v" "/var/lib/crater-agent-workspace/cargo-home:/opt/rustwide/cargo-home:ro,Z" "-v" "/var/lib/crater-agent-workspace/rustup-home:/opt/rustwide/rustup-home:ro,Z" "-e" "SOURCE_DIR=/opt/rustwide/workdir" "-e" "CARGO_TARGET_DIR=/opt/rustwide/target" "-e" "CARGO_INCREMENTAL=0" "-e" "RUST_BACKTRACE=full" "-e" "RUSTFLAGS=--cap-lints=warn" "-e" "CARGO_HOME=/opt/rustwide/cargo-home" "-e" "RUSTUP_HOME=/opt/rustwide/rustup-home" "-w" "/opt/rustwide/workdir" "-m" "1610612736" "--user" "0:0" "--network" "none" "ghcr.io/rust-lang/crates-build-env/linux@sha256:34b6a614d2c27851fe6cbf88fbd1137609cefab8b10d0615aaeb6fd47975d74e" "/opt/rustwide/cargo-home/bin/cargo" "+1.54.0" "build" "--frozen" "--message-format=json", kill_on_drop: false }`
[INFO] [stdout] ed6f39faaa2797893eee7d5fb4139c1702957037922f15a4dadf1e938700f81f
[INFO] running `Command { std: "docker" "start" "-a" "ed6f39faaa2797893eee7d5fb4139c1702957037922f15a4dadf1e938700f81f", kill_on_drop: false }`
[INFO] [stderr]    Compiling syn v0.15.44
[INFO] [stderr]    Compiling protobuf v2.24.1
[INFO] [stderr]    Compiling multimap v0.4.0
[INFO] [stderr]    Compiling petgraph v0.4.13
[INFO] [stderr]    Compiling bytes v0.4.12
[INFO] [stderr]    Compiling failure v0.1.8
[INFO] [stderr]    Compiling derive-new v0.5.9
[INFO] [stderr]    Compiling which v2.0.1
[INFO] [stderr]    Compiling prost-build v0.5.0
[INFO] [stderr]    Compiling prost-derive v0.5.0
[INFO] [stderr]    Compiling protobuf-codegen v2.24.1
[INFO] [stderr]    Compiling protobuf-codegen-pure v2.24.1
[INFO] [stderr]    Compiling prost v0.5.0
[INFO] [stderr]    Compiling prost-types v0.5.0
[INFO] [stderr]    Compiling ttrpc-compiler v0.4.0
[INFO] [stderr]    Compiling ttrpc-codegen v0.2.0 (/opt/rustwide/workdir)
[INFO] [stderr]     Finished dev [unoptimized + debuginfo] target(s) in 30.90s
[INFO] running `Command { std: "docker" "inspect" "ed6f39faaa2797893eee7d5fb4139c1702957037922f15a4dadf1e938700f81f", kill_on_drop: false }`
[INFO] running `Command { std: "docker" "rm" "-f" "ed6f39faaa2797893eee7d5fb4139c1702957037922f15a4dadf1e938700f81f", kill_on_drop: false }`
[INFO] [stdout] ed6f39faaa2797893eee7d5fb4139c1702957037922f15a4dadf1e938700f81f
[INFO] running `Command { std: "docker" "create" "-v" "/var/lib/crater-agent-workspace/builds/worker-1/target:/opt/rustwide/target:rw,Z" "-v" "/var/lib/crater-agent-workspace/builds/worker-1/source:/opt/rustwide/workdir:ro,Z" "-v" "/var/lib/crater-agent-workspace/cargo-home:/opt/rustwide/cargo-home:ro,Z" "-v" "/var/lib/crater-agent-workspace/rustup-home:/opt/rustwide/rustup-home:ro,Z" "-e" "SOURCE_DIR=/opt/rustwide/workdir" "-e" "CARGO_TARGET_DIR=/opt/rustwide/target" "-e" "CARGO_INCREMENTAL=0" "-e" "RUST_BACKTRACE=full" "-e" "RUSTFLAGS=--cap-lints=warn" "-e" "CARGO_HOME=/opt/rustwide/cargo-home" "-e" "RUSTUP_HOME=/opt/rustwide/rustup-home" "-w" "/opt/rustwide/workdir" "-m" "1610612736" "--user" "0:0" "--network" "none" "ghcr.io/rust-lang/crates-build-env/linux@sha256:34b6a614d2c27851fe6cbf88fbd1137609cefab8b10d0615aaeb6fd47975d74e" "/opt/rustwide/cargo-home/bin/cargo" "+1.54.0" "test" "--frozen" "--no-run" "--message-format=json", kill_on_drop: false }`
[INFO] [stdout] bafe6b7bf346007e7df6c5cbf21747e908f8a283eb69bcafc63e762bc9e18d9d
[INFO] running `Command { std: "docker" "start" "-a" "bafe6b7bf346007e7df6c5cbf21747e908f8a283eb69bcafc63e762bc9e18d9d", kill_on_drop: false }`
[INFO] [stderr]    Compiling ttrpc-codegen v0.2.0 (/opt/rustwide/workdir)
[INFO] [stderr]     Finished test [unoptimized + debuginfo] target(s) in 4.14s
[INFO] running `Command { std: "docker" "inspect" "bafe6b7bf346007e7df6c5cbf21747e908f8a283eb69bcafc63e762bc9e18d9d", kill_on_drop: false }`
[INFO] running `Command { std: "docker" "rm" "-f" "bafe6b7bf346007e7df6c5cbf21747e908f8a283eb69bcafc63e762bc9e18d9d", kill_on_drop: false }`
[INFO] [stdout] bafe6b7bf346007e7df6c5cbf21747e908f8a283eb69bcafc63e762bc9e18d9d
[INFO] running `Command { std: "docker" "create" "-v" "/var/lib/crater-agent-workspace/builds/worker-1/target:/opt/rustwide/target:rw,Z" "-v" "/var/lib/crater-agent-workspace/builds/worker-1/source:/opt/rustwide/workdir:ro,Z" "-v" "/var/lib/crater-agent-workspace/cargo-home:/opt/rustwide/cargo-home:ro,Z" "-v" "/var/lib/crater-agent-workspace/rustup-home:/opt/rustwide/rustup-home:ro,Z" "-e" "SOURCE_DIR=/opt/rustwide/workdir" "-e" "CARGO_TARGET_DIR=/opt/rustwide/target" "-e" "CARGO_INCREMENTAL=0" "-e" "RUST_BACKTRACE=full" "-e" "RUSTFLAGS=--cap-lints=warn" "-e" "CARGO_HOME=/opt/rustwide/cargo-home" "-e" "RUSTUP_HOME=/opt/rustwide/rustup-home" "-w" "/opt/rustwide/workdir" "-m" "1610612736" "--user" "0:0" "--network" "none" "ghcr.io/rust-lang/crates-build-env/linux@sha256:34b6a614d2c27851fe6cbf88fbd1137609cefab8b10d0615aaeb6fd47975d74e" "/opt/rustwide/cargo-home/bin/cargo" "+1.54.0" "test" "--frozen", kill_on_drop: false }`
[INFO] [stdout] 78cefa83103cd6bbc253a17704fb4fcb1e97ea6c1fd37703e816920208653861
[INFO] running `Command { std: "docker" "start" "-a" "78cefa83103cd6bbc253a17704fb4fcb1e97ea6c1fd37703e816920208653861", kill_on_drop: false }`
[INFO] [stderr]     Finished test [unoptimized + debuginfo] target(s) in 0.05s
[INFO] [stderr]      Running unittests (/opt/rustwide/target/debug/deps/ttrpc_codegen-ec6d4f78ab5b4b69)
[INFO] [stdout] 
[INFO] [stdout] running 28 tests
[INFO] [stdout] test convert::relative_path_test::last_part ... ok
[INFO] [stdout] test convert::test::absolute_path_remove_prefix ... ok
[INFO] [stdout] test convert::relative_path_test::self_and_parents ... ok
[INFO] [stdout] test convert::relative_path_test::parent ... ok
[INFO] [stdout] test convert::test::absolute_path_push_simple ... ok
[INFO] [stdout] test parser::test::test_default_value_bytes ... ok
[INFO] [stdout] test parser::test::test_default_value_int ... ok
[INFO] [stdout] test parser::test::test_ident ... ok
[INFO] [stdout] test parser::test::test_field_default_value_int ... ok
[INFO] [stdout] test parser::test::test_ignore ... ok
[INFO] [stdout] test parser::test::test_map ... ok
[INFO] [stdout] test parser::test::test_group ... ok
[INFO] [stdout] test parser::test::test_import ... ok
[INFO] [stdout] test parser::test::test_nested_message ... ok
[INFO] [stdout] test parser::test::test_message ... ok
[INFO] [stdout] test parser::test::test_str_lit ... ok
[INFO] [stdout] test test::test_relative_path_to_protobuf_path ... ok
[INFO] [stdout] test parser::test::test_reserved ... ok
[INFO] [stdout] test parser::test::test_oneof ... ok
[INFO] [stdout] test parser::test::test_lexer_int_lit ... ok
[INFO] [stdout] test parser::test::test_lexer_float_lit ... ok
[INFO] [stdout] test parser::test::test_syntax ... ok
[INFO] [stdout] test parser::test::test_package ... ok
[INFO] [stdout] test parser::test::test_extend ... ok
[INFO] [stdout] test parser::test::test_field_default_value_float ... ok
[INFO] [stdout] test parser::test::test_enum ... ok
[INFO] [stdout] test parser::test::test_default_value_string ... ok
[INFO] [stdout] test parser::test::test_incorrect_file_descriptor ... FAILED
[INFO] [stdout] 
[INFO] [stdout] failures:
[INFO] [stdout] 
[INFO] [stdout] ---- parser::test::test_incorrect_file_descriptor stdout ----
[INFO] [stdout] thread 'parser::test::test_incorrect_file_descriptor' panicked at 'assertion failed: `(left == right)`
[INFO] [stdout]   left: `4`,
[INFO] [stdout]  right: `3`', src/parser.rs:2185:9
[INFO] [stdout] stack backtrace:
[INFO] [stdout]    0:     0x557ee9ebdbb0 - std::backtrace_rs::backtrace::libunwind::trace::h34055254b57d8e79
[INFO] [stdout]                                at /rustc/a178d0322ce20e33eac124758e837cbd80a6f633/library/std/src/../../backtrace/src/backtrace/libunwind.rs:90:5
[INFO] [stdout]    1:     0x557ee9ebdbb0 - std::backtrace_rs::backtrace::trace_unsynchronized::h8f1e3fbd9afff6ec
[INFO] [stdout]                                at /rustc/a178d0322ce20e33eac124758e837cbd80a6f633/library/std/src/../../backtrace/src/backtrace/mod.rs:66:5
[INFO] [stdout]    2:     0x557ee9ebdbb0 - std::sys_common::backtrace::_print_fmt::h3a99a796b770c360
[INFO] [stdout]                                at /rustc/a178d0322ce20e33eac124758e837cbd80a6f633/library/std/src/sys_common/backtrace.rs:67:5
[INFO] [stdout]    3:     0x557ee9ebdbb0 - <std::sys_common::backtrace::_print::DisplayBacktrace as core::fmt::Display>::fmt::h32d1f94a80615d18
[INFO] [stdout]                                at /rustc/a178d0322ce20e33eac124758e837cbd80a6f633/library/std/src/sys_common/backtrace.rs:46:22
[INFO] [stdout]    4:     0x557ee9ee16bc - core::fmt::write::h306731c068f7162c
[INFO] [stdout]                                at /rustc/a178d0322ce20e33eac124758e837cbd80a6f633/library/core/src/fmt/mod.rs:1110:17
[INFO] [stdout]    5:     0x557ee9ebaac5 - std::io::Write::write_fmt::h87f19b0a2cd190bc
[INFO] [stdout]                                at /rustc/a178d0322ce20e33eac124758e837cbd80a6f633/library/std/src/io/mod.rs:1588:15
[INFO] [stdout]    6:     0x557ee9ebfd1b - std::sys_common::backtrace::_print::h5abaa2601a852287
[INFO] [stdout]                                at /rustc/a178d0322ce20e33eac124758e837cbd80a6f633/library/std/src/sys_common/backtrace.rs:49:5
[INFO] [stdout]    7:     0x557ee9ebfd1b - std::sys_common::backtrace::print::h8d81445442bb638f
[INFO] [stdout]                                at /rustc/a178d0322ce20e33eac124758e837cbd80a6f633/library/std/src/sys_common/backtrace.rs:36:9
[INFO] [stdout]    8:     0x557ee9ebfd1b - std::panicking::default_hook::{{closure}}::hcfe804496a9fa747
[INFO] [stdout]                                at /rustc/a178d0322ce20e33eac124758e837cbd80a6f633/library/std/src/panicking.rs:208:50
[INFO] [stdout]    9:     0x557ee9ebf82c - std::panicking::default_hook::hbea8e3ccf2ba8901
[INFO] [stdout]                                at /rustc/a178d0322ce20e33eac124758e837cbd80a6f633/library/std/src/panicking.rs:222:9
[INFO] [stdout]   10:     0x557ee9ec03e4 - std::panicking::rust_panic_with_hook::h7ee9e1a2d0f8975a
[INFO] [stdout]                                at /rustc/a178d0322ce20e33eac124758e837cbd80a6f633/library/std/src/panicking.rs:622:17
[INFO] [stdout]   11:     0x557ee9ebfec7 - std::panicking::begin_panic_handler::{{closure}}::h8ab3b4491718b2c7
[INFO] [stdout]                                at /rustc/a178d0322ce20e33eac124758e837cbd80a6f633/library/std/src/panicking.rs:519:13
[INFO] [stdout]   12:     0x557ee9ebe0ac - std::sys_common::backtrace::__rust_end_short_backtrace::hd489062ffa586a9f
[INFO] [stdout]                                at /rustc/a178d0322ce20e33eac124758e837cbd80a6f633/library/std/src/sys_common/backtrace.rs:141:18
[INFO] [stdout]   13:     0x557ee9ebfe29 - rust_begin_unwind
[INFO] [stdout]                                at /rustc/a178d0322ce20e33eac124758e837cbd80a6f633/library/std/src/panicking.rs:515:5
[INFO] [stdout]   14:     0x557ee9e04651 - core::panicking::panic_fmt::hca6330e3e14086b4
[INFO] [stdout]                                at /rustc/a178d0322ce20e33eac124758e837cbd80a6f633/library/core/src/panicking.rs:92:14
[INFO] [stdout]   15:     0x557ee9edffd8 - core::panicking::assert_failed_inner::h33b45280069a80ed
[INFO] [stdout]   16:     0x557ee9e5106a - core::panicking::assert_failed::hc7587048eea939cf
[INFO] [stdout]                                at /rustc/a178d0322ce20e33eac124758e837cbd80a6f633/library/core/src/panicking.rs:117:5
[INFO] [stdout]   17:     0x557ee9e3e330 - ttrpc_codegen::parser::test::test_incorrect_file_descriptor::h2fd35c15dece635b
[INFO] [stdout]                                at /opt/rustwide/workdir/src/parser.rs:2185:9
[INFO] [stdout]   18:     0x557ee9e3e21a - ttrpc_codegen::parser::test::test_incorrect_file_descriptor::{{closure}}::h265a8d3be4dc7155
[INFO] [stdout]                                at /opt/rustwide/workdir/src/parser.rs:2178:5
[INFO] [stdout]   19:     0x557ee9e484ce - core::ops::function::FnOnce::call_once::h248458a52e19d387
[INFO] [stdout]                                at /rustc/a178d0322ce20e33eac124758e837cbd80a6f633/library/core/src/ops/function.rs:227:5
[INFO] [stdout]   20:     0x557ee9e7b343 - core::ops::function::FnOnce::call_once::h152e7e439ff59e19
[INFO] [stdout]                                at /rustc/a178d0322ce20e33eac124758e837cbd80a6f633/library/core/src/ops/function.rs:227:5
[INFO] [stdout]   21:     0x557ee9e7b343 - test::__rust_begin_short_backtrace::h0908f3b1fdbb72ab
[INFO] [stdout]                                at /rustc/a178d0322ce20e33eac124758e837cbd80a6f633/library/test/src/lib.rs:577:5
[INFO] [stdout]   22:     0x557ee9e79e00 - <alloc::boxed::Box<F,A> as core::ops::function::FnOnce<Args>>::call_once::hf6d2a51e5587546c
[INFO] [stdout]                                at /rustc/a178d0322ce20e33eac124758e837cbd80a6f633/library/alloc/src/boxed.rs:1575:9
[INFO] [stdout]   23:     0x557ee9e79e00 - <std::panic::AssertUnwindSafe<F> as core::ops::function::FnOnce<()>>::call_once::h8af660f3a89ef593
[INFO] [stdout]                                at /rustc/a178d0322ce20e33eac124758e837cbd80a6f633/library/std/src/panic.rs:347:9
[INFO] [stdout]   24:     0x557ee9e79e00 - std::panicking::try::do_call::hd36aef60f84b6d36
[INFO] [stdout]                                at /rustc/a178d0322ce20e33eac124758e837cbd80a6f633/library/std/src/panicking.rs:401:40
[INFO] [stdout]   25:     0x557ee9e79e00 - std::panicking::try::h9932b4480e69817c
[INFO] [stdout]                                at /rustc/a178d0322ce20e33eac124758e837cbd80a6f633/library/std/src/panicking.rs:365:19
[INFO] [stdout]   26:     0x557ee9e79e00 - std::panic::catch_unwind::h6aa177099cfff5f8
[INFO] [stdout]                                at /rustc/a178d0322ce20e33eac124758e837cbd80a6f633/library/std/src/panic.rs:434:14
[INFO] [stdout]   27:     0x557ee9e79e00 - test::run_test_in_process::h5884d6f2d99e20c3
[INFO] [stdout]                                at /rustc/a178d0322ce20e33eac124758e837cbd80a6f633/library/test/src/lib.rs:600:18
[INFO] [stdout]   28:     0x557ee9e79e00 - test::run_test::run_test_inner::{{closure}}::h6fdc58c6d5f5b6e3
[INFO] [stdout]                                at /rustc/a178d0322ce20e33eac124758e837cbd80a6f633/library/test/src/lib.rs:492:39
[INFO] [stdout]   29:     0x557ee9e534b2 - test::run_test::run_test_inner::{{closure}}::h408365d67a78ade8
[INFO] [stdout]                                at /rustc/a178d0322ce20e33eac124758e837cbd80a6f633/library/test/src/lib.rs:519:37
[INFO] [stdout]   30:     0x557ee9e534b2 - std::sys_common::backtrace::__rust_begin_short_backtrace::hb560b77c4f701523
[INFO] [stdout]                                at /rustc/a178d0322ce20e33eac124758e837cbd80a6f633/library/std/src/sys_common/backtrace.rs:125:18
[INFO] [stdout]   31:     0x557ee9e57068 - std::thread::Builder::spawn_unchecked::{{closure}}::{{closure}}::hf2e7831dad93c597
[INFO] [stdout]                                at /rustc/a178d0322ce20e33eac124758e837cbd80a6f633/library/std/src/thread/mod.rs:481:17
[INFO] [stdout]   32:     0x557ee9e57068 - <std::panic::AssertUnwindSafe<F> as core::ops::function::FnOnce<()>>::call_once::hd2e08783d8be4d02
[INFO] [stdout]                                at /rustc/a178d0322ce20e33eac124758e837cbd80a6f633/library/std/src/panic.rs:347:9
[INFO] [stdout]   33:     0x557ee9e57068 - std::panicking::try::do_call::h062597b7acfd6b82
[INFO] [stdout]                                at /rustc/a178d0322ce20e33eac124758e837cbd80a6f633/library/std/src/panicking.rs:401:40
[INFO] [stdout]   34:     0x557ee9e57068 - std::panicking::try::h0d7b79db04c14552
[INFO] [stdout]                                at /rustc/a178d0322ce20e33eac124758e837cbd80a6f633/library/std/src/panicking.rs:365:19
[INFO] [stdout]   35:     0x557ee9e57068 - std::panic::catch_unwind::hb01a0b5e7c8cd43b
[INFO] [stdout]                                at /rustc/a178d0322ce20e33eac124758e837cbd80a6f633/library/std/src/panic.rs:434:14
[INFO] [stdout]   36:     0x557ee9e57068 - std::thread::Builder::spawn_unchecked::{{closure}}::h5bde48cc887e0d1e
[INFO] [stdout]                                at /rustc/a178d0322ce20e33eac124758e837cbd80a6f633/library/std/src/thread/mod.rs:480:30
[INFO] [stdout]   37:     0x557ee9e57068 - core::ops::function::FnOnce::call_once{{vtable.shim}}::h745ea30807a29e55
[INFO] [stdout]                                at /rustc/a178d0322ce20e33eac124758e837cbd80a6f633/library/core/src/ops/function.rs:227:5
[INFO] [stdout]   38:     0x557ee9ec4ea7 - <alloc::boxed::Box<F,A> as core::ops::function::FnOnce<Args>>::call_once::h7ece6cfefaff1005
[INFO] [stdout]                                at /rustc/a178d0322ce20e33eac124758e837cbd80a6f633/library/alloc/src/boxed.rs:1575:9
[INFO] [stdout]   39:     0x557ee9ec4ea7 - <alloc::boxed::Box<F,A> as core::ops::function::FnOnce<Args>>::call_once::hb8b48e55c21f193e
[INFO] [stdout]                                at /rustc/a178d0322ce20e33eac124758e837cbd80a6f633/library/alloc/src/boxed.rs:1575:9
[INFO] [stdout]   40:     0x557ee9ec4ea7 - std::sys::unix::thread::Thread::new::thread_start::h8c7c4450dba62914
[INFO] [stdout]                                at /rustc/a178d0322ce20e33eac124758e837cbd80a6f633/library/std/src/sys/unix/thread.rs:71:17
[INFO] [stdout]   41:     0x7f96d5b0b609 - start_thread
[INFO] [stdout]   42:     0x7f96d58dd293 - clone
[INFO] [stdout]   43:                0x0 - <unknown>
[INFO] [stdout] 
[INFO] [stdout] 
[INFO] [stdout] failures:
[INFO] [stdout]     parser::test::test_incorrect_file_descriptor
[INFO] [stdout] 
[INFO] [stdout] test result: FAILED. 27 passed; 1 failed; 0 ignored; 0 measured; 0 filtered out; finished in 0.05s
[INFO] [stdout] 
[INFO] [stderr] error: test failed, to rerun pass '--lib'
[INFO] running `Command { std: "docker" "inspect" "78cefa83103cd6bbc253a17704fb4fcb1e97ea6c1fd37703e816920208653861", kill_on_drop: false }`
[INFO] running `Command { std: "docker" "rm" "-f" "78cefa83103cd6bbc253a17704fb4fcb1e97ea6c1fd37703e816920208653861", kill_on_drop: false }`
[INFO] [stdout] 78cefa83103cd6bbc253a17704fb4fcb1e97ea6c1fd37703e816920208653861
