[INFO] fetching crate ts-mem-pool 0.1.3...
[INFO] testing ts-mem-pool-0.1.3 against beta-2021-08-01 for beta-1.55-1
[INFO] extracting crate ts-mem-pool 0.1.3 into /workspace/builds/worker-15/source
[INFO] validating manifest of crates.io crate ts-mem-pool 0.1.3 on toolchain beta-2021-08-01
[INFO] running `Command { std: "/workspace/cargo-home/bin/cargo" "+beta-2021-08-01" "metadata" "--manifest-path" "Cargo.toml" "--no-deps", kill_on_drop: false }`
[INFO] started tweaking crates.io crate ts-mem-pool 0.1.3
[INFO] finished tweaking crates.io crate ts-mem-pool 0.1.3
[INFO] tweaked toml for crates.io crate ts-mem-pool 0.1.3 written to /workspace/builds/worker-15/source/Cargo.toml
[INFO] running `Command { std: "/workspace/cargo-home/bin/cargo" "+beta-2021-08-01" "generate-lockfile" "--manifest-path" "Cargo.toml" "-Zno-index-update", kill_on_drop: false }`
[INFO] running `Command { std: "/workspace/cargo-home/bin/cargo" "+beta-2021-08-01" "fetch" "--manifest-path" "Cargo.toml", kill_on_drop: false }`
[INFO] [stderr]     Blocking waiting for file lock on package cache
[INFO] running `Command { std: "docker" "create" "-v" "/var/lib/crater-agent-workspace/builds/worker-15/target:/opt/rustwide/target:rw,Z" "-v" "/var/lib/crater-agent-workspace/builds/worker-15/source:/opt/rustwide/workdir:ro,Z" "-v" "/var/lib/crater-agent-workspace/cargo-home:/opt/rustwide/cargo-home:ro,Z" "-v" "/var/lib/crater-agent-workspace/rustup-home:/opt/rustwide/rustup-home:ro,Z" "-e" "SOURCE_DIR=/opt/rustwide/workdir" "-e" "CARGO_TARGET_DIR=/opt/rustwide/target" "-e" "CARGO_HOME=/opt/rustwide/cargo-home" "-e" "RUSTUP_HOME=/opt/rustwide/rustup-home" "-w" "/opt/rustwide/workdir" "-m" "1610612736" "--user" "0:0" "--network" "none" "ghcr.io/rust-lang/crates-build-env/linux@sha256:34b6a614d2c27851fe6cbf88fbd1137609cefab8b10d0615aaeb6fd47975d74e" "/opt/rustwide/cargo-home/bin/cargo" "+beta-2021-08-01" "metadata" "--no-deps" "--format-version=1", kill_on_drop: false }`
[INFO] [stdout] 7518d6549c3b061923fc9e784405c782f22eef1f0470faf1c3801b7bb5730f97
[INFO] running `Command { std: "docker" "start" "-a" "7518d6549c3b061923fc9e784405c782f22eef1f0470faf1c3801b7bb5730f97", kill_on_drop: false }`
[INFO] running `Command { std: "docker" "inspect" "7518d6549c3b061923fc9e784405c782f22eef1f0470faf1c3801b7bb5730f97", kill_on_drop: false }`
[INFO] running `Command { std: "docker" "rm" "-f" "7518d6549c3b061923fc9e784405c782f22eef1f0470faf1c3801b7bb5730f97", kill_on_drop: false }`
[INFO] [stdout] 7518d6549c3b061923fc9e784405c782f22eef1f0470faf1c3801b7bb5730f97
[INFO] running `Command { std: "docker" "create" "-v" "/var/lib/crater-agent-workspace/builds/worker-15/target:/opt/rustwide/target:rw,Z" "-v" "/var/lib/crater-agent-workspace/builds/worker-15/source:/opt/rustwide/workdir:ro,Z" "-v" "/var/lib/crater-agent-workspace/cargo-home:/opt/rustwide/cargo-home:ro,Z" "-v" "/var/lib/crater-agent-workspace/rustup-home:/opt/rustwide/rustup-home:ro,Z" "-e" "SOURCE_DIR=/opt/rustwide/workdir" "-e" "CARGO_TARGET_DIR=/opt/rustwide/target" "-e" "CARGO_INCREMENTAL=0" "-e" "RUST_BACKTRACE=full" "-e" "RUSTFLAGS=--cap-lints=warn" "-e" "CARGO_HOME=/opt/rustwide/cargo-home" "-e" "RUSTUP_HOME=/opt/rustwide/rustup-home" "-w" "/opt/rustwide/workdir" "-m" "1610612736" "--user" "0:0" "--network" "none" "ghcr.io/rust-lang/crates-build-env/linux@sha256:34b6a614d2c27851fe6cbf88fbd1137609cefab8b10d0615aaeb6fd47975d74e" "/opt/rustwide/cargo-home/bin/cargo" "+beta-2021-08-01" "build" "--frozen" "--message-format=json", kill_on_drop: false }`
[INFO] [stdout] deb83ab7f0e7138466d502a11e959bdbae3ae0e455c473e45c903184d33f8c24
[INFO] running `Command { std: "docker" "start" "-a" "deb83ab7f0e7138466d502a11e959bdbae3ae0e455c473e45c903184d33f8c24", kill_on_drop: false }`
[INFO] [stderr]    Compiling ts-mem-pool v0.1.3 (/opt/rustwide/workdir)
[INFO] [stdout] warning: trait objects without an explicit `dyn` are deprecated
[INFO] [stdout]   --> src/memory_pool.rs:12:28
[INFO] [stdout]    |
[INFO] [stdout] 12 | pub type CreateFn<T> = Box<Fn() -> T>;
[INFO] [stdout]    |                            ^^^^^^^^^ help: use `dyn`: `dyn Fn() -> T`
[INFO] [stdout]    |
[INFO] [stdout]    = note: `#[warn(bare_trait_objects)]` on by default
[INFO] [stdout]    = warning: this is accepted in the current edition (Rust 2015) but is a hard error in Rust 2021!
[INFO] [stdout]    = note: for more information, see issue #80165 <https://github.com/rust-lang/rust/issues/80165>
[INFO] [stdout] 
[INFO] [stdout] 
[INFO] [stdout] warning: 1 warning emitted
[INFO] [stdout] 
[INFO] [stdout] 
[INFO] [stderr]     Finished dev [unoptimized + debuginfo] target(s) in 0.84s
[INFO] running `Command { std: "docker" "inspect" "deb83ab7f0e7138466d502a11e959bdbae3ae0e455c473e45c903184d33f8c24", kill_on_drop: false }`
[INFO] running `Command { std: "docker" "rm" "-f" "deb83ab7f0e7138466d502a11e959bdbae3ae0e455c473e45c903184d33f8c24", kill_on_drop: false }`
[INFO] [stdout] deb83ab7f0e7138466d502a11e959bdbae3ae0e455c473e45c903184d33f8c24
[INFO] running `Command { std: "docker" "create" "-v" "/var/lib/crater-agent-workspace/builds/worker-15/target:/opt/rustwide/target:rw,Z" "-v" "/var/lib/crater-agent-workspace/builds/worker-15/source:/opt/rustwide/workdir:ro,Z" "-v" "/var/lib/crater-agent-workspace/cargo-home:/opt/rustwide/cargo-home:ro,Z" "-v" "/var/lib/crater-agent-workspace/rustup-home:/opt/rustwide/rustup-home:ro,Z" "-e" "SOURCE_DIR=/opt/rustwide/workdir" "-e" "CARGO_TARGET_DIR=/opt/rustwide/target" "-e" "CARGO_INCREMENTAL=0" "-e" "RUST_BACKTRACE=full" "-e" "RUSTFLAGS=--cap-lints=warn" "-e" "CARGO_HOME=/opt/rustwide/cargo-home" "-e" "RUSTUP_HOME=/opt/rustwide/rustup-home" "-w" "/opt/rustwide/workdir" "-m" "1610612736" "--user" "0:0" "--network" "none" "ghcr.io/rust-lang/crates-build-env/linux@sha256:34b6a614d2c27851fe6cbf88fbd1137609cefab8b10d0615aaeb6fd47975d74e" "/opt/rustwide/cargo-home/bin/cargo" "+beta-2021-08-01" "test" "--frozen" "--no-run" "--message-format=json", kill_on_drop: false }`
[INFO] [stdout] a9a989aca66cd4a24ad9888b3ff8a8e56ddb2daf09a1ab1ce9dd97907b8a94d9
[INFO] running `Command { std: "docker" "start" "-a" "a9a989aca66cd4a24ad9888b3ff8a8e56ddb2daf09a1ab1ce9dd97907b8a94d9", kill_on_drop: false }`
[INFO] [stdout] warning: trait objects without an explicit `dyn` are deprecated
[INFO] [stdout]   --> src/memory_pool.rs:12:28
[INFO] [stdout]    |
[INFO] [stdout] 12 | pub type CreateFn<T> = Box<Fn() -> T>;
[INFO] [stdout]    |                            ^^^^^^^^^ help: use `dyn`: `dyn Fn() -> T`
[INFO] [stdout]    |
[INFO] [stdout]    = note: `#[warn(bare_trait_objects)]` on by default
[INFO] [stdout]    = warning: this is accepted in the current edition (Rust 2015) but is a hard error in Rust 2021!
[INFO] [stdout]    = note: for more information, see issue #80165 <https://github.com/rust-lang/rust/issues/80165>
[INFO] [stdout] 
[INFO] [stdout] 
[INFO] [stderr]    Compiling ts-mem-pool v0.1.3 (/opt/rustwide/workdir)
[INFO] [stdout] warning: 1 warning emitted
[INFO] [stdout] 
[INFO] [stdout] 
[INFO] [stdout] warning: trait objects without an explicit `dyn` are deprecated
[INFO] [stdout]   --> src/memory_pool.rs:12:28
[INFO] [stdout]    |
[INFO] [stdout] 12 | pub type CreateFn<T> = Box<Fn() -> T>;
[INFO] [stdout]    |                            ^^^^^^^^^ help: use `dyn`: `dyn Fn() -> T`
[INFO] [stdout]    |
[INFO] [stdout]    = note: `#[warn(bare_trait_objects)]` on by default
[INFO] [stdout]    = warning: this is accepted in the current edition (Rust 2015) but is a hard error in Rust 2021!
[INFO] [stdout]    = note: for more information, see issue #80165 <https://github.com/rust-lang/rust/issues/80165>
[INFO] [stdout] 
[INFO] [stdout] 
[INFO] [stdout] warning: 1 warning emitted
[INFO] [stdout] 
[INFO] [stdout] 
[INFO] [stderr]     Finished test [unoptimized + debuginfo] target(s) in 1.21s
[INFO] running `Command { std: "docker" "inspect" "a9a989aca66cd4a24ad9888b3ff8a8e56ddb2daf09a1ab1ce9dd97907b8a94d9", kill_on_drop: false }`
[INFO] running `Command { std: "docker" "rm" "-f" "a9a989aca66cd4a24ad9888b3ff8a8e56ddb2daf09a1ab1ce9dd97907b8a94d9", kill_on_drop: false }`
[INFO] [stdout] a9a989aca66cd4a24ad9888b3ff8a8e56ddb2daf09a1ab1ce9dd97907b8a94d9
[INFO] running `Command { std: "docker" "create" "-v" "/var/lib/crater-agent-workspace/builds/worker-15/target:/opt/rustwide/target:rw,Z" "-v" "/var/lib/crater-agent-workspace/builds/worker-15/source:/opt/rustwide/workdir:ro,Z" "-v" "/var/lib/crater-agent-workspace/cargo-home:/opt/rustwide/cargo-home:ro,Z" "-v" "/var/lib/crater-agent-workspace/rustup-home:/opt/rustwide/rustup-home:ro,Z" "-e" "SOURCE_DIR=/opt/rustwide/workdir" "-e" "CARGO_TARGET_DIR=/opt/rustwide/target" "-e" "CARGO_INCREMENTAL=0" "-e" "RUST_BACKTRACE=full" "-e" "RUSTFLAGS=--cap-lints=warn" "-e" "CARGO_HOME=/opt/rustwide/cargo-home" "-e" "RUSTUP_HOME=/opt/rustwide/rustup-home" "-w" "/opt/rustwide/workdir" "-m" "1610612736" "--user" "0:0" "--network" "none" "ghcr.io/rust-lang/crates-build-env/linux@sha256:34b6a614d2c27851fe6cbf88fbd1137609cefab8b10d0615aaeb6fd47975d74e" "/opt/rustwide/cargo-home/bin/cargo" "+beta-2021-08-01" "test" "--frozen", kill_on_drop: false }`
[INFO] [stdout] e33b7bf038625cff8fe2577bccc7c5299713eff55620be423dae3a0ae7d63e49
[INFO] running `Command { std: "docker" "start" "-a" "e33b7bf038625cff8fe2577bccc7c5299713eff55620be423dae3a0ae7d63e49", kill_on_drop: false }`
[INFO] [stderr]     Blocking waiting for file lock on package cache
[INFO] [stderr] warning: trait objects without an explicit `dyn` are deprecated
[INFO] [stderr]   --> src/memory_pool.rs:12:28
[INFO] [stderr]    |
[INFO] [stderr] 12 | pub type CreateFn<T> = Box<Fn() -> T>;
[INFO] [stderr]    |                            ^^^^^^^^^ help: use `dyn`: `dyn Fn() -> T`
[INFO] [stderr]    |
[INFO] [stderr]    = note: `#[warn(bare_trait_objects)]` on by default
[INFO] [stderr]    = warning: this is accepted in the current edition (Rust 2015) but is a hard error in Rust 2021!
[INFO] [stderr]    = note: for more information, see issue #80165 <https://github.com/rust-lang/rust/issues/80165>
[INFO] [stderr] 
[INFO] [stderr] warning: `ts-mem-pool` (lib) generated 1 warning
[INFO] [stderr] warning: `ts-mem-pool` (lib test) generated 1 warning (1 duplicate)
[INFO] [stderr]     Finished test [unoptimized + debuginfo] target(s) in 0.04s
[INFO] [stderr]      Running unittests (/opt/rustwide/target/debug/deps/ts_mem_pool-2fd9dce92e71ca25)
[INFO] [stdout] 
[INFO] [stdout] running 9 tests
[INFO] [stdout] test arc_recycled::tests::data_return_test ... ok
[INFO] [stdout] test memory_pool::tests::extra_elements_test ... ok
[INFO] [stdout] test arc_recycled::tests::deref_usage_test ... ok
[INFO] [stdout] test arc_recycled::tests::no_data_return_test ... ok
[INFO] [stdout] test memory_pool::tests::creation_test ... ok
[INFO] [stdout] test memory_pool::tests::too_many_elements_try_test ... ok
[INFO] [stdout] test memory_pool::tests::recycling_test ... ok
[INFO] [stderr]    Doc-tests ts-mem-pool
[INFO] [stdout] test memory_pool::tests::too_many_elements_test - should panic ... ok
[INFO] [stdout] test arc_recycled::tests::multiple_ref_write_test - should panic ... ok
[INFO] [stdout] 
[INFO] [stdout] test result: ok. 9 passed; 0 failed; 0 ignored; 0 measured; 0 filtered out; finished in 0.04s
[INFO] [stdout] 
[INFO] [stdout] 
[INFO] [stdout] running 1 test
[INFO] [stdout] test src/arc_recycled.rs - arc_recycled::Recycle::recycle (line 12) ... FAILED
[INFO] [stdout] 
[INFO] [stdout] failures:
[INFO] [stdout] 
[INFO] [stdout] ---- src/arc_recycled.rs - arc_recycled::Recycle::recycle (line 12) stdout ----
[INFO] [stdout] error[E0463]: can't find crate for `a_memory_pool`
[INFO] [stdout]  --> src/arc_recycled.rs:12:1
[INFO] [stdout]   |
[INFO] [stdout] 2 | extern crate a_memory_pool;
[INFO] [stdout]   | ^^^^^^^^^^^^^^^^^^^^^^^^^^^ can't find crate
[INFO] [stdout] 
[INFO] [stdout] error: aborting due to previous error
[INFO] [stdout] 
[INFO] [stdout] For more information about this error, try `rustc --explain E0463`.
[INFO] [stdout] Couldn't compile the test.
[INFO] [stdout] 
[INFO] [stdout] failures:
[INFO] [stdout]     src/arc_recycled.rs - arc_recycled::Recycle::recycle (line 12)
[INFO] [stdout] 
[INFO] [stdout] test result: FAILED. 0 passed; 1 failed; 0 ignored; 0 measured; 0 filtered out; finished in 0.10s
[INFO] [stdout] 
[INFO] [stderr] error: test failed, to rerun pass '--doc'
[INFO] running `Command { std: "docker" "inspect" "e33b7bf038625cff8fe2577bccc7c5299713eff55620be423dae3a0ae7d63e49", kill_on_drop: false }`
[INFO] running `Command { std: "docker" "rm" "-f" "e33b7bf038625cff8fe2577bccc7c5299713eff55620be423dae3a0ae7d63e49", kill_on_drop: false }`
[INFO] [stdout] e33b7bf038625cff8fe2577bccc7c5299713eff55620be423dae3a0ae7d63e49
