[INFO] fetching crate truck-polymesh 0.2.1...
[INFO] testing truck-polymesh-0.2.1 against 1.54.0 for beta-1.55-1
[INFO] extracting crate truck-polymesh 0.2.1 into /workspace/builds/worker-4/source
[INFO] validating manifest of crates.io crate truck-polymesh 0.2.1 on toolchain 1.54.0
[INFO] running `Command { std: "/workspace/cargo-home/bin/cargo" "+1.54.0" "metadata" "--manifest-path" "Cargo.toml" "--no-deps", kill_on_drop: false }`
[INFO] started tweaking crates.io crate truck-polymesh 0.2.1
[INFO] finished tweaking crates.io crate truck-polymesh 0.2.1
[INFO] tweaked toml for crates.io crate truck-polymesh 0.2.1 written to /workspace/builds/worker-4/source/Cargo.toml
[INFO] crate crates.io crate truck-polymesh 0.2.1 already has a lockfile, it will not be regenerated
[INFO] running `Command { std: "/workspace/cargo-home/bin/cargo" "+1.54.0" "fetch" "--manifest-path" "Cargo.toml", kill_on_drop: false }`
[INFO] [stderr]     Blocking waiting for file lock on package cache
[INFO] running `Command { std: "docker" "create" "-v" "/var/lib/crater-agent-workspace/builds/worker-4/target:/opt/rustwide/target:rw,Z" "-v" "/var/lib/crater-agent-workspace/builds/worker-4/source:/opt/rustwide/workdir:ro,Z" "-v" "/var/lib/crater-agent-workspace/cargo-home:/opt/rustwide/cargo-home:ro,Z" "-v" "/var/lib/crater-agent-workspace/rustup-home:/opt/rustwide/rustup-home:ro,Z" "-e" "SOURCE_DIR=/opt/rustwide/workdir" "-e" "CARGO_TARGET_DIR=/opt/rustwide/target" "-e" "CARGO_HOME=/opt/rustwide/cargo-home" "-e" "RUSTUP_HOME=/opt/rustwide/rustup-home" "-w" "/opt/rustwide/workdir" "-m" "1610612736" "--user" "0:0" "--network" "none" "ghcr.io/rust-lang/crates-build-env/linux@sha256:34b6a614d2c27851fe6cbf88fbd1137609cefab8b10d0615aaeb6fd47975d74e" "/opt/rustwide/cargo-home/bin/cargo" "+1.54.0" "metadata" "--no-deps" "--format-version=1", kill_on_drop: false }`
[INFO] [stdout] bd7ca50283e3de0428d775fcfc765e82ce1b57b1d0f37d20db20a3df1a1cbe09
[INFO] running `Command { std: "docker" "start" "-a" "bd7ca50283e3de0428d775fcfc765e82ce1b57b1d0f37d20db20a3df1a1cbe09", kill_on_drop: false }`
[INFO] running `Command { std: "docker" "inspect" "bd7ca50283e3de0428d775fcfc765e82ce1b57b1d0f37d20db20a3df1a1cbe09", kill_on_drop: false }`
[INFO] running `Command { std: "docker" "rm" "-f" "bd7ca50283e3de0428d775fcfc765e82ce1b57b1d0f37d20db20a3df1a1cbe09", kill_on_drop: false }`
[INFO] [stdout] bd7ca50283e3de0428d775fcfc765e82ce1b57b1d0f37d20db20a3df1a1cbe09
[INFO] running `Command { std: "docker" "create" "-v" "/var/lib/crater-agent-workspace/builds/worker-4/target:/opt/rustwide/target:rw,Z" "-v" "/var/lib/crater-agent-workspace/builds/worker-4/source:/opt/rustwide/workdir:ro,Z" "-v" "/var/lib/crater-agent-workspace/cargo-home:/opt/rustwide/cargo-home:ro,Z" "-v" "/var/lib/crater-agent-workspace/rustup-home:/opt/rustwide/rustup-home:ro,Z" "-e" "SOURCE_DIR=/opt/rustwide/workdir" "-e" "CARGO_TARGET_DIR=/opt/rustwide/target" "-e" "CARGO_INCREMENTAL=0" "-e" "RUST_BACKTRACE=full" "-e" "RUSTFLAGS=--cap-lints=warn" "-e" "CARGO_HOME=/opt/rustwide/cargo-home" "-e" "RUSTUP_HOME=/opt/rustwide/rustup-home" "-w" "/opt/rustwide/workdir" "-m" "1610612736" "--user" "0:0" "--network" "none" "ghcr.io/rust-lang/crates-build-env/linux@sha256:34b6a614d2c27851fe6cbf88fbd1137609cefab8b10d0615aaeb6fd47975d74e" "/opt/rustwide/cargo-home/bin/cargo" "+1.54.0" "build" "--frozen" "--message-format=json", kill_on_drop: false }`
[INFO] [stdout] b05f96341a3a438421c356d3126e9eafa5a394973357d8d65d8ba2032671efbe
[INFO] running `Command { std: "docker" "start" "-a" "b05f96341a3a438421c356d3126e9eafa5a394973357d8d65d8ba2032671efbe", kill_on_drop: false }`
[INFO] [stderr]    Compiling unicode-xid v0.2.1
[INFO] [stderr]    Compiling syn v1.0.60
[INFO] [stderr]    Compiling serde_derive v1.0.123
[INFO] [stderr]    Compiling serde v1.0.123
[INFO] [stderr]    Compiling cgmath v0.18.0
[INFO] [stderr]    Compiling obj v0.10.2
[INFO] [stderr]    Compiling approx v0.4.0
[INFO] [stderr]    Compiling proc-macro2 v1.0.24
[INFO] [stderr]    Compiling quote v1.0.9
[INFO] [stderr]    Compiling truck-base v0.1.1
[INFO] [stderr]    Compiling truck-polymesh v0.2.1 (/opt/rustwide/workdir)
[INFO] [stderr]     Finished dev [unoptimized + debuginfo] target(s) in 26.80s
[INFO] running `Command { std: "docker" "inspect" "b05f96341a3a438421c356d3126e9eafa5a394973357d8d65d8ba2032671efbe", kill_on_drop: false }`
[INFO] running `Command { std: "docker" "rm" "-f" "b05f96341a3a438421c356d3126e9eafa5a394973357d8d65d8ba2032671efbe", kill_on_drop: false }`
[INFO] [stdout] b05f96341a3a438421c356d3126e9eafa5a394973357d8d65d8ba2032671efbe
[INFO] running `Command { std: "docker" "create" "-v" "/var/lib/crater-agent-workspace/builds/worker-4/target:/opt/rustwide/target:rw,Z" "-v" "/var/lib/crater-agent-workspace/builds/worker-4/source:/opt/rustwide/workdir:ro,Z" "-v" "/var/lib/crater-agent-workspace/cargo-home:/opt/rustwide/cargo-home:ro,Z" "-v" "/var/lib/crater-agent-workspace/rustup-home:/opt/rustwide/rustup-home:ro,Z" "-e" "SOURCE_DIR=/opt/rustwide/workdir" "-e" "CARGO_TARGET_DIR=/opt/rustwide/target" "-e" "CARGO_INCREMENTAL=0" "-e" "RUST_BACKTRACE=full" "-e" "RUSTFLAGS=--cap-lints=warn" "-e" "CARGO_HOME=/opt/rustwide/cargo-home" "-e" "RUSTUP_HOME=/opt/rustwide/rustup-home" "-w" "/opt/rustwide/workdir" "-m" "1610612736" "--user" "0:0" "--network" "none" "ghcr.io/rust-lang/crates-build-env/linux@sha256:34b6a614d2c27851fe6cbf88fbd1137609cefab8b10d0615aaeb6fd47975d74e" "/opt/rustwide/cargo-home/bin/cargo" "+1.54.0" "test" "--frozen" "--no-run" "--message-format=json", kill_on_drop: false }`
[INFO] [stdout] 66aba3f972298056f3059958e4c40ade77596797024cca056894394cfd53fbd1
[INFO] running `Command { std: "docker" "start" "-a" "66aba3f972298056f3059958e4c40ade77596797024cca056894394cfd53fbd1", kill_on_drop: false }`
[INFO] [stderr]    Compiling truck-polymesh v0.2.1 (/opt/rustwide/workdir)
[INFO] [stderr]     Finished test [unoptimized + debuginfo] target(s) in 3.80s
[INFO] running `Command { std: "docker" "inspect" "66aba3f972298056f3059958e4c40ade77596797024cca056894394cfd53fbd1", kill_on_drop: false }`
[INFO] running `Command { std: "docker" "rm" "-f" "66aba3f972298056f3059958e4c40ade77596797024cca056894394cfd53fbd1", kill_on_drop: false }`
[INFO] [stdout] 66aba3f972298056f3059958e4c40ade77596797024cca056894394cfd53fbd1
[INFO] running `Command { std: "docker" "create" "-v" "/var/lib/crater-agent-workspace/builds/worker-4/target:/opt/rustwide/target:rw,Z" "-v" "/var/lib/crater-agent-workspace/builds/worker-4/source:/opt/rustwide/workdir:ro,Z" "-v" "/var/lib/crater-agent-workspace/cargo-home:/opt/rustwide/cargo-home:ro,Z" "-v" "/var/lib/crater-agent-workspace/rustup-home:/opt/rustwide/rustup-home:ro,Z" "-e" "SOURCE_DIR=/opt/rustwide/workdir" "-e" "CARGO_TARGET_DIR=/opt/rustwide/target" "-e" "CARGO_INCREMENTAL=0" "-e" "RUST_BACKTRACE=full" "-e" "RUSTFLAGS=--cap-lints=warn" "-e" "CARGO_HOME=/opt/rustwide/cargo-home" "-e" "RUSTUP_HOME=/opt/rustwide/rustup-home" "-w" "/opt/rustwide/workdir" "-m" "1610612736" "--user" "0:0" "--network" "none" "ghcr.io/rust-lang/crates-build-env/linux@sha256:34b6a614d2c27851fe6cbf88fbd1137609cefab8b10d0615aaeb6fd47975d74e" "/opt/rustwide/cargo-home/bin/cargo" "+1.54.0" "test" "--frozen", kill_on_drop: false }`
[INFO] [stdout] 35557f8447d62d48fc7ab5fc16ee4b05e22c66fa65d27e9097a39f08551eee8c
[INFO] running `Command { std: "docker" "start" "-a" "35557f8447d62d48fc7ab5fc16ee4b05e22c66fa65d27e9097a39f08551eee8c", kill_on_drop: false }`
[INFO] [stderr]     Finished test [unoptimized + debuginfo] target(s) in 0.02s
[INFO] [stdout] 
[INFO] [stderr]      Running unittests (/opt/rustwide/target/debug/deps/truck_polymesh-bb9575cd1608c2cc)
[INFO] [stdout] running 2 tests
[INFO] [stderr]      Running tests/normal-filter-test.rs (/opt/rustwide/target/debug/deps/normal_filter_test-f4e162904a4439b4)
[INFO] [stdout] test optimizing::tests::degenerate_polygon_test ... ok
[INFO] [stdout] test splitting::into_components_test ... ok
[INFO] [stdout] 
[INFO] [stdout] test result: ok. 2 passed; 0 failed; 0 ignored; 0 measured; 0 filtered out; finished in 0.00s
[INFO] [stdout] 
[INFO] [stdout] 
[INFO] [stdout] running 3 tests
[INFO] [stdout] test normalize_normals_test ... ok
[INFO] [stdout] test add_naive_normals_test ... ok
[INFO] [stderr]      Running tests/obj-io.rs (/opt/rustwide/target/debug/deps/obj_io-7b6869b0211656ec)
[INFO] [stdout] test add_smooth_normals ... ok
[INFO] [stdout] 
[INFO] [stdout] test result: ok. 3 passed; 0 failed; 0 ignored; 0 measured; 0 filtered out; finished in 0.02s
[INFO] [stdout] 
[INFO] [stdout] 
[INFO] [stdout] running 8 tests
[INFO] [stdout] test withtexcoords_obj_oi_test ... ok
[INFO] [stdout] test incomplete_obj_oi_test ... ok
[INFO] [stdout] test positions_obj_oi_test ... ok
[INFO] [stdout] test withnormals_obj_oi_test ... ok
[INFO] [stdout] test position_obj_ioi_test ... ok
[INFO] [stdout] test complete_obj_ioi_test ... ok
[INFO] [stdout] test withnormals_obj_ioi_test ... ok
[INFO] [stdout] test withtexcoord_obj_ioi_test ... ok
[INFO] [stdout] 
[INFO] [stdout] test result: ok. 8 passed; 0 failed; 0 ignored; 0 measured; 0 filtered out; finished in 2.23s
[INFO] [stdout] 
[INFO] [stdout] 
[INFO] [stdout] running 3 tests
[INFO] [stderr]      Running tests/optimizing-test.rs (/opt/rustwide/target/debug/deps/optimizing_test-9b9d4429f35226cc)
[INFO] [stdout] test remove_degenerate_faces_test ... ok
[INFO] [stderr]      Running tests/splitting.rs (/opt/rustwide/target/debug/deps/splitting-5e712a2a5a6c020a)
[INFO] [stdout] test remove_unused_attrs_test ... ok
[INFO] [stdout] test put_together_same_attrs_test ... ok
[INFO] [stdout] 
[INFO] [stdout] test result: ok. 3 passed; 0 failed; 0 ignored; 0 measured; 0 filtered out; finished in 0.01s
[INFO] [stdout] 
[INFO] [stdout] 
[INFO] [stdout] running 2 tests
[INFO] [stdout] test into_component_test ... ok
[INFO] [stdout] test extract_planes_test ... ok
[INFO] [stdout] 
[INFO] [stdout] test result: ok. 2 passed; 0 failed; 0 ignored; 0 measured; 0 filtered out; finished in 0.01s
[INFO] [stdout] 
[INFO] [stderr]      Running tests/structuring.rs (/opt/rustwide/target/debug/deps/structuring-c5225d2c5546818b)
[INFO] [stdout] 
[INFO] [stdout] running 2 tests
[INFO] [stderr]    Doc-tests truck-polymesh
[INFO] [stdout] test quadrangulate_test ... ok
[INFO] [stdout] test triangulate_test ... ok
[INFO] [stdout] 
[INFO] [stdout] test result: ok. 2 passed; 0 failed; 0 ignored; 0 measured; 0 filtered out; finished in 0.01s
[INFO] [stdout] 
[INFO] [stdout] 
[INFO] [stdout] running 18 tests
[INFO] [stdout] test src/polygon_mesh.rs - polygon_mesh::Faces::from_iter (line 70) ... ok
[INFO] [stdout] test src/optimizing.rs - optimizing::OptimizingFilter::put_together_same_attrs (line 56) ... ok
[INFO] [stdout] test src/normal_filters.rs - normal_filters::NormalFilters::add_naive_normals (line 33) ... ok
[INFO] [stdout] test src/splitting.rs - splitting::Splitting::into_components (line 81) ... ok
[INFO] [stdout] test src/polygon_mesh.rs - polygon_mesh::Faces::from_tri_and_quad_faces (line 99) ... ok
[INFO] [stdout] test src/splitting.rs - splitting::Splitting::extract_planes (line 51) ... ok
[INFO] [stdout] test src/polygon_mesh.rs - polygon_mesh::Faces::push (line 124) ... ok
[INFO] [stdout] test src/polygon_mesh.rs - polygon_mesh::PolygonMeshEditor (line 499) ... ok
[INFO] [stdout] test src/normal_filters.rs - normal_filters::NormalFilters::add_smooth_normals (line 74) ... ok
[INFO] [stdout] test src/polygon_mesh.rs - polygon_mesh::PolygonMeshEditor (line 517) ... ok
[INFO] [stdout] test src/polygon_mesh.rs - polygon_mesh::Faces::face_iter (line 185) ... ok
[INFO] [stdout] test src/optimizing.rs - optimizing::OptimizingFilter::remove_degenerate_faces (line 28) ... ok
[INFO] [stdout] test src/splitting.rs - splitting::Splitting::create_mesh_by_face_indices (line 10) ... ok
[INFO] [stdout] test src/normal_filters.rs - normal_filters::NormalFilters::normalize_normals (line 9) ... ok
[INFO] [stdout] test src/structuring.rs - structuring::StructuringFilter::quadrangulate (line 48) ... ok
[INFO] [stdout] test src/structuring.rs - structuring::StructuringFilter::triangulate (line 7) ... ok
[INFO] [stdout] test src/optimizing.rs - optimizing::OptimizingFilter::remove_unused_attrs (line 10) ... ok
[INFO] [stdout] test src/obj.rs - obj::write (line 6) ... FAILED
[INFO] [stdout] 
[INFO] [stdout] failures:
[INFO] [stdout] 
[INFO] [stdout] ---- src/obj.rs - obj::write (line 6) stdout ----
[INFO] [stdout] Test executable failed (exit code 101).
[INFO] [stdout] 
[INFO] [stdout] stderr:
[INFO] [stdout] thread 'main' panicked at 'called `Result::unwrap()` on an `Err` value: Os { code: 30, kind: Other, message: "Read-only file system" }', src/obj.rs:38:57
[INFO] [stdout] stack backtrace:
[INFO] [stdout]    0:     0x559ecb1225b0 - std::backtrace_rs::backtrace::libunwind::trace::h34055254b57d8e79
[INFO] [stdout]                                at /rustc/a178d0322ce20e33eac124758e837cbd80a6f633/library/std/src/../../backtrace/src/backtrace/libunwind.rs:90:5
[INFO] [stdout]    1:     0x559ecb1225b0 - std::backtrace_rs::backtrace::trace_unsynchronized::h8f1e3fbd9afff6ec
[INFO] [stdout]                                at /rustc/a178d0322ce20e33eac124758e837cbd80a6f633/library/std/src/../../backtrace/src/backtrace/mod.rs:66:5
[INFO] [stdout]    2:     0x559ecb1225b0 - std::sys_common::backtrace::_print_fmt::h3a99a796b770c360
[INFO] [stdout]                                at /rustc/a178d0322ce20e33eac124758e837cbd80a6f633/library/std/src/sys_common/backtrace.rs:67:5
[INFO] [stdout]    3:     0x559ecb1225b0 - <std::sys_common::backtrace::_print::DisplayBacktrace as core::fmt::Display>::fmt::h32d1f94a80615d18
[INFO] [stdout]                                at /rustc/a178d0322ce20e33eac124758e837cbd80a6f633/library/std/src/sys_common/backtrace.rs:46:22
[INFO] [stdout]    4:     0x559ecb13ffbc - core::fmt::write::h306731c068f7162c
[INFO] [stdout]                                at /rustc/a178d0322ce20e33eac124758e837cbd80a6f633/library/core/src/fmt/mod.rs:1110:17
[INFO] [stdout]    5:     0x559ecb120fb5 - std::io::Write::write_fmt::hd2fa90334eee2a21
[INFO] [stdout]                                at /rustc/a178d0322ce20e33eac124758e837cbd80a6f633/library/std/src/io/mod.rs:1588:15
[INFO] [stdout]    6:     0x559ecb1241db - std::sys_common::backtrace::_print::h5abaa2601a852287
[INFO] [stdout]                                at /rustc/a178d0322ce20e33eac124758e837cbd80a6f633/library/std/src/sys_common/backtrace.rs:49:5
[INFO] [stdout]    7:     0x559ecb1241db - std::sys_common::backtrace::print::h8d81445442bb638f
[INFO] [stdout]                                at /rustc/a178d0322ce20e33eac124758e837cbd80a6f633/library/std/src/sys_common/backtrace.rs:36:9
[INFO] [stdout]    8:     0x559ecb1241db - std::panicking::default_hook::{{closure}}::hcfe804496a9fa747
[INFO] [stdout]                                at /rustc/a178d0322ce20e33eac124758e837cbd80a6f633/library/std/src/panicking.rs:208:50
[INFO] [stdout]    9:     0x559ecb123cb1 - std::panicking::default_hook::hbea8e3ccf2ba8901
[INFO] [stdout]                                at /rustc/a178d0322ce20e33eac124758e837cbd80a6f633/library/std/src/panicking.rs:225:9
[INFO] [stdout]   10:     0x559ecb1248a4 - std::panicking::rust_panic_with_hook::h7ee9e1a2d0f8975a
[INFO] [stdout]                                at /rustc/a178d0322ce20e33eac124758e837cbd80a6f633/library/std/src/panicking.rs:622:17
[INFO] [stdout]   11:     0x559ecb124387 - std::panicking::begin_panic_handler::{{closure}}::h8ab3b4491718b2c7
[INFO] [stdout]                                at /rustc/a178d0322ce20e33eac124758e837cbd80a6f633/library/std/src/panicking.rs:519:13
[INFO] [stdout]   12:     0x559ecb122aac - std::sys_common::backtrace::__rust_end_short_backtrace::hd489062ffa586a9f
[INFO] [stdout]                                at /rustc/a178d0322ce20e33eac124758e837cbd80a6f633/library/std/src/sys_common/backtrace.rs:141:18
[INFO] [stdout]   13:     0x559ecb1242e9 - rust_begin_unwind
[INFO] [stdout]                                at /rustc/a178d0322ce20e33eac124758e837cbd80a6f633/library/std/src/panicking.rs:515:5
[INFO] [stdout]   14:     0x559ecb0fee31 - core::panicking::panic_fmt::hca6330e3e14086b4
[INFO] [stdout]                                at /rustc/a178d0322ce20e33eac124758e837cbd80a6f633/library/core/src/panicking.rs:92:14
[INFO] [stdout]   15:     0x559ecb0fef23 - core::result::unwrap_failed::h6160d2b4bfbb0e87
[INFO] [stdout]                                at /rustc/a178d0322ce20e33eac124758e837cbd80a6f633/library/core/src/result.rs:1355:5
[INFO] [stdout]   16:     0x559ecb1048aa - core::result::Result<T,E>::unwrap::hf8fc7949932db7b2
[INFO] [stdout]   17:     0x559ecb107324 - rust_out::main::_doctest_main_src_obj_rs_6_0::h50e8ad72bc87b261
[INFO] [stdout]   18:     0x559ecb106be6 - rust_out::main::h2a38bb51b9580a7d
[INFO] [stdout]   19:     0x559ecb102f93 - core::ops::function::FnOnce::call_once::hb73b95e6982fd3f0
[INFO] [stdout]   20:     0x559ecb101b89 - std::sys_common::backtrace::__rust_begin_short_backtrace::h8371d112165838d3
[INFO] [stdout]   21:     0x559ecb102c09 - std::rt::lang_start::{{closure}}::h783adf50233ec5ec
[INFO] [stdout]   22:     0x559ecb124da9 - core::ops::function::impls::<impl core::ops::function::FnOnce<A> for &F>::call_once::h2aabc384aab89b7b
[INFO] [stdout]                                at /rustc/a178d0322ce20e33eac124758e837cbd80a6f633/library/core/src/ops/function.rs:259:13
[INFO] [stdout]   23:     0x559ecb124da9 - std::panicking::try::do_call::hc5fcacb7a85fc7b1
[INFO] [stdout]                                at /rustc/a178d0322ce20e33eac124758e837cbd80a6f633/library/std/src/panicking.rs:401:40
[INFO] [stdout]   24:     0x559ecb124da9 - std::panicking::try::hb5d9603af3abbe3a
[INFO] [stdout]                                at /rustc/a178d0322ce20e33eac124758e837cbd80a6f633/library/std/src/panicking.rs:365:19
[INFO] [stdout]   25:     0x559ecb124da9 - std::panic::catch_unwind::h98fe6ac3925e64b4
[INFO] [stdout]                                at /rustc/a178d0322ce20e33eac124758e837cbd80a6f633/library/std/src/panic.rs:434:14
[INFO] [stdout]   26:     0x559ecb124da9 - std::rt::lang_start_internal::h22ac7383c516f93e
[INFO] [stdout]                                at /rustc/a178d0322ce20e33eac124758e837cbd80a6f633/library/std/src/rt.rs:34:21
[INFO] [stdout]   27:     0x559ecb102bf1 - std::rt::lang_start::h11b9716471e37ff8
[INFO] [stdout]   28:     0x559ecb107413 - main
[INFO] [stdout]   29:     0x7f86c63500b3 - __libc_start_main
[INFO] [stdout]   30:     0x559ecb0ff5ee - _start
[INFO] [stdout]   31:                0x0 - <unknown>
[INFO] [stdout] 
[INFO] [stdout] 
[INFO] [stdout] 
[INFO] [stdout] failures:
[INFO] [stdout]     src/obj.rs - obj::write (line 6)
[INFO] [stdout] 
[INFO] [stdout] test result: FAILED. 17 passed; 1 failed; 0 ignored; 0 measured; 0 filtered out; finished in 1.52s
[INFO] [stdout] 
[INFO] [stderr] error: test failed, to rerun pass '--doc'
[INFO] running `Command { std: "docker" "inspect" "35557f8447d62d48fc7ab5fc16ee4b05e22c66fa65d27e9097a39f08551eee8c", kill_on_drop: false }`
[INFO] running `Command { std: "docker" "rm" "-f" "35557f8447d62d48fc7ab5fc16ee4b05e22c66fa65d27e9097a39f08551eee8c", kill_on_drop: false }`
[INFO] [stdout] 35557f8447d62d48fc7ab5fc16ee4b05e22c66fa65d27e9097a39f08551eee8c
