[INFO] fetching crate trillium-server-common 0.2.0...
[INFO] testing trillium-server-common-0.2.0 against 1.54.0 for beta-1.55-1
[INFO] extracting crate trillium-server-common 0.2.0 into /workspace/builds/worker-13/source
[INFO] validating manifest of crates.io crate trillium-server-common 0.2.0 on toolchain 1.54.0
[INFO] running `Command { std: "/workspace/cargo-home/bin/cargo" "+1.54.0" "metadata" "--manifest-path" "Cargo.toml" "--no-deps", kill_on_drop: false }`
[INFO] started tweaking crates.io crate trillium-server-common 0.2.0
[INFO] finished tweaking crates.io crate trillium-server-common 0.2.0
[INFO] tweaked toml for crates.io crate trillium-server-common 0.2.0 written to /workspace/builds/worker-13/source/Cargo.toml
[INFO] running `Command { std: "/workspace/cargo-home/bin/cargo" "+1.54.0" "generate-lockfile" "--manifest-path" "Cargo.toml" "-Zno-index-update", kill_on_drop: false }`
[INFO] running `Command { std: "/workspace/cargo-home/bin/cargo" "+1.54.0" "fetch" "--manifest-path" "Cargo.toml", kill_on_drop: false }`
[INFO] running `Command { std: "docker" "create" "-v" "/var/lib/crater-agent-workspace/builds/worker-13/target:/opt/rustwide/target:rw,Z" "-v" "/var/lib/crater-agent-workspace/builds/worker-13/source:/opt/rustwide/workdir:ro,Z" "-v" "/var/lib/crater-agent-workspace/cargo-home:/opt/rustwide/cargo-home:ro,Z" "-v" "/var/lib/crater-agent-workspace/rustup-home:/opt/rustwide/rustup-home:ro,Z" "-e" "SOURCE_DIR=/opt/rustwide/workdir" "-e" "CARGO_TARGET_DIR=/opt/rustwide/target" "-e" "CARGO_HOME=/opt/rustwide/cargo-home" "-e" "RUSTUP_HOME=/opt/rustwide/rustup-home" "-w" "/opt/rustwide/workdir" "-m" "1610612736" "--user" "0:0" "--network" "none" "ghcr.io/rust-lang/crates-build-env/linux@sha256:34b6a614d2c27851fe6cbf88fbd1137609cefab8b10d0615aaeb6fd47975d74e" "/opt/rustwide/cargo-home/bin/cargo" "+1.54.0" "metadata" "--no-deps" "--format-version=1", kill_on_drop: false }`
[INFO] [stdout] 06c53711bc9f5de515520b19614c450ac51d5de1870a08aad94f03583027652c
[INFO] running `Command { std: "docker" "start" "-a" "06c53711bc9f5de515520b19614c450ac51d5de1870a08aad94f03583027652c", kill_on_drop: false }`
[INFO] running `Command { std: "docker" "inspect" "06c53711bc9f5de515520b19614c450ac51d5de1870a08aad94f03583027652c", kill_on_drop: false }`
[INFO] running `Command { std: "docker" "rm" "-f" "06c53711bc9f5de515520b19614c450ac51d5de1870a08aad94f03583027652c", kill_on_drop: false }`
[INFO] [stdout] 06c53711bc9f5de515520b19614c450ac51d5de1870a08aad94f03583027652c
[INFO] running `Command { std: "docker" "create" "-v" "/var/lib/crater-agent-workspace/builds/worker-13/target:/opt/rustwide/target:rw,Z" "-v" "/var/lib/crater-agent-workspace/builds/worker-13/source:/opt/rustwide/workdir:ro,Z" "-v" "/var/lib/crater-agent-workspace/cargo-home:/opt/rustwide/cargo-home:ro,Z" "-v" "/var/lib/crater-agent-workspace/rustup-home:/opt/rustwide/rustup-home:ro,Z" "-e" "SOURCE_DIR=/opt/rustwide/workdir" "-e" "CARGO_TARGET_DIR=/opt/rustwide/target" "-e" "CARGO_INCREMENTAL=0" "-e" "RUST_BACKTRACE=full" "-e" "RUSTFLAGS=--cap-lints=warn" "-e" "CARGO_HOME=/opt/rustwide/cargo-home" "-e" "RUSTUP_HOME=/opt/rustwide/rustup-home" "-w" "/opt/rustwide/workdir" "-m" "1610612736" "--user" "0:0" "--network" "none" "ghcr.io/rust-lang/crates-build-env/linux@sha256:34b6a614d2c27851fe6cbf88fbd1137609cefab8b10d0615aaeb6fd47975d74e" "/opt/rustwide/cargo-home/bin/cargo" "+1.54.0" "build" "--frozen" "--message-format=json", kill_on_drop: false }`
[INFO] [stdout] b41a48ab93bd90713a76500b48920d2568e863eb62051a7da269b2b2e5df3008
[INFO] running `Command { std: "docker" "start" "-a" "b41a48ab93bd90713a76500b48920d2568e863eb62051a7da269b2b2e5df3008", kill_on_drop: false }`
[INFO] [stderr]    Compiling parking v2.0.0
[INFO] [stderr]    Compiling waker-fn v1.1.0
[INFO] [stderr]    Compiling futures-io v0.3.16
[INFO] [stderr]    Compiling fastrand v1.5.0
[INFO] [stderr]    Compiling cache-padded v1.1.1
[INFO] [stderr]    Compiling trillium-http-types v0.0.3
[INFO] [stderr]    Compiling event-listener v2.5.1
[INFO] [stderr]    Compiling infer v0.2.3
[INFO] [stderr]    Compiling memmem v0.1.1
[INFO] [stderr]    Compiling atomic-waker v1.0.0
[INFO] [stderr]    Compiling waker-set v0.2.0
[INFO] [stderr]    Compiling rlimit v0.6.2
[INFO] [stderr]    Compiling pin-project-internal v1.0.8
[INFO] [stderr]    Compiling concurrent-queue v1.2.2
[INFO] [stderr]    Compiling futures-lite v1.12.0
[INFO] [stderr]    Compiling async-channel v1.6.1
[INFO] [stderr]    Compiling trillium-tls-common v0.1.0
[INFO] [stderr]    Compiling pin-project v1.0.8
[INFO] [stderr]    Compiling stopper v0.2.0
[INFO] [stderr]    Compiling trillium-http v0.1.8
[INFO] [stderr]    Compiling trillium v0.1.5
[INFO] [stderr]    Compiling trillium-server-common v0.2.0 (/opt/rustwide/workdir)
[INFO] [stderr]     Finished dev [unoptimized + debuginfo] target(s) in 14.17s
[INFO] running `Command { std: "docker" "inspect" "b41a48ab93bd90713a76500b48920d2568e863eb62051a7da269b2b2e5df3008", kill_on_drop: false }`
[INFO] running `Command { std: "docker" "rm" "-f" "b41a48ab93bd90713a76500b48920d2568e863eb62051a7da269b2b2e5df3008", kill_on_drop: false }`
[INFO] [stdout] b41a48ab93bd90713a76500b48920d2568e863eb62051a7da269b2b2e5df3008
[INFO] running `Command { std: "docker" "create" "-v" "/var/lib/crater-agent-workspace/builds/worker-13/target:/opt/rustwide/target:rw,Z" "-v" "/var/lib/crater-agent-workspace/builds/worker-13/source:/opt/rustwide/workdir:ro,Z" "-v" "/var/lib/crater-agent-workspace/cargo-home:/opt/rustwide/cargo-home:ro,Z" "-v" "/var/lib/crater-agent-workspace/rustup-home:/opt/rustwide/rustup-home:ro,Z" "-e" "SOURCE_DIR=/opt/rustwide/workdir" "-e" "CARGO_TARGET_DIR=/opt/rustwide/target" "-e" "CARGO_INCREMENTAL=0" "-e" "RUST_BACKTRACE=full" "-e" "RUSTFLAGS=--cap-lints=warn" "-e" "CARGO_HOME=/opt/rustwide/cargo-home" "-e" "RUSTUP_HOME=/opt/rustwide/rustup-home" "-w" "/opt/rustwide/workdir" "-m" "1610612736" "--user" "0:0" "--network" "none" "ghcr.io/rust-lang/crates-build-env/linux@sha256:34b6a614d2c27851fe6cbf88fbd1137609cefab8b10d0615aaeb6fd47975d74e" "/opt/rustwide/cargo-home/bin/cargo" "+1.54.0" "test" "--frozen" "--no-run" "--message-format=json", kill_on_drop: false }`
[INFO] [stdout] c60a64a490a698629df64c3765366632922051c476eae59a933adf82bac34dcd
[INFO] running `Command { std: "docker" "start" "-a" "c60a64a490a698629df64c3765366632922051c476eae59a933adf82bac34dcd", kill_on_drop: false }`
[INFO] [stderr]    Compiling trillium-server-common v0.2.0 (/opt/rustwide/workdir)
[INFO] [stderr]     Finished test [unoptimized + debuginfo] target(s) in 1.16s
[INFO] running `Command { std: "docker" "inspect" "c60a64a490a698629df64c3765366632922051c476eae59a933adf82bac34dcd", kill_on_drop: false }`
[INFO] running `Command { std: "docker" "rm" "-f" "c60a64a490a698629df64c3765366632922051c476eae59a933adf82bac34dcd", kill_on_drop: false }`
[INFO] [stdout] c60a64a490a698629df64c3765366632922051c476eae59a933adf82bac34dcd
[INFO] running `Command { std: "docker" "create" "-v" "/var/lib/crater-agent-workspace/builds/worker-13/target:/opt/rustwide/target:rw,Z" "-v" "/var/lib/crater-agent-workspace/builds/worker-13/source:/opt/rustwide/workdir:ro,Z" "-v" "/var/lib/crater-agent-workspace/cargo-home:/opt/rustwide/cargo-home:ro,Z" "-v" "/var/lib/crater-agent-workspace/rustup-home:/opt/rustwide/rustup-home:ro,Z" "-e" "SOURCE_DIR=/opt/rustwide/workdir" "-e" "CARGO_TARGET_DIR=/opt/rustwide/target" "-e" "CARGO_INCREMENTAL=0" "-e" "RUST_BACKTRACE=full" "-e" "RUSTFLAGS=--cap-lints=warn" "-e" "CARGO_HOME=/opt/rustwide/cargo-home" "-e" "RUSTUP_HOME=/opt/rustwide/rustup-home" "-w" "/opt/rustwide/workdir" "-m" "1610612736" "--user" "0:0" "--network" "none" "ghcr.io/rust-lang/crates-build-env/linux@sha256:34b6a614d2c27851fe6cbf88fbd1137609cefab8b10d0615aaeb6fd47975d74e" "/opt/rustwide/cargo-home/bin/cargo" "+1.54.0" "test" "--frozen", kill_on_drop: false }`
[INFO] [stdout] f2a5c662cb6e17e05fe6ec52355347b6270b819972ed0dd47de0e4e775e75ed5
[INFO] running `Command { std: "docker" "start" "-a" "f2a5c662cb6e17e05fe6ec52355347b6270b819972ed0dd47de0e4e775e75ed5", kill_on_drop: false }`
[INFO] [stderr]     Finished test [unoptimized + debuginfo] target(s) in 0.04s
[INFO] [stderr]      Running unittests (/opt/rustwide/target/debug/deps/trillium_server_common-67225550adc0a545)
[INFO] [stdout] 
[INFO] [stderr]    Doc-tests trillium-server-common
[INFO] [stdout] running 0 tests
[INFO] [stdout] 
[INFO] [stdout] test result: ok. 0 passed; 0 failed; 0 ignored; 0 measured; 0 filtered out; finished in 0.00s
[INFO] [stdout] 
[INFO] [stdout] 
[INFO] [stdout] running 2 tests
[INFO] [stdout] test src/config.rs - config::Config (line 12) - compile ... FAILED
[INFO] [stdout] test src/clone_counter.rs - clone_counter::CloneCounter (line 16) ... FAILED
[INFO] [stdout] 
[INFO] [stdout] failures:
[INFO] [stdout] 
[INFO] [stdout] ---- src/config.rs - config::Config (line 12) stdout ----
[INFO] [stdout] error[E0433]: failed to resolve: use of undeclared crate or module `trillium_smol`
[INFO] [stdout]  --> src/config.rs:13:1
[INFO] [stdout]   |
[INFO] [stdout] 3 | trillium_smol::config() // or trillium_async_std, trillium_tokio
[INFO] [stdout]   | ^^^^^^^^^^^^^ use of undeclared crate or module `trillium_smol`
[INFO] [stdout] 
[INFO] [stdout] error: aborting due to previous error
[INFO] [stdout] 
[INFO] [stdout] For more information about this error, try `rustc --explain E0433`.
[INFO] [stdout] Couldn't compile the test.
[INFO] [stdout] ---- src/clone_counter.rs - clone_counter::CloneCounter (line 16) stdout ----
[INFO] [stdout] error[E0433]: failed to resolve: use of undeclared crate or module `trillium_testing`
[INFO] [stdout]  --> src/clone_counter.rs:17:1
[INFO] [stdout]   |
[INFO] [stdout] 4 | trillium_testing::block_on(async {
[INFO] [stdout]   | ^^^^^^^^^^^^^^^^ use of undeclared crate or module `trillium_testing`
[INFO] [stdout] 
[INFO] [stdout] error: aborting due to previous error
[INFO] [stdout] 
[INFO] [stdout] For more information about this error, try `rustc --explain E0433`.
[INFO] [stdout] Couldn't compile the test.
[INFO] [stdout] 
[INFO] [stdout] failures:
[INFO] [stdout]     src/clone_counter.rs - clone_counter::CloneCounter (line 16)
[INFO] [stdout]     src/config.rs - config::Config (line 12)
[INFO] [stdout] 
[INFO] [stdout] test result: FAILED. 0 passed; 2 failed; 0 ignored; 0 measured; 0 filtered out; finished in 0.25s
[INFO] [stdout] 
[INFO] [stderr] error: test failed, to rerun pass '--doc'
[INFO] running `Command { std: "docker" "inspect" "f2a5c662cb6e17e05fe6ec52355347b6270b819972ed0dd47de0e4e775e75ed5", kill_on_drop: false }`
[INFO] running `Command { std: "docker" "rm" "-f" "f2a5c662cb6e17e05fe6ec52355347b6270b819972ed0dd47de0e4e775e75ed5", kill_on_drop: false }`
[INFO] [stdout] f2a5c662cb6e17e05fe6ec52355347b6270b819972ed0dd47de0e4e775e75ed5
