[INFO] fetching crate trie-root 0.16.0...
[INFO] testing trie-root-0.16.0 against 1.54.0 for beta-1.55-1
[INFO] extracting crate trie-root 0.16.0 into /workspace/builds/worker-13/source
[INFO] validating manifest of crates.io crate trie-root 0.16.0 on toolchain 1.54.0
[INFO] running `Command { std: "/workspace/cargo-home/bin/cargo" "+1.54.0" "metadata" "--manifest-path" "Cargo.toml" "--no-deps", kill_on_drop: false }`
[INFO] started tweaking crates.io crate trie-root 0.16.0
[INFO] finished tweaking crates.io crate trie-root 0.16.0
[INFO] tweaked toml for crates.io crate trie-root 0.16.0 written to /workspace/builds/worker-13/source/Cargo.toml
[INFO] running `Command { std: "/workspace/cargo-home/bin/cargo" "+1.54.0" "generate-lockfile" "--manifest-path" "Cargo.toml" "-Zno-index-update", kill_on_drop: false }`
[INFO] [stderr]     Blocking waiting for file lock on package cache
[INFO] running `Command { std: "/workspace/cargo-home/bin/cargo" "+1.54.0" "fetch" "--manifest-path" "Cargo.toml", kill_on_drop: false }`
[INFO] running `Command { std: "docker" "create" "-v" "/var/lib/crater-agent-workspace/builds/worker-13/target:/opt/rustwide/target:rw,Z" "-v" "/var/lib/crater-agent-workspace/builds/worker-13/source:/opt/rustwide/workdir:ro,Z" "-v" "/var/lib/crater-agent-workspace/cargo-home:/opt/rustwide/cargo-home:ro,Z" "-v" "/var/lib/crater-agent-workspace/rustup-home:/opt/rustwide/rustup-home:ro,Z" "-e" "SOURCE_DIR=/opt/rustwide/workdir" "-e" "CARGO_TARGET_DIR=/opt/rustwide/target" "-e" "CARGO_HOME=/opt/rustwide/cargo-home" "-e" "RUSTUP_HOME=/opt/rustwide/rustup-home" "-w" "/opt/rustwide/workdir" "-m" "1610612736" "--user" "0:0" "--network" "none" "ghcr.io/rust-lang/crates-build-env/linux@sha256:34b6a614d2c27851fe6cbf88fbd1137609cefab8b10d0615aaeb6fd47975d74e" "/opt/rustwide/cargo-home/bin/cargo" "+1.54.0" "metadata" "--no-deps" "--format-version=1", kill_on_drop: false }`
[INFO] [stdout] 66bac0d4cf4ba5f9d3582318caa1be56dfe760de6fd394325b38e3e9ba4f6e51
[INFO] running `Command { std: "docker" "start" "-a" "66bac0d4cf4ba5f9d3582318caa1be56dfe760de6fd394325b38e3e9ba4f6e51", kill_on_drop: false }`
[INFO] running `Command { std: "docker" "inspect" "66bac0d4cf4ba5f9d3582318caa1be56dfe760de6fd394325b38e3e9ba4f6e51", kill_on_drop: false }`
[INFO] running `Command { std: "docker" "rm" "-f" "66bac0d4cf4ba5f9d3582318caa1be56dfe760de6fd394325b38e3e9ba4f6e51", kill_on_drop: false }`
[INFO] [stdout] 66bac0d4cf4ba5f9d3582318caa1be56dfe760de6fd394325b38e3e9ba4f6e51
[INFO] running `Command { std: "docker" "create" "-v" "/var/lib/crater-agent-workspace/builds/worker-13/target:/opt/rustwide/target:rw,Z" "-v" "/var/lib/crater-agent-workspace/builds/worker-13/source:/opt/rustwide/workdir:ro,Z" "-v" "/var/lib/crater-agent-workspace/cargo-home:/opt/rustwide/cargo-home:ro,Z" "-v" "/var/lib/crater-agent-workspace/rustup-home:/opt/rustwide/rustup-home:ro,Z" "-e" "SOURCE_DIR=/opt/rustwide/workdir" "-e" "CARGO_TARGET_DIR=/opt/rustwide/target" "-e" "CARGO_INCREMENTAL=0" "-e" "RUST_BACKTRACE=full" "-e" "RUSTFLAGS=--cap-lints=warn" "-e" "CARGO_HOME=/opt/rustwide/cargo-home" "-e" "RUSTUP_HOME=/opt/rustwide/rustup-home" "-w" "/opt/rustwide/workdir" "-m" "1610612736" "--user" "0:0" "--network" "none" "ghcr.io/rust-lang/crates-build-env/linux@sha256:34b6a614d2c27851fe6cbf88fbd1137609cefab8b10d0615aaeb6fd47975d74e" "/opt/rustwide/cargo-home/bin/cargo" "+1.54.0" "build" "--frozen" "--message-format=json", kill_on_drop: false }`
[INFO] [stdout] b7cb0bbf3a99bb9f9f8f138cc4c3653cd360c55f3b34cd84f853e95f0873510b
[INFO] running `Command { std: "docker" "start" "-a" "b7cb0bbf3a99bb9f9f8f138cc4c3653cd360c55f3b34cd84f853e95f0873510b", kill_on_drop: false }`
[INFO] [stderr]    Compiling hash-db v0.15.2
[INFO] [stderr]    Compiling trie-root v0.16.0 (/opt/rustwide/workdir)
[INFO] [stderr]     Finished dev [unoptimized + debuginfo] target(s) in 0.71s
[INFO] running `Command { std: "docker" "inspect" "b7cb0bbf3a99bb9f9f8f138cc4c3653cd360c55f3b34cd84f853e95f0873510b", kill_on_drop: false }`
[INFO] running `Command { std: "docker" "rm" "-f" "b7cb0bbf3a99bb9f9f8f138cc4c3653cd360c55f3b34cd84f853e95f0873510b", kill_on_drop: false }`
[INFO] [stdout] b7cb0bbf3a99bb9f9f8f138cc4c3653cd360c55f3b34cd84f853e95f0873510b
[INFO] running `Command { std: "docker" "create" "-v" "/var/lib/crater-agent-workspace/builds/worker-13/target:/opt/rustwide/target:rw,Z" "-v" "/var/lib/crater-agent-workspace/builds/worker-13/source:/opt/rustwide/workdir:ro,Z" "-v" "/var/lib/crater-agent-workspace/cargo-home:/opt/rustwide/cargo-home:ro,Z" "-v" "/var/lib/crater-agent-workspace/rustup-home:/opt/rustwide/rustup-home:ro,Z" "-e" "SOURCE_DIR=/opt/rustwide/workdir" "-e" "CARGO_TARGET_DIR=/opt/rustwide/target" "-e" "CARGO_INCREMENTAL=0" "-e" "RUST_BACKTRACE=full" "-e" "RUSTFLAGS=--cap-lints=warn" "-e" "CARGO_HOME=/opt/rustwide/cargo-home" "-e" "RUSTUP_HOME=/opt/rustwide/rustup-home" "-w" "/opt/rustwide/workdir" "-m" "1610612736" "--user" "0:0" "--network" "none" "ghcr.io/rust-lang/crates-build-env/linux@sha256:34b6a614d2c27851fe6cbf88fbd1137609cefab8b10d0615aaeb6fd47975d74e" "/opt/rustwide/cargo-home/bin/cargo" "+1.54.0" "test" "--frozen" "--no-run" "--message-format=json", kill_on_drop: false }`
[INFO] [stdout] 9a8ae0777586f832ccfa753b911031b370253598f5c1b30da4a8f02dd46892e4
[INFO] running `Command { std: "docker" "start" "-a" "9a8ae0777586f832ccfa753b911031b370253598f5c1b30da4a8f02dd46892e4", kill_on_drop: false }`
[INFO] [stderr]    Compiling hash256-std-hasher v0.15.2
[INFO] [stderr]    Compiling tiny-keccak v2.0.2
[INFO] [stderr]    Compiling hex-literal-impl v0.2.2
[INFO] [stderr]    Compiling keccak-hasher v0.15.3
[INFO] [stderr]    Compiling trie-standardmap v0.15.2
[INFO] [stderr]    Compiling hex-literal v0.2.1
[INFO] [stderr]    Compiling trie-root v0.16.0 (/opt/rustwide/workdir)
[INFO] [stderr]     Finished test [unoptimized + debuginfo] target(s) in 1.65s
[INFO] running `Command { std: "docker" "inspect" "9a8ae0777586f832ccfa753b911031b370253598f5c1b30da4a8f02dd46892e4", kill_on_drop: false }`
[INFO] running `Command { std: "docker" "rm" "-f" "9a8ae0777586f832ccfa753b911031b370253598f5c1b30da4a8f02dd46892e4", kill_on_drop: false }`
[INFO] [stdout] 9a8ae0777586f832ccfa753b911031b370253598f5c1b30da4a8f02dd46892e4
[INFO] running `Command { std: "docker" "create" "-v" "/var/lib/crater-agent-workspace/builds/worker-13/target:/opt/rustwide/target:rw,Z" "-v" "/var/lib/crater-agent-workspace/builds/worker-13/source:/opt/rustwide/workdir:ro,Z" "-v" "/var/lib/crater-agent-workspace/cargo-home:/opt/rustwide/cargo-home:ro,Z" "-v" "/var/lib/crater-agent-workspace/rustup-home:/opt/rustwide/rustup-home:ro,Z" "-e" "SOURCE_DIR=/opt/rustwide/workdir" "-e" "CARGO_TARGET_DIR=/opt/rustwide/target" "-e" "CARGO_INCREMENTAL=0" "-e" "RUST_BACKTRACE=full" "-e" "RUSTFLAGS=--cap-lints=warn" "-e" "CARGO_HOME=/opt/rustwide/cargo-home" "-e" "RUSTUP_HOME=/opt/rustwide/rustup-home" "-w" "/opt/rustwide/workdir" "-m" "1610612736" "--user" "0:0" "--network" "none" "ghcr.io/rust-lang/crates-build-env/linux@sha256:34b6a614d2c27851fe6cbf88fbd1137609cefab8b10d0615aaeb6fd47975d74e" "/opt/rustwide/cargo-home/bin/cargo" "+1.54.0" "test" "--frozen", kill_on_drop: false }`
[INFO] [stdout] bdd118446b19aad87f1bdc5af21a8804bfa31933e9eea418a2218ff72ba4969e
[INFO] running `Command { std: "docker" "start" "-a" "bdd118446b19aad87f1bdc5af21a8804bfa31933e9eea418a2218ff72ba4969e", kill_on_drop: false }`
[INFO] [stderr]     Blocking waiting for file lock on package cache
[INFO] [stderr]     Finished test [unoptimized + debuginfo] target(s) in 0.03s
[INFO] [stderr]      Running unittests (/opt/rustwide/target/debug/deps/trie_root-d7712d4490a48499)
[INFO] [stdout] 
[INFO] [stderr]    Doc-tests trie-root
[INFO] [stdout] running 0 tests
[INFO] [stdout] 
[INFO] [stdout] test result: ok. 0 passed; 0 failed; 0 ignored; 0 measured; 0 filtered out; finished in 0.00s
[INFO] [stdout] 
[INFO] [stdout] 
[INFO] [stdout] running 2 tests
[INFO] [stdout] test src/lib.rs - sec_trie_root (line 213) ... FAILED
[INFO] [stdout] test src/lib.rs - trie_root (line 81) ... FAILED
[INFO] [stdout] 
[INFO] [stdout] failures:
[INFO] [stdout] 
[INFO] [stdout] ---- src/lib.rs - sec_trie_root (line 213) stdout ----
[INFO] [stdout] error[E0432]: unresolved import `reference_trie`
[INFO] [stdout]  --> src/lib.rs:217:5
[INFO] [stdout]   |
[INFO] [stdout] 7 | use reference_trie::ReferenceTrieStream;
[INFO] [stdout]   |     ^^^^^^^^^^^^^^ use of undeclared crate or module `reference_trie`
[INFO] [stdout] 
[INFO] [stdout] error: aborting due to previous error
[INFO] [stdout] 
[INFO] [stdout] For more information about this error, try `rustc --explain E0432`.
[INFO] [stdout] Couldn't compile the test.
[INFO] [stdout] ---- src/lib.rs - trie_root (line 81) stdout ----
[INFO] [stdout] error[E0432]: unresolved import `reference_trie`
[INFO] [stdout]  --> src/lib.rs:84:5
[INFO] [stdout]   |
[INFO] [stdout] 6 | use reference_trie::ReferenceTrieStream;
[INFO] [stdout]   |     ^^^^^^^^^^^^^^ use of undeclared crate or module `reference_trie`
[INFO] [stdout] 
[INFO] [stdout] error: aborting due to previous error
[INFO] [stdout] 
[INFO] [stdout] For more information about this error, try `rustc --explain E0432`.
[INFO] [stdout] Couldn't compile the test.
[INFO] [stdout] 
[INFO] [stdout] failures:
[INFO] [stdout]     src/lib.rs - sec_trie_root (line 213)
[INFO] [stdout]     src/lib.rs - trie_root (line 81)
[INFO] [stdout] 
[INFO] [stdout] test result: FAILED. 0 passed; 2 failed; 0 ignored; 0 measured; 0 filtered out; finished in 0.17s
[INFO] [stdout] 
[INFO] [stderr] error: test failed, to rerun pass '--doc'
[INFO] running `Command { std: "docker" "inspect" "bdd118446b19aad87f1bdc5af21a8804bfa31933e9eea418a2218ff72ba4969e", kill_on_drop: false }`
[INFO] running `Command { std: "docker" "rm" "-f" "bdd118446b19aad87f1bdc5af21a8804bfa31933e9eea418a2218ff72ba4969e", kill_on_drop: false }`
[INFO] [stdout] bdd118446b19aad87f1bdc5af21a8804bfa31933e9eea418a2218ff72ba4969e
