[INFO] fetching crate tree-sitter-svelte 0.8.1...
[INFO] testing tree-sitter-svelte-0.8.1 against 1.54.0 for beta-1.55-1
[INFO] extracting crate tree-sitter-svelte 0.8.1 into /workspace/builds/worker-15/source
[INFO] validating manifest of crates.io crate tree-sitter-svelte 0.8.1 on toolchain 1.54.0
[INFO] running `Command { std: "/workspace/cargo-home/bin/cargo" "+1.54.0" "metadata" "--manifest-path" "Cargo.toml" "--no-deps", kill_on_drop: false }`
[INFO] started tweaking crates.io crate tree-sitter-svelte 0.8.1
[INFO] finished tweaking crates.io crate tree-sitter-svelte 0.8.1
[INFO] tweaked toml for crates.io crate tree-sitter-svelte 0.8.1 written to /workspace/builds/worker-15/source/Cargo.toml
[INFO] running `Command { std: "/workspace/cargo-home/bin/cargo" "+1.54.0" "generate-lockfile" "--manifest-path" "Cargo.toml" "-Zno-index-update", kill_on_drop: false }`
[INFO] running `Command { std: "/workspace/cargo-home/bin/cargo" "+1.54.0" "fetch" "--manifest-path" "Cargo.toml", kill_on_drop: false }`
[INFO] running `Command { std: "docker" "create" "-v" "/var/lib/crater-agent-workspace/builds/worker-15/target:/opt/rustwide/target:rw,Z" "-v" "/var/lib/crater-agent-workspace/builds/worker-15/source:/opt/rustwide/workdir:ro,Z" "-v" "/var/lib/crater-agent-workspace/cargo-home:/opt/rustwide/cargo-home:ro,Z" "-v" "/var/lib/crater-agent-workspace/rustup-home:/opt/rustwide/rustup-home:ro,Z" "-e" "SOURCE_DIR=/opt/rustwide/workdir" "-e" "CARGO_TARGET_DIR=/opt/rustwide/target" "-e" "CARGO_HOME=/opt/rustwide/cargo-home" "-e" "RUSTUP_HOME=/opt/rustwide/rustup-home" "-w" "/opt/rustwide/workdir" "-m" "1610612736" "--user" "0:0" "--network" "none" "ghcr.io/rust-lang/crates-build-env/linux@sha256:34b6a614d2c27851fe6cbf88fbd1137609cefab8b10d0615aaeb6fd47975d74e" "/opt/rustwide/cargo-home/bin/cargo" "+1.54.0" "metadata" "--no-deps" "--format-version=1", kill_on_drop: false }`
[INFO] [stdout] a62e93c6f02cd08b8f3bfa98fd90ce0e81c617c87d89414937494ed537fc79c0
[INFO] running `Command { std: "docker" "start" "-a" "a62e93c6f02cd08b8f3bfa98fd90ce0e81c617c87d89414937494ed537fc79c0", kill_on_drop: false }`
[INFO] running `Command { std: "docker" "inspect" "a62e93c6f02cd08b8f3bfa98fd90ce0e81c617c87d89414937494ed537fc79c0", kill_on_drop: false }`
[INFO] running `Command { std: "docker" "rm" "-f" "a62e93c6f02cd08b8f3bfa98fd90ce0e81c617c87d89414937494ed537fc79c0", kill_on_drop: false }`
[INFO] [stdout] a62e93c6f02cd08b8f3bfa98fd90ce0e81c617c87d89414937494ed537fc79c0
[INFO] running `Command { std: "docker" "create" "-v" "/var/lib/crater-agent-workspace/builds/worker-15/target:/opt/rustwide/target:rw,Z" "-v" "/var/lib/crater-agent-workspace/builds/worker-15/source:/opt/rustwide/workdir:ro,Z" "-v" "/var/lib/crater-agent-workspace/cargo-home:/opt/rustwide/cargo-home:ro,Z" "-v" "/var/lib/crater-agent-workspace/rustup-home:/opt/rustwide/rustup-home:ro,Z" "-e" "SOURCE_DIR=/opt/rustwide/workdir" "-e" "CARGO_TARGET_DIR=/opt/rustwide/target" "-e" "CARGO_INCREMENTAL=0" "-e" "RUST_BACKTRACE=full" "-e" "RUSTFLAGS=--cap-lints=warn" "-e" "CARGO_HOME=/opt/rustwide/cargo-home" "-e" "RUSTUP_HOME=/opt/rustwide/rustup-home" "-w" "/opt/rustwide/workdir" "-m" "1610612736" "--user" "0:0" "--network" "none" "ghcr.io/rust-lang/crates-build-env/linux@sha256:34b6a614d2c27851fe6cbf88fbd1137609cefab8b10d0615aaeb6fd47975d74e" "/opt/rustwide/cargo-home/bin/cargo" "+1.54.0" "build" "--frozen" "--message-format=json", kill_on_drop: false }`
[INFO] [stdout] 153e137a05e2b4ed14926fc1b1227b31684ff18142667da41b80351f77ab2e4c
[INFO] running `Command { std: "docker" "start" "-a" "153e137a05e2b4ed14926fc1b1227b31684ff18142667da41b80351f77ab2e4c", kill_on_drop: false }`
[INFO] [stderr]    Compiling tree-sitter v0.19.5
[INFO] [stderr]    Compiling tree-sitter-svelte v0.8.1 (/opt/rustwide/workdir)
[INFO] [stderr] warning: In file included from src/scanner.c:5:
[INFO] [stderr] warning: src/ekstring.h:14:1: warning: type qualifiers ignored on function return type [-Wignored-qualifiers]
[INFO] [stderr] warning:    14 | const ekstring init_string_str(za_Allocator *A, const char *buf,
[INFO] [stderr] warning:       | ^~~~~
[INFO] [stderr] warning: src/ekstring.h:21:1: warning: type qualifiers ignored on function return type [-Wignored-qualifiers]
[INFO] [stderr] warning:    21 | const ekstring init_string_string(const ekstring str) {
[INFO] [stderr] warning:       | ^~~~~
[INFO] [stderr] warning: src/ekstring.h:32:1: warning: type qualifiers ignored on function return type [-Wignored-qualifiers]
[INFO] [stderr] warning:    32 | const ekstring concat_string_string(const ekstring s1, const ekstring s2) {
[INFO] [stderr] warning:       | ^~~~~
[INFO] [stderr] warning: src/ekstring.h:40:1: warning: type qualifiers ignored on function return type [-Wignored-qualifiers]
[INFO] [stderr] warning:    40 | const ekstring concat_string_char(const ekstring s1, const char c) {
[INFO] [stderr] warning:       | ^~~~~
[INFO] [stderr] warning: src/ekstring.h:54:1: warning: type qualifiers ignored on function return type [-Wignored-qualifiers]
[INFO] [stderr] warning:    54 | const int parse_int(const ekstring s1) { return atoi(s1.buf); }
[INFO] [stderr] warning:       | ^~~~~
[INFO] [stderr] warning: src/ekstring.h: In function 'destroy_string':
[INFO] [stderr] warning: src/ekstring.h:56:36: warning: unused parameter 's' [-Wunused-parameter]
[INFO] [stderr] warning:    56 | void destroy_string(const ekstring s) {
[INFO] [stderr] warning:       |                     ~~~~~~~~~~~~~~~^
[INFO] [stderr] warning: In file included from src/tag.h:20,
[INFO] [stderr] warning:                  from src/scanner.c:6:
[INFO] [stderr] warning: src/vc_vector.h: In function 'vc_vector_resize':
[INFO] [stderr] warning: src/vc_vector.h:109:29: warning: comparison of integer expressions of different signedness: 'int' and 'size_t' {aka 'long unsigned int'} [-Wsign-compare]
[INFO] [stderr] warning:   109 |   for (int i = old_count; i < new_count; i++)
[INFO] [stderr] warning:       |                             ^
[INFO] [stderr] warning: In file included from src/scanner.c:6:
[INFO] [stderr] warning: src/tag.h: At top level:
[INFO] [stderr] warning: src/tag.h:195:1: warning: type qualifiers ignored on function return type [-Wignored-qualifiers]
[INFO] [stderr] warning:   195 | const bool is_void(Tag *tag) { return tag->type < END_OF_VOID_TAGS; }
[INFO] [stderr] warning:       | ^~~~~
[INFO] [stderr] warning: src/tag.h:197:1: warning: type qualifiers ignored on function return type [-Wignored-qualifiers]
[INFO] [stderr] warning:   197 | const bool findTagType(const TagType *tt, TagType toFind) {
[INFO] [stderr] warning:       | ^~~~~
[INFO] [stderr] warning: src/tag.h: In function 'findTagType':
[INFO] [stderr] warning: src/tag.h:198:21: warning: comparison of integer expressions of different signedness: 'int' and 'unsigned int' [-Wsign-compare]
[INFO] [stderr] warning:   198 |   for (int i = 0; i < TTNAIP_LEN; i++)
[INFO] [stderr] warning:       |                     ^
[INFO] [stderr] warning: src/tag.h: At top level:
[INFO] [stderr] warning: src/tag.h:204:1: warning: type qualifiers ignored on function return type [-Wignored-qualifiers]
[INFO] [stderr] warning:   204 | const bool findTag(vc_vector *v, Tag *tag) {
[INFO] [stderr] warning:       | ^~~~~
[INFO] [stderr] warning: src/scanner.c: In function 'scan_word':
[INFO] [stderr] warning: src/scanner.c:251:25: warning: unused parameter 'scanner' [-Wunused-parameter]
[INFO] [stderr] warning:   251 | bool scan_word(Scanner *scanner, TSLexer *lexer, ekstring word) {
[INFO] [stderr] warning:       |                ~~~~~~~~~^~~~~~~
[INFO] [stderr] warning: src/scanner.c: In function 'deleter':
[INFO] [stderr] warning: src/scanner.c:398:20: warning: unused parameter 'tag' [-Wunused-parameter]
[INFO] [stderr] warning:   398 | void deleter(void *tag, za_Allocator *A) {}
[INFO] [stderr] warning:       |              ~~~~~~^~~
[INFO] [stderr] warning: src/scanner.c:398:39: warning: unused parameter 'A' [-Wunused-parameter]
[INFO] [stderr] warning:   398 | void deleter(void *tag, za_Allocator *A) {}
[INFO] [stderr] warning:       |                         ~~~~~~~~~~~~~~^
[INFO] [stderr] warning: src/scanner.c: In function 'scan_comment':
[INFO] [stderr] warning: src/scanner.c:115:10: warning: this statement may fall through [-Wimplicit-fallthrough=]
[INFO] [stderr] warning:   115 |       if (dashes >= 2) {
[INFO] [stderr] warning:       |          ^
[INFO] [stderr] warning: src/scanner.c:121:5: note: here
[INFO] [stderr] warning:   121 |     default:
[INFO] [stderr] warning:       |     ^~~~~~~
[INFO] [stderr]     Finished dev [unoptimized + debuginfo] target(s) in 3.08s
[INFO] running `Command { std: "docker" "inspect" "153e137a05e2b4ed14926fc1b1227b31684ff18142667da41b80351f77ab2e4c", kill_on_drop: false }`
[INFO] running `Command { std: "docker" "rm" "-f" "153e137a05e2b4ed14926fc1b1227b31684ff18142667da41b80351f77ab2e4c", kill_on_drop: false }`
[INFO] [stdout] 153e137a05e2b4ed14926fc1b1227b31684ff18142667da41b80351f77ab2e4c
[INFO] running `Command { std: "docker" "create" "-v" "/var/lib/crater-agent-workspace/builds/worker-15/target:/opt/rustwide/target:rw,Z" "-v" "/var/lib/crater-agent-workspace/builds/worker-15/source:/opt/rustwide/workdir:ro,Z" "-v" "/var/lib/crater-agent-workspace/cargo-home:/opt/rustwide/cargo-home:ro,Z" "-v" "/var/lib/crater-agent-workspace/rustup-home:/opt/rustwide/rustup-home:ro,Z" "-e" "SOURCE_DIR=/opt/rustwide/workdir" "-e" "CARGO_TARGET_DIR=/opt/rustwide/target" "-e" "CARGO_INCREMENTAL=0" "-e" "RUST_BACKTRACE=full" "-e" "RUSTFLAGS=--cap-lints=warn" "-e" "CARGO_HOME=/opt/rustwide/cargo-home" "-e" "RUSTUP_HOME=/opt/rustwide/rustup-home" "-w" "/opt/rustwide/workdir" "-m" "1610612736" "--user" "0:0" "--network" "none" "ghcr.io/rust-lang/crates-build-env/linux@sha256:34b6a614d2c27851fe6cbf88fbd1137609cefab8b10d0615aaeb6fd47975d74e" "/opt/rustwide/cargo-home/bin/cargo" "+1.54.0" "test" "--frozen" "--no-run" "--message-format=json", kill_on_drop: false }`
[INFO] [stdout] e0844d7c47c04d44308aa98a45356dc24469cfd3a005fadb31a89f78e07a58d2
[INFO] running `Command { std: "docker" "start" "-a" "e0844d7c47c04d44308aa98a45356dc24469cfd3a005fadb31a89f78e07a58d2", kill_on_drop: false }`
[INFO] [stderr] warning: In file included from src/scanner.c:5:
[INFO] [stderr] warning: src/ekstring.h:14:1: warning: type qualifiers ignored on function return type [-Wignored-qualifiers]
[INFO] [stderr] warning:    14 | const ekstring init_string_str(za_Allocator *A, const char *buf,
[INFO] [stderr] warning:       | ^~~~~
[INFO] [stderr] warning: src/ekstring.h:21:1: warning: type qualifiers ignored on function return type [-Wignored-qualifiers]
[INFO] [stderr] warning:    21 | const ekstring init_string_string(const ekstring str) {
[INFO] [stderr] warning:       | ^~~~~
[INFO] [stderr] warning: src/ekstring.h:32:1: warning: type qualifiers ignored on function return type [-Wignored-qualifiers]
[INFO] [stderr] warning:    32 | const ekstring concat_string_string(const ekstring s1, const ekstring s2) {
[INFO] [stderr] warning:       | ^~~~~
[INFO] [stderr] warning: src/ekstring.h:40:1: warning: type qualifiers ignored on function return type [-Wignored-qualifiers]
[INFO] [stderr] warning:    40 | const ekstring concat_string_char(const ekstring s1, const char c) {
[INFO] [stderr] warning:       | ^~~~~
[INFO] [stderr] warning: src/ekstring.h:54:1: warning: type qualifiers ignored on function return type [-Wignored-qualifiers]
[INFO] [stderr] warning:    54 | const int parse_int(const ekstring s1) { return atoi(s1.buf); }
[INFO] [stderr] warning:       | ^~~~~
[INFO] [stderr] warning: src/ekstring.h: In function 'destroy_string':
[INFO] [stderr] warning: src/ekstring.h:56:36: warning: unused parameter 's' [-Wunused-parameter]
[INFO] [stderr] warning:    56 | void destroy_string(const ekstring s) {
[INFO] [stderr] warning:       |                     ~~~~~~~~~~~~~~~^
[INFO] [stderr] warning: In file included from src/tag.h:20,
[INFO] [stderr] warning:                  from src/scanner.c:6:
[INFO] [stderr] warning: src/vc_vector.h: In function 'vc_vector_resize':
[INFO] [stderr] warning: src/vc_vector.h:109:29: warning: comparison of integer expressions of different signedness: 'int' and 'size_t' {aka 'long unsigned int'} [-Wsign-compare]
[INFO] [stderr] warning:   109 |   for (int i = old_count; i < new_count; i++)
[INFO] [stderr] warning:       |                             ^
[INFO] [stderr] warning: In file included from src/scanner.c:6:
[INFO] [stderr] warning: src/tag.h: At top level:
[INFO] [stderr] warning: src/tag.h:195:1: warning: type qualifiers ignored on function return type [-Wignored-qualifiers]
[INFO] [stderr] warning:   195 | const bool is_void(Tag *tag) { return tag->type < END_OF_VOID_TAGS; }
[INFO] [stderr] warning:       | ^~~~~
[INFO] [stderr] warning: src/tag.h:197:1: warning: type qualifiers ignored on function return type [-Wignored-qualifiers]
[INFO] [stderr] warning:   197 | const bool findTagType(const TagType *tt, TagType toFind) {
[INFO] [stderr] warning:       | ^~~~~
[INFO] [stderr] warning: src/tag.h: In function 'findTagType':
[INFO] [stderr] warning: src/tag.h:198:21: warning: comparison of integer expressions of different signedness: 'int' and 'unsigned int' [-Wsign-compare]
[INFO] [stderr] warning:   198 |   for (int i = 0; i < TTNAIP_LEN; i++)
[INFO] [stderr] warning:       |                     ^
[INFO] [stderr] warning: src/tag.h: At top level:
[INFO] [stderr] warning: src/tag.h:204:1: warning: type qualifiers ignored on function return type [-Wignored-qualifiers]
[INFO] [stderr] warning:   204 | const bool findTag(vc_vector *v, Tag *tag) {
[INFO] [stderr] warning:       | ^~~~~
[INFO] [stderr] warning: src/scanner.c: In function 'scan_word':
[INFO] [stderr] warning: src/scanner.c:251:25: warning: unused parameter 'scanner' [-Wunused-parameter]
[INFO] [stderr] warning:   251 | bool scan_word(Scanner *scanner, TSLexer *lexer, ekstring word) {
[INFO] [stderr] warning:       |                ~~~~~~~~~^~~~~~~
[INFO] [stderr] warning: src/scanner.c: In function 'deleter':
[INFO] [stderr] warning: src/scanner.c:398:20: warning: unused parameter 'tag' [-Wunused-parameter]
[INFO] [stderr] warning:   398 | void deleter(void *tag, za_Allocator *A) {}
[INFO] [stderr] warning:       |              ~~~~~~^~~
[INFO] [stderr] warning: src/scanner.c:398:39: warning: unused parameter 'A' [-Wunused-parameter]
[INFO] [stderr] warning:   398 | void deleter(void *tag, za_Allocator *A) {}
[INFO] [stderr] warning:       |                         ~~~~~~~~~~~~~~^
[INFO] [stderr] warning: src/scanner.c: In function 'scan_comment':
[INFO] [stderr] warning: src/scanner.c:115:10: warning: this statement may fall through [-Wimplicit-fallthrough=]
[INFO] [stderr] warning:   115 |       if (dashes >= 2) {
[INFO] [stderr] warning:       |          ^
[INFO] [stderr] warning: src/scanner.c:121:5: note: here
[INFO] [stderr] warning:   121 |     default:
[INFO] [stderr] warning:       |     ^~~~~~~
[INFO] [stderr]    Compiling tree-sitter-svelte v0.8.1 (/opt/rustwide/workdir)
[INFO] [stderr]     Finished test [unoptimized + debuginfo] target(s) in 2.56s
[INFO] running `Command { std: "docker" "inspect" "e0844d7c47c04d44308aa98a45356dc24469cfd3a005fadb31a89f78e07a58d2", kill_on_drop: false }`
[INFO] running `Command { std: "docker" "rm" "-f" "e0844d7c47c04d44308aa98a45356dc24469cfd3a005fadb31a89f78e07a58d2", kill_on_drop: false }`
[INFO] [stdout] e0844d7c47c04d44308aa98a45356dc24469cfd3a005fadb31a89f78e07a58d2
[INFO] running `Command { std: "docker" "create" "-v" "/var/lib/crater-agent-workspace/builds/worker-15/target:/opt/rustwide/target:rw,Z" "-v" "/var/lib/crater-agent-workspace/builds/worker-15/source:/opt/rustwide/workdir:ro,Z" "-v" "/var/lib/crater-agent-workspace/cargo-home:/opt/rustwide/cargo-home:ro,Z" "-v" "/var/lib/crater-agent-workspace/rustup-home:/opt/rustwide/rustup-home:ro,Z" "-e" "SOURCE_DIR=/opt/rustwide/workdir" "-e" "CARGO_TARGET_DIR=/opt/rustwide/target" "-e" "CARGO_INCREMENTAL=0" "-e" "RUST_BACKTRACE=full" "-e" "RUSTFLAGS=--cap-lints=warn" "-e" "CARGO_HOME=/opt/rustwide/cargo-home" "-e" "RUSTUP_HOME=/opt/rustwide/rustup-home" "-w" "/opt/rustwide/workdir" "-m" "1610612736" "--user" "0:0" "--network" "none" "ghcr.io/rust-lang/crates-build-env/linux@sha256:34b6a614d2c27851fe6cbf88fbd1137609cefab8b10d0615aaeb6fd47975d74e" "/opt/rustwide/cargo-home/bin/cargo" "+1.54.0" "test" "--frozen", kill_on_drop: false }`
[INFO] [stdout] 1eb1a2b33ae30f74b6df1ff4abf51b65854491d744127ed8e7b76b4bb15abba6
[INFO] running `Command { std: "docker" "start" "-a" "1eb1a2b33ae30f74b6df1ff4abf51b65854491d744127ed8e7b76b4bb15abba6", kill_on_drop: false }`
[INFO] [stderr] warning: In file included from src/scanner.c:5:
[INFO] [stderr] warning: src/ekstring.h:14:1: warning: type qualifiers ignored on function return type [-Wignored-qualifiers]
[INFO] [stderr] warning:    14 | const ekstring init_string_str(za_Allocator *A, const char *buf,
[INFO] [stderr] warning:       | ^~~~~
[INFO] [stderr] warning: src/ekstring.h:21:1: warning: type qualifiers ignored on function return type [-Wignored-qualifiers]
[INFO] [stderr] warning:    21 | const ekstring init_string_string(const ekstring str) {
[INFO] [stderr] warning:       | ^~~~~
[INFO] [stderr] warning: src/ekstring.h:32:1: warning: type qualifiers ignored on function return type [-Wignored-qualifiers]
[INFO] [stderr] warning:    32 | const ekstring concat_string_string(const ekstring s1, const ekstring s2) {
[INFO] [stderr] warning:       | ^~~~~
[INFO] [stderr] warning: src/ekstring.h:40:1: warning: type qualifiers ignored on function return type [-Wignored-qualifiers]
[INFO] [stderr] warning:    40 | const ekstring concat_string_char(const ekstring s1, const char c) {
[INFO] [stderr] warning:       | ^~~~~
[INFO] [stderr] warning: src/ekstring.h:54:1: warning: type qualifiers ignored on function return type [-Wignored-qualifiers]
[INFO] [stderr] warning:    54 | const int parse_int(const ekstring s1) { return atoi(s1.buf); }
[INFO] [stderr] warning:       | ^~~~~
[INFO] [stderr] warning: src/ekstring.h: In function 'destroy_string':
[INFO] [stderr] warning: src/ekstring.h:56:36: warning: unused parameter 's' [-Wunused-parameter]
[INFO] [stderr] warning:    56 | void destroy_string(const ekstring s) {
[INFO] [stderr] warning:       |                     ~~~~~~~~~~~~~~~^
[INFO] [stderr] warning: In file included from src/tag.h:20,
[INFO] [stderr] warning:                  from src/scanner.c:6:
[INFO] [stderr] warning: src/vc_vector.h: In function 'vc_vector_resize':
[INFO] [stderr] warning: src/vc_vector.h:109:29: warning: comparison of integer expressions of different signedness: 'int' and 'size_t' {aka 'long unsigned int'} [-Wsign-compare]
[INFO] [stderr] warning:   109 |   for (int i = old_count; i < new_count; i++)
[INFO] [stderr] warning:       |                             ^
[INFO] [stderr] warning: In file included from src/scanner.c:6:
[INFO] [stderr] warning: src/tag.h: At top level:
[INFO] [stderr] warning: src/tag.h:195:1: warning: type qualifiers ignored on function return type [-Wignored-qualifiers]
[INFO] [stderr] warning:   195 | const bool is_void(Tag *tag) { return tag->type < END_OF_VOID_TAGS; }
[INFO] [stderr] warning:       | ^~~~~
[INFO] [stderr] warning: src/tag.h:197:1: warning: type qualifiers ignored on function return type [-Wignored-qualifiers]
[INFO] [stderr] warning:   197 | const bool findTagType(const TagType *tt, TagType toFind) {
[INFO] [stderr] warning:       | ^~~~~
[INFO] [stderr] warning: src/tag.h: In function 'findTagType':
[INFO] [stderr] warning: src/tag.h:198:21: warning: comparison of integer expressions of different signedness: 'int' and 'unsigned int' [-Wsign-compare]
[INFO] [stderr] warning:   198 |   for (int i = 0; i < TTNAIP_LEN; i++)
[INFO] [stderr] warning:       |                     ^
[INFO] [stderr] warning: src/tag.h: At top level:
[INFO] [stderr] warning: src/tag.h:204:1: warning: type qualifiers ignored on function return type [-Wignored-qualifiers]
[INFO] [stderr] warning:   204 | const bool findTag(vc_vector *v, Tag *tag) {
[INFO] [stderr] warning:       | ^~~~~
[INFO] [stderr] warning: src/scanner.c: In function 'scan_word':
[INFO] [stderr] warning: src/scanner.c:251:25: warning: unused parameter 'scanner' [-Wunused-parameter]
[INFO] [stderr] warning:   251 | bool scan_word(Scanner *scanner, TSLexer *lexer, ekstring word) {
[INFO] [stderr] warning:       |                ~~~~~~~~~^~~~~~~
[INFO] [stderr] warning: src/scanner.c: In function 'deleter':
[INFO] [stderr] warning: src/scanner.c:398:20: warning: unused parameter 'tag' [-Wunused-parameter]
[INFO] [stderr] warning:   398 | void deleter(void *tag, za_Allocator *A) {}
[INFO] [stderr] warning:       |              ~~~~~~^~~
[INFO] [stderr] warning: src/scanner.c:398:39: warning: unused parameter 'A' [-Wunused-parameter]
[INFO] [stderr] warning:   398 | void deleter(void *tag, za_Allocator *A) {}
[INFO] [stderr] warning:       |                         ~~~~~~~~~~~~~~^
[INFO] [stderr] warning: src/scanner.c: In function 'scan_comment':
[INFO] [stderr] warning: src/scanner.c:115:10: warning: this statement may fall through [-Wimplicit-fallthrough=]
[INFO] [stderr] warning:   115 |       if (dashes >= 2) {
[INFO] [stderr] warning:       |          ^
[INFO] [stderr] warning: src/scanner.c:121:5: note: here
[INFO] [stderr] warning:   121 |     default:
[INFO] [stderr] warning:       |     ^~~~~~~
[INFO] [stderr]     Finished test [unoptimized + debuginfo] target(s) in 0.01s
[INFO] [stderr]      Running unittests (/opt/rustwide/target/debug/deps/tree_sitter_svelte-9635dad3b1b788b6)
[INFO] [stdout] 
[INFO] [stdout] running 1 test
[INFO] [stdout] test tests::can_load_grammar ... ok
[INFO] [stdout] 
[INFO] [stdout] test result: ok. 1 passed; 0 failed; 0 ignored; 0 measured; 0 filtered out; finished in 0.00s
[INFO] [stdout] 
[INFO] [stderr]    Doc-tests tree-sitter-svelte
[INFO] [stdout] 
[INFO] [stdout] running 1 test
[INFO] [stdout] test bindings/rust/lib.rs - (line 12) ... FAILED
[INFO] [stdout] 
[INFO] [stdout] failures:
[INFO] [stdout] 
[INFO] [stdout] ---- bindings/rust/lib.rs - (line 12) stdout ----
[INFO] [stdout] error[E0433]: failed to resolve: use of undeclared crate or module `tree_sitter_javascript`
[INFO] [stdout]   --> bindings/rust/lib.rs:22:21
[INFO] [stdout]    |
[INFO] [stdout] 12 | parser.set_language(tree_sitter_javascript::language()).expect("Error loading JavaScript grammar");
[INFO] [stdout]    |                     ^^^^^^^^^^^^^^^^^^^^^^ use of undeclared crate or module `tree_sitter_javascript`
[INFO] [stdout] 
[INFO] [stdout] error: aborting due to previous error
[INFO] [stdout] 
[INFO] [stdout] For more information about this error, try `rustc --explain E0433`.
[INFO] [stdout] Couldn't compile the test.
[INFO] [stdout] 
[INFO] [stdout] failures:
[INFO] [stdout]     bindings/rust/lib.rs - (line 12)
[INFO] [stdout] 
[INFO] [stdout] test result: FAILED. 0 passed; 1 failed; 0 ignored; 0 measured; 0 filtered out; finished in 0.09s
[INFO] [stdout] 
[INFO] [stderr] error: test failed, to rerun pass '--doc'
[INFO] running `Command { std: "docker" "inspect" "1eb1a2b33ae30f74b6df1ff4abf51b65854491d744127ed8e7b76b4bb15abba6", kill_on_drop: false }`
[INFO] running `Command { std: "docker" "rm" "-f" "1eb1a2b33ae30f74b6df1ff4abf51b65854491d744127ed8e7b76b4bb15abba6", kill_on_drop: false }`
[INFO] [stdout] 1eb1a2b33ae30f74b6df1ff4abf51b65854491d744127ed8e7b76b4bb15abba6
