[INFO] fetching crate transmission_rs 0.4.6...
[INFO] testing transmission_rs-0.4.6 against beta-2021-08-01 for beta-1.55-1
[INFO] extracting crate transmission_rs 0.4.6 into /workspace/builds/worker-3/source
[INFO] validating manifest of crates.io crate transmission_rs 0.4.6 on toolchain beta-2021-08-01
[INFO] running `Command { std: "/workspace/cargo-home/bin/cargo" "+beta-2021-08-01" "metadata" "--manifest-path" "Cargo.toml" "--no-deps", kill_on_drop: false }`
[INFO] started tweaking crates.io crate transmission_rs 0.4.6
[INFO] finished tweaking crates.io crate transmission_rs 0.4.6
[INFO] tweaked toml for crates.io crate transmission_rs 0.4.6 written to /workspace/builds/worker-3/source/Cargo.toml
[INFO] running `Command { std: "/workspace/cargo-home/bin/cargo" "+beta-2021-08-01" "generate-lockfile" "--manifest-path" "Cargo.toml" "-Zno-index-update", kill_on_drop: false }`
[INFO] running `Command { std: "/workspace/cargo-home/bin/cargo" "+beta-2021-08-01" "fetch" "--manifest-path" "Cargo.toml", kill_on_drop: false }`
[INFO] [stderr]     Blocking waiting for file lock on package cache
[INFO] [stderr]  Downloading crates ...
[INFO] [stderr]   Downloaded async-compression v0.3.8
[INFO] [stderr]   Downloaded hyper v0.13.10
[INFO] [stderr]   Downloaded h2 v0.2.7
[INFO] [stderr]   Downloaded reqwest v0.10.10
[INFO] [stderr]   Downloaded hyper-rustls v0.21.0
[INFO] running `Command { std: "docker" "create" "-v" "/var/lib/crater-agent-workspace/builds/worker-3/target:/opt/rustwide/target:rw,Z" "-v" "/var/lib/crater-agent-workspace/builds/worker-3/source:/opt/rustwide/workdir:ro,Z" "-v" "/var/lib/crater-agent-workspace/cargo-home:/opt/rustwide/cargo-home:ro,Z" "-v" "/var/lib/crater-agent-workspace/rustup-home:/opt/rustwide/rustup-home:ro,Z" "-e" "SOURCE_DIR=/opt/rustwide/workdir" "-e" "CARGO_TARGET_DIR=/opt/rustwide/target" "-e" "CARGO_HOME=/opt/rustwide/cargo-home" "-e" "RUSTUP_HOME=/opt/rustwide/rustup-home" "-w" "/opt/rustwide/workdir" "-m" "1610612736" "--user" "0:0" "--network" "none" "ghcr.io/rust-lang/crates-build-env/linux@sha256:34b6a614d2c27851fe6cbf88fbd1137609cefab8b10d0615aaeb6fd47975d74e" "/opt/rustwide/cargo-home/bin/cargo" "+beta-2021-08-01" "metadata" "--no-deps" "--format-version=1", kill_on_drop: false }`
[INFO] [stdout] 3d694658c51e2ce6b07e9c83bf5b74d370fdf184c13606ef0686388fe8b403ad
[INFO] running `Command { std: "docker" "start" "-a" "3d694658c51e2ce6b07e9c83bf5b74d370fdf184c13606ef0686388fe8b403ad", kill_on_drop: false }`
[INFO] running `Command { std: "docker" "inspect" "3d694658c51e2ce6b07e9c83bf5b74d370fdf184c13606ef0686388fe8b403ad", kill_on_drop: false }`
[INFO] running `Command { std: "docker" "rm" "-f" "3d694658c51e2ce6b07e9c83bf5b74d370fdf184c13606ef0686388fe8b403ad", kill_on_drop: false }`
[INFO] [stdout] 3d694658c51e2ce6b07e9c83bf5b74d370fdf184c13606ef0686388fe8b403ad
[INFO] running `Command { std: "docker" "create" "-v" "/var/lib/crater-agent-workspace/builds/worker-3/target:/opt/rustwide/target:rw,Z" "-v" "/var/lib/crater-agent-workspace/builds/worker-3/source:/opt/rustwide/workdir:ro,Z" "-v" "/var/lib/crater-agent-workspace/cargo-home:/opt/rustwide/cargo-home:ro,Z" "-v" "/var/lib/crater-agent-workspace/rustup-home:/opt/rustwide/rustup-home:ro,Z" "-e" "SOURCE_DIR=/opt/rustwide/workdir" "-e" "CARGO_TARGET_DIR=/opt/rustwide/target" "-e" "CARGO_INCREMENTAL=0" "-e" "RUST_BACKTRACE=full" "-e" "RUSTFLAGS=--cap-lints=warn" "-e" "CARGO_HOME=/opt/rustwide/cargo-home" "-e" "RUSTUP_HOME=/opt/rustwide/rustup-home" "-w" "/opt/rustwide/workdir" "-m" "1610612736" "--user" "0:0" "--network" "none" "ghcr.io/rust-lang/crates-build-env/linux@sha256:34b6a614d2c27851fe6cbf88fbd1137609cefab8b10d0615aaeb6fd47975d74e" "/opt/rustwide/cargo-home/bin/cargo" "+beta-2021-08-01" "build" "--frozen" "--message-format=json", kill_on_drop: false }`
[INFO] [stdout] d8dd5c217768616a80e55cf22e3635580a1044a7643c2540ee5310049566a1b9
[INFO] running `Command { std: "docker" "start" "-a" "d8dd5c217768616a80e55cf22e3635580a1044a7643c2540ee5310049566a1b9", kill_on_drop: false }`
[INFO] [stderr]    Compiling futures-util v0.3.16
[INFO] [stderr]    Compiling ring v0.16.20
[INFO] [stderr]    Compiling tokio v0.2.25
[INFO] [stderr]    Compiling serde_derive v1.0.127
[INFO] [stderr]    Compiling darling_core v0.13.0
[INFO] [stderr]    Compiling flate2 v1.0.20
[INFO] [stderr]    Compiling thiserror-impl v1.0.26
[INFO] [stderr]    Compiling tracing-futures v0.2.5
[INFO] [stderr]    Compiling async-compression v0.3.8
[INFO] [stderr]    Compiling webpki v0.21.4
[INFO] [stderr]    Compiling sct v0.6.1
[INFO] [stderr]    Compiling rustls v0.18.1
[INFO] [stderr]    Compiling webpki-roots v0.20.0
[INFO] [stderr]    Compiling thiserror v1.0.26
[INFO] [stderr]    Compiling darling_macro v0.13.0
[INFO] [stderr]    Compiling tokio-util v0.3.1
[INFO] [stderr]    Compiling h2 v0.2.7
[INFO] [stderr]    Compiling darling v0.13.0
[INFO] [stderr]    Compiling serde_with_macros v1.4.2
[INFO] [stderr]    Compiling tokio-rustls v0.14.1
[INFO] [stderr]    Compiling serde v1.0.127
[INFO] [stderr]    Compiling hyper v0.13.10
[INFO] [stderr]    Compiling serde_urlencoded v0.7.0
[INFO] [stderr]    Compiling serde_json v1.0.66
[INFO] [stderr]    Compiling serde_with v1.9.4
[INFO] [stderr]    Compiling hyper-rustls v0.21.0
[INFO] [stderr]    Compiling reqwest v0.10.10
[INFO] [stderr]    Compiling transmission_rs v0.4.6 (/opt/rustwide/workdir)
[INFO] [stderr]     Finished dev [unoptimized + debuginfo] target(s) in 34.37s
[INFO] running `Command { std: "docker" "inspect" "d8dd5c217768616a80e55cf22e3635580a1044a7643c2540ee5310049566a1b9", kill_on_drop: false }`
[INFO] running `Command { std: "docker" "rm" "-f" "d8dd5c217768616a80e55cf22e3635580a1044a7643c2540ee5310049566a1b9", kill_on_drop: false }`
[INFO] [stdout] d8dd5c217768616a80e55cf22e3635580a1044a7643c2540ee5310049566a1b9
[INFO] running `Command { std: "docker" "create" "-v" "/var/lib/crater-agent-workspace/builds/worker-3/target:/opt/rustwide/target:rw,Z" "-v" "/var/lib/crater-agent-workspace/builds/worker-3/source:/opt/rustwide/workdir:ro,Z" "-v" "/var/lib/crater-agent-workspace/cargo-home:/opt/rustwide/cargo-home:ro,Z" "-v" "/var/lib/crater-agent-workspace/rustup-home:/opt/rustwide/rustup-home:ro,Z" "-e" "SOURCE_DIR=/opt/rustwide/workdir" "-e" "CARGO_TARGET_DIR=/opt/rustwide/target" "-e" "CARGO_INCREMENTAL=0" "-e" "RUST_BACKTRACE=full" "-e" "RUSTFLAGS=--cap-lints=warn" "-e" "CARGO_HOME=/opt/rustwide/cargo-home" "-e" "RUSTUP_HOME=/opt/rustwide/rustup-home" "-w" "/opt/rustwide/workdir" "-m" "1610612736" "--user" "0:0" "--network" "none" "ghcr.io/rust-lang/crates-build-env/linux@sha256:34b6a614d2c27851fe6cbf88fbd1137609cefab8b10d0615aaeb6fd47975d74e" "/opt/rustwide/cargo-home/bin/cargo" "+beta-2021-08-01" "test" "--frozen" "--no-run" "--message-format=json", kill_on_drop: false }`
[INFO] [stdout] 53c7ab342e6107dc36ad2131be152d9b719f934e0e0267fb6d02f7be1ee4ccf6
[INFO] running `Command { std: "docker" "start" "-a" "53c7ab342e6107dc36ad2131be152d9b719f934e0e0267fb6d02f7be1ee4ccf6", kill_on_drop: false }`
[INFO] [stderr]    Compiling transmission_rs v0.4.6 (/opt/rustwide/workdir)
[INFO] [stderr]     Finished test [unoptimized + debuginfo] target(s) in 1.61s
[INFO] running `Command { std: "docker" "inspect" "53c7ab342e6107dc36ad2131be152d9b719f934e0e0267fb6d02f7be1ee4ccf6", kill_on_drop: false }`
[INFO] running `Command { std: "docker" "rm" "-f" "53c7ab342e6107dc36ad2131be152d9b719f934e0e0267fb6d02f7be1ee4ccf6", kill_on_drop: false }`
[INFO] [stdout] 53c7ab342e6107dc36ad2131be152d9b719f934e0e0267fb6d02f7be1ee4ccf6
[INFO] running `Command { std: "docker" "create" "-v" "/var/lib/crater-agent-workspace/builds/worker-3/target:/opt/rustwide/target:rw,Z" "-v" "/var/lib/crater-agent-workspace/builds/worker-3/source:/opt/rustwide/workdir:ro,Z" "-v" "/var/lib/crater-agent-workspace/cargo-home:/opt/rustwide/cargo-home:ro,Z" "-v" "/var/lib/crater-agent-workspace/rustup-home:/opt/rustwide/rustup-home:ro,Z" "-e" "SOURCE_DIR=/opt/rustwide/workdir" "-e" "CARGO_TARGET_DIR=/opt/rustwide/target" "-e" "CARGO_INCREMENTAL=0" "-e" "RUST_BACKTRACE=full" "-e" "RUSTFLAGS=--cap-lints=warn" "-e" "CARGO_HOME=/opt/rustwide/cargo-home" "-e" "RUSTUP_HOME=/opt/rustwide/rustup-home" "-w" "/opt/rustwide/workdir" "-m" "1610612736" "--user" "0:0" "--network" "none" "ghcr.io/rust-lang/crates-build-env/linux@sha256:34b6a614d2c27851fe6cbf88fbd1137609cefab8b10d0615aaeb6fd47975d74e" "/opt/rustwide/cargo-home/bin/cargo" "+beta-2021-08-01" "test" "--frozen", kill_on_drop: false }`
[INFO] [stdout] d0adaf53978a4516637b982c4894cf65caabde37f58dedbbc8bf2e4f243360aa
[INFO] running `Command { std: "docker" "start" "-a" "d0adaf53978a4516637b982c4894cf65caabde37f58dedbbc8bf2e4f243360aa", kill_on_drop: false }`
[INFO] [stderr]     Finished test [unoptimized + debuginfo] target(s) in 0.09s
[INFO] [stdout] 
[INFO] [stderr]      Running unittests (/opt/rustwide/target/debug/deps/transmission_rs-50c8055848b8bf7b)
[INFO] [stdout] running 0 tests
[INFO] [stderr]    Doc-tests transmission_rs
[INFO] [stdout] 
[INFO] [stdout] test result: ok. 0 passed; 0 failed; 0 ignored; 0 measured; 0 filtered out; finished in 0.00s
[INFO] [stdout] 
[INFO] [stdout] 
[INFO] [stdout] running 1 test
[INFO] [stdout] test src/client.rs - client::Client (line 33) - compile ... FAILED
[INFO] [stdout] 
[INFO] [stdout] failures:
[INFO] [stdout] 
[INFO] [stdout] ---- src/client.rs - client::Client (line 33) stdout ----
[INFO] [stdout] error[E0432]: unresolved import `transmission`
[INFO] [stdout]  --> src/client.rs:34:5
[INFO] [stdout]   |
[INFO] [stdout] 3 | use transmission::{ ClientConfig, Client};
[INFO] [stdout]   |     ^^^^^^^^^^^^ use of undeclared crate or module `transmission`
[INFO] [stdout] 
[INFO] [stdout] error: aborting due to previous error
[INFO] [stdout] 
[INFO] [stdout] For more information about this error, try `rustc --explain E0432`.
[INFO] [stdout] Couldn't compile the test.
[INFO] [stdout] 
[INFO] [stdout] failures:
[INFO] [stdout]     src/client.rs - client::Client (line 33)
[INFO] [stdout] 
[INFO] [stdout] test result: FAILED. 0 passed; 1 failed; 0 ignored; 0 measured; 0 filtered out; finished in 0.24s
[INFO] [stdout] 
[INFO] [stderr] error: test failed, to rerun pass '--doc'
[INFO] running `Command { std: "docker" "inspect" "d0adaf53978a4516637b982c4894cf65caabde37f58dedbbc8bf2e4f243360aa", kill_on_drop: false }`
[INFO] running `Command { std: "docker" "rm" "-f" "d0adaf53978a4516637b982c4894cf65caabde37f58dedbbc8bf2e4f243360aa", kill_on_drop: false }`
[INFO] [stdout] d0adaf53978a4516637b982c4894cf65caabde37f58dedbbc8bf2e4f243360aa
