[INFO] fetching crate trailer 0.1.2...
[INFO] testing trailer-0.1.2 against 1.54.0 for beta-1.55-1
[INFO] extracting crate trailer 0.1.2 into /workspace/builds/worker-0/source
[INFO] validating manifest of crates.io crate trailer 0.1.2 on toolchain 1.54.0
[INFO] running `Command { std: "/workspace/cargo-home/bin/cargo" "+1.54.0" "metadata" "--manifest-path" "Cargo.toml" "--no-deps", kill_on_drop: false }`
[INFO] started tweaking crates.io crate trailer 0.1.2
[INFO] finished tweaking crates.io crate trailer 0.1.2
[INFO] tweaked toml for crates.io crate trailer 0.1.2 written to /workspace/builds/worker-0/source/Cargo.toml
[INFO] running `Command { std: "/workspace/cargo-home/bin/cargo" "+1.54.0" "generate-lockfile" "--manifest-path" "Cargo.toml" "-Zno-index-update", kill_on_drop: false }`
[INFO] running `Command { std: "/workspace/cargo-home/bin/cargo" "+1.54.0" "fetch" "--manifest-path" "Cargo.toml", kill_on_drop: false }`
[INFO] running `Command { std: "docker" "create" "-v" "/var/lib/crater-agent-workspace/builds/worker-0/target:/opt/rustwide/target:rw,Z" "-v" "/var/lib/crater-agent-workspace/builds/worker-0/source:/opt/rustwide/workdir:ro,Z" "-v" "/var/lib/crater-agent-workspace/cargo-home:/opt/rustwide/cargo-home:ro,Z" "-v" "/var/lib/crater-agent-workspace/rustup-home:/opt/rustwide/rustup-home:ro,Z" "-e" "SOURCE_DIR=/opt/rustwide/workdir" "-e" "CARGO_TARGET_DIR=/opt/rustwide/target" "-e" "CARGO_HOME=/opt/rustwide/cargo-home" "-e" "RUSTUP_HOME=/opt/rustwide/rustup-home" "-w" "/opt/rustwide/workdir" "-m" "1610612736" "--user" "0:0" "--network" "none" "ghcr.io/rust-lang/crates-build-env/linux@sha256:34b6a614d2c27851fe6cbf88fbd1137609cefab8b10d0615aaeb6fd47975d74e" "/opt/rustwide/cargo-home/bin/cargo" "+1.54.0" "metadata" "--no-deps" "--format-version=1", kill_on_drop: false }`
[INFO] [stdout] c02d9ab7a09594a6a8548c48f1d9f1f6da527b160f6414c5f65653f3b2e67f7c
[INFO] running `Command { std: "docker" "start" "-a" "c02d9ab7a09594a6a8548c48f1d9f1f6da527b160f6414c5f65653f3b2e67f7c", kill_on_drop: false }`
[INFO] running `Command { std: "docker" "inspect" "c02d9ab7a09594a6a8548c48f1d9f1f6da527b160f6414c5f65653f3b2e67f7c", kill_on_drop: false }`
[INFO] running `Command { std: "docker" "rm" "-f" "c02d9ab7a09594a6a8548c48f1d9f1f6da527b160f6414c5f65653f3b2e67f7c", kill_on_drop: false }`
[INFO] [stdout] c02d9ab7a09594a6a8548c48f1d9f1f6da527b160f6414c5f65653f3b2e67f7c
[INFO] running `Command { std: "docker" "create" "-v" "/var/lib/crater-agent-workspace/builds/worker-0/target:/opt/rustwide/target:rw,Z" "-v" "/var/lib/crater-agent-workspace/builds/worker-0/source:/opt/rustwide/workdir:ro,Z" "-v" "/var/lib/crater-agent-workspace/cargo-home:/opt/rustwide/cargo-home:ro,Z" "-v" "/var/lib/crater-agent-workspace/rustup-home:/opt/rustwide/rustup-home:ro,Z" "-e" "SOURCE_DIR=/opt/rustwide/workdir" "-e" "CARGO_TARGET_DIR=/opt/rustwide/target" "-e" "CARGO_INCREMENTAL=0" "-e" "RUST_BACKTRACE=full" "-e" "RUSTFLAGS=--cap-lints=warn" "-e" "CARGO_HOME=/opt/rustwide/cargo-home" "-e" "RUSTUP_HOME=/opt/rustwide/rustup-home" "-w" "/opt/rustwide/workdir" "-m" "1610612736" "--user" "0:0" "--network" "none" "ghcr.io/rust-lang/crates-build-env/linux@sha256:34b6a614d2c27851fe6cbf88fbd1137609cefab8b10d0615aaeb6fd47975d74e" "/opt/rustwide/cargo-home/bin/cargo" "+1.54.0" "build" "--frozen" "--message-format=json", kill_on_drop: false }`
[INFO] [stdout] 8fb74dd02b1b2d5212d5a5369166f2f85d014eb1c1b02a1fdbda9d9e420cf14f
[INFO] running `Command { std: "docker" "start" "-a" "8fb74dd02b1b2d5212d5a5369166f2f85d014eb1c1b02a1fdbda9d9e420cf14f", kill_on_drop: false }`
[INFO] [stderr]    Compiling trailer v0.1.2 (/opt/rustwide/workdir)
[INFO] [stderr]     Finished dev [unoptimized + debuginfo] target(s) in 0.64s
[INFO] running `Command { std: "docker" "inspect" "8fb74dd02b1b2d5212d5a5369166f2f85d014eb1c1b02a1fdbda9d9e420cf14f", kill_on_drop: false }`
[INFO] running `Command { std: "docker" "rm" "-f" "8fb74dd02b1b2d5212d5a5369166f2f85d014eb1c1b02a1fdbda9d9e420cf14f", kill_on_drop: false }`
[INFO] [stdout] 8fb74dd02b1b2d5212d5a5369166f2f85d014eb1c1b02a1fdbda9d9e420cf14f
[INFO] running `Command { std: "docker" "create" "-v" "/var/lib/crater-agent-workspace/builds/worker-0/target:/opt/rustwide/target:rw,Z" "-v" "/var/lib/crater-agent-workspace/builds/worker-0/source:/opt/rustwide/workdir:ro,Z" "-v" "/var/lib/crater-agent-workspace/cargo-home:/opt/rustwide/cargo-home:ro,Z" "-v" "/var/lib/crater-agent-workspace/rustup-home:/opt/rustwide/rustup-home:ro,Z" "-e" "SOURCE_DIR=/opt/rustwide/workdir" "-e" "CARGO_TARGET_DIR=/opt/rustwide/target" "-e" "CARGO_INCREMENTAL=0" "-e" "RUST_BACKTRACE=full" "-e" "RUSTFLAGS=--cap-lints=warn" "-e" "CARGO_HOME=/opt/rustwide/cargo-home" "-e" "RUSTUP_HOME=/opt/rustwide/rustup-home" "-w" "/opt/rustwide/workdir" "-m" "1610612736" "--user" "0:0" "--network" "none" "ghcr.io/rust-lang/crates-build-env/linux@sha256:34b6a614d2c27851fe6cbf88fbd1137609cefab8b10d0615aaeb6fd47975d74e" "/opt/rustwide/cargo-home/bin/cargo" "+1.54.0" "test" "--frozen" "--no-run" "--message-format=json", kill_on_drop: false }`
[INFO] [stdout] a342e8a563ffdabfec31b5d3ade2e9e73d50d0aaaff175e5452173ebae32b9cd
[INFO] running `Command { std: "docker" "start" "-a" "a342e8a563ffdabfec31b5d3ade2e9e73d50d0aaaff175e5452173ebae32b9cd", kill_on_drop: false }`
[INFO] [stderr]    Compiling trailer v0.1.2 (/opt/rustwide/workdir)
[INFO] [stderr]     Finished test [unoptimized + debuginfo] target(s) in 0.79s
[INFO] running `Command { std: "docker" "inspect" "a342e8a563ffdabfec31b5d3ade2e9e73d50d0aaaff175e5452173ebae32b9cd", kill_on_drop: false }`
[INFO] running `Command { std: "docker" "rm" "-f" "a342e8a563ffdabfec31b5d3ade2e9e73d50d0aaaff175e5452173ebae32b9cd", kill_on_drop: false }`
[INFO] [stdout] a342e8a563ffdabfec31b5d3ade2e9e73d50d0aaaff175e5452173ebae32b9cd
[INFO] running `Command { std: "docker" "create" "-v" "/var/lib/crater-agent-workspace/builds/worker-0/target:/opt/rustwide/target:rw,Z" "-v" "/var/lib/crater-agent-workspace/builds/worker-0/source:/opt/rustwide/workdir:ro,Z" "-v" "/var/lib/crater-agent-workspace/cargo-home:/opt/rustwide/cargo-home:ro,Z" "-v" "/var/lib/crater-agent-workspace/rustup-home:/opt/rustwide/rustup-home:ro,Z" "-e" "SOURCE_DIR=/opt/rustwide/workdir" "-e" "CARGO_TARGET_DIR=/opt/rustwide/target" "-e" "CARGO_INCREMENTAL=0" "-e" "RUST_BACKTRACE=full" "-e" "RUSTFLAGS=--cap-lints=warn" "-e" "CARGO_HOME=/opt/rustwide/cargo-home" "-e" "RUSTUP_HOME=/opt/rustwide/rustup-home" "-w" "/opt/rustwide/workdir" "-m" "1610612736" "--user" "0:0" "--network" "none" "ghcr.io/rust-lang/crates-build-env/linux@sha256:34b6a614d2c27851fe6cbf88fbd1137609cefab8b10d0615aaeb6fd47975d74e" "/opt/rustwide/cargo-home/bin/cargo" "+1.54.0" "test" "--frozen", kill_on_drop: false }`
[INFO] [stdout] 56e388e29a4880b7b9b9398a406b5eba713c0123bf5fd8e92003ba3406443ddc
[INFO] running `Command { std: "docker" "start" "-a" "56e388e29a4880b7b9b9398a406b5eba713c0123bf5fd8e92003ba3406443ddc", kill_on_drop: false }`
[INFO] [stderr]     Finished test [unoptimized + debuginfo] target(s) in 0.04s
[INFO] [stderr]      Running unittests (/opt/rustwide/target/debug/deps/trailer-3b087b8c7e1bf27e)
[INFO] [stdout] 
[INFO] [stdout] running 2 tests
[INFO] [stdout] test tests::default ... ok
[INFO] [stdout] test tests::copy ... FAILED
[INFO] [stdout] 
[INFO] [stdout] failures:
[INFO] [stdout] 
[INFO] [stdout] ---- tests::copy stdout ----
[INFO] [stdout] will create
[INFO] [stdout] created
[INFO] [stdout] Inner: Inner { field1: 5678, field2: true }
[INFO] [stdout] bytes: [1, 2, 3, 4, 0, 0, 0, 0, 0, 0, 0, 0, 0, 0, 0, 0, 0, 0, 0, 0, 0, 0, 0, 0, 0, 0, 0, 0, 0, 0, 0, 0, 0, 0, 0, 0, 0, 0, 0, 0, 0, 0, 0, 0, 0, 0, 0, 0, 0, 0, 0, 0, 0, 0, 0, 0, 0, 0, 0, 0, 0, 0, 0, 0, 0, 0, 0, 0, 0, 0, 0, 0, 0, 0, 0, 0, 0, 0, 0, 0, 0, 0, 0, 0, 0, 0, 0, 0, 0, 0, 0, 0, 0, 0, 0, 0, 0, 0, 0, 0]
[INFO] [stdout] raw bytes: [46, 22, 0, 0, 0, 0, 0, 0, 1, 12, 0, 4, 13, 127, 0, 0, 1, 2, 3, 4, 0, 0, 0, 0, 0, 0, 0, 0, 0, 0, 0, 0, 0, 0, 0, 0, 0, 0, 0, 0, 0, 0, 0, 0, 0, 0, 0, 0, 0, 0, 0, 0, 0, 0, 0, 0, 0, 0, 0, 0, 0, 0, 0, 0, 0, 0, 0, 0, 0, 0, 0, 0, 0, 0, 0, 0, 0, 0, 0, 0, 0, 0, 0, 0, 0, 0, 0, 0, 0, 0, 0, 0, 0, 0, 0, 0, 0, 0, 0, 0, 0, 0, 0, 0, 0, 0, 0, 0, 0, 0, 0, 0, 0, 0, 0, 0]
[INFO] [stdout] thread 'tests::copy' panicked at 'assertion failed: `(left == right)`
[INFO] [stdout]   left: `[46, 22, 0, 0, 0, 0, 0, 0, 1, 12, 0, 4, 13, 127, 0, 0, 1, 2, 3, 4]`,
[INFO] [stdout]  right: `[46, 22, 0, 0, 0, 0, 0, 0, 1, 0, 0, 0, 0, 0, 0, 0, 1, 2, 3, 4]`', src/lib.rs:170:9
[INFO] [stdout] stack backtrace:
[INFO] [stdout]    0:     0x5631bc82edd0 - std::backtrace_rs::backtrace::libunwind::trace::h34055254b57d8e79
[INFO] [stdout]                                at /rustc/a178d0322ce20e33eac124758e837cbd80a6f633/library/std/src/../../backtrace/src/backtrace/libunwind.rs:90:5
[INFO] [stdout]    1:     0x5631bc82edd0 - std::backtrace_rs::backtrace::trace_unsynchronized::h8f1e3fbd9afff6ec
[INFO] [stdout]                                at /rustc/a178d0322ce20e33eac124758e837cbd80a6f633/library/std/src/../../backtrace/src/backtrace/mod.rs:66:5
[INFO] [stdout]    2:     0x5631bc82edd0 - std::sys_common::backtrace::_print_fmt::h3a99a796b770c360
[INFO] [stdout]                                at /rustc/a178d0322ce20e33eac124758e837cbd80a6f633/library/std/src/sys_common/backtrace.rs:67:5
[INFO] [stdout]    3:     0x5631bc82edd0 - <std::sys_common::backtrace::_print::DisplayBacktrace as core::fmt::Display>::fmt::h32d1f94a80615d18
[INFO] [stdout]                                at /rustc/a178d0322ce20e33eac124758e837cbd80a6f633/library/std/src/sys_common/backtrace.rs:46:22
[INFO] [stdout]    4:     0x5631bc8515cc - core::fmt::write::h306731c068f7162c
[INFO] [stdout]                                at /rustc/a178d0322ce20e33eac124758e837cbd80a6f633/library/core/src/fmt/mod.rs:1110:17
[INFO] [stdout]    5:     0x5631bc82bcf5 - std::io::Write::write_fmt::h87f19b0a2cd190bc
[INFO] [stdout]                                at /rustc/a178d0322ce20e33eac124758e837cbd80a6f633/library/std/src/io/mod.rs:1588:15
[INFO] [stdout]    6:     0x5631bc830f3b - std::sys_common::backtrace::_print::h5abaa2601a852287
[INFO] [stdout]                                at /rustc/a178d0322ce20e33eac124758e837cbd80a6f633/library/std/src/sys_common/backtrace.rs:49:5
[INFO] [stdout]    7:     0x5631bc830f3b - std::sys_common::backtrace::print::h8d81445442bb638f
[INFO] [stdout]                                at /rustc/a178d0322ce20e33eac124758e837cbd80a6f633/library/std/src/sys_common/backtrace.rs:36:9
[INFO] [stdout]    8:     0x5631bc830f3b - std::panicking::default_hook::{{closure}}::hcfe804496a9fa747
[INFO] [stdout]                                at /rustc/a178d0322ce20e33eac124758e837cbd80a6f633/library/std/src/panicking.rs:208:50
[INFO] [stdout]    9:     0x5631bc830a4c - std::panicking::default_hook::hbea8e3ccf2ba8901
[INFO] [stdout]                                at /rustc/a178d0322ce20e33eac124758e837cbd80a6f633/library/std/src/panicking.rs:222:9
[INFO] [stdout]   10:     0x5631bc831604 - std::panicking::rust_panic_with_hook::h7ee9e1a2d0f8975a
[INFO] [stdout]                                at /rustc/a178d0322ce20e33eac124758e837cbd80a6f633/library/std/src/panicking.rs:622:17
[INFO] [stdout]   11:     0x5631bc8310e7 - std::panicking::begin_panic_handler::{{closure}}::h8ab3b4491718b2c7
[INFO] [stdout]                                at /rustc/a178d0322ce20e33eac124758e837cbd80a6f633/library/std/src/panicking.rs:519:13
[INFO] [stdout]   12:     0x5631bc82f2cc - std::sys_common::backtrace::__rust_end_short_backtrace::hd489062ffa586a9f
[INFO] [stdout]                                at /rustc/a178d0322ce20e33eac124758e837cbd80a6f633/library/std/src/sys_common/backtrace.rs:141:18
[INFO] [stdout]   13:     0x5631bc831049 - rust_begin_unwind
[INFO] [stdout]                                at /rustc/a178d0322ce20e33eac124758e837cbd80a6f633/library/std/src/panicking.rs:515:5
[INFO] [stdout]   14:     0x5631bc7d9641 - core::panicking::panic_fmt::hca6330e3e14086b4
[INFO] [stdout]                                at /rustc/a178d0322ce20e33eac124758e837cbd80a6f633/library/core/src/panicking.rs:92:14
[INFO] [stdout]   15:     0x5631bc84fee8 - core::panicking::assert_failed_inner::h33b45280069a80ed
[INFO] [stdout]   16:     0x5631bc7dcbea - core::panicking::assert_failed::hb45b15ffcbddbf01
[INFO] [stdout]                                at /rustc/a178d0322ce20e33eac124758e837cbd80a6f633/library/core/src/panicking.rs:117:5
[INFO] [stdout]   17:     0x5631bc7daed6 - trailer::tests::copy::h4afff5db26592f57
[INFO] [stdout]                                at /opt/rustwide/workdir/src/lib.rs:170:9
[INFO] [stdout]   18:     0x5631bc7da7fa - trailer::tests::copy::{{closure}}::he39d9241a6de4bb7
[INFO] [stdout]                                at /opt/rustwide/workdir/src/lib.rs:142:5
[INFO] [stdout]   19:     0x5631bc7dc58e - core::ops::function::FnOnce::call_once::hc404997c796a669e
[INFO] [stdout]                                at /rustc/a178d0322ce20e33eac124758e837cbd80a6f633/library/core/src/ops/function.rs:227:5
[INFO] [stdout]   20:     0x5631bc8062d3 - core::ops::function::FnOnce::call_once::h152e7e439ff59e19
[INFO] [stdout]                                at /rustc/a178d0322ce20e33eac124758e837cbd80a6f633/library/core/src/ops/function.rs:227:5
[INFO] [stdout]   21:     0x5631bc8062d3 - test::__rust_begin_short_backtrace::h0908f3b1fdbb72ab
[INFO] [stdout]                                at /rustc/a178d0322ce20e33eac124758e837cbd80a6f633/library/test/src/lib.rs:577:5
[INFO] [stdout]   22:     0x5631bc804d90 - <alloc::boxed::Box<F,A> as core::ops::function::FnOnce<Args>>::call_once::hf6d2a51e5587546c
[INFO] [stdout]                                at /rustc/a178d0322ce20e33eac124758e837cbd80a6f633/library/alloc/src/boxed.rs:1575:9
[INFO] [stdout]   23:     0x5631bc804d90 - <std::panic::AssertUnwindSafe<F> as core::ops::function::FnOnce<()>>::call_once::h8af660f3a89ef593
[INFO] [stdout]                                at /rustc/a178d0322ce20e33eac124758e837cbd80a6f633/library/std/src/panic.rs:347:9
[INFO] [stdout]   24:     0x5631bc804d90 - std::panicking::try::do_call::hd36aef60f84b6d36
[INFO] [stdout]                                at /rustc/a178d0322ce20e33eac124758e837cbd80a6f633/library/std/src/panicking.rs:401:40
[INFO] [stdout]   25:     0x5631bc804d90 - std::panicking::try::h9932b4480e69817c
[INFO] [stdout]                                at /rustc/a178d0322ce20e33eac124758e837cbd80a6f633/library/std/src/panicking.rs:365:19
[INFO] [stdout]   26:     0x5631bc804d90 - std::panic::catch_unwind::h6aa177099cfff5f8
[INFO] [stdout]                                at /rustc/a178d0322ce20e33eac124758e837cbd80a6f633/library/std/src/panic.rs:434:14
[INFO] [stdout]   27:     0x5631bc804d90 - test::run_test_in_process::h5884d6f2d99e20c3
[INFO] [stdout]                                at /rustc/a178d0322ce20e33eac124758e837cbd80a6f633/library/test/src/lib.rs:600:18
[INFO] [stdout]   28:     0x5631bc804d90 - test::run_test::run_test_inner::{{closure}}::h6fdc58c6d5f5b6e3
[INFO] [stdout]                                at /rustc/a178d0322ce20e33eac124758e837cbd80a6f633/library/test/src/lib.rs:492:39
[INFO] [stdout]   29:     0x5631bc7de442 - test::run_test::run_test_inner::{{closure}}::h408365d67a78ade8
[INFO] [stdout]                                at /rustc/a178d0322ce20e33eac124758e837cbd80a6f633/library/test/src/lib.rs:519:37
[INFO] [stdout]   30:     0x5631bc7de442 - std::sys_common::backtrace::__rust_begin_short_backtrace::hb560b77c4f701523
[INFO] [stdout]                                at /rustc/a178d0322ce20e33eac124758e837cbd80a6f633/library/std/src/sys_common/backtrace.rs:125:18
[INFO] [stdout]   31:     0x5631bc7e1ff8 - std::thread::Builder::spawn_unchecked::{{closure}}::{{closure}}::hf2e7831dad93c597
[INFO] [stdout]                                at /rustc/a178d0322ce20e33eac124758e837cbd80a6f633/library/std/src/thread/mod.rs:481:17
[INFO] [stdout]   32:     0x5631bc7e1ff8 - <std::panic::AssertUnwindSafe<F> as core::ops::function::FnOnce<()>>::call_once::hd2e08783d8be4d02
[INFO] [stdout]                                at /rustc/a178d0322ce20e33eac124758e837cbd80a6f633/library/std/src/panic.rs:347:9
[INFO] [stdout]   33:     0x5631bc7e1ff8 - std::panicking::try::do_call::h062597b7acfd6b82
[INFO] [stdout]                                at /rustc/a178d0322ce20e33eac124758e837cbd80a6f633/library/std/src/panicking.rs:401:40
[INFO] [stdout]   34:     0x5631bc7e1ff8 - std::panicking::try::h0d7b79db04c14552
[INFO] [stdout]                                at /rustc/a178d0322ce20e33eac124758e837cbd80a6f633/library/std/src/panicking.rs:365:19
[INFO] [stdout]   35:     0x5631bc7e1ff8 - std::panic::catch_unwind::hb01a0b5e7c8cd43b
[INFO] [stdout]                                at /rustc/a178d0322ce20e33eac124758e837cbd80a6f633/library/std/src/panic.rs:434:14
[INFO] [stdout]   36:     0x5631bc7e1ff8 - std::thread::Builder::spawn_unchecked::{{closure}}::h5bde48cc887e0d1e
[INFO] [stdout]                                at /rustc/a178d0322ce20e33eac124758e837cbd80a6f633/library/std/src/thread/mod.rs:480:30
[INFO] [stdout]   37:     0x5631bc7e1ff8 - core::ops::function::FnOnce::call_once{{vtable.shim}}::h745ea30807a29e55
[INFO] [stdout]                                at /rustc/a178d0322ce20e33eac124758e837cbd80a6f633/library/core/src/ops/function.rs:227:5
[INFO] [stdout]   38:     0x5631bc8360c7 - <alloc::boxed::Box<F,A> as core::ops::function::FnOnce<Args>>::call_once::h7ece6cfefaff1005
[INFO] [stdout]                                at /rustc/a178d0322ce20e33eac124758e837cbd80a6f633/library/alloc/src/boxed.rs:1575:9
[INFO] [stdout]   39:     0x5631bc8360c7 - <alloc::boxed::Box<F,A> as core::ops::function::FnOnce<Args>>::call_once::hb8b48e55c21f193e
[INFO] [stdout]                                at /rustc/a178d0322ce20e33eac124758e837cbd80a6f633/library/alloc/src/boxed.rs:1575:9
[INFO] [stdout]   40:     0x5631bc8360c7 - std::sys::unix::thread::Thread::new::thread_start::h8c7c4450dba62914
[INFO] [stdout]                                at /rustc/a178d0322ce20e33eac124758e837cbd80a6f633/library/std/src/sys/unix/thread.rs:71:17
[INFO] [stdout]   41:     0x7f0d0b196609 - start_thread
[INFO] [stdout]   42:     0x7f0d0af68293 - clone
[INFO] [stdout]   43:                0x0 - <unknown>
[INFO] [stdout] 
[INFO] [stdout] 
[INFO] [stdout] failures:
[INFO] [stdout]     tests::copy
[INFO] [stdout] 
[INFO] [stdout] test result: FAILED. 1 passed; 1 failed; 0 ignored; 0 measured; 0 filtered out; finished in 0.02s
[INFO] [stdout] 
[INFO] [stderr] error: test failed, to rerun pass '--lib'
[INFO] running `Command { std: "docker" "inspect" "56e388e29a4880b7b9b9398a406b5eba713c0123bf5fd8e92003ba3406443ddc", kill_on_drop: false }`
[INFO] running `Command { std: "docker" "rm" "-f" "56e388e29a4880b7b9b9398a406b5eba713c0123bf5fd8e92003ba3406443ddc", kill_on_drop: false }`
[INFO] [stdout] 56e388e29a4880b7b9b9398a406b5eba713c0123bf5fd8e92003ba3406443ddc
