[INFO] fetching crate track-macro 0.1.0...
[INFO] testing track-macro-0.1.0 against beta-2021-08-01 for beta-1.55-1
[INFO] extracting crate track-macro 0.1.0 into /workspace/builds/worker-3/source
[INFO] validating manifest of crates.io crate track-macro 0.1.0 on toolchain beta-2021-08-01
[INFO] running `Command { std: "/workspace/cargo-home/bin/cargo" "+beta-2021-08-01" "metadata" "--manifest-path" "Cargo.toml" "--no-deps", kill_on_drop: false }`
[INFO] started tweaking crates.io crate track-macro 0.1.0
[INFO] finished tweaking crates.io crate track-macro 0.1.0
[INFO] tweaked toml for crates.io crate track-macro 0.1.0 written to /workspace/builds/worker-3/source/Cargo.toml
[INFO] running `Command { std: "/workspace/cargo-home/bin/cargo" "+beta-2021-08-01" "generate-lockfile" "--manifest-path" "Cargo.toml" "-Zno-index-update", kill_on_drop: false }`
[INFO] running `Command { std: "/workspace/cargo-home/bin/cargo" "+beta-2021-08-01" "fetch" "--manifest-path" "Cargo.toml", kill_on_drop: false }`
[INFO] running `Command { std: "docker" "create" "-v" "/var/lib/crater-agent-workspace/builds/worker-3/target:/opt/rustwide/target:rw,Z" "-v" "/var/lib/crater-agent-workspace/builds/worker-3/source:/opt/rustwide/workdir:ro,Z" "-v" "/var/lib/crater-agent-workspace/cargo-home:/opt/rustwide/cargo-home:ro,Z" "-v" "/var/lib/crater-agent-workspace/rustup-home:/opt/rustwide/rustup-home:ro,Z" "-e" "SOURCE_DIR=/opt/rustwide/workdir" "-e" "CARGO_TARGET_DIR=/opt/rustwide/target" "-e" "CARGO_HOME=/opt/rustwide/cargo-home" "-e" "RUSTUP_HOME=/opt/rustwide/rustup-home" "-w" "/opt/rustwide/workdir" "-m" "1610612736" "--user" "0:0" "--network" "none" "ghcr.io/rust-lang/crates-build-env/linux@sha256:34b6a614d2c27851fe6cbf88fbd1137609cefab8b10d0615aaeb6fd47975d74e" "/opt/rustwide/cargo-home/bin/cargo" "+beta-2021-08-01" "metadata" "--no-deps" "--format-version=1", kill_on_drop: false }`
[INFO] [stdout] 39510cb78459ced1ad8e252b096bf55d86028292633761f489c3d24fa4aa5b9d
[INFO] running `Command { std: "docker" "start" "-a" "39510cb78459ced1ad8e252b096bf55d86028292633761f489c3d24fa4aa5b9d", kill_on_drop: false }`
[INFO] running `Command { std: "docker" "inspect" "39510cb78459ced1ad8e252b096bf55d86028292633761f489c3d24fa4aa5b9d", kill_on_drop: false }`
[INFO] running `Command { std: "docker" "rm" "-f" "39510cb78459ced1ad8e252b096bf55d86028292633761f489c3d24fa4aa5b9d", kill_on_drop: false }`
[INFO] [stdout] 39510cb78459ced1ad8e252b096bf55d86028292633761f489c3d24fa4aa5b9d
[INFO] running `Command { std: "docker" "create" "-v" "/var/lib/crater-agent-workspace/builds/worker-3/target:/opt/rustwide/target:rw,Z" "-v" "/var/lib/crater-agent-workspace/builds/worker-3/source:/opt/rustwide/workdir:ro,Z" "-v" "/var/lib/crater-agent-workspace/cargo-home:/opt/rustwide/cargo-home:ro,Z" "-v" "/var/lib/crater-agent-workspace/rustup-home:/opt/rustwide/rustup-home:ro,Z" "-e" "SOURCE_DIR=/opt/rustwide/workdir" "-e" "CARGO_TARGET_DIR=/opt/rustwide/target" "-e" "CARGO_INCREMENTAL=0" "-e" "RUST_BACKTRACE=full" "-e" "RUSTFLAGS=--cap-lints=warn" "-e" "CARGO_HOME=/opt/rustwide/cargo-home" "-e" "RUSTUP_HOME=/opt/rustwide/rustup-home" "-w" "/opt/rustwide/workdir" "-m" "1610612736" "--user" "0:0" "--network" "none" "ghcr.io/rust-lang/crates-build-env/linux@sha256:34b6a614d2c27851fe6cbf88fbd1137609cefab8b10d0615aaeb6fd47975d74e" "/opt/rustwide/cargo-home/bin/cargo" "+beta-2021-08-01" "build" "--frozen" "--message-format=json", kill_on_drop: false }`
[INFO] [stdout] eba70048bdb4c3f9ad54084079f3dd95ba1ddfc9d73a513eb3de68542e810c31
[INFO] running `Command { std: "docker" "start" "-a" "eba70048bdb4c3f9ad54084079f3dd95ba1ddfc9d73a513eb3de68542e810c31", kill_on_drop: false }`
[INFO] [stderr]     Blocking waiting for file lock on package cache
[INFO] [stderr]     Blocking waiting for file lock on package cache
[INFO] [stderr]    Compiling darling_core v0.10.2
[INFO] [stderr]    Compiling darling_macro v0.10.2
[INFO] [stderr]    Compiling darling v0.10.2
[INFO] [stderr]    Compiling track-macro v0.1.0 (/opt/rustwide/workdir)
[INFO] [stderr]     Finished dev [unoptimized + debuginfo] target(s) in 9.43s
[INFO] running `Command { std: "docker" "inspect" "eba70048bdb4c3f9ad54084079f3dd95ba1ddfc9d73a513eb3de68542e810c31", kill_on_drop: false }`
[INFO] running `Command { std: "docker" "rm" "-f" "eba70048bdb4c3f9ad54084079f3dd95ba1ddfc9d73a513eb3de68542e810c31", kill_on_drop: false }`
[INFO] [stdout] eba70048bdb4c3f9ad54084079f3dd95ba1ddfc9d73a513eb3de68542e810c31
[INFO] running `Command { std: "docker" "create" "-v" "/var/lib/crater-agent-workspace/builds/worker-3/target:/opt/rustwide/target:rw,Z" "-v" "/var/lib/crater-agent-workspace/builds/worker-3/source:/opt/rustwide/workdir:ro,Z" "-v" "/var/lib/crater-agent-workspace/cargo-home:/opt/rustwide/cargo-home:ro,Z" "-v" "/var/lib/crater-agent-workspace/rustup-home:/opt/rustwide/rustup-home:ro,Z" "-e" "SOURCE_DIR=/opt/rustwide/workdir" "-e" "CARGO_TARGET_DIR=/opt/rustwide/target" "-e" "CARGO_INCREMENTAL=0" "-e" "RUST_BACKTRACE=full" "-e" "RUSTFLAGS=--cap-lints=warn" "-e" "CARGO_HOME=/opt/rustwide/cargo-home" "-e" "RUSTUP_HOME=/opt/rustwide/rustup-home" "-w" "/opt/rustwide/workdir" "-m" "1610612736" "--user" "0:0" "--network" "none" "ghcr.io/rust-lang/crates-build-env/linux@sha256:34b6a614d2c27851fe6cbf88fbd1137609cefab8b10d0615aaeb6fd47975d74e" "/opt/rustwide/cargo-home/bin/cargo" "+beta-2021-08-01" "test" "--frozen" "--no-run" "--message-format=json", kill_on_drop: false }`
[INFO] [stdout] 4705355ed0d992cb454aaeb034c21098af8b138b00f386e4c97a5b634c26e05c
[INFO] running `Command { std: "docker" "start" "-a" "4705355ed0d992cb454aaeb034c21098af8b138b00f386e4c97a5b634c26e05c", kill_on_drop: false }`
[INFO] [stderr]    Compiling track-macro v0.1.0 (/opt/rustwide/workdir)
[INFO] [stderr]     Finished test [unoptimized + debuginfo] target(s) in 0.58s
[INFO] running `Command { std: "docker" "inspect" "4705355ed0d992cb454aaeb034c21098af8b138b00f386e4c97a5b634c26e05c", kill_on_drop: false }`
[INFO] running `Command { std: "docker" "rm" "-f" "4705355ed0d992cb454aaeb034c21098af8b138b00f386e4c97a5b634c26e05c", kill_on_drop: false }`
[INFO] [stdout] 4705355ed0d992cb454aaeb034c21098af8b138b00f386e4c97a5b634c26e05c
[INFO] running `Command { std: "docker" "create" "-v" "/var/lib/crater-agent-workspace/builds/worker-3/target:/opt/rustwide/target:rw,Z" "-v" "/var/lib/crater-agent-workspace/builds/worker-3/source:/opt/rustwide/workdir:ro,Z" "-v" "/var/lib/crater-agent-workspace/cargo-home:/opt/rustwide/cargo-home:ro,Z" "-v" "/var/lib/crater-agent-workspace/rustup-home:/opt/rustwide/rustup-home:ro,Z" "-e" "SOURCE_DIR=/opt/rustwide/workdir" "-e" "CARGO_TARGET_DIR=/opt/rustwide/target" "-e" "CARGO_INCREMENTAL=0" "-e" "RUST_BACKTRACE=full" "-e" "RUSTFLAGS=--cap-lints=warn" "-e" "CARGO_HOME=/opt/rustwide/cargo-home" "-e" "RUSTUP_HOME=/opt/rustwide/rustup-home" "-w" "/opt/rustwide/workdir" "-m" "1610612736" "--user" "0:0" "--network" "none" "ghcr.io/rust-lang/crates-build-env/linux@sha256:34b6a614d2c27851fe6cbf88fbd1137609cefab8b10d0615aaeb6fd47975d74e" "/opt/rustwide/cargo-home/bin/cargo" "+beta-2021-08-01" "test" "--frozen", kill_on_drop: false }`
[INFO] [stdout] 43baf92ca1067112371a695024f27adeba5d104a1ac0ba05c2a7ade07abc4699
[INFO] running `Command { std: "docker" "start" "-a" "43baf92ca1067112371a695024f27adeba5d104a1ac0ba05c2a7ade07abc4699", kill_on_drop: false }`
[INFO] [stderr]     Finished test [unoptimized + debuginfo] target(s) in 0.01s
[INFO] [stderr]      Running unittests (/opt/rustwide/target/debug/deps/track_macro-31c17f0438254202)
[INFO] [stdout] 
[INFO] [stderr]    Doc-tests track-macro
[INFO] [stdout] running 0 tests
[INFO] [stdout] 
[INFO] [stdout] test result: ok. 0 passed; 0 failed; 0 ignored; 0 measured; 0 filtered out; finished in 0.00s
[INFO] [stdout] 
[INFO] [stdout] 
[INFO] [stdout] running 2 tests
[INFO] [stdout] test src/lib.rs - track (line 37) ... FAILED
[INFO] [stdout] test src/lib.rs - track (line 21) ... FAILED
[INFO] [stdout] 
[INFO] [stdout] failures:
[INFO] [stdout] 
[INFO] [stdout] ---- src/lib.rs - track (line 37) stdout ----
[INFO] [stdout] error: expected `where`, `{`, `(`, or `;` after struct name, found `...`
[INFO] [stdout]  --> src/lib.rs:41:18
[INFO] [stdout]   |
[INFO] [stdout] 6 | struct Postition ...
[INFO] [stdout]   |                  ^^^ expected `where`, `{`, `(`, or `;` after struct name
[INFO] [stdout] 
[INFO] [stdout] error[E0433]: failed to resolve: use of undeclared crate or module `track`
[INFO] [stdout]  --> src/lib.rs:38:5
[INFO] [stdout]   |
[INFO] [stdout] 3 | use track::serialization::bincode::Bincode;
[INFO] [stdout]   |     ^^^^^ use of undeclared crate or module `track`
[INFO] [stdout] 
[INFO] [stdout] error: aborting due to 2 previous errors
[INFO] [stdout] 
[INFO] [stdout] For more information about this error, try `rustc --explain E0433`.
[INFO] [stdout] Couldn't compile the test.
[INFO] [stdout] ---- src/lib.rs - track (line 21) stdout ----
[INFO] [stdout] error[E0433]: failed to resolve: use of undeclared crate or module `track`
[INFO] [stdout]  --> src/lib.rs:23:5
[INFO] [stdout]   |
[INFO] [stdout] 4 | use track::preclude::*;
[INFO] [stdout]   |     ^^^^^ use of undeclared crate or module `track`
[INFO] [stdout] 
[INFO] [stdout] error: cannot find attribute `track` in this scope
[INFO] [stdout]  --> src/lib.rs:25:3
[INFO] [stdout]   |
[INFO] [stdout] 6 | #[track]
[INFO] [stdout]   |   ^^^^^
[INFO] [stdout] 
[INFO] [stdout] error: aborting due to 2 previous errors
[INFO] [stdout] 
[INFO] [stdout] For more information about this error, try `rustc --explain E0433`.
[INFO] [stdout] Couldn't compile the test.
[INFO] [stdout] 
[INFO] [stdout] failures:
[INFO] [stdout]     src/lib.rs - track (line 21)
[INFO] [stdout]     src/lib.rs - track (line 37)
[INFO] [stdout] 
[INFO] [stdout] test result: FAILED. 0 passed; 2 failed; 0 ignored; 0 measured; 0 filtered out; finished in 0.22s
[INFO] [stdout] 
[INFO] [stderr] error: test failed, to rerun pass '--doc'
[INFO] running `Command { std: "docker" "inspect" "43baf92ca1067112371a695024f27adeba5d104a1ac0ba05c2a7ade07abc4699", kill_on_drop: false }`
[INFO] running `Command { std: "docker" "rm" "-f" "43baf92ca1067112371a695024f27adeba5d104a1ac0ba05c2a7ade07abc4699", kill_on_drop: false }`
[INFO] [stdout] 43baf92ca1067112371a695024f27adeba5d104a1ac0ba05c2a7ade07abc4699
