[INFO] fetching crate tracing-layer-slack 0.2.1...
[INFO] testing tracing-layer-slack-0.2.1 against beta-2021-08-01 for beta-1.55-1
[INFO] extracting crate tracing-layer-slack 0.2.1 into /workspace/builds/worker-11/source
[INFO] validating manifest of crates.io crate tracing-layer-slack 0.2.1 on toolchain beta-2021-08-01
[INFO] running `Command { std: "/workspace/cargo-home/bin/cargo" "+beta-2021-08-01" "metadata" "--manifest-path" "Cargo.toml" "--no-deps", kill_on_drop: false }`
[INFO] started tweaking crates.io crate tracing-layer-slack 0.2.1
[INFO] removed 0 missing examples
[INFO] finished tweaking crates.io crate tracing-layer-slack 0.2.1
[INFO] tweaked toml for crates.io crate tracing-layer-slack 0.2.1 written to /workspace/builds/worker-11/source/Cargo.toml
[INFO] crate crates.io crate tracing-layer-slack 0.2.1 already has a lockfile, it will not be regenerated
[INFO] running `Command { std: "/workspace/cargo-home/bin/cargo" "+beta-2021-08-01" "fetch" "--manifest-path" "Cargo.toml", kill_on_drop: false }`
[INFO] [stderr]  Downloading crates ...
[INFO] [stderr]   Downloaded gethostname v0.2.1
[INFO] [stderr]   Downloaded tracing-bunyan-formatter v0.2.4
[INFO] running `Command { std: "docker" "create" "-v" "/var/lib/crater-agent-workspace/builds/worker-11/target:/opt/rustwide/target:rw,Z" "-v" "/var/lib/crater-agent-workspace/builds/worker-11/source:/opt/rustwide/workdir:ro,Z" "-v" "/var/lib/crater-agent-workspace/cargo-home:/opt/rustwide/cargo-home:ro,Z" "-v" "/var/lib/crater-agent-workspace/rustup-home:/opt/rustwide/rustup-home:ro,Z" "-e" "SOURCE_DIR=/opt/rustwide/workdir" "-e" "CARGO_TARGET_DIR=/opt/rustwide/target" "-e" "CARGO_HOME=/opt/rustwide/cargo-home" "-e" "RUSTUP_HOME=/opt/rustwide/rustup-home" "-w" "/opt/rustwide/workdir" "-m" "1610612736" "--user" "0:0" "--network" "none" "ghcr.io/rust-lang/crates-build-env/linux@sha256:34b6a614d2c27851fe6cbf88fbd1137609cefab8b10d0615aaeb6fd47975d74e" "/opt/rustwide/cargo-home/bin/cargo" "+beta-2021-08-01" "metadata" "--no-deps" "--format-version=1", kill_on_drop: false }`
[INFO] [stdout] 925411785a8ae9bcfd75c629447beed9268322e6c2d9d20a56bbe03fd76f67bb
[INFO] running `Command { std: "docker" "start" "-a" "925411785a8ae9bcfd75c629447beed9268322e6c2d9d20a56bbe03fd76f67bb", kill_on_drop: false }`
[INFO] running `Command { std: "docker" "inspect" "925411785a8ae9bcfd75c629447beed9268322e6c2d9d20a56bbe03fd76f67bb", kill_on_drop: false }`
[INFO] running `Command { std: "docker" "rm" "-f" "925411785a8ae9bcfd75c629447beed9268322e6c2d9d20a56bbe03fd76f67bb", kill_on_drop: false }`
[INFO] [stdout] 925411785a8ae9bcfd75c629447beed9268322e6c2d9d20a56bbe03fd76f67bb
[INFO] running `Command { std: "docker" "create" "-v" "/var/lib/crater-agent-workspace/builds/worker-11/target:/opt/rustwide/target:rw,Z" "-v" "/var/lib/crater-agent-workspace/builds/worker-11/source:/opt/rustwide/workdir:ro,Z" "-v" "/var/lib/crater-agent-workspace/cargo-home:/opt/rustwide/cargo-home:ro,Z" "-v" "/var/lib/crater-agent-workspace/rustup-home:/opt/rustwide/rustup-home:ro,Z" "-e" "SOURCE_DIR=/opt/rustwide/workdir" "-e" "CARGO_TARGET_DIR=/opt/rustwide/target" "-e" "CARGO_INCREMENTAL=0" "-e" "RUST_BACKTRACE=full" "-e" "RUSTFLAGS=--cap-lints=warn" "-e" "CARGO_HOME=/opt/rustwide/cargo-home" "-e" "RUSTUP_HOME=/opt/rustwide/rustup-home" "-w" "/opt/rustwide/workdir" "-m" "1610612736" "--user" "0:0" "--network" "none" "ghcr.io/rust-lang/crates-build-env/linux@sha256:34b6a614d2c27851fe6cbf88fbd1137609cefab8b10d0615aaeb6fd47975d74e" "/opt/rustwide/cargo-home/bin/cargo" "+beta-2021-08-01" "build" "--frozen" "--message-format=json", kill_on_drop: false }`
[INFO] [stdout] 9e5e38086a32ba5992f554f1e16bdb6b09ff1e5d21440fb8081112b84fe8870d
[INFO] running `Command { std: "docker" "start" "-a" "9e5e38086a32ba5992f554f1e16bdb6b09ff1e5d21440fb8081112b84fe8870d", kill_on_drop: false }`
[INFO] [stderr]    Compiling serde v1.0.126
[INFO] [stderr]    Compiling futures-sink v0.3.15
[INFO] [stderr]    Compiling futures-channel v0.3.15
[INFO] [stderr]    Compiling httpdate v1.0.1
[INFO] [stderr]    Compiling tokio v1.8.1
[INFO] [stderr]    Compiling futures-macro v0.3.15
[INFO] [stderr]    Compiling futures-util v0.3.15
[INFO] [stderr]    Compiling indexmap v1.7.0
[INFO] [stderr]    Compiling http v0.2.4
[INFO] [stderr]    Compiling regex-automata v0.1.10
[INFO] [stderr]    Compiling socket2 v0.4.0
[INFO] [stderr]    Compiling tracing-log v0.1.2
[INFO] [stderr]    Compiling gethostname v0.2.1
[INFO] [stderr]    Compiling tracing-attributes v0.1.15
[INFO] [stderr]    Compiling serde_derive v1.0.126
[INFO] [stderr]    Compiling tokio-macros v1.3.0
[INFO] [stderr]    Compiling rustls v0.19.1
[INFO] [stderr]    Compiling pin-project-internal v1.0.7
[INFO] [stderr]    Compiling webpki-roots v0.21.1
[INFO] [stderr]    Compiling matchers v0.0.1
[INFO] [stderr]    Compiling http-body v0.4.2
[INFO] [stderr]    Compiling pin-project v1.0.7
[INFO] [stderr]    Compiling tracing v0.1.26
[INFO] [stderr]    Compiling tracing-futures v0.2.5
[INFO] [stderr]    Compiling tokio-util v0.6.7
[INFO] [stderr]    Compiling tokio-rustls v0.22.0
[INFO] [stderr]    Compiling h2 v0.3.3
[INFO] [stderr]    Compiling tracing-serde v0.1.2
[INFO] [stderr]    Compiling serde_json v1.0.64
[INFO] [stderr]    Compiling serde_urlencoded v0.7.0
[INFO] [stderr]    Compiling tracing-subscriber v0.2.19
[INFO] [stderr]    Compiling tracing-bunyan-formatter v0.2.4
[INFO] [stderr]    Compiling hyper v0.14.10
[INFO] [stderr]    Compiling hyper-rustls v0.22.1
[INFO] [stderr]    Compiling reqwest v0.11.4
[INFO] [stderr]    Compiling tracing-layer-slack v0.2.1 (/opt/rustwide/workdir)
[INFO] [stderr]     Finished dev [unoptimized + debuginfo] target(s) in 22.16s
[INFO] running `Command { std: "docker" "inspect" "9e5e38086a32ba5992f554f1e16bdb6b09ff1e5d21440fb8081112b84fe8870d", kill_on_drop: false }`
[INFO] running `Command { std: "docker" "rm" "-f" "9e5e38086a32ba5992f554f1e16bdb6b09ff1e5d21440fb8081112b84fe8870d", kill_on_drop: false }`
[INFO] [stdout] 9e5e38086a32ba5992f554f1e16bdb6b09ff1e5d21440fb8081112b84fe8870d
[INFO] running `Command { std: "docker" "create" "-v" "/var/lib/crater-agent-workspace/builds/worker-11/target:/opt/rustwide/target:rw,Z" "-v" "/var/lib/crater-agent-workspace/builds/worker-11/source:/opt/rustwide/workdir:ro,Z" "-v" "/var/lib/crater-agent-workspace/cargo-home:/opt/rustwide/cargo-home:ro,Z" "-v" "/var/lib/crater-agent-workspace/rustup-home:/opt/rustwide/rustup-home:ro,Z" "-e" "SOURCE_DIR=/opt/rustwide/workdir" "-e" "CARGO_TARGET_DIR=/opt/rustwide/target" "-e" "CARGO_INCREMENTAL=0" "-e" "RUST_BACKTRACE=full" "-e" "RUSTFLAGS=--cap-lints=warn" "-e" "CARGO_HOME=/opt/rustwide/cargo-home" "-e" "RUSTUP_HOME=/opt/rustwide/rustup-home" "-w" "/opt/rustwide/workdir" "-m" "1610612736" "--user" "0:0" "--network" "none" "ghcr.io/rust-lang/crates-build-env/linux@sha256:34b6a614d2c27851fe6cbf88fbd1137609cefab8b10d0615aaeb6fd47975d74e" "/opt/rustwide/cargo-home/bin/cargo" "+beta-2021-08-01" "test" "--frozen" "--no-run" "--message-format=json", kill_on_drop: false }`
[INFO] [stdout] 848eb9fed235bcb60b57080e7757061e34f308d61f7620fe255e0d99b34037ad
[INFO] running `Command { std: "docker" "start" "-a" "848eb9fed235bcb60b57080e7757061e34f308d61f7620fe255e0d99b34037ad", kill_on_drop: false }`
[INFO] [stderr]    Compiling tracing-layer-slack v0.2.1 (/opt/rustwide/workdir)
[INFO] [stderr]     Finished test [unoptimized + debuginfo] target(s) in 7.78s
[INFO] running `Command { std: "docker" "inspect" "848eb9fed235bcb60b57080e7757061e34f308d61f7620fe255e0d99b34037ad", kill_on_drop: false }`
[INFO] running `Command { std: "docker" "rm" "-f" "848eb9fed235bcb60b57080e7757061e34f308d61f7620fe255e0d99b34037ad", kill_on_drop: false }`
[INFO] [stdout] 848eb9fed235bcb60b57080e7757061e34f308d61f7620fe255e0d99b34037ad
[INFO] running `Command { std: "docker" "create" "-v" "/var/lib/crater-agent-workspace/builds/worker-11/target:/opt/rustwide/target:rw,Z" "-v" "/var/lib/crater-agent-workspace/builds/worker-11/source:/opt/rustwide/workdir:ro,Z" "-v" "/var/lib/crater-agent-workspace/cargo-home:/opt/rustwide/cargo-home:ro,Z" "-v" "/var/lib/crater-agent-workspace/rustup-home:/opt/rustwide/rustup-home:ro,Z" "-e" "SOURCE_DIR=/opt/rustwide/workdir" "-e" "CARGO_TARGET_DIR=/opt/rustwide/target" "-e" "CARGO_INCREMENTAL=0" "-e" "RUST_BACKTRACE=full" "-e" "RUSTFLAGS=--cap-lints=warn" "-e" "CARGO_HOME=/opt/rustwide/cargo-home" "-e" "RUSTUP_HOME=/opt/rustwide/rustup-home" "-w" "/opt/rustwide/workdir" "-m" "1610612736" "--user" "0:0" "--network" "none" "ghcr.io/rust-lang/crates-build-env/linux@sha256:34b6a614d2c27851fe6cbf88fbd1137609cefab8b10d0615aaeb6fd47975d74e" "/opt/rustwide/cargo-home/bin/cargo" "+beta-2021-08-01" "test" "--frozen", kill_on_drop: false }`
[INFO] [stdout] f86f9869d66b7f76b7ef924821b8d53f6c3306c89e0d45c0e2c6febed3c3f27c
[INFO] running `Command { std: "docker" "start" "-a" "f86f9869d66b7f76b7ef924821b8d53f6c3306c89e0d45c0e2c6febed3c3f27c", kill_on_drop: false }`
[INFO] [stderr]     Finished test [unoptimized + debuginfo] target(s) in 0.05s
[INFO] [stderr]      Running unittests (/opt/rustwide/target/debug/deps/tracing_layer_slack-d0a7c7fbd9e4ae80)
[INFO] [stdout] 
[INFO] [stderr]    Doc-tests tracing_layer_slack
[INFO] [stdout] running 0 tests
[INFO] [stdout] 
[INFO] [stdout] test result: ok. 0 passed; 0 failed; 0 ignored; 0 measured; 0 filtered out; finished in 0.00s
[INFO] [stdout] 
[INFO] [stdout] 
[INFO] [stdout] running 1 test
[INFO] [stdout] test src/lib.rs - (line 27) ... FAILED
[INFO] [stdout] 
[INFO] [stdout] failures:
[INFO] [stdout] 
[INFO] [stdout] ---- src/lib.rs - (line 27) stdout ----
[INFO] [stdout] Test executable failed (exit code 101).
[INFO] [stdout] 
[INFO] [stdout] stderr:
[INFO] [stdout] thread 'main' panicked at 'slack webhook url in env: NotPresent', src/config.rs:33:48
[INFO] [stdout] stack backtrace:
[INFO] [stdout]    0:     0x5556b48130f0 - std::backtrace_rs::backtrace::libunwind::trace::hff4d1766e93f64f1
[INFO] [stdout]                                at /rustc/53fd98ca776cb875bc9e5514f56b52eb74f9e7a9/library/std/src/../../backtrace/src/backtrace/libunwind.rs:90:5
[INFO] [stdout]    1:     0x5556b48130f0 - std::backtrace_rs::backtrace::trace_unsynchronized::h56bbc8eb78770bcb
[INFO] [stdout]                                at /rustc/53fd98ca776cb875bc9e5514f56b52eb74f9e7a9/library/std/src/../../backtrace/src/backtrace/mod.rs:66:5
[INFO] [stdout]    2:     0x5556b48130f0 - std::sys_common::backtrace::_print_fmt::h5c8e75464faca780
[INFO] [stdout]                                at /rustc/53fd98ca776cb875bc9e5514f56b52eb74f9e7a9/library/std/src/sys_common/backtrace.rs:67:5
[INFO] [stdout]    3:     0x5556b48130f0 - <std::sys_common::backtrace::_print::DisplayBacktrace as core::fmt::Display>::fmt::h48b88277def8b362
[INFO] [stdout]                                at /rustc/53fd98ca776cb875bc9e5514f56b52eb74f9e7a9/library/std/src/sys_common/backtrace.rs:46:22
[INFO] [stdout]    4:     0x5556b48332ec - core::fmt::write::h3381b3176fe2b3d3
[INFO] [stdout]                                at /rustc/53fd98ca776cb875bc9e5514f56b52eb74f9e7a9/library/core/src/fmt/mod.rs:1115:17
[INFO] [stdout]    5:     0x5556b480e0a5 - std::io::Write::write_fmt::hd42607e5d8e44db0
[INFO] [stdout]                                at /rustc/53fd98ca776cb875bc9e5514f56b52eb74f9e7a9/library/std/src/io/mod.rs:1665:15
[INFO] [stdout]    6:     0x5556b48150fb - std::sys_common::backtrace::_print::ha537687d6c17dd0d
[INFO] [stdout]                                at /rustc/53fd98ca776cb875bc9e5514f56b52eb74f9e7a9/library/std/src/sys_common/backtrace.rs:49:5
[INFO] [stdout]    7:     0x5556b48150fb - std::sys_common::backtrace::print::h61376ae57d131d72
[INFO] [stdout]                                at /rustc/53fd98ca776cb875bc9e5514f56b52eb74f9e7a9/library/std/src/sys_common/backtrace.rs:36:9
[INFO] [stdout]    8:     0x5556b48150fb - std::panicking::default_hook::{{closure}}::h0f7208c0b9644a54
[INFO] [stdout]                                at /rustc/53fd98ca776cb875bc9e5514f56b52eb74f9e7a9/library/std/src/panicking.rs:208:50
[INFO] [stdout]    9:     0x5556b4814bd1 - std::panicking::default_hook::hdac7fc06578c14ce
[INFO] [stdout]                                at /rustc/53fd98ca776cb875bc9e5514f56b52eb74f9e7a9/library/std/src/panicking.rs:225:9
[INFO] [stdout]   10:     0x5556b48157c4 - std::panicking::rust_panic_with_hook::h72b21c283da3d1ef
[INFO] [stdout]                                at /rustc/53fd98ca776cb875bc9e5514f56b52eb74f9e7a9/library/std/src/panicking.rs:622:17
[INFO] [stdout]   11:     0x5556b48152a7 - std::panicking::begin_panic_handler::{{closure}}::he5778f1729cff84a
[INFO] [stdout]                                at /rustc/53fd98ca776cb875bc9e5514f56b52eb74f9e7a9/library/std/src/panicking.rs:519:13
[INFO] [stdout]   12:     0x5556b48135cc - std::sys_common::backtrace::__rust_end_short_backtrace::h2d11ca8b453b4b1d
[INFO] [stdout]                                at /rustc/53fd98ca776cb875bc9e5514f56b52eb74f9e7a9/library/std/src/sys_common/backtrace.rs:141:18
[INFO] [stdout]   13:     0x5556b4815209 - rust_begin_unwind
[INFO] [stdout]                                at /rustc/53fd98ca776cb875bc9e5514f56b52eb74f9e7a9/library/std/src/panicking.rs:515:5
[INFO] [stdout]   14:     0x5556b3ffd691 - core::panicking::panic_fmt::hf9de31d4acbce4db
[INFO] [stdout]                                at /rustc/53fd98ca776cb875bc9e5514f56b52eb74f9e7a9/library/core/src/panicking.rs:92:14
[INFO] [stdout]   15:     0x5556b3ffd783 - core::result::unwrap_failed::ha0c84e81219e5878
[INFO] [stdout]                                at /rustc/53fd98ca776cb875bc9e5514f56b52eb74f9e7a9/library/core/src/result.rs:1599:5
[INFO] [stdout]   16:     0x5556b4028c4f - core::result::Result<T,E>::expect::h0264b996d2f64e8b
[INFO] [stdout]                                at /rustc/53fd98ca776cb875bc9e5514f56b52eb74f9e7a9/library/core/src/result.rs:1241:23
[INFO] [stdout]   17:     0x5556b4022b43 - tracing_layer_slack::config::SlackConfig::new_from_env::h5a332ae15a9c41fd
[INFO] [stdout]                                at /opt/rustwide/workdir/src/config.rs:33:13
[INFO] [stdout]   18:     0x5556b4025871 - core::ops::function::FnOnce::call_once::hc65d1d4b0f45200c
[INFO] [stdout]                                at /rustc/53fd98ca776cb875bc9e5514f56b52eb74f9e7a9/library/core/src/ops/function.rs:227:5
[INFO] [stdout]   19:     0x5556b4022663 - core::option::Option<T>::unwrap_or_else::hfa095c51560e0579
[INFO] [stdout]                                at /rustc/53fd98ca776cb875bc9e5514f56b52eb74f9e7a9/library/core/src/option.rs:763:21
[INFO] [stdout]   20:     0x5556b4027e2e - tracing_layer_slack::layer::SlackLayerBuilder::build::hc8af70e6b607a7fe
[INFO] [stdout]                                at /opt/rustwide/workdir/src/layer.rs:155:13
[INFO] [stdout]   21:     0x5556b401f141 - rust_out::main::{{closure}}::h16c2398796b9a030
[INFO] [stdout]   22:     0x5556b40186ec - <core::future::from_generator::GenFuture<T> as core::future::future::Future>::poll::h1c92cab716ef9b07
[INFO] [stdout]   23:     0x5556b400eb6c - tokio::park::thread::CachedParkThread::block_on::{{closure}}::h0fb35847fd07dc69
[INFO] [stdout]   24:     0x5556b400de53 - tokio::coop::with_budget::{{closure}}::h967299bc7d4e0ae0
[INFO] [stdout]   25:     0x5556b4008416 - std::thread::local::LocalKey<T>::try_with::h540fd4c3cc42741d
[INFO] [stdout]   26:     0x5556b4007f68 - std::thread::local::LocalKey<T>::with::ha72738192654a3f9
[INFO] [stdout]   27:     0x5556b400e605 - tokio::park::thread::CachedParkThread::block_on::h3f373ad265232d86
[INFO] [stdout]   28:     0x5556b4010d56 - tokio::runtime::enter::Enter::block_on::hcfbb1e0948897ee6
[INFO] [stdout]   29:     0x5556b400f53b - tokio::runtime::thread_pool::ThreadPool::block_on::h57da638ae5fdf923
[INFO] [stdout]   30:     0x5556b4010ef2 - tokio::runtime::Runtime::block_on::h9a2be19d87aa50a6
[INFO] [stdout]   31:     0x5556b401eee1 - rust_out::main::h61823b600df25383
[INFO] [stdout]   32:     0x5556b4008dd3 - core::ops::function::FnOnce::call_once::h3d07824a44777914
[INFO] [stdout]   33:     0x5556b4007c29 - std::sys_common::backtrace::__rust_begin_short_backtrace::h1ee1ba859d3174aa
[INFO] [stdout]   34:     0x5556b4007e09 - std::rt::lang_start::{{closure}}::hee9719d6b6efb7fa
[INFO] [stdout]   35:     0x5556b4815cca - core::ops::function::impls::<impl core::ops::function::FnOnce<A> for &F>::call_once::ha88a7d1a4d24e549
[INFO] [stdout]                                at /rustc/53fd98ca776cb875bc9e5514f56b52eb74f9e7a9/library/core/src/ops/function.rs:259:13
[INFO] [stdout]   36:     0x5556b4815cca - std::panicking::try::do_call::hd3b1d7740607ccc7
[INFO] [stdout]                                at /rustc/53fd98ca776cb875bc9e5514f56b52eb74f9e7a9/library/std/src/panicking.rs:401:40
[INFO] [stdout]   37:     0x5556b4815cca - std::panicking::try::h0ee8c65ac7461507
[INFO] [stdout]                                at /rustc/53fd98ca776cb875bc9e5514f56b52eb74f9e7a9/library/std/src/panicking.rs:365:19
[INFO] [stdout]   38:     0x5556b4815cca - std::panic::catch_unwind::head47f0de4ccd838
[INFO] [stdout]                                at /rustc/53fd98ca776cb875bc9e5514f56b52eb74f9e7a9/library/std/src/panic.rs:434:14
[INFO] [stdout]   39:     0x5556b4815cca - std::rt::lang_start_internal::{{closure}}::hbc7de8ec820ac085
[INFO] [stdout]                                at /rustc/53fd98ca776cb875bc9e5514f56b52eb74f9e7a9/library/std/src/rt.rs:45:48
[INFO] [stdout]   40:     0x5556b4815cca - std::panicking::try::do_call::h2609e52e8bad4a7b
[INFO] [stdout]                                at /rustc/53fd98ca776cb875bc9e5514f56b52eb74f9e7a9/library/std/src/panicking.rs:401:40
[INFO] [stdout]   41:     0x5556b4815cca - std::panicking::try::hd0929f0b603e0389
[INFO] [stdout]                                at /rustc/53fd98ca776cb875bc9e5514f56b52eb74f9e7a9/library/std/src/panicking.rs:365:19
[INFO] [stdout]   42:     0x5556b4815cca - std::panic::catch_unwind::h27902b81c3e47571
[INFO] [stdout]                                at /rustc/53fd98ca776cb875bc9e5514f56b52eb74f9e7a9/library/std/src/panic.rs:434:14
[INFO] [stdout]   43:     0x5556b4815cca - std::rt::lang_start_internal::h3fb2d794dd391e3e
[INFO] [stdout]                                at /rustc/53fd98ca776cb875bc9e5514f56b52eb74f9e7a9/library/std/src/rt.rs:45:20
[INFO] [stdout]   44:     0x5556b4007de1 - std::rt::lang_start::h0745d281d96e0cdb
[INFO] [stdout]   45:     0x5556b401f493 - main
[INFO] [stdout]   46:     0x7f1c478230b3 - __libc_start_main
[INFO] [stdout]   47:     0x5556b3ffde8e - _start
[INFO] [stdout]   48:                0x0 - <unknown>
[INFO] [stdout] 
[INFO] [stdout] 
[INFO] [stdout] 
[INFO] [stdout] failures:
[INFO] [stdout]     src/lib.rs - (line 27)
[INFO] [stdout] 
[INFO] [stdout] test result: FAILED. 0 passed; 1 failed; 0 ignored; 0 measured; 0 filtered out; finished in 5.23s
[INFO] [stdout] 
[INFO] [stderr] error: test failed, to rerun pass '--doc'
[INFO] running `Command { std: "docker" "inspect" "f86f9869d66b7f76b7ef924821b8d53f6c3306c89e0d45c0e2c6febed3c3f27c", kill_on_drop: false }`
[INFO] running `Command { std: "docker" "rm" "-f" "f86f9869d66b7f76b7ef924821b8d53f6c3306c89e0d45c0e2c6febed3c3f27c", kill_on_drop: false }`
[INFO] [stdout] f86f9869d66b7f76b7ef924821b8d53f6c3306c89e0d45c0e2c6febed3c3f27c
