[INFO] fetching crate tracery 0.2.1...
[INFO] testing tracery-0.2.1 against 1.54.0 for beta-1.55-1
[INFO] extracting crate tracery 0.2.1 into /workspace/builds/worker-11/source
[INFO] validating manifest of crates.io crate tracery 0.2.1 on toolchain 1.54.0
[INFO] running `Command { std: "/workspace/cargo-home/bin/cargo" "+1.54.0" "metadata" "--manifest-path" "Cargo.toml" "--no-deps", kill_on_drop: false }`
[INFO] started tweaking crates.io crate tracery 0.2.1
[INFO] finished tweaking crates.io crate tracery 0.2.1
[INFO] tweaked toml for crates.io crate tracery 0.2.1 written to /workspace/builds/worker-11/source/Cargo.toml
[INFO] running `Command { std: "/workspace/cargo-home/bin/cargo" "+1.54.0" "generate-lockfile" "--manifest-path" "Cargo.toml" "-Zno-index-update", kill_on_drop: false }`
[INFO] running `Command { std: "/workspace/cargo-home/bin/cargo" "+1.54.0" "fetch" "--manifest-path" "Cargo.toml", kill_on_drop: false }`
[INFO] running `Command { std: "docker" "create" "-v" "/var/lib/crater-agent-workspace/builds/worker-11/target:/opt/rustwide/target:rw,Z" "-v" "/var/lib/crater-agent-workspace/builds/worker-11/source:/opt/rustwide/workdir:ro,Z" "-v" "/var/lib/crater-agent-workspace/cargo-home:/opt/rustwide/cargo-home:ro,Z" "-v" "/var/lib/crater-agent-workspace/rustup-home:/opt/rustwide/rustup-home:ro,Z" "-e" "SOURCE_DIR=/opt/rustwide/workdir" "-e" "CARGO_TARGET_DIR=/opt/rustwide/target" "-e" "CARGO_HOME=/opt/rustwide/cargo-home" "-e" "RUSTUP_HOME=/opt/rustwide/rustup-home" "-w" "/opt/rustwide/workdir" "-m" "1610612736" "--user" "0:0" "--network" "none" "ghcr.io/rust-lang/crates-build-env/linux@sha256:34b6a614d2c27851fe6cbf88fbd1137609cefab8b10d0615aaeb6fd47975d74e" "/opt/rustwide/cargo-home/bin/cargo" "+1.54.0" "metadata" "--no-deps" "--format-version=1", kill_on_drop: false }`
[INFO] [stdout] 3959807dd90cbace84a1ec421deea63160289bcf93a2af1ea5992b914c84c39e
[INFO] running `Command { std: "docker" "start" "-a" "3959807dd90cbace84a1ec421deea63160289bcf93a2af1ea5992b914c84c39e", kill_on_drop: false }`
[INFO] running `Command { std: "docker" "inspect" "3959807dd90cbace84a1ec421deea63160289bcf93a2af1ea5992b914c84c39e", kill_on_drop: false }`
[INFO] running `Command { std: "docker" "rm" "-f" "3959807dd90cbace84a1ec421deea63160289bcf93a2af1ea5992b914c84c39e", kill_on_drop: false }`
[INFO] [stdout] 3959807dd90cbace84a1ec421deea63160289bcf93a2af1ea5992b914c84c39e
[INFO] running `Command { std: "docker" "create" "-v" "/var/lib/crater-agent-workspace/builds/worker-11/target:/opt/rustwide/target:rw,Z" "-v" "/var/lib/crater-agent-workspace/builds/worker-11/source:/opt/rustwide/workdir:ro,Z" "-v" "/var/lib/crater-agent-workspace/cargo-home:/opt/rustwide/cargo-home:ro,Z" "-v" "/var/lib/crater-agent-workspace/rustup-home:/opt/rustwide/rustup-home:ro,Z" "-e" "SOURCE_DIR=/opt/rustwide/workdir" "-e" "CARGO_TARGET_DIR=/opt/rustwide/target" "-e" "CARGO_INCREMENTAL=0" "-e" "RUST_BACKTRACE=full" "-e" "RUSTFLAGS=--cap-lints=warn" "-e" "CARGO_HOME=/opt/rustwide/cargo-home" "-e" "RUSTUP_HOME=/opt/rustwide/rustup-home" "-w" "/opt/rustwide/workdir" "-m" "1610612736" "--user" "0:0" "--network" "none" "ghcr.io/rust-lang/crates-build-env/linux@sha256:34b6a614d2c27851fe6cbf88fbd1137609cefab8b10d0615aaeb6fd47975d74e" "/opt/rustwide/cargo-home/bin/cargo" "+1.54.0" "build" "--frozen" "--message-format=json", kill_on_drop: false }`
[INFO] [stdout] 58e587f816ac09c7d69fe4152934b0341d8fda41d7258b633495c808b693b3e2
[INFO] running `Command { std: "docker" "start" "-a" "58e587f816ac09c7d69fe4152934b0341d8fda41d7258b633495c808b693b3e2", kill_on_drop: false }`
[INFO] [stderr]    Compiling libc v0.2.98
[INFO] [stderr]    Compiling syn v1.0.74
[INFO] [stderr]    Compiling memchr v2.4.0
[INFO] [stderr]    Compiling ucd-trie v0.1.3
[INFO] [stderr]    Compiling maplit v1.0.2
[INFO] [stderr]    Compiling ppv-lite86 v0.2.10
[INFO] [stderr]    Compiling split_preserve v0.1.0
[INFO] [stderr]    Compiling pest v2.1.3
[INFO] [stderr]    Compiling aho-corasick v0.7.18
[INFO] [stderr]    Compiling getrandom v0.2.3
[INFO] [stderr]    Compiling rand_core v0.6.3
[INFO] [stderr]    Compiling rand_chacha v0.3.1
[INFO] [stderr]    Compiling pest_meta v2.1.3
[INFO] [stderr]    Compiling rand v0.8.4
[INFO] [stderr]    Compiling regex v1.5.4
[INFO] [stderr]    Compiling pest_generator v2.1.3
[INFO] [stderr]    Compiling Inflector v0.11.4
[INFO] [stderr]    Compiling thiserror-impl v1.0.26
[INFO] [stderr]    Compiling pest_derive v2.1.0
[INFO] [stderr]    Compiling thiserror v1.0.26
[INFO] [stderr]    Compiling tracery v0.2.1 (/opt/rustwide/workdir)
[INFO] [stderr]     Finished dev [unoptimized + debuginfo] target(s) in 25.46s
[INFO] running `Command { std: "docker" "inspect" "58e587f816ac09c7d69fe4152934b0341d8fda41d7258b633495c808b693b3e2", kill_on_drop: false }`
[INFO] running `Command { std: "docker" "rm" "-f" "58e587f816ac09c7d69fe4152934b0341d8fda41d7258b633495c808b693b3e2", kill_on_drop: false }`
[INFO] [stdout] 58e587f816ac09c7d69fe4152934b0341d8fda41d7258b633495c808b693b3e2
[INFO] running `Command { std: "docker" "create" "-v" "/var/lib/crater-agent-workspace/builds/worker-11/target:/opt/rustwide/target:rw,Z" "-v" "/var/lib/crater-agent-workspace/builds/worker-11/source:/opt/rustwide/workdir:ro,Z" "-v" "/var/lib/crater-agent-workspace/cargo-home:/opt/rustwide/cargo-home:ro,Z" "-v" "/var/lib/crater-agent-workspace/rustup-home:/opt/rustwide/rustup-home:ro,Z" "-e" "SOURCE_DIR=/opt/rustwide/workdir" "-e" "CARGO_TARGET_DIR=/opt/rustwide/target" "-e" "CARGO_INCREMENTAL=0" "-e" "RUST_BACKTRACE=full" "-e" "RUSTFLAGS=--cap-lints=warn" "-e" "CARGO_HOME=/opt/rustwide/cargo-home" "-e" "RUSTUP_HOME=/opt/rustwide/rustup-home" "-w" "/opt/rustwide/workdir" "-m" "1610612736" "--user" "0:0" "--network" "none" "ghcr.io/rust-lang/crates-build-env/linux@sha256:34b6a614d2c27851fe6cbf88fbd1137609cefab8b10d0615aaeb6fd47975d74e" "/opt/rustwide/cargo-home/bin/cargo" "+1.54.0" "test" "--frozen" "--no-run" "--message-format=json", kill_on_drop: false }`
[INFO] [stdout] ac9dfecaf56bf5d7f972e1f0f645eef46e388500aa543ec03de3b29926d42848
[INFO] running `Command { std: "docker" "start" "-a" "ac9dfecaf56bf5d7f972e1f0f645eef46e388500aa543ec03de3b29926d42848", kill_on_drop: false }`
[INFO] [stderr]    Compiling tracery v0.2.1 (/opt/rustwide/workdir)
[INFO] [stderr]     Finished test [unoptimized + debuginfo] target(s) in 4.21s
[INFO] running `Command { std: "docker" "inspect" "ac9dfecaf56bf5d7f972e1f0f645eef46e388500aa543ec03de3b29926d42848", kill_on_drop: false }`
[INFO] running `Command { std: "docker" "rm" "-f" "ac9dfecaf56bf5d7f972e1f0f645eef46e388500aa543ec03de3b29926d42848", kill_on_drop: false }`
[INFO] [stdout] ac9dfecaf56bf5d7f972e1f0f645eef46e388500aa543ec03de3b29926d42848
[INFO] running `Command { std: "docker" "create" "-v" "/var/lib/crater-agent-workspace/builds/worker-11/target:/opt/rustwide/target:rw,Z" "-v" "/var/lib/crater-agent-workspace/builds/worker-11/source:/opt/rustwide/workdir:ro,Z" "-v" "/var/lib/crater-agent-workspace/cargo-home:/opt/rustwide/cargo-home:ro,Z" "-v" "/var/lib/crater-agent-workspace/rustup-home:/opt/rustwide/rustup-home:ro,Z" "-e" "SOURCE_DIR=/opt/rustwide/workdir" "-e" "CARGO_TARGET_DIR=/opt/rustwide/target" "-e" "CARGO_INCREMENTAL=0" "-e" "RUST_BACKTRACE=full" "-e" "RUSTFLAGS=--cap-lints=warn" "-e" "CARGO_HOME=/opt/rustwide/cargo-home" "-e" "RUSTUP_HOME=/opt/rustwide/rustup-home" "-w" "/opt/rustwide/workdir" "-m" "1610612736" "--user" "0:0" "--network" "none" "ghcr.io/rust-lang/crates-build-env/linux@sha256:34b6a614d2c27851fe6cbf88fbd1137609cefab8b10d0615aaeb6fd47975d74e" "/opt/rustwide/cargo-home/bin/cargo" "+1.54.0" "test" "--frozen", kill_on_drop: false }`
[INFO] [stdout] af73bd2356b98d82535974e8e4e88be39ecd6106b8c8b48cd6aa29ec88dfc2da
[INFO] running `Command { std: "docker" "start" "-a" "af73bd2356b98d82535974e8e4e88be39ecd6106b8c8b48cd6aa29ec88dfc2da", kill_on_drop: false }`
[INFO] [stdout] 
[INFO] [stderr]     Finished test [unoptimized + debuginfo] target(s) in 0.05s
[INFO] [stdout] running 35 tests
[INFO] [stderr]      Running unittests (/opt/rustwide/target/debug/deps/tracery-cab1d783bc1bb050)
[INFO] [stdout] test modifiers::tests::a ... ok
[INFO] [stdout] test grammar::tests::pop_and_remove ... ok
[INFO] [stdout] test modifiers::tests::capitalize ... ok
[INFO] [stdout] test parser::tests::parse_tag_multi_action ... ok
[INFO] [stdout] test modifiers::tests::in_quotes ... ok
[INFO] [stdout] test parser::tests::parse_mixed_rule ... ok
[INFO] [stdout] test grammar::tests::set_default_rule ... ok
[INFO] [stdout] test parser::tests::parse_rule_with_hash_dot ... ok
[INFO] [stdout] test grammar::tests::with_default_rule ... ok
[INFO] [stdout] test grammar::tests::flatten_missing_key ... ok
[INFO] [stdout] test node::tests::conversion ... ok
[INFO] [stdout] test modifiers::tests::ed ... ok
[INFO] [stdout] test modifiers::tests::comma ... ok
[INFO] [stdout] test parser::tests::parse_tag_complicated ... ok
[INFO] [stdout] test modifiers::tests::capitalize_all ... ok
[INFO] [stdout] test parser::tests::parse_tag_with_tag_action ... ok
[INFO] [stdout] test parser::tests::parse_tag_with_modifiers ... ok
[INFO] [stdout] test parser::tests::parse_tagname ... ok
[INFO] [stdout] test tests::test_map_with_actions ... ok
[INFO] [stdout] test tests::test_macro ... ok
[INFO] [stdout] test tests::test_json_with_actions ... ok
[INFO] [stdout] test tag::tests::apply_modifiers ... ok
[INFO] [stdout] test parser::tests::parse_text ... ok
[INFO] [stdout] test parser::tests::parse_tag_with_text_action ... ok
[INFO] [stdout] test tag::tests::get_rule_missing_key ... ok
[INFO] [stdout] test tests::test_malformed_input ... ok
[INFO] [stdout] test tag::tests::get_rule_from_grammar ... ok
[INFO] [stdout] test tests::test_flatten_map ... ok
[INFO] [stdout] test tests::test_flatten_json ... ok
[INFO] [stdout] test tests::malformed_json ... ok
[INFO] [stdout] test grammar::tests::execute ... ok
[INFO] [stdout] test grammar::tests::from_json ... ok
[INFO] [stdout] test grammar::tests::pop_rule ... ok
[INFO] [stdout] test grammar::tests::execute_function ... ok
[INFO] [stderr]    Doc-tests tracery
[INFO] [stdout] test modifiers::tests::s ... ok
[INFO] [stdout] 
[INFO] [stdout] test result: ok. 35 passed; 0 failed; 0 ignored; 0 measured; 0 filtered out; finished in 0.36s
[INFO] [stdout] 
[INFO] [stdout] 
[INFO] [stdout] running 19 tests
[INFO] [stdout] test src/lib.rs - from_json (line 338) ... FAILED
[INFO] [stdout] test src/lib.rs - grammar (line 297) ... FAILED
[INFO] [stdout] test src/lib.rs - (line 47) ... FAILED
[INFO] [stdout] test src/grammar.rs - grammar::Grammar::with_default_rule (line 108) ... FAILED
[INFO] [stdout] test src/grammar.rs - grammar::Grammar::from_json (line 67) ... FAILED
[INFO] [stdout] test src/grammar.rs - grammar::Grammar::set_default_rule (line 133) ... FAILED
[INFO] [stdout] test src/grammar.rs - grammar::Grammar::execute (line 223) ... FAILED
[INFO] [stdout] test src/grammar.rs - grammar::Grammar::flatten (line 165) ... FAILED
[INFO] [stdout] test src/lib.rs - from_map (line 369) ... FAILED
[INFO] [stdout] test src/lib.rs - (line 100) ... FAILED
[INFO] [stdout] test src/grammar.rs - grammar::Grammar::from_map (line 269) ... FAILED
[INFO] [stdout] test src/lib.rs - flatten_json (line 404) ... FAILED
[INFO] [stdout] test src/lib.rs - (line 126) ... FAILED
[INFO] [stdout] test src/lib.rs - (line 164) ... FAILED
[INFO] [stdout] test src/lib.rs - (line 24) ... FAILED
[INFO] [stdout] test src/grammar.rs - grammar::Grammar::execute (line 200) ... FAILED
[INFO] [stdout] test src/lib.rs - (line 72) ... FAILED
[INFO] [stdout] test src/lib.rs - flatten_map (line 435) ... FAILED
[INFO] [stdout] test src/grammar.rs - grammar::Grammar::from_map (line 292) ... ok
[INFO] [stdout] 
[INFO] [stdout] failures:
[INFO] [stdout] 
[INFO] [stdout] ---- src/lib.rs - from_json (line 338) stdout ----
[INFO] [stdout] Couldn't compile the test.
[INFO] [stdout] ---- src/lib.rs - grammar (line 297) stdout ----
[INFO] [stdout] Couldn't compile the test.
[INFO] [stdout] ---- src/lib.rs - (line 47) stdout ----
[INFO] [stdout] Couldn't compile the test.
[INFO] [stdout] ---- src/grammar.rs - grammar::Grammar::with_default_rule (line 108) stdout ----
[INFO] [stdout] Couldn't compile the test.
[INFO] [stdout] ---- src/grammar.rs - grammar::Grammar::from_json (line 67) stdout ----
[INFO] [stdout] Couldn't compile the test.
[INFO] [stdout] ---- src/grammar.rs - grammar::Grammar::set_default_rule (line 133) stdout ----
[INFO] [stdout] Couldn't compile the test.
[INFO] [stdout] ---- src/grammar.rs - grammar::Grammar::execute (line 223) stdout ----
[INFO] [stdout] Couldn't compile the test.
[INFO] [stdout] ---- src/grammar.rs - grammar::Grammar::flatten (line 165) stdout ----
[INFO] [stdout] Couldn't compile the test.
[INFO] [stdout] ---- src/lib.rs - from_map (line 369) stdout ----
[INFO] [stdout] Couldn't compile the test.
[INFO] [stdout] ---- src/lib.rs - (line 100) stdout ----
[INFO] [stdout] Couldn't compile the test.
[INFO] [stdout] ---- src/grammar.rs - grammar::Grammar::from_map (line 269) stdout ----
[INFO] [stdout] Couldn't compile the test.
[INFO] [stdout] ---- src/lib.rs - flatten_json (line 404) stdout ----
[INFO] [stdout] Couldn't compile the test.
[INFO] [stdout] ---- src/lib.rs - (line 126) stdout ----
[INFO] [stdout] Couldn't compile the test.
[INFO] [stdout] ---- src/lib.rs - (line 164) stdout ----
[INFO] [stdout] Couldn't compile the test.
[INFO] [stdout] ---- src/lib.rs - (line 24) stdout ----
[INFO] [stdout] Couldn't compile the test.
[INFO] [stdout] ---- src/grammar.rs - grammar::Grammar::execute (line 200) stdout ----
[INFO] [stdout] Couldn't compile the test.
[INFO] [stdout] ---- src/lib.rs - (line 72) stdout ----
[INFO] [stdout] Couldn't compile the test.
[INFO] [stdout] ---- src/lib.rs - flatten_map (line 435) stdout ----
[INFO] [stdout] Couldn't compile the test.
[INFO] [stdout] 
[INFO] [stdout] failures:
[INFO] [stdout]     src/grammar.rs - grammar::Grammar::execute (line 200)
[INFO] [stdout]     src/grammar.rs - grammar::Grammar::execute (line 223)
[INFO] [stdout]     src/grammar.rs - grammar::Grammar::flatten (line 165)
[INFO] [stdout]     src/grammar.rs - grammar::Grammar::from_json (line 67)
[INFO] [stdout]     src/grammar.rs - grammar::Grammar::from_map (line 269)
[INFO] [stdout]     src/grammar.rs - grammar::Grammar::set_default_rule (line 133)
[INFO] [stdout]     src/grammar.rs - grammar::Grammar::with_default_rule (line 108)
[INFO] [stdout]     src/lib.rs - (line 100)
[INFO] [stdout]     src/lib.rs - (line 126)
[INFO] [stdout]     src/lib.rs - (line 164)
[INFO] [stdout]     src/lib.rs - (line 24)
[INFO] [stdout]     src/lib.rs - (line 47)
[INFO] [stdout]     src/lib.rs - (line 72)
[INFO] [stdout]     src/lib.rs - flatten_json (line 404)
[INFO] [stdout]     src/lib.rs - flatten_map (line 435)
[INFO] [stdout]     src/lib.rs - from_json (line 338)
[INFO] [stdout]     src/lib.rs - from_map (line 369)
[INFO] [stdout]     src/lib.rs - grammar (line 297)
[INFO] [stdout] 
[INFO] [stdout] test result: FAILED. 1 passed; 18 failed; 0 ignored; 0 measured; 0 filtered out; finished in 15.18s
[INFO] [stdout] 
[INFO] [stderr] error: test failed, to rerun pass '--doc'
[INFO] running `Command { std: "docker" "inspect" "af73bd2356b98d82535974e8e4e88be39ecd6106b8c8b48cd6aa29ec88dfc2da", kill_on_drop: false }`
[INFO] running `Command { std: "docker" "rm" "-f" "af73bd2356b98d82535974e8e4e88be39ecd6106b8c8b48cd6aa29ec88dfc2da", kill_on_drop: false }`
[INFO] [stdout] af73bd2356b98d82535974e8e4e88be39ecd6106b8c8b48cd6aa29ec88dfc2da
