[INFO] fetching crate tracers-codegen 0.1.0...
[INFO] testing tracers-codegen-0.1.0 against 1.54.0 for beta-1.55-1
[INFO] extracting crate tracers-codegen 0.1.0 into /workspace/builds/worker-15/source
[INFO] validating manifest of crates.io crate tracers-codegen 0.1.0 on toolchain 1.54.0
[INFO] running `Command { std: "/workspace/cargo-home/bin/cargo" "+1.54.0" "metadata" "--manifest-path" "Cargo.toml" "--no-deps", kill_on_drop: false }`
[INFO] started tweaking crates.io crate tracers-codegen 0.1.0
[INFO] finished tweaking crates.io crate tracers-codegen 0.1.0
[INFO] tweaked toml for crates.io crate tracers-codegen 0.1.0 written to /workspace/builds/worker-15/source/Cargo.toml
[INFO] running `Command { std: "/workspace/cargo-home/bin/cargo" "+1.54.0" "generate-lockfile" "--manifest-path" "Cargo.toml" "-Zno-index-update", kill_on_drop: false }`
[INFO] running `Command { std: "/workspace/cargo-home/bin/cargo" "+1.54.0" "fetch" "--manifest-path" "Cargo.toml", kill_on_drop: false }`
[INFO] [stderr]     Blocking waiting for file lock on package cache
[INFO] running `Command { std: "docker" "create" "-v" "/var/lib/crater-agent-workspace/builds/worker-15/target:/opt/rustwide/target:rw,Z" "-v" "/var/lib/crater-agent-workspace/builds/worker-15/source:/opt/rustwide/workdir:ro,Z" "-v" "/var/lib/crater-agent-workspace/cargo-home:/opt/rustwide/cargo-home:ro,Z" "-v" "/var/lib/crater-agent-workspace/rustup-home:/opt/rustwide/rustup-home:ro,Z" "-e" "SOURCE_DIR=/opt/rustwide/workdir" "-e" "CARGO_TARGET_DIR=/opt/rustwide/target" "-e" "CARGO_HOME=/opt/rustwide/cargo-home" "-e" "RUSTUP_HOME=/opt/rustwide/rustup-home" "-w" "/opt/rustwide/workdir" "-m" "1610612736" "--user" "0:0" "--network" "none" "ghcr.io/rust-lang/crates-build-env/linux@sha256:34b6a614d2c27851fe6cbf88fbd1137609cefab8b10d0615aaeb6fd47975d74e" "/opt/rustwide/cargo-home/bin/cargo" "+1.54.0" "metadata" "--no-deps" "--format-version=1", kill_on_drop: false }`
[INFO] [stdout] 633c9b1c34abd61183a4a1dea5d2f6402f4e9290b575bb661a4f46854f8ea8a3
[INFO] running `Command { std: "docker" "start" "-a" "633c9b1c34abd61183a4a1dea5d2f6402f4e9290b575bb661a4f46854f8ea8a3", kill_on_drop: false }`
[INFO] running `Command { std: "docker" "inspect" "633c9b1c34abd61183a4a1dea5d2f6402f4e9290b575bb661a4f46854f8ea8a3", kill_on_drop: false }`
[INFO] running `Command { std: "docker" "rm" "-f" "633c9b1c34abd61183a4a1dea5d2f6402f4e9290b575bb661a4f46854f8ea8a3", kill_on_drop: false }`
[INFO] [stdout] 633c9b1c34abd61183a4a1dea5d2f6402f4e9290b575bb661a4f46854f8ea8a3
[INFO] running `Command { std: "docker" "create" "-v" "/var/lib/crater-agent-workspace/builds/worker-15/target:/opt/rustwide/target:rw,Z" "-v" "/var/lib/crater-agent-workspace/builds/worker-15/source:/opt/rustwide/workdir:ro,Z" "-v" "/var/lib/crater-agent-workspace/cargo-home:/opt/rustwide/cargo-home:ro,Z" "-v" "/var/lib/crater-agent-workspace/rustup-home:/opt/rustwide/rustup-home:ro,Z" "-e" "SOURCE_DIR=/opt/rustwide/workdir" "-e" "CARGO_TARGET_DIR=/opt/rustwide/target" "-e" "CARGO_INCREMENTAL=0" "-e" "RUST_BACKTRACE=full" "-e" "RUSTFLAGS=--cap-lints=warn" "-e" "CARGO_HOME=/opt/rustwide/cargo-home" "-e" "RUSTUP_HOME=/opt/rustwide/rustup-home" "-w" "/opt/rustwide/workdir" "-m" "1610612736" "--user" "0:0" "--network" "none" "ghcr.io/rust-lang/crates-build-env/linux@sha256:34b6a614d2c27851fe6cbf88fbd1137609cefab8b10d0615aaeb6fd47975d74e" "/opt/rustwide/cargo-home/bin/cargo" "+1.54.0" "build" "--frozen" "--message-format=json", kill_on_drop: false }`
[INFO] [stdout] 5fc87b6fc0a95fb0e4d2881e9934be539b428197875b0a83507cca1f1978479e
[INFO] running `Command { std: "docker" "start" "-a" "5fc87b6fc0a95fb0e4d2881e9934be539b428197875b0a83507cca1f1978479e", kill_on_drop: false }`
[INFO] [stderr]    Compiling syn v1.0.74
[INFO] [stderr]    Compiling libc v0.2.98
[INFO] [stderr]    Compiling memchr v2.4.0
[INFO] [stderr]    Compiling gimli v0.25.0
[INFO] [stderr]    Compiling failure_derive v0.1.8
[INFO] [stderr]    Compiling proc-macro2 v0.4.30
[INFO] [stderr]    Compiling version_check v0.1.5
[INFO] [stderr]    Compiling rustc-demangle v0.1.20
[INFO] [stderr]    Compiling unicode-xid v0.1.0
[INFO] [stderr]    Compiling syn v0.15.44
[INFO] [stderr]    Compiling humansize v1.1.1
[INFO] [stderr]    Compiling askama_escape v0.2.0
[INFO] [stderr]    Compiling strsim v0.9.3
[INFO] [stderr]    Compiling ident_case v1.0.1
[INFO] [stderr]    Compiling semver-parser v0.7.0
[INFO] [stderr]    Compiling itoa v0.4.7
[INFO] [stderr]    Compiling static_assertions v1.1.0
[INFO] [stderr]    Compiling strum v0.16.0
[INFO] [stderr]    Compiling remove_dir_all v0.5.3
[INFO] [stderr]    Compiling once_cell v1.8.0
[INFO] [stderr]    Compiling pkg-config v0.3.19
[INFO] [stderr]    Compiling backtrace v0.3.61
[INFO] [stderr]    Compiling num-traits v0.2.14
[INFO] [stderr]    Compiling nom v4.2.3
[INFO] [stderr]    Compiling object v0.26.0
[INFO] [stderr]    Compiling quote v0.6.13
[INFO] [stderr]    Compiling getrandom v0.2.3
[INFO] [stderr]    Compiling rand_core v0.6.3
[INFO] [stderr]    Compiling rand_chacha v0.3.1
[INFO] [stderr]    Compiling rand v0.8.4
[INFO] [stderr]    Compiling addr2line v0.16.0
[INFO] [stderr]    Compiling tempfile v3.2.0
[INFO] [stderr]    Compiling twox-hash v1.6.1
[INFO] [stderr]    Compiling synstructure v0.12.5
[INFO] [stderr]    Compiling darling_core v0.10.2
[INFO] [stderr]    Compiling serde_derive v1.0.127
[INFO] [stderr]    Compiling strum_macros v0.16.0
[INFO] [stderr]    Compiling darling_macro v0.10.2
[INFO] [stderr]    Compiling failure v0.1.8
[INFO] [stderr]    Compiling tracers-core v0.1.0
[INFO] [stderr]    Compiling darling v0.10.2
[INFO] [stderr]    Compiling serde v1.0.127
[INFO] [stderr]    Compiling toml v0.4.10
[INFO] [stderr]    Compiling serde_json v1.0.66
[INFO] [stderr]    Compiling toml v0.5.8
[INFO] [stderr]    Compiling semver v0.9.0
[INFO] [stderr]    Compiling serde_str v0.1.0
[INFO] [stderr]    Compiling askama_shared v0.8.0
[INFO] [stderr]    Compiling cargo_metadata v0.9.1
[INFO] [stderr]    Compiling proc-macro-crate v0.1.5
[INFO] [stderr]    Compiling askama_derive v0.8.0
[INFO] [stderr]    Compiling askama v0.8.0
[INFO] [stderr]    Compiling tracers-codegen v0.1.0 (/opt/rustwide/workdir)
[INFO] [stderr]     Finished dev [unoptimized + debuginfo] target(s) in 49.96s
[INFO] running `Command { std: "docker" "inspect" "5fc87b6fc0a95fb0e4d2881e9934be539b428197875b0a83507cca1f1978479e", kill_on_drop: false }`
[INFO] running `Command { std: "docker" "rm" "-f" "5fc87b6fc0a95fb0e4d2881e9934be539b428197875b0a83507cca1f1978479e", kill_on_drop: false }`
[INFO] [stdout] 5fc87b6fc0a95fb0e4d2881e9934be539b428197875b0a83507cca1f1978479e
[INFO] running `Command { std: "docker" "create" "-v" "/var/lib/crater-agent-workspace/builds/worker-15/target:/opt/rustwide/target:rw,Z" "-v" "/var/lib/crater-agent-workspace/builds/worker-15/source:/opt/rustwide/workdir:ro,Z" "-v" "/var/lib/crater-agent-workspace/cargo-home:/opt/rustwide/cargo-home:ro,Z" "-v" "/var/lib/crater-agent-workspace/rustup-home:/opt/rustwide/rustup-home:ro,Z" "-e" "SOURCE_DIR=/opt/rustwide/workdir" "-e" "CARGO_TARGET_DIR=/opt/rustwide/target" "-e" "CARGO_INCREMENTAL=0" "-e" "RUST_BACKTRACE=full" "-e" "RUSTFLAGS=--cap-lints=warn" "-e" "CARGO_HOME=/opt/rustwide/cargo-home" "-e" "RUSTUP_HOME=/opt/rustwide/rustup-home" "-w" "/opt/rustwide/workdir" "-m" "1610612736" "--user" "0:0" "--network" "none" "ghcr.io/rust-lang/crates-build-env/linux@sha256:34b6a614d2c27851fe6cbf88fbd1137609cefab8b10d0615aaeb6fd47975d74e" "/opt/rustwide/cargo-home/bin/cargo" "+1.54.0" "test" "--frozen" "--no-run" "--message-format=json", kill_on_drop: false }`
[INFO] [stdout] 2709e69ea76a212309afd3c8e3ff6d0bfc87df8417cb71137b1d1faf5164ea80
[INFO] running `Command { std: "docker" "start" "-a" "2709e69ea76a212309afd3c8e3ff6d0bfc87df8417cb71137b1d1faf5164ea80", kill_on_drop: false }`
[INFO] [stderr]    Compiling log v0.4.14
[INFO] [stderr]    Compiling fs_extra v1.2.0
[INFO] [stderr]    Compiling getrandom v0.1.16
[INFO] [stderr]    Compiling aho-corasick v0.7.18
[INFO] [stderr]    Compiling quickcheck_macros v0.8.0
[INFO] [stderr]    Compiling rand_core v0.5.1
[INFO] [stderr]    Compiling rand_chacha v0.2.2
[INFO] [stderr]    Compiling rand v0.7.3
[INFO] [stderr]    Compiling regex v1.5.4
[INFO] [stderr]    Compiling env_logger v0.7.1
[INFO] [stderr]    Compiling quickcheck v0.9.2
[INFO] [stderr]    Compiling tracers-codegen v0.1.0 (/opt/rustwide/workdir)
[INFO] [stdout] warning: field is never read: `name`
[INFO] [stdout]    --> src/testdata.rs:121:5
[INFO] [stdout]     |
[INFO] [stdout] 121 |     pub name: &'static str,
[INFO] [stdout]     |     ^^^^^^^^^^^^^^^^^^^^^^
[INFO] [stdout]     |
[INFO] [stdout] note: the lint level is defined here
[INFO] [stdout]    --> src/lib.rs:1:9
[INFO] [stdout]     |
[INFO] [stdout] 1   | #![deny(warnings)]
[INFO] [stdout]     |         ^^^^^^^^
[INFO] [stdout]     = note: `#[warn(dead_code)]` implied by `#[warn(warnings)]`
[INFO] [stdout] 
[INFO] [stdout] 
[INFO] [stdout] warning: panic message is not a string literal
[INFO] [stdout]    --> src/build_rs.rs:553:17
[INFO] [stdout]     |
[INFO] [stdout] 553 |                 context
[INFO] [stdout]     |                 ^^^^^^^
[INFO] [stdout]     |
[INFO] [stdout] note: the lint level is defined here
[INFO] [stdout]    --> src/lib.rs:1:9
[INFO] [stdout]     |
[INFO] [stdout] 1   | #![deny(warnings)]
[INFO] [stdout]     |         ^^^^^^^^
[INFO] [stdout]     = note: `#[warn(non_fmt_panic)]` implied by `#[warn(warnings)]`
[INFO] [stdout]     = note: this is no longer accepted in Rust 2021
[INFO] [stdout] help: add a "{}" format string to Display the message
[INFO] [stdout]     |
[INFO] [stdout] 553 |                 "{}", context
[INFO] [stdout]     |                 ^^^^^
[INFO] [stdout] 
[INFO] [stdout] 
[INFO] [stdout] warning: panic message is not a string literal
[INFO] [stdout]    --> src/build_rs.rs:569:21
[INFO] [stdout]     |
[INFO] [stdout] 569 |                     context
[INFO] [stdout]     |                     ^^^^^^^
[INFO] [stdout]     |
[INFO] [stdout]     = note: this is no longer accepted in Rust 2021
[INFO] [stdout] help: add a "{}" format string to Display the message
[INFO] [stdout]     |
[INFO] [stdout] 569 |                     "{}", context
[INFO] [stdout]     |                     ^^^^^
[INFO] [stdout] 
[INFO] [stdout] 
[INFO] [stdout] warning: this method call currently resolves to `<&[T; N] as IntoIterator>::into_iter` (due to autoref coercions), but that might change in the future when `IntoIterator` impls for arrays are added.
[INFO] [stdout]    --> src/gen/static/native_code/mod.rs:296:44
[INFO] [stdout]     |
[INFO] [stdout] 296 |             for first_run in [true, false].into_iter() {
[INFO] [stdout]     |                                            ^^^^^^^^^ help: use `.iter()` instead of `.into_iter()` to avoid ambiguity: `iter`
[INFO] [stdout]     |
[INFO] [stdout] note: the lint level is defined here
[INFO] [stdout]    --> src/lib.rs:1:9
[INFO] [stdout]     |
[INFO] [stdout] 1   | #![deny(warnings)]
[INFO] [stdout]     |         ^^^^^^^^
[INFO] [stdout]     = note: `#[warn(array_into_iter)]` implied by `#[warn(warnings)]`
[INFO] [stdout]     = warning: this was previously accepted by the compiler but is being phased out; it will become a hard error in a future release!
[INFO] [stdout]     = note: for more information, see issue #66145 <https://github.com/rust-lang/rust/issues/66145>
[INFO] [stdout] 
[INFO] [stdout] 
[INFO] [stdout] warning: 4 warnings emitted
[INFO] [stdout] 
[INFO] [stdout] 
[INFO] [stderr]     Finished test [unoptimized + debuginfo] target(s) in 18.80s
[INFO] running `Command { std: "docker" "inspect" "2709e69ea76a212309afd3c8e3ff6d0bfc87df8417cb71137b1d1faf5164ea80", kill_on_drop: false }`
[INFO] running `Command { std: "docker" "rm" "-f" "2709e69ea76a212309afd3c8e3ff6d0bfc87df8417cb71137b1d1faf5164ea80", kill_on_drop: false }`
[INFO] [stdout] 2709e69ea76a212309afd3c8e3ff6d0bfc87df8417cb71137b1d1faf5164ea80
[INFO] running `Command { std: "docker" "create" "-v" "/var/lib/crater-agent-workspace/builds/worker-15/target:/opt/rustwide/target:rw,Z" "-v" "/var/lib/crater-agent-workspace/builds/worker-15/source:/opt/rustwide/workdir:ro,Z" "-v" "/var/lib/crater-agent-workspace/cargo-home:/opt/rustwide/cargo-home:ro,Z" "-v" "/var/lib/crater-agent-workspace/rustup-home:/opt/rustwide/rustup-home:ro,Z" "-e" "SOURCE_DIR=/opt/rustwide/workdir" "-e" "CARGO_TARGET_DIR=/opt/rustwide/target" "-e" "CARGO_INCREMENTAL=0" "-e" "RUST_BACKTRACE=full" "-e" "RUSTFLAGS=--cap-lints=warn" "-e" "CARGO_HOME=/opt/rustwide/cargo-home" "-e" "RUSTUP_HOME=/opt/rustwide/rustup-home" "-w" "/opt/rustwide/workdir" "-m" "1610612736" "--user" "0:0" "--network" "none" "ghcr.io/rust-lang/crates-build-env/linux@sha256:34b6a614d2c27851fe6cbf88fbd1137609cefab8b10d0615aaeb6fd47975d74e" "/opt/rustwide/cargo-home/bin/cargo" "+1.54.0" "test" "--frozen", kill_on_drop: false }`
[INFO] [stdout] 903b1b20d405315720003f499839f07ae4883166bfdc5e071d7112e86e8ce23d
[INFO] running `Command { std: "docker" "start" "-a" "903b1b20d405315720003f499839f07ae4883166bfdc5e071d7112e86e8ce23d", kill_on_drop: false }`
[INFO] [stderr] warning: field is never read: `name`
[INFO] [stderr]    --> src/testdata.rs:121:5
[INFO] [stderr]     |
[INFO] [stderr] 121 |     pub name: &'static str,
[INFO] [stderr]     |     ^^^^^^^^^^^^^^^^^^^^^^
[INFO] [stderr]     |
[INFO] [stderr] note: the lint level is defined here
[INFO] [stderr]    --> src/lib.rs:1:9
[INFO] [stderr]     |
[INFO] [stderr] 1   | #![deny(warnings)]
[INFO] [stderr]     |         ^^^^^^^^
[INFO] [stderr]     = note: `#[warn(dead_code)]` implied by `#[warn(warnings)]`
[INFO] [stderr] 
[INFO] [stderr] warning: panic message is not a string literal
[INFO] [stderr]    --> src/build_rs.rs:553:17
[INFO] [stderr]     |
[INFO] [stderr] 553 |                 context
[INFO] [stderr]     |                 ^^^^^^^
[INFO] [stderr]     |
[INFO] [stderr] note: the lint level is defined here
[INFO] [stderr]    --> src/lib.rs:1:9
[INFO] [stderr]     |
[INFO] [stderr] 1   | #![deny(warnings)]
[INFO] [stderr]     |         ^^^^^^^^
[INFO] [stderr]     = note: `#[warn(non_fmt_panic)]` implied by `#[warn(warnings)]`
[INFO] [stderr]     = note: this is no longer accepted in Rust 2021
[INFO] [stderr] help: add a "{}" format string to Display the message
[INFO] [stderr]     |
[INFO] [stderr] 553 |                 "{}", context
[INFO] [stderr]     |                 ^^^^^
[INFO] [stderr] 
[INFO] [stderr] warning: panic message is not a string literal
[INFO] [stderr]    --> src/build_rs.rs:569:21
[INFO] [stderr]     |
[INFO] [stderr] 569 |                     context
[INFO] [stderr]     |                     ^^^^^^^
[INFO] [stderr]     |
[INFO] [stderr]     = note: this is no longer accepted in Rust 2021
[INFO] [stderr] help: add a "{}" format string to Display the message
[INFO] [stderr]     |
[INFO] [stderr] 569 |                     "{}", context
[INFO] [stderr]     |                     ^^^^^
[INFO] [stderr] 
[INFO] [stderr] warning: this method call currently resolves to `<&[T; N] as IntoIterator>::into_iter` (due to autoref coercions), but that might change in the future when `IntoIterator` impls for arrays are added.
[INFO] [stderr]    --> src/gen/static/native_code/mod.rs:296:44
[INFO] [stderr]     |
[INFO] [stderr] 296 |             for first_run in [true, false].into_iter() {
[INFO] [stderr]     |                                            ^^^^^^^^^ help: use `.iter()` instead of `.into_iter()` to avoid ambiguity: `iter`
[INFO] [stderr]     |
[INFO] [stderr] note: the lint level is defined here
[INFO] [stderr]    --> src/lib.rs:1:9
[INFO] [stderr]     |
[INFO] [stderr] 1   | #![deny(warnings)]
[INFO] [stderr]     |         ^^^^^^^^
[INFO] [stderr]     = note: `#[warn(array_into_iter)]` implied by `#[warn(warnings)]`
[INFO] [stderr]     = warning: this was previously accepted by the compiler but is being phased out; it will become a hard error in a future release!
[INFO] [stderr]     = note: for more information, see issue #66145 <https://github.com/rust-lang/rust/issues/66145>
[INFO] [stderr] 
[INFO] [stderr] warning: 4 warnings emitted
[INFO] [stderr] 
[INFO] [stderr]     Finished test [unoptimized + debuginfo] target(s) in 0.09s
[INFO] [stderr]      Running unittests (/opt/rustwide/target/debug/deps/tracers_codegen-fa40713985cdf5fc)
[INFO] [stdout] 
[INFO] [stdout] running 31 tests
[INFO] [stdout] test hashing::test::hash_equality ... ok
[INFO] [stdout] test hashing::test::file_name_generation ... ok
[INFO] [stdout] test cache::test::caches_generated_data ... ok
[INFO] [stdout] test cache::test::caches_objects_results ... ok
[INFO] [stdout] test hashing::test::hash_inequality ... ok
[INFO] [stdout] test cache::test::caches_file_results ... ok
[INFO] [stdout] test syn_helpers::test::add_lifetimes ... ok
[INFO] [stdout] test syn_helpers::test::identity_function ... ok
[INFO] [stdout] test spec::probe::test::works_with_invalid_cases ... ok
[INFO] [stdout] test spec::provider::test::parses_tracer_attributes_test ... ok
[INFO] [stdout] test spec::probe::test::works_with_valid_cases ... ok
[INFO] [stdout] test spec::probe_arg::test::parses_valid_test_cases ... ok
[INFO] [stdout] test argtypes::test::test_support_for_all_test_traits ... ok
[INFO] [stdout] test spec::probe::test::decorates_args_with_lifetime_params ... ok
[INFO] [stdout] test spec::provider::test::provider_serde_test ... ok
[INFO] [stdout] test deps::test::test_case ... FAILED
[INFO] [stdout] test gen::r#static::native_code::tests::caches_results ... FAILED
[INFO] [stdout] test cargo::test::gets_correct_targets ... FAILED
[INFO] [stdout] test spec::provider::test::find_providers_finds_valid_traits ... ok
[INFO] [stdout] test spec::provider::test::find_probes_succeeds_with_valid_traits ... ok
[INFO] [stdout] test spec::provider::test::found_providers_have_same_hash ... ok
[INFO] [stdout] test argtypes::test::test_type_support ... ok
[INFO] [stdout] test gen::dynamic::provider_trait::test::generate_works_on_valid_traits ... ok
[INFO] [stdout] test gen::r#static::provider_trait::test::generate_works_on_valid_traits ... ok
[INFO] [stdout] test spec::probe_call::test::parses_all_test_cases ... ok
[INFO] [stdout] test gen::r#static::provider_trait::test::falls_back_to_disabled_on_error ... ok
[INFO] [stdout] test spec::provider::test::find_probes_fails_with_invalid_traits ... ok
[INFO] [stdout] test spec::provider::test::find_providers_ignores_invalid_traits ... ok
[INFO] [stdout] test build_rs::tests::build_rs_workflow_tests ... FAILED
[INFO] [stdout] test build_rs::tests::tracers_build_panics_invalid_features - should panic ... ok
[INFO] [stdout] test gen::r#static::native_code::tests::generates_processed_provider_trait ... FAILED
[INFO] [stdout] 
[INFO] [stdout] failures:
[INFO] [stdout] 
[INFO] [stdout] ---- deps::test::test_case stdout ----
[INFO] [stdout] thread 'deps::test::test_case' panicked at 'Failed to canonicalize source path: /opt/rustwide/src/testdata.rs: Os { code: 2, kind: NotFound, message: "No such file or directory" }', src/testdata.rs:654:51
[INFO] [stdout] stack backtrace:
[INFO] [stdout]    0:     0x55a938c5dc20 - std::backtrace_rs::backtrace::libunwind::trace::h34055254b57d8e79
[INFO] [stdout]                                at /rustc/a178d0322ce20e33eac124758e837cbd80a6f633/library/std/src/../../backtrace/src/backtrace/libunwind.rs:90:5
[INFO] [stdout]    1:     0x55a938c5dc20 - std::backtrace_rs::backtrace::trace_unsynchronized::h8f1e3fbd9afff6ec
[INFO] [stdout]                                at /rustc/a178d0322ce20e33eac124758e837cbd80a6f633/library/std/src/../../backtrace/src/backtrace/mod.rs:66:5
[INFO] [stdout]    2:     0x55a938c5dc20 - std::sys_common::backtrace::_print_fmt::h3a99a796b770c360
[INFO] [stdout]                                at /rustc/a178d0322ce20e33eac124758e837cbd80a6f633/library/std/src/sys_common/backtrace.rs:67:5
[INFO] [stdout]    3:     0x55a938c5dc20 - <std::sys_common::backtrace::_print::DisplayBacktrace as core::fmt::Display>::fmt::h32d1f94a80615d18
[INFO] [stdout]                                at /rustc/a178d0322ce20e33eac124758e837cbd80a6f633/library/std/src/sys_common/backtrace.rs:46:22
[INFO] [stdout]    4:     0x55a938c84d8c - core::fmt::write::h306731c068f7162c
[INFO] [stdout]                                at /rustc/a178d0322ce20e33eac124758e837cbd80a6f633/library/core/src/fmt/mod.rs:1110:17
[INFO] [stdout]    5:     0x55a938c59b05 - std::io::Write::write_fmt::h87f19b0a2cd190bc
[INFO] [stdout]                                at /rustc/a178d0322ce20e33eac124758e837cbd80a6f633/library/std/src/io/mod.rs:1588:15
[INFO] [stdout]    6:     0x55a938c604bb - std::sys_common::backtrace::_print::h5abaa2601a852287
[INFO] [stdout]                                at /rustc/a178d0322ce20e33eac124758e837cbd80a6f633/library/std/src/sys_common/backtrace.rs:49:5
[INFO] [stdout]    7:     0x55a938c604bb - std::sys_common::backtrace::print::h8d81445442bb638f
[INFO] [stdout]                                at /rustc/a178d0322ce20e33eac124758e837cbd80a6f633/library/std/src/sys_common/backtrace.rs:36:9
[INFO] [stdout]    8:     0x55a938c604bb - std::panicking::default_hook::{{closure}}::hcfe804496a9fa747
[INFO] [stdout]                                at /rustc/a178d0322ce20e33eac124758e837cbd80a6f633/library/std/src/panicking.rs:208:50
[INFO] [stdout]    9:     0x55a938c5ffcc - std::panicking::default_hook::hbea8e3ccf2ba8901
[INFO] [stdout]                                at /rustc/a178d0322ce20e33eac124758e837cbd80a6f633/library/std/src/panicking.rs:222:9
[INFO] [stdout]   10:     0x55a938c60ba9 - std::panicking::rust_panic_with_hook::h7ee9e1a2d0f8975a
[INFO] [stdout]                                at /rustc/a178d0322ce20e33eac124758e837cbd80a6f633/library/std/src/panicking.rs:626:17
[INFO] [stdout]   11:     0x55a938c60667 - std::panicking::begin_panic_handler::{{closure}}::h8ab3b4491718b2c7
[INFO] [stdout]                                at /rustc/a178d0322ce20e33eac124758e837cbd80a6f633/library/std/src/panicking.rs:519:13
[INFO] [stdout]   12:     0x55a938c5e11c - std::sys_common::backtrace::__rust_end_short_backtrace::hd489062ffa586a9f
[INFO] [stdout]                                at /rustc/a178d0322ce20e33eac124758e837cbd80a6f633/library/std/src/sys_common/backtrace.rs:141:18
[INFO] [stdout]   13:     0x55a938c605c9 - rust_begin_unwind
[INFO] [stdout]                                at /rustc/a178d0322ce20e33eac124758e837cbd80a6f633/library/std/src/panicking.rs:515:5
[INFO] [stdout]   14:     0x55a938579d71 - core::panicking::panic_fmt::hca6330e3e14086b4
[INFO] [stdout]                                at /rustc/a178d0322ce20e33eac124758e837cbd80a6f633/library/core/src/panicking.rs:92:14
[INFO] [stdout]   15:     0x55a938579e63 - core::result::unwrap_failed::h6160d2b4bfbb0e87
[INFO] [stdout]                                at /rustc/a178d0322ce20e33eac124758e837cbd80a6f633/library/core/src/result.rs:1355:5
[INFO] [stdout]   16:     0x55a9386d0ab6 - core::result::Result<T,E>::expect::hbd6d38a851179659
[INFO] [stdout]                                at /rustc/a178d0322ce20e33eac124758e837cbd80a6f633/library/core/src/result.rs:997:23
[INFO] [stdout]   17:     0x55a93869766c - <tracers_codegen::testdata::TEST_CRATE_DIR as core::ops::deref::Deref>::deref::__static_ref_initialize::hcbfe26d3b0b3d325
[INFO] [stdout]                                at /opt/rustwide/workdir/src/testdata.rs:654:27
[INFO] [stdout]   18:     0x55a93869766c - core::ops::function::FnOnce::call_once::he7b0398694a1143a
[INFO] [stdout]                                at /rustc/a178d0322ce20e33eac124758e837cbd80a6f633/library/core/src/ops/function.rs:227:5
[INFO] [stdout]   19:     0x55a9386006db - lazy_static::lazy::Lazy<T>::get::{{closure}}::hf4b03eef15e28bb5
[INFO] [stdout]                                at /opt/rustwide/cargo-home/registry/src/github.com-1ecc6299db9ec823/lazy_static-1.4.0/src/inline_lazy.rs:31:29
[INFO] [stdout]   20:     0x55a93872a9ab - std::sync::once::Once::call_once::{{closure}}::hcb7c7e733df16ddc
[INFO] [stdout]                                at /rustc/a178d0322ce20e33eac124758e837cbd80a6f633/library/std/src/sync/once.rs:261:41
[INFO] [stdout]   21:     0x55a938578e7c - std::sync::once::Once::call_inner::h4030b088a5783b2d
[INFO] [stdout]                                at /rustc/a178d0322ce20e33eac124758e837cbd80a6f633/library/std/src/sync/once.rs:418:21
[INFO] [stdout]   22:     0x55a93872a776 - std::sync::once::Once::call_once::h18f13767b2fb0a49
[INFO] [stdout]                                at /rustc/a178d0322ce20e33eac124758e837cbd80a6f633/library/std/src/sync/once.rs:261:9
[INFO] [stdout]   23:     0x55a93870ff82 - lazy_static::lazy::Lazy<T>::get::h7f88066bf4fed676
[INFO] [stdout]                                at /opt/rustwide/cargo-home/registry/src/github.com-1ecc6299db9ec823/lazy_static-1.4.0/src/inline_lazy.rs:30:9
[INFO] [stdout]   24:     0x55a93870ff82 - <tracers_codegen::testdata::TEST_CRATE_DIR as core::ops::deref::Deref>::deref::__stability::h90d8edf76d80649a
[INFO] [stdout]                                at /opt/rustwide/cargo-home/registry/src/github.com-1ecc6299db9ec823/lazy_static-1.4.0/src/lib.rs:142:21
[INFO] [stdout]   25:     0x55a93870ff82 - <tracers_codegen::testdata::TEST_CRATE_DIR as core::ops::deref::Deref>::deref::hd82bb2d6b69676cb
[INFO] [stdout]                                at /opt/rustwide/cargo-home/registry/src/github.com-1ecc6299db9ec823/lazy_static-1.4.0/src/lib.rs:144:17
[INFO] [stdout]   26:     0x55a938695c4a - <tracers_codegen::testdata::TEST_CRATES as core::ops::deref::Deref>::deref::__static_ref_initialize::hd00c22fc10c6d180
[INFO] [stdout]                                at /opt/rustwide/workdir/src/testdata.rs:677:29
[INFO] [stdout]   27:     0x55a938695c4a - core::ops::function::FnOnce::call_once::h8ccbf37eb2c9a268
[INFO] [stdout]                                at /rustc/a178d0322ce20e33eac124758e837cbd80a6f633/library/core/src/ops/function.rs:227:5
[INFO] [stdout]   28:     0x55a93860063b - lazy_static::lazy::Lazy<T>::get::{{closure}}::h660125654719b162
[INFO] [stdout]                                at /opt/rustwide/cargo-home/registry/src/github.com-1ecc6299db9ec823/lazy_static-1.4.0/src/inline_lazy.rs:31:29
[INFO] [stdout]   29:     0x55a93872a96b - std::sync::once::Once::call_once::{{closure}}::h518a005cdf7624f5
[INFO] [stdout]                                at /rustc/a178d0322ce20e33eac124758e837cbd80a6f633/library/std/src/sync/once.rs:261:41
[INFO] [stdout]   30:     0x55a938578e7c - std::sync::once::Once::call_inner::h4030b088a5783b2d
[INFO] [stdout]                                at /rustc/a178d0322ce20e33eac124758e837cbd80a6f633/library/std/src/sync/once.rs:418:21
[INFO] [stdout]   31:     0x55a93872a8f6 - std::sync::once::Once::call_once::he5252c1a458fe03c
[INFO] [stdout]                                at /rustc/a178d0322ce20e33eac124758e837cbd80a6f633/library/std/src/sync/once.rs:261:9
[INFO] [stdout]   32:     0x55a938710012 - lazy_static::lazy::Lazy<T>::get::h4b54766bab0b7212
[INFO] [stdout]                                at /opt/rustwide/cargo-home/registry/src/github.com-1ecc6299db9ec823/lazy_static-1.4.0/src/inline_lazy.rs:30:9
[INFO] [stdout]   33:     0x55a938710012 - <tracers_codegen::testdata::TEST_CRATES as core::ops::deref::Deref>::deref::__stability::hb7b61bbaac542a6b
[INFO] [stdout]                                at /opt/rustwide/cargo-home/registry/src/github.com-1ecc6299db9ec823/lazy_static-1.4.0/src/lib.rs:142:21
[INFO] [stdout]   34:     0x55a938710012 - <tracers_codegen::testdata::TEST_CRATES as core::ops::deref::Deref>::deref::hdcd2d84c91d4f256
[INFO] [stdout]                                at /opt/rustwide/cargo-home/registry/src/github.com-1ecc6299db9ec823/lazy_static-1.4.0/src/lib.rs:144:17
[INFO] [stdout]   35:     0x55a93872222b - tracers_codegen::deps::test::test_case::hfcac66804ea20e3c
[INFO] [stdout]                                at /opt/rustwide/workdir/src/deps.rs:150:21
[INFO] [stdout]   36:     0x55a9387221fa - tracers_codegen::deps::test::test_case::{{closure}}::hfd1da459b5cf9ca9
[INFO] [stdout]                                at /opt/rustwide/workdir/src/deps.rs:149:5
[INFO] [stdout]   37:     0x55a938696ffe - core::ops::function::FnOnce::call_once::hbc9c1fc641860295
[INFO] [stdout]                                at /rustc/a178d0322ce20e33eac124758e837cbd80a6f633/library/core/src/ops/function.rs:227:5
[INFO] [stdout]   38:     0x55a938814d23 - core::ops::function::FnOnce::call_once::h152e7e439ff59e19
[INFO] [stdout]                                at /rustc/a178d0322ce20e33eac124758e837cbd80a6f633/library/core/src/ops/function.rs:227:5
[INFO] [stdout]   39:     0x55a938814d23 - test::__rust_begin_short_backtrace::h0908f3b1fdbb72ab
[INFO] [stdout]                                at /rustc/a178d0322ce20e33eac124758e837cbd80a6f633/library/test/src/lib.rs:577:5
[INFO] [stdout]   40:     0x55a9388137e0 - <alloc::boxed::Box<F,A> as core::ops::function::FnOnce<Args>>::call_once::hf6d2a51e5587546c
[INFO] [stdout]                                at /rustc/a178d0322ce20e33eac124758e837cbd80a6f633/library/alloc/src/boxed.rs:1575:9
[INFO] [stdout]   41:     0x55a9388137e0 - <std::panic::AssertUnwindSafe<F> as core::ops::function::FnOnce<()>>::call_once::h8af660f3a89ef593
[INFO] [stdout]                                at /rustc/a178d0322ce20e33eac124758e837cbd80a6f633/library/std/src/panic.rs:347:9
[INFO] [stdout]   42:     0x55a9388137e0 - std::panicking::try::do_call::hd36aef60f84b6d36
[INFO] [stdout]                                at /rustc/a178d0322ce20e33eac124758e837cbd80a6f633/library/std/src/panicking.rs:401:40
[INFO] [stdout]   43:     0x55a9388137e0 - std::panicking::try::h9932b4480e69817c
[INFO] [stdout]                                at /rustc/a178d0322ce20e33eac124758e837cbd80a6f633/library/std/src/panicking.rs:365:19
[INFO] [stdout]   44:     0x55a9388137e0 - std::panic::catch_unwind::h6aa177099cfff5f8
[INFO] [stdout]                                at /rustc/a178d0322ce20e33eac124758e837cbd80a6f633/library/std/src/panic.rs:434:14
[INFO] [stdout]   45:     0x55a9388137e0 - test::run_test_in_process::h5884d6f2d99e20c3
[INFO] [stdout]                                at /rustc/a178d0322ce20e33eac124758e837cbd80a6f633/library/test/src/lib.rs:600:18
[INFO] [stdout]   46:     0x55a9388137e0 - test::run_test::run_test_inner::{{closure}}::h6fdc58c6d5f5b6e3
[INFO] [stdout]                                at /rustc/a178d0322ce20e33eac124758e837cbd80a6f633/library/test/src/lib.rs:492:39
[INFO] [stdout]   47:     0x55a9387ece92 - test::run_test::run_test_inner::{{closure}}::h408365d67a78ade8
[INFO] [stdout]                                at /rustc/a178d0322ce20e33eac124758e837cbd80a6f633/library/test/src/lib.rs:519:37
[INFO] [stdout]   48:     0x55a9387ece92 - std::sys_common::backtrace::__rust_begin_short_backtrace::hb560b77c4f701523
[INFO] [stdout]                                at /rustc/a178d0322ce20e33eac124758e837cbd80a6f633/library/std/src/sys_common/backtrace.rs:125:18
[INFO] [stdout]   49:     0x55a9387f0a48 - std::thread::Builder::spawn_unchecked::{{closure}}::{{closure}}::hf2e7831dad93c597
[INFO] [stdout]                                at /rustc/a178d0322ce20e33eac124758e837cbd80a6f633/library/std/src/thread/mod.rs:481:17
[INFO] [stdout]   50:     0x55a9387f0a48 - <std::panic::AssertUnwindSafe<F> as core::ops::function::FnOnce<()>>::call_once::hd2e08783d8be4d02
[INFO] [stdout]                                at /rustc/a178d0322ce20e33eac124758e837cbd80a6f633/library/std/src/panic.rs:347:9
[INFO] [stdout]   51:     0x55a9387f0a48 - std::panicking::try::do_call::h062597b7acfd6b82
[INFO] [stdout]                                at /rustc/a178d0322ce20e33eac124758e837cbd80a6f633/library/std/src/panicking.rs:401:40
[INFO] [stdout]   52:     0x55a9387f0a48 - std::panicking::try::h0d7b79db04c14552
[INFO] [stdout]                                at /rustc/a178d0322ce20e33eac124758e837cbd80a6f633/library/std/src/panicking.rs:365:19
[INFO] [stdout]   53:     0x55a9387f0a48 - std::panic::catch_unwind::hb01a0b5e7c8cd43b
[INFO] [stdout]                                at /rustc/a178d0322ce20e33eac124758e837cbd80a6f633/library/std/src/panic.rs:434:14
[INFO] [stdout]   54:     0x55a9387f0a48 - std::thread::Builder::spawn_unchecked::{{closure}}::h5bde48cc887e0d1e
[INFO] [stdout]                                at /rustc/a178d0322ce20e33eac124758e837cbd80a6f633/library/std/src/thread/mod.rs:480:30
[INFO] [stdout]   55:     0x55a9387f0a48 - core::ops::function::FnOnce::call_once{{vtable.shim}}::h745ea30807a29e55
[INFO] [stdout]                                at /rustc/a178d0322ce20e33eac124758e837cbd80a6f633/library/core/src/ops/function.rs:227:5
[INFO] [stdout]   56:     0x55a938c674b7 - <alloc::boxed::Box<F,A> as core::ops::function::FnOnce<Args>>::call_once::h7ece6cfefaff1005
[INFO] [stdout]                                at /rustc/a178d0322ce20e33eac124758e837cbd80a6f633/library/alloc/src/boxed.rs:1575:9
[INFO] [stdout]   57:     0x55a938c674b7 - <alloc::boxed::Box<F,A> as core::ops::function::FnOnce<Args>>::call_once::hb8b48e55c21f193e
[INFO] [stdout]                                at /rustc/a178d0322ce20e33eac124758e837cbd80a6f633/library/alloc/src/boxed.rs:1575:9
[INFO] [stdout]   58:     0x55a938c674b7 - std::sys::unix::thread::Thread::new::thread_start::h8c7c4450dba62914
[INFO] [stdout]                                at /rustc/a178d0322ce20e33eac124758e837cbd80a6f633/library/std/src/sys/unix/thread.rs:71:17
[INFO] [stdout]   59:     0x7f980e6de609 - start_thread
[INFO] [stdout]   60:     0x7f980e4b0293 - clone
[INFO] [stdout]   61:                0x0 - <unknown>
[INFO] [stdout] 
[INFO] [stdout] ---- gen::r#static::native_code::tests::caches_results stdout ----
[INFO] [stdout] thread 'gen::r#static::native_code::tests::caches_results' panicked at 'Once instance has previously been poisoned', library/std/src/sync/once.rs:392:21
[INFO] [stdout] stack backtrace:
[INFO] [stdout]    0:     0x55a938c5dc20 - std::backtrace_rs::backtrace::libunwind::trace::h34055254b57d8e79
[INFO] [stdout]                                at /rustc/a178d0322ce20e33eac124758e837cbd80a6f633/library/std/src/../../backtrace/src/backtrace/libunwind.rs:90:5
[INFO] [stdout]    1:     0x55a938c5dc20 - std::backtrace_rs::backtrace::trace_unsynchronized::h8f1e3fbd9afff6ec
[INFO] [stdout]                                at /rustc/a178d0322ce20e33eac124758e837cbd80a6f633/library/std/src/../../backtrace/src/backtrace/mod.rs:66:5
[INFO] [stdout]    2:     0x55a938c5dc20 - std::sys_common::backtrace::_print_fmt::h3a99a796b770c360
[INFO] [stdout]                                at /rustc/a178d0322ce20e33eac124758e837cbd80a6f633/library/std/src/sys_common/backtrace.rs:67:5
[INFO] [stdout]    3:     0x55a938c5dc20 - <std::sys_common::backtrace::_print::DisplayBacktrace as core::fmt::Display>::fmt::h32d1f94a80615d18
[INFO] [stdout]                                at /rustc/a178d0322ce20e33eac124758e837cbd80a6f633/library/std/src/sys_common/backtrace.rs:46:22
[INFO] [stdout]    4:     0x55a938c84d8c - core::fmt::write::h306731c068f7162c
[INFO] [stdout]                                at /rustc/a178d0322ce20e33eac124758e837cbd80a6f633/library/core/src/fmt/mod.rs:1110:17
[INFO] [stdout]    5:     0x55a938c59b05 - std::io::Write::write_fmt::h87f19b0a2cd190bc
[INFO] [stdout]                                at /rustc/a178d0322ce20e33eac124758e837cbd80a6f633/library/std/src/io/mod.rs:1588:15
[INFO] [stdout]    6:     0x55a938c604bb - std::sys_common::backtrace::_print::h5abaa2601a852287
[INFO] [stdout]                                at /rustc/a178d0322ce20e33eac124758e837cbd80a6f633/library/std/src/sys_common/backtrace.rs:49:5
[INFO] [stdout]    7:     0x55a938c604bb - std::sys_common::backtrace::print::h8d81445442bb638f
[INFO] [stdout]                                at /rustc/a178d0322ce20e33eac124758e837cbd80a6f633/library/std/src/sys_common/backtrace.rs:36:9
[INFO] [stdout]    8:     0x55a938c604bb - std::panicking::default_hook::{{closure}}::hcfe804496a9fa747
[INFO] [stdout]                                at /rustc/a178d0322ce20e33eac124758e837cbd80a6f633/library/std/src/panicking.rs:208:50
[INFO] [stdout]    9:     0x55a938c5ffcc - std::panicking::default_hook::hbea8e3ccf2ba8901
[INFO] [stdout]                                at /rustc/a178d0322ce20e33eac124758e837cbd80a6f633/library/std/src/panicking.rs:222:9
[INFO] [stdout]   10:     0x55a938c60ba9 - std::panicking::rust_panic_with_hook::h7ee9e1a2d0f8975a
[INFO] [stdout]                                at /rustc/a178d0322ce20e33eac124758e837cbd80a6f633/library/std/src/panicking.rs:626:17
[INFO] [stdout]   11:     0x55a938c608a4 - std::panicking::begin_panic::{{closure}}::hc987226ccc68e3b6
[INFO] [stdout]                                at /rustc/a178d0322ce20e33eac124758e837cbd80a6f633/library/std/src/panicking.rs:542:9
[INFO] [stdout]   12:     0x55a938c5e0fc - std::sys_common::backtrace::__rust_end_short_backtrace::h9510086f7c72e23d
[INFO] [stdout]                                at /rustc/a178d0322ce20e33eac124758e837cbd80a6f633/library/std/src/sys_common/backtrace.rs:141:18
[INFO] [stdout]   13:     0x55a9385790ac - std::panicking::begin_panic::h4f747359d0610b9a
[INFO] [stdout]                                at /rustc/a178d0322ce20e33eac124758e837cbd80a6f633/library/std/src/panicking.rs:541:12
[INFO] [stdout]   14:     0x55a938578f09 - std::sync::once::Once::call_inner::h4030b088a5783b2d
[INFO] [stdout]                                at /rustc/a178d0322ce20e33eac124758e837cbd80a6f633/library/std/src/sync/once.rs:392:21
[INFO] [stdout]   15:     0x55a93872a8f6 - std::sync::once::Once::call_once::he5252c1a458fe03c
[INFO] [stdout]                                at /rustc/a178d0322ce20e33eac124758e837cbd80a6f633/library/std/src/sync/once.rs:261:9
[INFO] [stdout]   16:     0x55a938710012 - lazy_static::lazy::Lazy<T>::get::h4b54766bab0b7212
[INFO] [stdout]                                at /opt/rustwide/cargo-home/registry/src/github.com-1ecc6299db9ec823/lazy_static-1.4.0/src/inline_lazy.rs:30:9
[INFO] [stdout]   17:     0x55a938710012 - <tracers_codegen::testdata::TEST_CRATES as core::ops::deref::Deref>::deref::__stability::hb7b61bbaac542a6b
[INFO] [stdout]                                at /opt/rustwide/cargo-home/registry/src/github.com-1ecc6299db9ec823/lazy_static-1.4.0/src/lib.rs:142:21
[INFO] [stdout]   18:     0x55a938710012 - <tracers_codegen::testdata::TEST_CRATES as core::ops::deref::Deref>::deref::hdcd2d84c91d4f256
[INFO] [stdout]                                at /opt/rustwide/cargo-home/registry/src/github.com-1ecc6299db9ec823/lazy_static-1.4.0/src/lib.rs:144:17
[INFO] [stdout]   19:     0x55a93864c6e0 - tracers_codegen::gen::static::native_code::tests::caches_results::h6f2b59b97c35947c
[INFO] [stdout]                                at /opt/rustwide/workdir/src/gen/static/native_code/mod.rs:298:29
[INFO] [stdout]   20:     0x55a93864c33a - tracers_codegen::gen::static::native_code::tests::caches_results::{{closure}}::haede89f57c32f908
[INFO] [stdout]                                at /opt/rustwide/workdir/src/gen/static/native_code/mod.rs:281:5
[INFO] [stdout]   21:     0x55a93869718e - core::ops::function::FnOnce::call_once::hd2684a967277d8ff
[INFO] [stdout]                                at /rustc/a178d0322ce20e33eac124758e837cbd80a6f633/library/core/src/ops/function.rs:227:5
[INFO] [stdout]   22:     0x55a938814d23 - core::ops::function::FnOnce::call_once::h152e7e439ff59e19
[INFO] [stdout]                                at /rustc/a178d0322ce20e33eac124758e837cbd80a6f633/library/core/src/ops/function.rs:227:5
[INFO] [stdout]   23:     0x55a938814d23 - test::__rust_begin_short_backtrace::h0908f3b1fdbb72ab
[INFO] [stdout]                                at /rustc/a178d0322ce20e33eac124758e837cbd80a6f633/library/test/src/lib.rs:577:5
[INFO] [stdout]   24:     0x55a9388137e0 - <alloc::boxed::Box<F,A> as core::ops::function::FnOnce<Args>>::call_once::hf6d2a51e5587546c
[INFO] [stdout]                                at /rustc/a178d0322ce20e33eac124758e837cbd80a6f633/library/alloc/src/boxed.rs:1575:9
[INFO] [stdout]   25:     0x55a9388137e0 - <std::panic::AssertUnwindSafe<F> as core::ops::function::FnOnce<()>>::call_once::h8af660f3a89ef593
[INFO] [stdout]                                at /rustc/a178d0322ce20e33eac124758e837cbd80a6f633/library/std/src/panic.rs:347:9
[INFO] [stdout]   26:     0x55a9388137e0 - std::panicking::try::do_call::hd36aef60f84b6d36
[INFO] [stdout]                                at /rustc/a178d0322ce20e33eac124758e837cbd80a6f633/library/std/src/panicking.rs:401:40
[INFO] [stdout]   27:     0x55a9388137e0 - std::panicking::try::h9932b4480e69817c
[INFO] [stdout]                                at /rustc/a178d0322ce20e33eac124758e837cbd80a6f633/library/std/src/panicking.rs:365:19
[INFO] [stdout]   28:     0x55a9388137e0 - std::panic::catch_unwind::h6aa177099cfff5f8
[INFO] [stdout]                                at /rustc/a178d0322ce20e33eac124758e837cbd80a6f633/library/std/src/panic.rs:434:14
[INFO] [stdout]   29:     0x55a9388137e0 - test::run_test_in_process::h5884d6f2d99e20c3
[INFO] [stdout]                                at /rustc/a178d0322ce20e33eac124758e837cbd80a6f633/library/test/src/lib.rs:600:18
[INFO] [stdout]   30:     0x55a9388137e0 - test::run_test::run_test_inner::{{closure}}::h6fdc58c6d5f5b6e3
[INFO] [stdout]                                at /rustc/a178d0322ce20e33eac124758e837cbd80a6f633/library/test/src/lib.rs:492:39
[INFO] [stdout]   31:     0x55a9387ece92 - test::run_test::run_test_inner::{{closure}}::h408365d67a78ade8
[INFO] [stdout]                                at /rustc/a178d0322ce20e33eac124758e837cbd80a6f633/library/test/src/lib.rs:519:37
[INFO] [stdout]   32:     0x55a9387ece92 - std::sys_common::backtrace::__rust_begin_short_backtrace::hb560b77c4f701523
[INFO] [stdout]                                at /rustc/a178d0322ce20e33eac124758e837cbd80a6f633/library/std/src/sys_common/backtrace.rs:125:18
[INFO] [stdout]   33:     0x55a9387f0a48 - std::thread::Builder::spawn_unchecked::{{closure}}::{{closure}}::hf2e7831dad93c597
[INFO] [stdout]                                at /rustc/a178d0322ce20e33eac124758e837cbd80a6f633/library/std/src/thread/mod.rs:481:17
[INFO] [stdout]   34:     0x55a9387f0a48 - <std::panic::AssertUnwindSafe<F> as core::ops::function::FnOnce<()>>::call_once::hd2e08783d8be4d02
[INFO] [stdout]                                at /rustc/a178d0322ce20e33eac124758e837cbd80a6f633/library/std/src/panic.rs:347:9
[INFO] [stdout]   35:     0x55a9387f0a48 - std::panicking::try::do_call::h062597b7acfd6b82
[INFO] [stdout]                                at /rustc/a178d0322ce20e33eac124758e837cbd80a6f633/library/std/src/panicking.rs:401:40
[INFO] [stdout]   36:     0x55a9387f0a48 - std::panicking::try::h0d7b79db04c14552
[INFO] [stdout]                                at /rustc/a178d0322ce20e33eac124758e837cbd80a6f633/library/std/src/panicking.rs:365:19
[INFO] [stdout]   37:     0x55a9387f0a48 - std::panic::catch_unwind::hb01a0b5e7c8cd43b
[INFO] [stdout]                                at /rustc/a178d0322ce20e33eac124758e837cbd80a6f633/library/std/src/panic.rs:434:14
[INFO] [stdout]   38:     0x55a9387f0a48 - std::thread::Builder::spawn_unchecked::{{closure}}::h5bde48cc887e0d1e
[INFO] [stdout]                                at /rustc/a178d0322ce20e33eac124758e837cbd80a6f633/library/std/src/thread/mod.rs:480:30
[INFO] [stdout]   39:     0x55a9387f0a48 - core::ops::function::FnOnce::call_once{{vtable.shim}}::h745ea30807a29e55
[INFO] [stdout]                                at /rustc/a178d0322ce20e33eac124758e837cbd80a6f633/library/core/src/ops/function.rs:227:5
[INFO] [stdout]   40:     0x55a938c674b7 - <alloc::boxed::Box<F,A> as core::ops::function::FnOnce<Args>>::call_once::h7ece6cfefaff1005
[INFO] [stdout]                                at /rustc/a178d0322ce20e33eac124758e837cbd80a6f633/library/alloc/src/boxed.rs:1575:9
[INFO] [stdout]   41:     0x55a938c674b7 - <alloc::boxed::Box<F,A> as core::ops::function::FnOnce<Args>>::call_once::hb8b48e55c21f193e
[INFO] [stdout]                                at /rustc/a178d0322ce20e33eac124758e837cbd80a6f633/library/alloc/src/boxed.rs:1575:9
[INFO] [stdout]   42:     0x55a938c674b7 - std::sys::unix::thread::Thread::new::thread_start::h8c7c4450dba62914
[INFO] [stdout]                                at /rustc/a178d0322ce20e33eac124758e837cbd80a6f633/library/std/src/sys/unix/thread.rs:71:17
[INFO] [stdout]   43:     0x7f980e6de609 - start_thread
[INFO] [stdout]   44:     0x7f980e4b0293 - clone
[INFO] [stdout]   45:                0x0 - <unknown>
[INFO] [stdout] 
[INFO] [stdout] ---- cargo::test::gets_correct_targets stdout ----
[INFO] [stdout] thread 'cargo::test::gets_correct_targets' panicked at 'Once instance has previously been poisoned', library/std/src/sync/once.rs:392:21
[INFO] [stdout] stack backtrace:
[INFO] [stdout]    0:     0x55a938c5dc20 - std::backtrace_rs::backtrace::libunwind::trace::h34055254b57d8e79
[INFO] [stdout]                                at /rustc/a178d0322ce20e33eac124758e837cbd80a6f633/library/std/src/../../backtrace/src/backtrace/libunwind.rs:90:5
[INFO] [stdout]    1:     0x55a938c5dc20 - std::backtrace_rs::backtrace::trace_unsynchronized::h8f1e3fbd9afff6ec
[INFO] [stdout]                                at /rustc/a178d0322ce20e33eac124758e837cbd80a6f633/library/std/src/../../backtrace/src/backtrace/mod.rs:66:5
[INFO] [stdout]    2:     0x55a938c5dc20 - std::sys_common::backtrace::_print_fmt::h3a99a796b770c360
[INFO] [stdout]                                at /rustc/a178d0322ce20e33eac124758e837cbd80a6f633/library/std/src/sys_common/backtrace.rs:67:5
[INFO] [stdout]    3:     0x55a938c5dc20 - <std::sys_common::backtrace::_print::DisplayBacktrace as core::fmt::Display>::fmt::h32d1f94a80615d18
[INFO] [stdout]                                at /rustc/a178d0322ce20e33eac124758e837cbd80a6f633/library/std/src/sys_common/backtrace.rs:46:22
[INFO] [stdout]    4:     0x55a938c84d8c - core::fmt::write::h306731c068f7162c
[INFO] [stdout]                                at /rustc/a178d0322ce20e33eac124758e837cbd80a6f633/library/core/src/fmt/mod.rs:1110:17
[INFO] [stdout]    5:     0x55a938c59b05 - std::io::Write::write_fmt::h87f19b0a2cd190bc
[INFO] [stdout]                                at /rustc/a178d0322ce20e33eac124758e837cbd80a6f633/library/std/src/io/mod.rs:1588:15
[INFO] [stdout]    6:     0x55a938c604bb - std::sys_common::backtrace::_print::h5abaa2601a852287
[INFO] [stdout]                                at /rustc/a178d0322ce20e33eac124758e837cbd80a6f633/library/std/src/sys_common/backtrace.rs:49:5
[INFO] [stdout]    7:     0x55a938c604bb - std::sys_common::backtrace::print::h8d81445442bb638f
[INFO] [stdout]                                at /rustc/a178d0322ce20e33eac124758e837cbd80a6f633/library/std/src/sys_common/backtrace.rs:36:9
[INFO] [stdout]    8:     0x55a938c604bb - std::panicking::default_hook::{{closure}}::hcfe804496a9fa747
[INFO] [stdout]                                at /rustc/a178d0322ce20e33eac124758e837cbd80a6f633/library/std/src/panicking.rs:208:50
[INFO] [stdout]    9:     0x55a938c5ffcc - std::panicking::default_hook::hbea8e3ccf2ba8901
[INFO] [stdout]                                at /rustc/a178d0322ce20e33eac124758e837cbd80a6f633/library/std/src/panicking.rs:222:9
[INFO] [stdout]   10:     0x55a938c60ba9 - std::panicking::rust_panic_with_hook::h7ee9e1a2d0f8975a
[INFO] [stdout]                                at /rustc/a178d0322ce20e33eac124758e837cbd80a6f633/library/std/src/panicking.rs:626:17
[INFO] [stdout]   11:     0x55a938c608a4 - std::panicking::begin_panic::{{closure}}::hc987226ccc68e3b6
[INFO] [stdout]                                at /rustc/a178d0322ce20e33eac124758e837cbd80a6f633/library/std/src/panicking.rs:542:9
[INFO] [stdout]   12:     0x55a938c5e0fc - std::sys_common::backtrace::__rust_end_short_backtrace::h9510086f7c72e23d
[INFO] [stdout]                                at /rustc/a178d0322ce20e33eac124758e837cbd80a6f633/library/std/src/sys_common/backtrace.rs:141:18
[INFO] [stdout]   13:     0x55a9385790ac - std::panicking::begin_panic::h4f747359d0610b9a
[INFO] [stdout]                                at /rustc/a178d0322ce20e33eac124758e837cbd80a6f633/library/std/src/panicking.rs:541:12
[INFO] [stdout]   14:     0x55a938578f09 - std::sync::once::Once::call_inner::h4030b088a5783b2d
[INFO] [stdout]                                at /rustc/a178d0322ce20e33eac124758e837cbd80a6f633/library/std/src/sync/once.rs:392:21
[INFO] [stdout]   15:     0x55a93872a8f6 - std::sync::once::Once::call_once::he5252c1a458fe03c
[INFO] [stdout]                                at /rustc/a178d0322ce20e33eac124758e837cbd80a6f633/library/std/src/sync/once.rs:261:9
[INFO] [stdout]   16:     0x55a938710012 - lazy_static::lazy::Lazy<T>::get::h4b54766bab0b7212
[INFO] [stdout]                                at /opt/rustwide/cargo-home/registry/src/github.com-1ecc6299db9ec823/lazy_static-1.4.0/src/inline_lazy.rs:30:9
[INFO] [stdout]   17:     0x55a938710012 - <tracers_codegen::testdata::TEST_CRATES as core::ops::deref::Deref>::deref::__stability::hb7b61bbaac542a6b
[INFO] [stdout]                                at /opt/rustwide/cargo-home/registry/src/github.com-1ecc6299db9ec823/lazy_static-1.4.0/src/lib.rs:142:21
[INFO] [stdout]   18:     0x55a938710012 - <tracers_codegen::testdata::TEST_CRATES as core::ops::deref::Deref>::deref::hdcd2d84c91d4f256
[INFO] [stdout]                                at /opt/rustwide/cargo-home/registry/src/github.com-1ecc6299db9ec823/lazy_static-1.4.0/src/lib.rs:144:17
[INFO] [stdout]   19:     0x55a9386be193 - tracers_codegen::cargo::test::gets_correct_targets::h382c08ff99aa3ff5
[INFO] [stdout]                                at /opt/rustwide/workdir/src/cargo.rs:36:21
[INFO] [stdout]   20:     0x55a9386be16a - tracers_codegen::cargo::test::gets_correct_targets::{{closure}}::ha1351d6c37f1c505
[INFO] [stdout]                                at /opt/rustwide/workdir/src/cargo.rs:35:5
[INFO] [stdout]   21:     0x55a9386983ae - core::ops::function::FnOnce::call_once::hfe6efa77d9eddfcd
[INFO] [stdout]                                at /rustc/a178d0322ce20e33eac124758e837cbd80a6f633/library/core/src/ops/function.rs:227:5
[INFO] [stdout]   22:     0x55a938814d23 - core::ops::function::FnOnce::call_once::h152e7e439ff59e19
[INFO] [stdout]                                at /rustc/a178d0322ce20e33eac124758e837cbd80a6f633/library/core/src/ops/function.rs:227:5
[INFO] [stdout]   23:     0x55a938814d23 - test::__rust_begin_short_backtrace::h0908f3b1fdbb72ab
[INFO] [stdout]                                at /rustc/a178d0322ce20e33eac124758e837cbd80a6f633/library/test/src/lib.rs:577:5
[INFO] [stdout]   24:     0x55a9388137e0 - <alloc::boxed::Box<F,A> as core::ops::function::FnOnce<Args>>::call_once::hf6d2a51e5587546c
[INFO] [stdout]                                at /rustc/a178d0322ce20e33eac124758e837cbd80a6f633/library/alloc/src/boxed.rs:1575:9
[INFO] [stdout]   25:     0x55a9388137e0 - <std::panic::AssertUnwindSafe<F> as core::ops::function::FnOnce<()>>::call_once::h8af660f3a89ef593
[INFO] [stdout]                                at /rustc/a178d0322ce20e33eac124758e837cbd80a6f633/library/std/src/panic.rs:347:9
[INFO] [stdout]   26:     0x55a9388137e0 - std::panicking::try::do_call::hd36aef60f84b6d36
[INFO] [stdout]                                at /rustc/a178d0322ce20e33eac124758e837cbd80a6f633/library/std/src/panicking.rs:401:40
[INFO] [stdout]   27:     0x55a9388137e0 - std::panicking::try::h9932b4480e69817c
[INFO] [stdout]                                at /rustc/a178d0322ce20e33eac124758e837cbd80a6f633/library/std/src/panicking.rs:365:19
[INFO] [stdout]   28:     0x55a9388137e0 - std::panic::catch_unwind::h6aa177099cfff5f8
[INFO] [stdout]                                at /rustc/a178d0322ce20e33eac124758e837cbd80a6f633/library/std/src/panic.rs:434:14
[INFO] [stdout]   29:     0x55a9388137e0 - test::run_test_in_process::h5884d6f2d99e20c3
[INFO] [stdout]                                at /rustc/a178d0322ce20e33eac124758e837cbd80a6f633/library/test/src/lib.rs:600:18
[INFO] [stdout]   30:     0x55a9388137e0 - test::run_test::run_test_inner::{{closure}}::h6fdc58c6d5f5b6e3
[INFO] [stdout]                                at /rustc/a178d0322ce20e33eac124758e837cbd80a6f633/library/test/src/lib.rs:492:39
[INFO] [stdout]   31:     0x55a9387ece92 - test::run_test::run_test_inner::{{closure}}::h408365d67a78ade8
[INFO] [stdout]                                at /rustc/a178d0322ce20e33eac124758e837cbd80a6f633/library/test/src/lib.rs:519:37
[INFO] [stdout]   32:     0x55a9387ece92 - std::sys_common::backtrace::__rust_begin_short_backtrace::hb560b77c4f701523
[INFO] [stdout]                                at /rustc/a178d0322ce20e33eac124758e837cbd80a6f633/library/std/src/sys_common/backtrace.rs:125:18
[INFO] [stdout]   33:     0x55a9387f0a48 - std::thread::Builder::spawn_unchecked::{{closure}}::{{closure}}::hf2e7831dad93c597
[INFO] [stdout]                                at /rustc/a178d0322ce20e33eac124758e837cbd80a6f633/library/std/src/thread/mod.rs:481:17
[INFO] [stdout]   34:     0x55a9387f0a48 - <std::panic::AssertUnwindSafe<F> as core::ops::function::FnOnce<()>>::call_once::hd2e08783d8be4d02
[INFO] [stdout]                                at /rustc/a178d0322ce20e33eac124758e837cbd80a6f633/library/std/src/panic.rs:347:9
[INFO] [stdout]   35:     0x55a9387f0a48 - std::panicking::try::do_call::h062597b7acfd6b82
[INFO] [stdout]                                at /rustc/a178d0322ce20e33eac124758e837cbd80a6f633/library/std/src/panicking.rs:401:40
[INFO] [stdout]   36:     0x55a9387f0a48 - std::panicking::try::h0d7b79db04c14552
[INFO] [stdout]                                at /rustc/a178d0322ce20e33eac124758e837cbd80a6f633/library/std/src/panicking.rs:365:19
[INFO] [stdout]   37:     0x55a9387f0a48 - std::panic::catch_unwind::hb01a0b5e7c8cd43b
[INFO] [stdout]                                at /rustc/a178d0322ce20e33eac124758e837cbd80a6f633/library/std/src/panic.rs:434:14
[INFO] [stdout]   38:     0x55a9387f0a48 - std::thread::Builder::spawn_unchecked::{{closure}}::h5bde48cc887e0d1e
[INFO] [stdout]                                at /rustc/a178d0322ce20e33eac124758e837cbd80a6f633/library/std/src/thread/mod.rs:480:30
[INFO] [stdout]   39:     0x55a9387f0a48 - core::ops::function::FnOnce::call_once{{vtable.shim}}::h745ea30807a29e55
[INFO] [stdout]                                at /rustc/a178d0322ce20e33eac124758e837cbd80a6f633/library/core/src/ops/function.rs:227:5
[INFO] [stdout]   40:     0x55a938c674b7 - <alloc::boxed::Box<F,A> as core::ops::function::FnOnce<Args>>::call_once::h7ece6cfefaff1005
[INFO] [stdout]                                at /rustc/a178d0322ce20e33eac124758e837cbd80a6f633/library/alloc/src/boxed.rs:1575:9
[INFO] [stdout]   41:     0x55a938c674b7 - <alloc::boxed::Box<F,A> as core::ops::function::FnOnce<Args>>::call_once::hb8b48e55c21f193e
[INFO] [stdout]                                at /rustc/a178d0322ce20e33eac124758e837cbd80a6f633/library/alloc/src/boxed.rs:1575:9
[INFO] [stdout]   42:     0x55a938c674b7 - std::sys::unix::thread::Thread::new::thread_start::h8c7c4450dba62914
[INFO] [stdout]                                at /rustc/a178d0322ce20e33eac124758e837cbd80a6f633/library/std/src/sys/unix/thread.rs:71:17
[INFO] [stdout]   43:     0x7f980e6de609 - start_thread
[INFO] [stdout]   44:     0x7f980e4b0293 - clone
[INFO] [stdout]   45:                0x0 - <unknown>
[INFO] [stdout] 
[INFO] [stdout] ---- build_rs::tests::build_rs_workflow_tests stdout ----
[INFO] [stdout] Acquiring mutex
[INFO] [stdout] Restoring environment variables
[INFO] [stdout] Setting 'CARGO_PKG_NAME' to 'tracers'
[INFO] [stdout] Setting 'CARGO_PKG_VERSION' to '1.2.3'
[INFO] [stdout] Setting 'CARGO_MANIFEST_DIR' to '/opt/rustwide/workdir'
[INFO] [stdout] Setting 'OUT_DIR' to '/tmp/.tmplTPyZ2/out'
[INFO] [stdout] thread 'build_rs::tests::build_rs_workflow_tests' panicked at 'Unexpected failure with features: FeatureFlags { enable_dynamic_tracing: false, enable_static_tracing: false, force_dyn_stap: false, force_dyn_noop: false, force_static_stap: false, force_static_lttng: false, force_static_noop: false }: OtherError { message: "get_targets: Unable to find package tracers in cargo metadata", error: ErrorMessage { msg: "Unable to find package tracers in cargo metadata" }
[INFO] [stdout] 
[INFO] [stdout]    0: failure::backtrace::internal::InternalBacktrace::new
[INFO] [stdout]              at /opt/rustwide/cargo-home/registry/src/github.com-1ecc6299db9ec823/failure-0.1.8/src/backtrace/internal.rs:46:44
[INFO] [stdout]    1: failure::backtrace::Backtrace::new
[INFO] [stdout]              at /opt/rustwide/cargo-home/registry/src/github.com-1ecc6299db9ec823/failure-0.1.8/src/backtrace/mod.rs:121:35
[INFO] [stdout]    2: <failure::error::error_impl::ErrorImpl as core::convert::From<F>>::from
[INFO] [stdout]              at /opt/rustwide/cargo-home/registry/src/github.com-1ecc6299db9ec823/failure-0.1.8/src/error/error_impl.rs:19:17
[INFO] [stdout]    3: <failure::error::Error as core::convert::From<F>>::from
[INFO] [stdout]              at /opt/rustwide/cargo-home/registry/src/github.com-1ecc6299db9ec823/failure-0.1.8/src/error/mod.rs:36:18
[INFO] [stdout]    4: failure::error_message::err_msg
[INFO] [stdout]              at /opt/rustwide/cargo-home/registry/src/github.com-1ecc6299db9ec823/failure-0.1.8/src/error_message.rs:12:5
[INFO] [stdout]    5: tracers_codegen::cargo::get_targets::{{closure}}
[INFO] [stdout]              at src/cargo.rs:24:24
[INFO] [stdout]    6: core::option::Option<T>::ok_or_else
[INFO] [stdout]              at /rustc/a178d0322ce20e33eac124758e837cbd80a6f633/library/core/src/option.rs:595:25
[INFO] [stdout]    7: tracers_codegen::cargo::get_targets
[INFO] [stdout]              at src/cargo.rs:20:19
[INFO] [stdout]    8: tracers_codegen::build_rs::generate_native_code
[INFO] [stdout]              at src/build_rs.rs:397:19
[INFO] [stdout]    9: tracers_codegen::build_rs::tracers_build_internal
[INFO] [stdout]              at src/build_rs.rs:342:5
[INFO] [stdout]   10: tracers_codegen::build_rs::tests::build_rs_workflow_tests
[INFO] [stdout]              at src/build_rs.rs:528:13
[INFO] [stdout]   11: tracers_codegen::build_rs::tests::build_rs_workflow_tests::{{closure}}
[INFO] [stdout]              at src/build_rs.rs:463:5
[INFO] [stdout]   12: core::ops::function::FnOnce::call_once
[INFO] [stdout]              at /rustc/a178d0322ce20e33eac124758e837cbd80a6f633/library/core/src/ops/function.rs:227:5
[INFO] [stdout]   13: core::ops::function::FnOnce::call_once
[INFO] [stdout]              at /rustc/a178d0322ce20e33eac124758e837cbd80a6f633/library/core/src/ops/function.rs:227:5
[INFO] [stdout]       test::__rust_begin_short_backtrace
[INFO] [stdout]              at /rustc/a178d0322ce20e33eac124758e837cbd80a6f633/library/test/src/lib.rs:577:5
[INFO] [stdout]   14: <alloc::boxed::Box<F,A> as core::ops::function::FnOnce<Args>>::call_once
[INFO] [stdout]              at /rustc/a178d0322ce20e33eac124758e837cbd80a6f633/library/alloc/src/boxed.rs:1575:9
[INFO] [stdout]       <std::panic::AssertUnwindSafe<F> as core::ops::function::FnOnce<()>>::call_once
[INFO] [stdout]              at /rustc/a178d0322ce20e33eac124758e837cbd80a6f633/library/std/src/panic.rs:347:9
[INFO] [stdout]       std::panicking::try::do_call
[INFO] [stdout]              at /rustc/a178d0322ce20e33eac124758e837cbd80a6f633/library/std/src/panicking.rs:401:40
[INFO] [stdout]       std::panicking::try
[INFO] [stdout]              at /rustc/a178d0322ce20e33eac124758e837cbd80a6f633/library/std/src/panicking.rs:365:19
[INFO] [stdout]       std::panic::catch_unwind
[INFO] [stdout]              at /rustc/a178d0322ce20e33eac124758e837cbd80a6f633/library/std/src/panic.rs:434:14
[INFO] [stdout]       test::run_test_in_process
[INFO] [stdout]              at /rustc/a178d0322ce20e33eac124758e837cbd80a6f633/library/test/src/lib.rs:600:18
[INFO] [stdout]       test::run_test::run_test_inner::{{closure}}
[INFO] [stdout]              at /rustc/a178d0322ce20e33eac124758e837cbd80a6f633/library/test/src/lib.rs:492:39
[INFO] [stdout]   15: test::run_test::run_test_inner::{{closure}}
[INFO] [stdout]              at /rustc/a178d0322ce20e33eac124758e837cbd80a6f633/library/test/src/lib.rs:519:37
[INFO] [stdout]       std::sys_common::backtrace::__rust_begin_short_backtrace
[INFO] [stdout]              at /rustc/a178d0322ce20e33eac124758e837cbd80a6f633/library/std/src/sys_common/backtrace.rs:125:18
[INFO] [stdout]   16: std::thread::Builder::spawn_unchecked::{{closure}}::{{closure}}
[INFO] [stdout]              at /rustc/a178d0322ce20e33eac124758e837cbd80a6f633/library/std/src/thread/mod.rs:481:17
[INFO] [stdout]       <std::panic::AssertUnwindSafe<F> as core::ops::function::FnOnce<()>>::call_once
[INFO] [stdout]              at /rustc/a178d0322ce20e33eac124758e837cbd80a6f633/library/std/src/panic.rs:347:9
[INFO] [stdout]       std::panicking::try::do_call
[INFO] [stdout]              at /rustc/a178d0322ce20e33eac124758e837cbd80a6f633/library/std/src/panicking.rs:401:40
[INFO] [stdout]       std::panicking::try
[INFO] [stdout]              at /rustc/a178d0322ce20e33eac124758e837cbd80a6f633/library/std/src/panicking.rs:365:19
[INFO] [stdout]       std::panic::catch_unwind
[INFO] [stdout]              at /rustc/a178d0322ce20e33eac124758e837cbd80a6f633/library/std/src/panic.rs:434:14
[INFO] [stdout]       std::thread::Builder::spawn_unchecked::{{closure}}
[INFO] [stdout]              at /rustc/a178d0322ce20e33eac124758e837cbd80a6f633/library/std/src/thread/mod.rs:480:30
[INFO] [stdout]       core::ops::function::FnOnce::call_once{{vtable.shim}}
[INFO] [stdout]              at /rustc/a178d0322ce20e33eac124758e837cbd80a6f633/library/core/src/ops/function.rs:227:5
[INFO] [stdout]   17: <alloc::boxed::Box<F,A> as core::ops::function::FnOnce<Args>>::call_once
[INFO] [stdout]              at /rustc/a178d0322ce20e33eac124758e837cbd80a6f633/library/alloc/src/boxed.rs:1575:9
[INFO] [stdout]       <alloc::boxed::Box<F,A> as core::ops::function::FnOnce<Args>>::call_once
[INFO] [stdout]              at /rustc/a178d0322ce20e33eac124758e837cbd80a6f633/library/alloc/src/boxed.rs:1575:9
[INFO] [stdout]       std::sys::unix::thread::Thread::new::thread_start
[INFO] [stdout]              at /rustc/a178d0322ce20e33eac124758e837cbd80a6f633/library/std/src/sys/unix/thread.rs:71:17
[INFO] [stdout]   18: start_thread
[INFO] [stdout]   19: clone
[INFO] [stdout] 
[INFO] [stdout] 
[INFO] [stdout] get_targets }', src/build_rs.rs:529:18
[INFO] [stdout] stack backtrace:
[INFO] [stdout]    0:     0x55a938c5dc20 - std::backtrace_rs::backtrace::libunwind::trace::h34055254b57d8e79
[INFO] [stdout]                                at /rustc/a178d0322ce20e33eac124758e837cbd80a6f633/library/std/src/../../backtrace/src/backtrace/libunwind.rs:90:5
[INFO] [stdout]    1:     0x55a938c5dc20 - std::backtrace_rs::backtrace::trace_unsynchronized::h8f1e3fbd9afff6ec
[INFO] [stdout]                                at /rustc/a178d0322ce20e33eac124758e837cbd80a6f633/library/std/src/../../backtrace/src/backtrace/mod.rs:66:5
[INFO] [stdout]    2:     0x55a938c5dc20 - std::sys_common::backtrace::_print_fmt::h3a99a796b770c360
[INFO] [stdout]                                at /rustc/a178d0322ce20e33eac124758e837cbd80a6f633/library/std/src/sys_common/backtrace.rs:67:5
[INFO] [stdout]    3:     0x55a938c5dc20 - <std::sys_common::backtrace::_print::DisplayBacktrace as core::fmt::Display>::fmt::h32d1f94a80615d18
[INFO] [stdout]                                at /rustc/a178d0322ce20e33eac124758e837cbd80a6f633/library/std/src/sys_common/backtrace.rs:46:22
[INFO] [stdout]    4:     0x55a938c84d8c - core::fmt::write::h306731c068f7162c
[INFO] [stdout]                                at /rustc/a178d0322ce20e33eac124758e837cbd80a6f633/library/core/src/fmt/mod.rs:1110:17
[INFO] [stdout]    5:     0x55a938c59b05 - std::io::Write::write_fmt::h87f19b0a2cd190bc
[INFO] [stdout]                                at /rustc/a178d0322ce20e33eac124758e837cbd80a6f633/library/std/src/io/mod.rs:1588:15
[INFO] [stdout]    6:     0x55a938c604bb - std::sys_common::backtrace::_print::h5abaa2601a852287
[INFO] [stdout]                                at /rustc/a178d0322ce20e33eac124758e837cbd80a6f633/library/std/src/sys_common/backtrace.rs:49:5
[INFO] [stdout]    7:     0x55a938c604bb - std::sys_common::backtrace::print::h8d81445442bb638f
[INFO] [stdout]                                at /rustc/a178d0322ce20e33eac124758e837cbd80a6f633/library/std/src/sys_common/backtrace.rs:36:9
[INFO] [stdout]    8:     0x55a938c604bb - std::panicking::default_hook::{{closure}}::hcfe804496a9fa747
[INFO] [stdout]                                at /rustc/a178d0322ce20e33eac124758e837cbd80a6f633/library/std/src/panicking.rs:208:50
[INFO] [stdout]    9:     0x55a938c5ffcc - std::panicking::default_hook::hbea8e3ccf2ba8901
[INFO] [stdout]                                at /rustc/a178d0322ce20e33eac124758e837cbd80a6f633/library/std/src/panicking.rs:222:9
[INFO] [stdout]   10:     0x55a938c60ba9 - std::panicking::rust_panic_with_hook::h7ee9e1a2d0f8975a
[INFO] [stdout]                                at /rustc/a178d0322ce20e33eac124758e837cbd80a6f633/library/std/src/panicking.rs:626:17
[INFO] [stdout]   11:     0x55a938c60667 - std::panicking::begin_panic_handler::{{closure}}::h8ab3b4491718b2c7
[INFO] [stdout]                                at /rustc/a178d0322ce20e33eac124758e837cbd80a6f633/library/std/src/panicking.rs:519:13
[INFO] [stdout]   12:     0x55a938c5e11c - std::sys_common::backtrace::__rust_end_short_backtrace::hd489062ffa586a9f
[INFO] [stdout]                                at /rustc/a178d0322ce20e33eac124758e837cbd80a6f633/library/std/src/sys_common/backtrace.rs:141:18
[INFO] [stdout]   13:     0x55a938c605c9 - rust_begin_unwind
[INFO] [stdout]                                at /rustc/a178d0322ce20e33eac124758e837cbd80a6f633/library/std/src/panicking.rs:515:5
[INFO] [stdout]   14:     0x55a938579d71 - core::panicking::panic_fmt::hca6330e3e14086b4
[INFO] [stdout]                                at /rustc/a178d0322ce20e33eac124758e837cbd80a6f633/library/core/src/panicking.rs:92:14
[INFO] [stdout]   15:     0x55a938579e63 - core::result::unwrap_failed::h6160d2b4bfbb0e87
[INFO] [stdout]                                at /rustc/a178d0322ce20e33eac124758e837cbd80a6f633/library/core/src/result.rs:1355:5
[INFO] [stdout]   16:     0x55a9386d0579 - core::result::Result<T,E>::expect::h94e03753576be684
[INFO] [stdout]                                at /rustc/a178d0322ce20e33eac124758e837cbd80a6f633/library/core/src/result.rs:997:23
[INFO] [stdout]   17:     0x55a9385d06a9 - tracers_codegen::build_rs::tests::build_rs_workflow_tests::h488c0daed28b84b5
[INFO] [stdout]                                at /opt/rustwide/workdir/src/build_rs.rs:528:13
[INFO] [stdout]   18:     0x55a9385cf7aa - tracers_codegen::build_rs::tests::build_rs_workflow_tests::{{closure}}::h532819f430609a4f
[INFO] [stdout]                                at /opt/rustwide/workdir/src/build_rs.rs:463:5
[INFO] [stdout]   19:     0x55a93869818e - core::ops::function::FnOnce::call_once::he7d923e2716f6bfd
[INFO] [stdout]                                at /rustc/a178d0322ce20e33eac124758e837cbd80a6f633/library/core/src/ops/function.rs:227:5
[INFO] [stdout]   20:     0x55a938814d23 - core::ops::function::FnOnce::call_once::h152e7e439ff59e19
[INFO] [stdout]                                at /rustc/a178d0322ce20e33eac124758e837cbd80a6f633/library/core/src/ops/function.rs:227:5
[INFO] [stdout]   21:     0x55a938814d23 - test::__rust_begin_short_backtrace::h0908f3b1fdbb72ab
[INFO] [stdout]                                at /rustc/a178d0322ce20e33eac124758e837cbd80a6f633/library/test/src/lib.rs:577:5
[INFO] [stdout]   22:     0x55a9388137e0 - <alloc::boxed::Box<F,A> as core::ops::function::FnOnce<Args>>::call_once::hf6d2a51e5587546c
[INFO] [stdout]                                at /rustc/a178d0322ce20e33eac124758e837cbd80a6f633/library/alloc/src/boxed.rs:1575:9
[INFO] [stdout]   23:     0x55a9388137e0 - <std::panic::AssertUnwindSafe<F> as core::ops::function::FnOnce<()>>::call_once::h8af660f3a89ef593
[INFO] [stdout]                                at /rustc/a178d0322ce20e33eac124758e837cbd80a6f633/library/std/src/panic.rs:347:9
[INFO] [stdout]   24:     0x55a9388137e0 - std::panicking::try::do_call::hd36aef60f84b6d36
[INFO] [stdout]                                at /rustc/a178d0322ce20e33eac124758e837cbd80a6f633/library/std/src/panicking.rs:401:40
[INFO] [stdout]   25:     0x55a9388137e0 - std::panicking::try::h9932b4480e69817c
[INFO] [stdout]                                at /rustc/a178d0322ce20e33eac124758e837cbd80a6f633/library/std/src/panicking.rs:365:19
[INFO] [stdout]   26:     0x55a9388137e0 - std::panic::catch_unwind::h6aa177099cfff5f8
[INFO] [stdout]                                at /rustc/a178d0322ce20e33eac124758e837cbd80a6f633/library/std/src/panic.rs:434:14
[INFO] [stdout]   27:     0x55a9388137e0 - test::run_test_in_process::h5884d6f2d99e20c3
[INFO] [stdout]                                at /rustc/a178d0322ce20e33eac124758e837cbd80a6f633/library/test/src/lib.rs:600:18
[INFO] [stdout]   28:     0x55a9388137e0 - test::run_test::run_test_inner::{{closure}}::h6fdc58c6d5f5b6e3
[INFO] [stdout]                                at /rustc/a178d0322ce20e33eac124758e837cbd80a6f633/library/test/src/lib.rs:492:39
[INFO] [stdout]   29:     0x55a9387ece92 - test::run_test::run_test_inner::{{closure}}::h408365d67a78ade8
[INFO] [stdout]                                at /rustc/a178d0322ce20e33eac124758e837cbd80a6f633/library/test/src/lib.rs:519:37
[INFO] [stdout]   30:     0x55a9387ece92 - std::sys_common::backtrace::__rust_begin_short_backtrace::hb560b77c4f701523
[INFO] [stdout]                                at /rustc/a178d0322ce20e33eac124758e837cbd80a6f633/library/std/src/sys_common/backtrace.rs:125:18
[INFO] [stdout]   31:     0x55a9387f0a48 - std::thread::Builder::spawn_unchecked::{{closure}}::{{closure}}::hf2e7831dad93c597
[INFO] [stdout]                                at /rustc/a178d0322ce20e33eac124758e837cbd80a6f633/library/std/src/thread/mod.rs:481:17
[INFO] [stdout]   32:     0x55a9387f0a48 - <std::panic::AssertUnwindSafe<F> as core::ops::function::FnOnce<()>>::call_once::hd2e08783d8be4d02
[INFO] [stdout]                                at /rustc/a178d0322ce20e33eac124758e837cbd80a6f633/library/std/src/panic.rs:347:9
[INFO] [stdout]   33:     0x55a9387f0a48 - std::panicking::try::do_call::h062597b7acfd6b82
[INFO] [stdout]                                at /rustc/a178d0322ce20e33eac124758e837cbd80a6f633/library/std/src/panicking.rs:401:40
[INFO] [stdout]   34:     0x55a9387f0a48 - std::panicking::try::h0d7b79db04c14552
[INFO] [stdout]                                at /rustc/a178d0322ce20e33eac124758e837cbd80a6f633/library/std/src/panicking.rs:365:19
[INFO] [stdout]   35:     0x55a9387f0a48 - std::panic::catch_unwind::hb01a0b5e7c8cd43b
[INFO] [stdout]                                at /rustc/a178d0322ce20e33eac124758e837cbd80a6f633/library/std/src/panic.rs:434:14
[INFO] [stdout]   36:     0x55a9387f0a48 - std::thread::Builder::spawn_unchecked::{{closure}}::h5bde48cc887e0d1e
[INFO] [stdout]                                at /rustc/a178d0322ce20e33eac124758e837cbd80a6f633/library/std/src/thread/mod.rs:480:30
[INFO] [stdout]   37:     0x55a9387f0a48 - core::ops::function::FnOnce::call_once{{vtable.shim}}::h745ea30807a29e55
[INFO] [stdout]                                at /rustc/a178d0322ce20e33eac124758e837cbd80a6f633/library/core/src/ops/function.rs:227:5
[INFO] [stdout]   38:     0x55a938c674b7 - <alloc::boxed::Box<F,A> as core::ops::function::FnOnce<Args>>::call_once::h7ece6cfefaff1005
[INFO] [stdout]                                at /rustc/a178d0322ce20e33eac124758e837cbd80a6f633/library/alloc/src/boxed.rs:1575:9
[INFO] [stdout]   39:     0x55a938c674b7 - <alloc::boxed::Box<F,A> as core::ops::function::FnOnce<Args>>::call_once::hb8b48e55c21f193e
[INFO] [stdout]                                at /rustc/a178d0322ce20e33eac124758e837cbd80a6f633/library/alloc/src/boxed.rs:1575:9
[INFO] [stdout]   40:     0x55a938c674b7 - std::sys::unix::thread::Thread::new::thread_start::h8c7c4450dba62914
[INFO] [stdout]                                at /rustc/a178d0322ce20e33eac124758e837cbd80a6f633/library/std/src/sys/unix/thread.rs:71:17
[INFO] [stdout]   41:     0x7f980e6de609 - start_thread
[INFO] [stdout]   42:     0x7f980e4b0293 - clone
[INFO] [stdout]   43:                0x0 - <unknown>
[INFO] [stdout] Restoring environment variables
[INFO] [stdout] Restoring 'CARGO_PKG_NAME' to 'tracers-codegen'
[INFO] [stdout] Restoring 'CARGO_PKG_VERSION' to '0.1.0'
[INFO] [stdout] Restoring 'CARGO_MANIFEST_DIR' to '/opt/rustwide/workdir'
[INFO] [stdout] Unsetting 'OUT_DIR'
[INFO] [stdout] 
[INFO] [stdout] ---- gen::r#static::native_code::tests::generates_processed_provider_trait stdout ----
[INFO] [stdout] Acquiring mutex
[INFO] [stdout] Mutex is poisoned; cleaning up previous env vars
[INFO] [stdout] Restoring environment variables
[INFO] [stdout] Setting 'TARGET' to 'x86_64-linux-gnu'
[INFO] [stdout] Setting 'HOST' to 'x86_64-linux-gnu'
[INFO] [stdout] Setting 'OPT_LEVEL' to '1'
[INFO] [stdout] Setting 'OUT_DIR' to '/tmp/.tmpph68Hv/out'
[INFO] [stdout] Generated wrapper code:
[INFO] [stdout] /** This file automatically generated by tracers-codegen 0.1.0.  Do not edit
[INFO] [stdout]  * this file.
[INFO] [stdout]  *
[INFO] [stdout]  * This file contains native wrappers for the probes defined in trait ProviderTrait.
[INFO] [stdout]  *
[INFO] [stdout]  * The source code for that trait is:
[INFO] [stdout]  *
[INFO] [stdout]  * ```rust
[INFO] [stdout]  * trait ProviderTrait { }
[INFO] [stdout]  * ```
[INFO] [stdout]  */
[INFO] [stdout] #define _SDT_HAS_SEMAPHORES 1
[INFO] [stdout] 
[INFO] [stdout] 
[INFO] [stdout] #define STAP_HAS_SEMAPHORES 1 /* deprecated */
[INFO] [stdout] 
[INFO] [stdout] /* <sys/sdt.h> - Systemtap static probe definition macros.
[INFO] [stdout] 
[INFO] [stdout]    This file is dedicated to the public domain, pursuant to CC0
[INFO] [stdout]    (https://creativecommons.org/publicdomain/zero/1.0/)
[INFO] [stdout] */
[INFO] [stdout] 
[INFO] [stdout] #ifndef _SYS_SDT_H
[INFO] [stdout] #define _SYS_SDT_H    1
[INFO] [stdout] 
[INFO] [stdout] /*
[INFO] [stdout]   This file defines a family of macros
[INFO] [stdout] 
[INFO] [stdout]        STAP_PROBEn(op1, ..., opn)
[INFO] [stdout] 
[INFO] [stdout]   that emit a nop into the instruction stream, and some data into an auxiliary
[INFO] [stdout]   note section.  The data in the note section describes the operands, in terms
[INFO] [stdout]   of size and location.  Each location is encoded as assembler operand string.
[INFO] [stdout]   Consumer tools such as gdb or systemtap insert breakpoints on top of
[INFO] [stdout]   the nop, and decode the location operand-strings, like an assembler,
[INFO] [stdout]   to find the values being passed.
[INFO] [stdout] 
[INFO] [stdout]   The operand strings are selected by the compiler for each operand.
[INFO] [stdout]   They are constrained by gcc inline-assembler codes.  The default is:
[INFO] [stdout] 
[INFO] [stdout]   #define STAP_SDT_ARG_CONSTRAINT nor
[INFO] [stdout] 
[INFO] [stdout]   This is a good default if the operands tend to be integral and
[INFO] [stdout]   moderate in number (smaller than number of registers).  In other
[INFO] [stdout]   cases, the compiler may report "'asm' requires impossible reload" or
[INFO] [stdout]   similar.  In this case, consider simplifying the macro call (fewer
[INFO] [stdout]   and simpler operands), reduce optimization, or override the default
[INFO] [stdout]   constraints string via:
[INFO] [stdout] 
[INFO] [stdout]   #define STAP_SDT_ARG_CONSTRAINT g
[INFO] [stdout]   #include <sys/sdt.h>
[INFO] [stdout] 
[INFO] [stdout]   See also:
[INFO] [stdout]   https://sourceware.org/systemtap/wiki/UserSpaceProbeImplementation
[INFO] [stdout]   https://gcc.gnu.org/onlinedocs/gcc/Constraints.html
[INFO] [stdout]  */
[INFO] [stdout] 
[INFO] [stdout] 
[INFO] [stdout] 
[INFO] [stdout] #ifdef __ASSEMBLER__
[INFO] [stdout] # define _SDT_PROBE(provider, name, n, arglist)	\
[INFO] [stdout]   _SDT_ASM_BODY(provider, name, _SDT_ASM_STRING_1, (_SDT_DEPAREN_##n arglist)) \
[INFO] [stdout]   _SDT_ASM_BASE
[INFO] [stdout] # define _SDT_ASM_1(x)			x;
[INFO] [stdout] # define _SDT_ASM_2(a, b)		a,b;
[INFO] [stdout] # define _SDT_ASM_3(a, b, c)		a,b,c;
[INFO] [stdout] # define _SDT_ASM_5(a, b, c, d, e)	a,b,c,d,e;
[INFO] [stdout] # define _SDT_ASM_STRING_1(x)		.asciz #x;
[INFO] [stdout] # define _SDT_DEPAREN_0()				/* empty */
[INFO] [stdout] # define _SDT_DEPAREN_1(a)				a
[INFO] [stdout] # define _SDT_DEPAREN_2(a,b)				a b
[INFO] [stdout] # define _SDT_DEPAREN_3(a,b,c)				a b c
[INFO] [stdout] # define _SDT_DEPAREN_4(a,b,c,d)			a b c d
[INFO] [stdout] # define _SDT_DEPAREN_5(a,b,c,d,e)			a b c d e
[INFO] [stdout] # define _SDT_DEPAREN_6(a,b,c,d,e,f)			a b c d e f
[INFO] [stdout] # define _SDT_DEPAREN_7(a,b,c,d,e,f,g)			a b c d e f g
[INFO] [stdout] # define _SDT_DEPAREN_8(a,b,c,d,e,f,g,h)		a b c d e f g h
[INFO] [stdout] # define _SDT_DEPAREN_9(a,b,c,d,e,f,g,h,i)		a b c d e f g h i
[INFO] [stdout] # define _SDT_DEPAREN_10(a,b,c,d,e,f,g,h,i,j)		a b c d e f g h i j
[INFO] [stdout] # define _SDT_DEPAREN_11(a,b,c,d,e,f,g,h,i,j,k)		a b c d e f g h i j k
[INFO] [stdout] # define _SDT_DEPAREN_12(a,b,c,d,e,f,g,h,i,j,k,l)	a b c d e f g h i j k l
[INFO] [stdout] #else
[INFO] [stdout] # define _SDT_PROBE(provider, name, n, arglist) \
[INFO] [stdout]   do {									    \
[INFO] [stdout]     __asm__ __volatile__ (_SDT_ASM_BODY(provider, name, _SDT_ASM_ARGS, (n)) \
[INFO] [stdout] 			  :: _SDT_ASM_OPERANDS_##n arglist);		    \
[INFO] [stdout]     __asm__ __volatile__ (_SDT_ASM_BASE);				    \
[INFO] [stdout]   } while (0)
[INFO] [stdout] # define _SDT_S(x)			#x
[INFO] [stdout] # define _SDT_ASM_1(x)			_SDT_S(x) "\n"
[INFO] [stdout] # define _SDT_ASM_2(a, b)		_SDT_S(a) "," _SDT_S(b) "\n"
[INFO] [stdout] # define _SDT_ASM_3(a, b, c)		_SDT_S(a) "," _SDT_S(b) "," \
[INFO] [stdout] 					_SDT_S(c) "\n"
[INFO] [stdout] # define _SDT_ASM_5(a, b, c, d, e)	_SDT_S(a) "," _SDT_S(b) "," \
[INFO] [stdout] 					_SDT_S(c) "," _SDT_S(d) "," \
[INFO] [stdout] 					_SDT_S(e) "\n"
[INFO] [stdout] # define _SDT_ASM_ARGS(n)		_SDT_ASM_STRING(_SDT_ASM_TEMPLATE_##n)
[INFO] [stdout] # define _SDT_ASM_STRING_1(x)		_SDT_ASM_1(.asciz #x)
[INFO] [stdout] 
[INFO] [stdout] # define _SDT_ARGFMT(no)		%n[_SDT_S##no]@_SDT_ARGTMPL(_SDT_A##no)
[INFO] [stdout] 
[INFO] [stdout] # ifndef STAP_SDT_ARG_CONSTRAINT
[INFO] [stdout] # if defined __powerpc__
[INFO] [stdout] # define STAP_SDT_ARG_CONSTRAINT        nZr
[INFO] [stdout] # else
[INFO] [stdout] # define STAP_SDT_ARG_CONSTRAINT        nor
[INFO] [stdout] # endif
[INFO] [stdout] # endif
[INFO] [stdout] 
[INFO] [stdout] # define _SDT_STRINGIFY(x)              #x
[INFO] [stdout] # define _SDT_ARG_CONSTRAINT_STRING(x)  _SDT_STRINGIFY(x)
[INFO] [stdout] # define _SDT_ARG(n, x)			\
[INFO] [stdout]   [_SDT_S##n] "n" ((_SDT_ARGSIGNED (x) ? 1 : -1) * (int) _SDT_ARGSIZE (x)), \
[INFO] [stdout]   [_SDT_A##n] _SDT_ARG_CONSTRAINT_STRING (STAP_SDT_ARG_CONSTRAINT) (_SDT_ARGVAL (x))
[INFO] [stdout] #endif
[INFO] [stdout] #define _SDT_ASM_STRING(x)		_SDT_ASM_STRING_1(x)
[INFO] [stdout] 
[INFO] [stdout] #define _SDT_ARGARRAY(x)	(__builtin_classify_type (x) == 14	\
[INFO] [stdout] 				 || __builtin_classify_type (x) == 5)
[INFO] [stdout] 
[INFO] [stdout] #ifdef __cplusplus
[INFO] [stdout] # define _SDT_ARGSIGNED(x)	(!_SDT_ARGARRAY (x) \
[INFO] [stdout] 				 && __sdt_type<__typeof (x)>::__sdt_signed)
[INFO] [stdout] # define _SDT_ARGSIZE(x)	(_SDT_ARGARRAY (x) \
[INFO] [stdout] 				 ? sizeof (void *) : sizeof (x))
[INFO] [stdout] # define _SDT_ARGVAL(x)		(x)
[INFO] [stdout] 
[INFO] [stdout] # include <cstddef>
[INFO] [stdout] 
[INFO] [stdout] template<typename __sdt_T>
[INFO] [stdout] struct __sdt_type
[INFO] [stdout] {
[INFO] [stdout]   static const bool __sdt_signed = false;
[INFO] [stdout] };
[INFO] [stdout] 
[INFO] [stdout] #define __SDT_ALWAYS_SIGNED(T) \
[INFO] [stdout] template<> struct __sdt_type<T> { static const bool __sdt_signed = true; };
[INFO] [stdout] #define __SDT_COND_SIGNED(T,CT)						\
[INFO] [stdout] template<> struct __sdt_type<T> { static const bool __sdt_signed = ((CT)(-1) < 1); };
[INFO] [stdout] __SDT_ALWAYS_SIGNED(signed char)
[INFO] [stdout] __SDT_ALWAYS_SIGNED(short)
[INFO] [stdout] __SDT_ALWAYS_SIGNED(int)
[INFO] [stdout] __SDT_ALWAYS_SIGNED(long)
[INFO] [stdout] __SDT_ALWAYS_SIGNED(long long)
[INFO] [stdout] __SDT_ALWAYS_SIGNED(volatile signed char)
[INFO] [stdout] __SDT_ALWAYS_SIGNED(volatile short)
[INFO] [stdout] __SDT_ALWAYS_SIGNED(volatile int)
[INFO] [stdout] __SDT_ALWAYS_SIGNED(volatile long)
[INFO] [stdout] __SDT_ALWAYS_SIGNED(volatile long long)
[INFO] [stdout] __SDT_ALWAYS_SIGNED(const signed char)
[INFO] [stdout] __SDT_ALWAYS_SIGNED(const short)
[INFO] [stdout] __SDT_ALWAYS_SIGNED(const int)
[INFO] [stdout] __SDT_ALWAYS_SIGNED(const long)
[INFO] [stdout] __SDT_ALWAYS_SIGNED(const long long)
[INFO] [stdout] __SDT_ALWAYS_SIGNED(const volatile signed char)
[INFO] [stdout] __SDT_ALWAYS_SIGNED(const volatile short)
[INFO] [stdout] __SDT_ALWAYS_SIGNED(const volatile int)
[INFO] [stdout] __SDT_ALWAYS_SIGNED(const volatile long)
[INFO] [stdout] __SDT_ALWAYS_SIGNED(const volatile long long)
[INFO] [stdout] __SDT_COND_SIGNED(char, char)
[INFO] [stdout] __SDT_COND_SIGNED(wchar_t, wchar_t)
[INFO] [stdout] __SDT_COND_SIGNED(volatile char, char)
[INFO] [stdout] __SDT_COND_SIGNED(volatile wchar_t, wchar_t)
[INFO] [stdout] __SDT_COND_SIGNED(const char, char)
[INFO] [stdout] __SDT_COND_SIGNED(const wchar_t, wchar_t)
[INFO] [stdout] __SDT_COND_SIGNED(const volatile char, char)
[INFO] [stdout] __SDT_COND_SIGNED(const volatile wchar_t, wchar_t)
[INFO] [stdout] #if defined (__GNUC__) && (__GNUC__ > 4 || (__GNUC__ == 4 && __GNUC_MINOR__ >= 4))
[INFO] [stdout] /* __SDT_COND_SIGNED(char16_t) */
[INFO] [stdout] /* __SDT_COND_SIGNED(char32_t) */
[INFO] [stdout] #endif
[INFO] [stdout] 
[INFO] [stdout] template<typename __sdt_E>
[INFO] [stdout] struct __sdt_type<__sdt_E[]> : public __sdt_type<__sdt_E *> {};
[INFO] [stdout] 
[INFO] [stdout] template<typename __sdt_E, size_t __sdt_N>
[INFO] [stdout] struct __sdt_type<__sdt_E[__sdt_N]> : public __sdt_type<__sdt_E *> {};
[INFO] [stdout] 
[INFO] [stdout] #elif !defined(__ASSEMBLER__)
[INFO] [stdout] __extension__ extern unsigned long long __sdt_unsp;
[INFO] [stdout] # define _SDT_ARGINTTYPE(x)						\
[INFO] [stdout]   __typeof (__builtin_choose_expr (((__builtin_classify_type (x)	\
[INFO] [stdout] 				     + 3) & -4) == 4, (x), 0U))
[INFO] [stdout] # define _SDT_ARGSIGNED(x)						\
[INFO] [stdout]   (!__extension__							\
[INFO] [stdout]    (__builtin_constant_p ((((unsigned long long)			\
[INFO] [stdout] 			    (_SDT_ARGINTTYPE (x)) __sdt_unsp)		\
[INFO] [stdout] 			   & ((unsigned long long)1 << (sizeof (unsigned long long)	\
[INFO] [stdout] 				       * __CHAR_BIT__ - 1))) == 0)	\
[INFO] [stdout]     || (_SDT_ARGINTTYPE (x)) -1 > (_SDT_ARGINTTYPE (x)) 0))
[INFO] [stdout] # define _SDT_ARGSIZE(x)	\
[INFO] [stdout]   (_SDT_ARGARRAY (x) ? sizeof (void *) : sizeof (x))
[INFO] [stdout] # define _SDT_ARGVAL(x)		(x)
[INFO] [stdout] #endif
[INFO] [stdout] 
[INFO] [stdout] #if defined __powerpc__ || defined __powerpc64__
[INFO] [stdout] # define _SDT_ARGTMPL(id)	%I[id]%[id]
[INFO] [stdout] #elif defined __i386__
[INFO] [stdout] # define _SDT_ARGTMPL(id)	%w[id]  /* gcc.gnu.org/PR80115 */
[INFO] [stdout] #else
[INFO] [stdout] # define _SDT_ARGTMPL(id)	%[id]
[INFO] [stdout] #endif
[INFO] [stdout] 
[INFO] [stdout] #ifdef __LP64__
[INFO] [stdout] # define _SDT_ASM_ADDR	.8byte
[INFO] [stdout] #else
[INFO] [stdout] # define _SDT_ASM_ADDR	.4byte
[INFO] [stdout] #endif
[INFO] [stdout] 
[INFO] [stdout] /* The ia64 and s390 nop instructions take an argument. */
[INFO] [stdout] #if defined(__ia64__) || defined(__s390__) || defined(__s390x__)
[INFO] [stdout] #define _SDT_NOP	nop 0
[INFO] [stdout] #else
[INFO] [stdout] #define _SDT_NOP	nop
[INFO] [stdout] #endif
[INFO] [stdout] 
[INFO] [stdout] #define _SDT_NOTE_NAME	"stapsdt"
[INFO] [stdout] #define _SDT_NOTE_TYPE	3
[INFO] [stdout] 
[INFO] [stdout] /* If the assembler supports the necessary feature, then we can play
[INFO] [stdout]    nice with code in COMDAT sections, which comes up in C++ code.
[INFO] [stdout]    Without that assembler support, some combinations of probe placements
[INFO] [stdout]    in certain kinds of C++ code may produce link-time errors.  */
[INFO] [stdout] //#include "sdt-config.h"
[INFO] [stdout] 
[INFO] [stdout] /* includes/sys/sdt-config.h.  Generated from sdt-config.h.in by configure.
[INFO] [stdout] 
[INFO] [stdout]    This file just defines _SDT_ASM_SECTION_AUTOGROUP_SUPPORT to 0 or 1 to
[INFO] [stdout]    indicate whether the assembler supports "?" in .pushsection directives.  */
[INFO] [stdout] 
[INFO] [stdout] #define _SDT_ASM_SECTION_AUTOGROUP_SUPPORT 1
[INFO] [stdout] 
[INFO] [stdout] #if _SDT_ASM_SECTION_AUTOGROUP_SUPPORT
[INFO] [stdout] # define _SDT_ASM_AUTOGROUP "?"
[INFO] [stdout] #else
[INFO] [stdout] # define _SDT_ASM_AUTOGROUP ""
[INFO] [stdout] #endif
[INFO] [stdout] 
[INFO] [stdout] #define _SDT_ASM_BODY(provider, name, pack_args, args)			      \
[INFO] [stdout]   _SDT_ASM_1(990:	_SDT_NOP)					      \
[INFO] [stdout]   _SDT_ASM_3(		.pushsection .note.stapsdt,_SDT_ASM_AUTOGROUP,"note") \
[INFO] [stdout]   _SDT_ASM_1(		.balign 4)					      \
[INFO] [stdout]   _SDT_ASM_3(		.4byte 992f-991f, 994f-993f, _SDT_NOTE_TYPE)	      \
[INFO] [stdout]   _SDT_ASM_1(991:	.asciz _SDT_NOTE_NAME)				      \
[INFO] [stdout]   _SDT_ASM_1(992:	.balign 4)					      \
[INFO] [stdout]   _SDT_ASM_1(993:	_SDT_ASM_ADDR 990b)				      \
[INFO] [stdout]   _SDT_ASM_1(		_SDT_ASM_ADDR _.stapsdt.base)			      \
[INFO] [stdout]   _SDT_SEMAPHORE(provider,name)						      \
[INFO] [stdout]   _SDT_ASM_STRING(provider)						      \
[INFO] [stdout]   _SDT_ASM_STRING(name)							      \
[INFO] [stdout]   pack_args args							      \
[INFO] [stdout]   _SDT_ASM_1(994:	.balign 4)					      \
[INFO] [stdout]   _SDT_ASM_1(		.popsection)
[INFO] [stdout] 
[INFO] [stdout] #define _SDT_ASM_BASE							      \
[INFO] [stdout]   _SDT_ASM_1(.ifndef _.stapsdt.base)					      \
[INFO] [stdout]   _SDT_ASM_5(		.pushsection .stapsdt.base,"aG","progbits",	      \
[INFO] [stdout] 							.stapsdt.base,comdat) \
[INFO] [stdout]   _SDT_ASM_1(		.weak _.stapsdt.base)				      \
[INFO] [stdout]   _SDT_ASM_1(		.hidden _.stapsdt.base)				      \
[INFO] [stdout]   _SDT_ASM_1(	_.stapsdt.base: .space 1)				      \
[INFO] [stdout]   _SDT_ASM_2(		.size _.stapsdt.base, 1)			      \
[INFO] [stdout]   _SDT_ASM_1(		.popsection)					      \
[INFO] [stdout]   _SDT_ASM_1(.endif)
[INFO] [stdout] 
[INFO] [stdout] #if defined _SDT_HAS_SEMAPHORES
[INFO] [stdout] #define _SDT_SEMAPHORE(p,n) _SDT_ASM_1(		_SDT_ASM_ADDR p##_##n##_semaphore)
[INFO] [stdout] #else
[INFO] [stdout] #define _SDT_SEMAPHORE(p,n) _SDT_ASM_1(		_SDT_ASM_ADDR 0)
[INFO] [stdout] #endif
[INFO] [stdout] 
[INFO] [stdout] #define _SDT_ASM_TEMPLATE_0		/* no arguments */
[INFO] [stdout] #define _SDT_ASM_TEMPLATE_1		_SDT_ARGFMT(1)
[INFO] [stdout] #define _SDT_ASM_TEMPLATE_2		_SDT_ASM_TEMPLATE_1 _SDT_ARGFMT(2)
[INFO] [stdout] #define _SDT_ASM_TEMPLATE_3		_SDT_ASM_TEMPLATE_2 _SDT_ARGFMT(3)
[INFO] [stdout] #define _SDT_ASM_TEMPLATE_4		_SDT_ASM_TEMPLATE_3 _SDT_ARGFMT(4)
[INFO] [stdout] #define _SDT_ASM_TEMPLATE_5		_SDT_ASM_TEMPLATE_4 _SDT_ARGFMT(5)
[INFO] [stdout] #define _SDT_ASM_TEMPLATE_6		_SDT_ASM_TEMPLATE_5 _SDT_ARGFMT(6)
[INFO] [stdout] #define _SDT_ASM_TEMPLATE_7		_SDT_ASM_TEMPLATE_6 _SDT_ARGFMT(7)
[INFO] [stdout] #define _SDT_ASM_TEMPLATE_8		_SDT_ASM_TEMPLATE_7 _SDT_ARGFMT(8)
[INFO] [stdout] #define _SDT_ASM_TEMPLATE_9		_SDT_ASM_TEMPLATE_8 _SDT_ARGFMT(9)
[INFO] [stdout] #define _SDT_ASM_TEMPLATE_10		_SDT_ASM_TEMPLATE_9 _SDT_ARGFMT(10)
[INFO] [stdout] #define _SDT_ASM_TEMPLATE_11		_SDT_ASM_TEMPLATE_10 _SDT_ARGFMT(11)
[INFO] [stdout] #define _SDT_ASM_TEMPLATE_12		_SDT_ASM_TEMPLATE_11 _SDT_ARGFMT(12)
[INFO] [stdout] #define _SDT_ASM_OPERANDS_0()		[__sdt_dummy] "g" (0)
[INFO] [stdout] #define _SDT_ASM_OPERANDS_1(arg1)	_SDT_ARG(1, arg1)
[INFO] [stdout] #define _SDT_ASM_OPERANDS_2(arg1, arg2) \
[INFO] [stdout]   _SDT_ASM_OPERANDS_1(arg1), _SDT_ARG(2, arg2)
[INFO] [stdout] #define _SDT_ASM_OPERANDS_3(arg1, arg2, arg3) \
[INFO] [stdout]   _SDT_ASM_OPERANDS_2(arg1, arg2), _SDT_ARG(3, arg3)
[INFO] [stdout] #define _SDT_ASM_OPERANDS_4(arg1, arg2, arg3, arg4) \
[INFO] [stdout]   _SDT_ASM_OPERANDS_3(arg1, arg2, arg3), _SDT_ARG(4, arg4)
[INFO] [stdout] #define _SDT_ASM_OPERANDS_5(arg1, arg2, arg3, arg4, arg5) \
[INFO] [stdout]   _SDT_ASM_OPERANDS_4(arg1, arg2, arg3, arg4), _SDT_ARG(5, arg5)
[INFO] [stdout] #define _SDT_ASM_OPERANDS_6(arg1, arg2, arg3, arg4, arg5, arg6) \
[INFO] [stdout]   _SDT_ASM_OPERANDS_5(arg1, arg2, arg3, arg4, arg5), _SDT_ARG(6, arg6)
[INFO] [stdout] #define _SDT_ASM_OPERANDS_7(arg1, arg2, arg3, arg4, arg5, arg6, arg7) \
[INFO] [stdout]   _SDT_ASM_OPERANDS_6(arg1, arg2, arg3, arg4, arg5, arg6), _SDT_ARG(7, arg7)
[INFO] [stdout] #define _SDT_ASM_OPERANDS_8(arg1, arg2, arg3, arg4, arg5, arg6, arg7, arg8) \
[INFO] [stdout]   _SDT_ASM_OPERANDS_7(arg1, arg2, arg3, arg4, arg5, arg6, arg7), \
[INFO] [stdout]     _SDT_ARG(8, arg8)
[INFO] [stdout] #define _SDT_ASM_OPERANDS_9(arg1,arg2,arg3,arg4,arg5,arg6,arg7,arg8,arg9) \
[INFO] [stdout]   _SDT_ASM_OPERANDS_8(arg1, arg2, arg3, arg4, arg5, arg6, arg7, arg8), \
[INFO] [stdout]     _SDT_ARG(9, arg9)
[INFO] [stdout] #define _SDT_ASM_OPERANDS_10(arg1,arg2,arg3,arg4,arg5,arg6,arg7,arg8,arg9,arg10) \
[INFO] [stdout]   _SDT_ASM_OPERANDS_9(arg1, arg2, arg3, arg4, arg5, arg6, arg7, arg8, arg9), \
[INFO] [stdout]     _SDT_ARG(10, arg10)
[INFO] [stdout] #define _SDT_ASM_OPERANDS_11(arg1,arg2,arg3,arg4,arg5,arg6,arg7,arg8,arg9,arg10,arg11) \
[INFO] [stdout]   _SDT_ASM_OPERANDS_10(arg1, arg2, arg3, arg4, arg5, arg6, arg7, arg8, arg9, arg10), \
[INFO] [stdout]     _SDT_ARG(11, arg11)
[INFO] [stdout] #define _SDT_ASM_OPERANDS_12(arg1,arg2,arg3,arg4,arg5,arg6,arg7,arg8,arg9,arg10,arg11,arg12) \
[INFO] [stdout]   _SDT_ASM_OPERANDS_11(arg1, arg2, arg3, arg4, arg5, arg6, arg7, arg8, arg9, arg10, arg11), \
[INFO] [stdout]     _SDT_ARG(12, arg12)
[INFO] [stdout] 
[INFO] [stdout] /* These macros can be used in C, C++, or assembly code.
[INFO] [stdout]    In assembly code the arguments should use normal assembly operand syntax.  */
[INFO] [stdout] 
[INFO] [stdout] #define STAP_PROBE(provider, name) \
[INFO] [stdout]   _SDT_PROBE(provider, name, 0, ())
[INFO] [stdout] #define STAP_PROBE1(provider, name, arg1) \
[INFO] [stdout]   _SDT_PROBE(provider, name, 1, (arg1))
[INFO] [stdout] #define STAP_PROBE2(provider, name, arg1, arg2) \
[INFO] [stdout]   _SDT_PROBE(provider, name, 2, (arg1, arg2))
[INFO] [stdout] #define STAP_PROBE3(provider, name, arg1, arg2, arg3) \
[INFO] [stdout]   _SDT_PROBE(provider, name, 3, (arg1, arg2, arg3))
[INFO] [stdout] #define STAP_PROBE4(provider, name, arg1, arg2, arg3, arg4) \
[INFO] [stdout]   _SDT_PROBE(provider, name, 4, (arg1, arg2, arg3, arg4))
[INFO] [stdout] #define STAP_PROBE5(provider, name, arg1, arg2, arg3, arg4, arg5) \
[INFO] [stdout]   _SDT_PROBE(provider, name, 5, (arg1, arg2, arg3, arg4, arg5))
[INFO] [stdout] #define STAP_PROBE6(provider, name, arg1, arg2, arg3, arg4, arg5, arg6)	\
[INFO] [stdout]   _SDT_PROBE(provider, name, 6, (arg1, arg2, arg3, arg4, arg5, arg6))
[INFO] [stdout] #define STAP_PROBE7(provider, name, arg1, arg2, arg3, arg4, arg5, arg6, arg7) \
[INFO] [stdout]   _SDT_PROBE(provider, name, 7, (arg1, arg2, arg3, arg4, arg5, arg6, arg7))
[INFO] [stdout] #define STAP_PROBE8(provider,name,arg1,arg2,arg3,arg4,arg5,arg6,arg7,arg8) \
[INFO] [stdout]   _SDT_PROBE(provider, name, 8, (arg1,arg2,arg3,arg4,arg5,arg6,arg7,arg8))
[INFO] [stdout] #define STAP_PROBE9(provider,name,arg1,arg2,arg3,arg4,arg5,arg6,arg7,arg8,arg9)\
[INFO] [stdout]   _SDT_PROBE(provider, name, 9, (arg1,arg2,arg3,arg4,arg5,arg6,arg7,arg8,arg9))
[INFO] [stdout] #define STAP_PROBE10(provider,name,arg1,arg2,arg3,arg4,arg5,arg6,arg7,arg8,arg9,arg10) \
[INFO] [stdout]   _SDT_PROBE(provider, name, 10, \
[INFO] [stdout] 	     (arg1,arg2,arg3,arg4,arg5,arg6,arg7,arg8,arg9,arg10))
[INFO] [stdout] #define STAP_PROBE11(provider,name,arg1,arg2,arg3,arg4,arg5,arg6,arg7,arg8,arg9,arg10,arg11) \
[INFO] [stdout]   _SDT_PROBE(provider, name, 11, \
[INFO] [stdout] 	     (arg1,arg2,arg3,arg4,arg5,arg6,arg7,arg8,arg9,arg10,arg11))
[INFO] [stdout] #define STAP_PROBE12(provider,name,arg1,arg2,arg3,arg4,arg5,arg6,arg7,arg8,arg9,arg10,arg11,arg12) \
[INFO] [stdout]   _SDT_PROBE(provider, name, 12, \
[INFO] [stdout] 	     (arg1,arg2,arg3,arg4,arg5,arg6,arg7,arg8,arg9,arg10,arg11,arg12))
[INFO] [stdout] 
[INFO] [stdout] /* This STAP_PROBEV macro can be used in variadic scenarios, where the
[INFO] [stdout]    number of probe arguments is not known until compile time.  Since
[INFO] [stdout]    variadic macro support may vary with compiler options, you must
[INFO] [stdout]    pre-#define SDT_USE_VARIADIC to enable this type of probe.
[INFO] [stdout] 
[INFO] [stdout]    The trick to count __VA_ARGS__ was inspired by this post by
[INFO] [stdout]    Laurent Deniau <laurent.deniau@cern.ch>:
[INFO] [stdout]        http://groups.google.com/group/comp.std.c/msg/346fc464319b1ee5
[INFO] [stdout] 
[INFO] [stdout]    Note that our _SDT_NARG is called with an extra 0 arg that's not
[INFO] [stdout]    counted, so we don't have to worry about the behavior of macros
[INFO] [stdout]    called without any arguments.  */
[INFO] [stdout] 
[INFO] [stdout] #ifdef SDT_USE_VARIADIC
[INFO] [stdout] #define _SDT_NARG(...) __SDT_NARG(__VA_ARGS__, 12,11,10,9,8,7,6,5,4,3,2,1,0)
[INFO] [stdout] #define __SDT_NARG(_0,_1,_2,_3,_4,_5,_6,_7,_8,_9,_10,_11,_12, N, ...) N
[INFO] [stdout] #define _SDT_PROBE_N(provider, name, N, ...) \
[INFO] [stdout]   _SDT_PROBE(provider, name, N, (__VA_ARGS__))
[INFO] [stdout] #define STAP_PROBEV(provider, name, ...) \
[INFO] [stdout]   _SDT_PROBE_N(provider, name, _SDT_NARG(0, ##__VA_ARGS__), ##__VA_ARGS__)
[INFO] [stdout] #endif
[INFO] [stdout] 
[INFO] [stdout] /* These macros are for use in asm statements.  You must compile
[INFO] [stdout]    with -std=gnu99 or -std=c99 to use the STAP_PROBE_ASM macro.
[INFO] [stdout] 
[INFO] [stdout]    The STAP_PROBE_ASM macro generates a quoted string to be used in the
[INFO] [stdout]    template portion of the asm statement, concatenated with strings that
[INFO] [stdout]    contain the actual assembly code around the probe site.
[INFO] [stdout] 
[INFO] [stdout]    For example:
[INFO] [stdout] 
[INFO] [stdout] 	asm ("before\n"
[INFO] [stdout] 	     STAP_PROBE_ASM(provider, fooprobe, %eax 4(%esi))
[INFO] [stdout] 	     "after");
[INFO] [stdout] 
[INFO] [stdout]    emits the assembly code for "before\nafter", with a probe in between.
[INFO] [stdout]    The probe arguments are the %eax register, and the value of the memory
[INFO] [stdout]    word located 4 bytes past the address in the %esi register.  Note that
[INFO] [stdout]    because this is a simple asm, not a GNU C extended asm statement, these
[INFO] [stdout]    % characters do not need to be doubled to generate literal %reg names.
[INFO] [stdout] 
[INFO] [stdout]    In a GNU C extended asm statement, the probe arguments can be specified
[INFO] [stdout]    using the macro STAP_PROBE_ASM_TEMPLATE(n) for n arguments.  The paired
[INFO] [stdout]    macro STAP_PROBE_ASM_OPERANDS gives the C values of these probe arguments,
[INFO] [stdout]    and appears in the input operand list of the asm statement.  For example:
[INFO] [stdout] 
[INFO] [stdout] 	asm ("someinsn %0,%1\n" // %0 is output operand, %1 is input operand
[INFO] [stdout] 	     STAP_PROBE_ASM(provider, fooprobe, STAP_PROBE_ASM_TEMPLATE(3))
[INFO] [stdout] 	     "otherinsn %[namedarg]"
[INFO] [stdout] 	     : "r" (outvar)
[INFO] [stdout] 	     : "g" (some_value), [namedarg] "i" (1234),
[INFO] [stdout] 	       STAP_PROBE_ASM_OPERANDS(3, some_value, some_ptr->field, 1234));
[INFO] [stdout] 
[INFO] [stdout]     This is just like writing:
[INFO] [stdout] 
[INFO] [stdout] 	STAP_PROBE3(provider, fooprobe, some_value, some_ptr->field, 1234));
[INFO] [stdout] 
[INFO] [stdout]     but the probe site is right between "someinsn" and "otherinsn".
[INFO] [stdout] 
[INFO] [stdout]     The probe arguments in STAP_PROBE_ASM can be given as assembly
[INFO] [stdout]     operands instead, even inside a GNU C extended asm statement.
[INFO] [stdout]     Note that these can use operand templates like %0 or %[name],
[INFO] [stdout]     and likewise they must write %%reg for a literal operand of %reg.  */
[INFO] [stdout] 
[INFO] [stdout] #if __STDC_VERSION__ >= 199901L
[INFO] [stdout] # define STAP_PROBE_ASM(provider, name, ...)		\
[INFO] [stdout]   _SDT_ASM_BODY(provider, name, _SDT_ASM_STRING, (__VA_ARGS__)) \
[INFO] [stdout]   _SDT_ASM_BASE
[INFO] [stdout] # define STAP_PROBE_ASM_OPERANDS(n, ...) _SDT_ASM_OPERANDS_##n(__VA_ARGS__)
[INFO] [stdout] #else
[INFO] [stdout] # define STAP_PROBE_ASM(provider, name, args)	\
[INFO] [stdout]   _SDT_ASM_BODY(provider, name, _SDT_ASM_STRING, (args)) \
[INFO] [stdout]   _SDT_ASM_BASE
[INFO] [stdout] #endif
[INFO] [stdout] #define STAP_PROBE_ASM_TEMPLATE(n)	_SDT_ASM_TEMPLATE_##n
[INFO] [stdout] 
[INFO] [stdout] 
[INFO] [stdout] /* DTrace compatible macro names.  */
[INFO] [stdout] #define DTRACE_PROBE(provider,probe)		\
[INFO] [stdout]   STAP_PROBE(provider,probe)
[INFO] [stdout] #define DTRACE_PROBE1(provider,probe,parm1)	\
[INFO] [stdout]   STAP_PROBE1(provider,probe,parm1)
[INFO] [stdout] #define DTRACE_PROBE2(provider,probe,parm1,parm2)	\
[INFO] [stdout]   STAP_PROBE2(provider,probe,parm1,parm2)
[INFO] [stdout] #define DTRACE_PROBE3(provider,probe,parm1,parm2,parm3) \
[INFO] [stdout]   STAP_PROBE3(provider,probe,parm1,parm2,parm3)
[INFO] [stdout] #define DTRACE_PROBE4(provider,probe,parm1,parm2,parm3,parm4)	\
[INFO] [stdout]   STAP_PROBE4(provider,probe,parm1,parm2,parm3,parm4)
[INFO] [stdout] #define DTRACE_PROBE5(provider,probe,parm1,parm2,parm3,parm4,parm5)	\
[INFO] [stdout]   STAP_PROBE5(provider,probe,parm1,parm2,parm3,parm4,parm5)
[INFO] [stdout] #define DTRACE_PROBE6(provider,probe,parm1,parm2,parm3,parm4,parm5,parm6) \
[INFO] [stdout]   STAP_PROBE6(provider,probe,parm1,parm2,parm3,parm4,parm5,parm6)
[INFO] [stdout] #define DTRACE_PROBE7(provider,probe,parm1,parm2,parm3,parm4,parm5,parm6,parm7) \
[INFO] [stdout]   STAP_PROBE7(provider,probe,parm1,parm2,parm3,parm4,parm5,parm6,parm7)
[INFO] [stdout] #define DTRACE_PROBE8(provider,probe,parm1,parm2,parm3,parm4,parm5,parm6,parm7,parm8) \
[INFO] [stdout]   STAP_PROBE8(provider,probe,parm1,parm2,parm3,parm4,parm5,parm6,parm7,parm8)
[INFO] [stdout] #define DTRACE_PROBE9(provider,probe,parm1,parm2,parm3,parm4,parm5,parm6,parm7,parm8,parm9) \
[INFO] [stdout]   STAP_PROBE9(provider,probe,parm1,parm2,parm3,parm4,parm5,parm6,parm7,parm8,parm9)
[INFO] [stdout] #define DTRACE_PROBE10(provider,probe,parm1,parm2,parm3,parm4,parm5,parm6,parm7,parm8,parm9,parm10) \
[INFO] [stdout]   STAP_PROBE10(provider,probe,parm1,parm2,parm3,parm4,parm5,parm6,parm7,parm8,parm9,parm10)
[INFO] [stderr] error: test failed, to rerun pass '--lib'
[INFO] [stdout] #define DTRACE_PROBE11(provider,probe,parm1,parm2,parm3,parm4,parm5,parm6,parm7,parm8,parm9,parm10,parm11) \
[INFO] [stdout]   STAP_PROBE11(provider,probe,parm1,parm2,parm3,parm4,parm5,parm6,parm7,parm8,parm9,parm10,parm11)
[INFO] [stdout] #define DTRACE_PROBE12(provider,probe,parm1,parm2,parm3,parm4,parm5,parm6,parm7,parm8,parm9,parm10,parm11,parm12) \
[INFO] [stdout]   STAP_PROBE12(provider,probe,parm1,parm2,parm3,parm4,parm5,parm6,parm7,parm8,parm9,parm10,parm11,parm12)
[INFO] [stdout] 
[INFO] [stdout] 
[INFO] [stdout] #endif /* sys/sdt.h */
[INFO] [stdout] 
[INFO] [stdout] /* The C-callable wrapper functions which the Rust bindings will invoke in order to fire the probes */
[INFO] [stdout] extern "C" {
[INFO] [stdout] 
[INFO] [stdout] }
[INFO] [stdout] running: "c++" "-O1" "-ffunction-sections" "-fdata-sections" "-fPIC" "-m64" "-static" "-Wall" "-Wextra" "-o" "/tmp/.tmpph68Hv/out/output/test_provider_trait_4977b4aae1171725.o" "-c" "/tmp/.tmpph68Hv/out/build/test_provider_trait_4977b4aae1171725.cpp"
[INFO] [stdout] exit status: 0
[INFO] [stdout] running: "ar" "cq" "/tmp/.tmpph68Hv/out/output/libtest_provider_trait_4977b4aae1171725.a" "/tmp/.tmpph68Hv/out/output/test_provider_trait_4977b4aae1171725.o"
[INFO] [stdout] exit status: 0
[INFO] [stdout] running: "ar" "s" "/tmp/.tmpph68Hv/out/output/libtest_provider_trait_4977b4aae1171725.a"
[INFO] [stdout] exit status: 0
[INFO] [stdout] Compiled native wrapper library /tmp/.tmpph68Hv/out/output/test_provider_trait_4977b4aae1171725
[INFO] [stdout] Restoring environment variables
[INFO] [stdout] Unsetting 'TARGET'
[INFO] [stdout] Unsetting 'HOST'
[INFO] [stdout] Unsetting 'OPT_LEVEL'
[INFO] [stdout] Unsetting 'OUT_DIR'
[INFO] [stdout] Acquiring mutex
[INFO] [stdout] Mutex is poisoned; cleaning up previous env vars
[INFO] [stdout] Restoring environment variables
[INFO] [stdout] Setting 'TARGET' to 'x86_64-linux-gnu'
[INFO] [stdout] Setting 'HOST' to 'x86_64-linux-gnu'
[INFO] [stdout] Setting 'OPT_LEVEL' to '1'
[INFO] [stdout] Setting 'OUT_DIR' to '/tmp/.tmp7hQnGc/out'
[INFO] [stdout] Generated LTTng template code:
[INFO] [stdout] /** This file automatically generated by tracers-codegen 0.1.0.  Do not edit
[INFO] [stdout]  * this file.
[INFO] [stdout]  *
[INFO] [stdout]  * This file contains the LTTng template for the tracing provider definedin trait ProviderTrait.
[INFO] [stdout]  *
[INFO] [stdout]  * The source code for that trait is:
[INFO] [stdout]  *
[INFO] [stdout]  * ```rust
[INFO] [stdout]  * trait ProviderTrait { }
[INFO] [stdout]  * ```
[INFO] [stdout]  */
[INFO] [stdout] 
[INFO] [stdout] 
[INFO] [stdout] Generated wrapper code:
[INFO] [stdout] /** This file automatically generated by tracers-codegen 0.1.0.  Do not edit
[INFO] [stdout]  * this file.
[INFO] [stdout]  *
[INFO] [stdout]  * This file contains native wrappers for the probes defined in trait ProviderTrait.
[INFO] [stdout]  *
[INFO] [stdout]  * The source code for that trait is:
[INFO] [stdout]  *
[INFO] [stdout]  * ```rust
[INFO] [stdout]  * trait ProviderTrait { }
[INFO] [stdout]  * ```
[INFO] [stdout]  */
[INFO] [stdout] 
[INFO] [stdout] #include "test_provider_trait_4977b4aae1171725_provider.h"
[INFO] [stdout] 
[INFO] [stdout] extern "C" {
[INFO] [stdout] /* The C-callable wrapper functions which the Rust bindings will invoke in order to fire the probes */
[INFO] [stdout] 
[INFO] [stdout] 
[INFO] [stdout] }
[INFO] [stdout] Generating /tmp/.tmp7hQnGc/out/build/test_provider_trait_4977b4aae1171725_provider.c and /tmp/.tmp7hQnGc/out/build/test_provider_trait_4977b4aae1171725_provider.h with `lttng-gen-tp`...
[INFO] [stdout] thread 'gen::r#static::native_code::tests::generates_processed_provider_trait' panicked at 'There should be a processed provider: ProviderTraitNotProcessedError { message: "The provider trait 'ProviderTrait' couldn't be processed by the code generator: No such file or directory (os error 2)\nCheck your build output for errors.  Tracing will be disabled for this provider", trait_name: "ProviderTrait", error: Os { code: 2, kind: NotFound, message: "No such file or directory" }
[INFO] [stdout] 
[INFO] [stdout]    0: failure::backtrace::internal::InternalBacktrace::new
[INFO] [stdout]              at /opt/rustwide/cargo-home/registry/src/github.com-1ecc6299db9ec823/failure-0.1.8/src/backtrace/internal.rs:46:44
[INFO] [stdout]    1: failure::backtrace::Backtrace::new
[INFO] [stdout]              at /opt/rustwide/cargo-home/registry/src/github.com-1ecc6299db9ec823/failure-0.1.8/src/backtrace/mod.rs:121:35
[INFO] [stdout]    2: <failure::error::error_impl::ErrorImpl as core::convert::From<F>>::from
[INFO] [stdout]              at /opt/rustwide/cargo-home/registry/src/github.com-1ecc6299db9ec823/failure-0.1.8/src/error/error_impl.rs:19:17
[INFO] [stdout]    3: <failure::error::Error as core::convert::From<F>>::from
[INFO] [stdout]              at /opt/rustwide/cargo-home/registry/src/github.com-1ecc6299db9ec823/failure-0.1.8/src/error/mod.rs:36:18
[INFO] [stdout]    4: <core::result::Result<T,F> as core::ops::try_trait::FromResidual<core::result::Result<core::convert::Infallible,E>>>::from_residual
[INFO] [stdout]              at /rustc/a178d0322ce20e33eac124758e837cbd80a6f633/library/core/src/result.rs:1675:27
[INFO] [stdout]    5: tracers_codegen::cache::load_cached_results
[INFO] [stdout]              at src/cache.rs:152:16
[INFO] [stdout]    6: tracers_codegen::cache::get_cached_object_computation
[INFO] [stdout]              at src/cache.rs:104:5
[INFO] [stdout]    7: tracers_codegen::gen::static::native_code::get_processed_provider_info
[INFO] [stdout]              at src/gen/static/native_code/mod.rs:65:5
[INFO] [stdout]    8: tracers_codegen::gen::static::native_code::tests::generates_processed_provider_trait
[INFO] [stdout]              at src/gen/static/native_code/mod.rs:401:42
[INFO] [stdout]    9: tracers_codegen::gen::static::native_code::tests::generates_processed_provider_trait::{{closure}}
[INFO] [stdout]              at src/gen/static/native_code/mod.rs:364:5
[INFO] [stdout]   10: core::ops::function::FnOnce::call_once
[INFO] [stdout]              at /rustc/a178d0322ce20e33eac124758e837cbd80a6f633/library/core/src/ops/function.rs:227:5
[INFO] [stdout]   11: core::ops::function::FnOnce::call_once
[INFO] [stdout]              at /rustc/a178d0322ce20e33eac124758e837cbd80a6f633/library/core/src/ops/function.rs:227:5
[INFO] [stdout]       test::__rust_begin_short_backtrace
[INFO] [stdout]              at /rustc/a178d0322ce20e33eac124758e837cbd80a6f633/library/test/src/lib.rs:577:5
[INFO] [stdout]   12: <alloc::boxed::Box<F,A> as core::ops::function::FnOnce<Args>>::call_once
[INFO] [stdout]              at /rustc/a178d0322ce20e33eac124758e837cbd80a6f633/library/alloc/src/boxed.rs:1575:9
[INFO] [stdout]       <std::panic::AssertUnwindSafe<F> as core::ops::function::FnOnce<()>>::call_once
[INFO] [stdout]              at /rustc/a178d0322ce20e33eac124758e837cbd80a6f633/library/std/src/panic.rs:347:9
[INFO] [stdout]       std::panicking::try::do_call
[INFO] [stdout]              at /rustc/a178d0322ce20e33eac124758e837cbd80a6f633/library/std/src/panicking.rs:401:40
[INFO] [stdout]       std::panicking::try
[INFO] [stdout]              at /rustc/a178d0322ce20e33eac124758e837cbd80a6f633/library/std/src/panicking.rs:365:19
[INFO] [stdout]       std::panic::catch_unwind
[INFO] [stdout]              at /rustc/a178d0322ce20e33eac124758e837cbd80a6f633/library/std/src/panic.rs:434:14
[INFO] [stdout]       test::run_test_in_process
[INFO] [stdout]              at /rustc/a178d0322ce20e33eac124758e837cbd80a6f633/library/test/src/lib.rs:600:18
[INFO] [stdout]       test::run_test::run_test_inner::{{closure}}
[INFO] [stdout]              at /rustc/a178d0322ce20e33eac124758e837cbd80a6f633/library/test/src/lib.rs:492:39
[INFO] [stdout]   13: test::run_test::run_test_inner::{{closure}}
[INFO] [stdout]              at /rustc/a178d0322ce20e33eac124758e837cbd80a6f633/library/test/src/lib.rs:519:37
[INFO] [stdout]       std::sys_common::backtrace::__rust_begin_short_backtrace
[INFO] [stdout]              at /rustc/a178d0322ce20e33eac124758e837cbd80a6f633/library/std/src/sys_common/backtrace.rs:125:18
[INFO] [stdout]   14: std::thread::Builder::spawn_unchecked::{{closure}}::{{closure}}
[INFO] [stdout]              at /rustc/a178d0322ce20e33eac124758e837cbd80a6f633/library/std/src/thread/mod.rs:481:17
[INFO] [stdout]       <std::panic::AssertUnwindSafe<F> as core::ops::function::FnOnce<()>>::call_once
[INFO] [stdout]              at /rustc/a178d0322ce20e33eac124758e837cbd80a6f633/library/std/src/panic.rs:347:9
[INFO] [stdout]       std::panicking::try::do_call
[INFO] [stdout]              at /rustc/a178d0322ce20e33eac124758e837cbd80a6f633/library/std/src/panicking.rs:401:40
[INFO] [stdout]       std::panicking::try
[INFO] [stdout]              at /rustc/a178d0322ce20e33eac124758e837cbd80a6f633/library/std/src/panicking.rs:365:19
[INFO] [stdout]       std::panic::catch_unwind
[INFO] [stdout]              at /rustc/a178d0322ce20e33eac124758e837cbd80a6f633/library/std/src/panic.rs:434:14
[INFO] [stdout]       std::thread::Builder::spawn_unchecked::{{closure}}
[INFO] [stdout]              at /rustc/a178d0322ce20e33eac124758e837cbd80a6f633/library/std/src/thread/mod.rs:480:30
[INFO] [stdout]       core::ops::function::FnOnce::call_once{{vtable.shim}}
[INFO] [stdout]              at /rustc/a178d0322ce20e33eac124758e837cbd80a6f633/library/core/src/ops/function.rs:227:5
[INFO] [stdout]   15: <alloc::boxed::Box<F,A> as core::ops::function::FnOnce<Args>>::call_once
[INFO] [stdout]              at /rustc/a178d0322ce20e33eac124758e837cbd80a6f633/library/alloc/src/boxed.rs:1575:9
[INFO] [stdout]       <alloc::boxed::Box<F,A> as core::ops::function::FnOnce<Args>>::call_once
[INFO] [stdout]              at /rustc/a178d0322ce20e33eac124758e837cbd80a6f633/library/alloc/src/boxed.rs:1575:9
[INFO] [stdout]       std::sys::unix::thread::Thread::new::thread_start
[INFO] [stdout]              at /rustc/a178d0322ce20e33eac124758e837cbd80a6f633/library/std/src/sys/unix/thread.rs:71:17
[INFO] [stdout]   16: start_thread
[INFO] [stdout]   17: clone
[INFO] [stdout]  }', src/gen/static/native_code/mod.rs:402:22
[INFO] [stdout] stack backtrace:
[INFO] [stdout]    0:     0x55a938c5dc20 - std::backtrace_rs::backtrace::libunwind::trace::h34055254b57d8e79
[INFO] [stdout]                                at /rustc/a178d0322ce20e33eac124758e837cbd80a6f633/library/std/src/../../backtrace/src/backtrace/libunwind.rs:90:5
[INFO] [stdout]    1:     0x55a938c5dc20 - std::backtrace_rs::backtrace::trace_unsynchronized::h8f1e3fbd9afff6ec
[INFO] [stdout]                                at /rustc/a178d0322ce20e33eac124758e837cbd80a6f633/library/std/src/../../backtrace/src/backtrace/mod.rs:66:5
[INFO] [stdout]    2:     0x55a938c5dc20 - std::sys_common::backtrace::_print_fmt::h3a99a796b770c360
[INFO] [stdout]                                at /rustc/a178d0322ce20e33eac124758e837cbd80a6f633/library/std/src/sys_common/backtrace.rs:67:5
[INFO] [stdout]    3:     0x55a938c5dc20 - <std::sys_common::backtrace::_print::DisplayBacktrace as core::fmt::Display>::fmt::h32d1f94a80615d18
[INFO] [stdout]                                at /rustc/a178d0322ce20e33eac124758e837cbd80a6f633/library/std/src/sys_common/backtrace.rs:46:22
[INFO] [stdout]    4:     0x55a938c84d8c - core::fmt::write::h306731c068f7162c
[INFO] [stdout]                                at /rustc/a178d0322ce20e33eac124758e837cbd80a6f633/library/core/src/fmt/mod.rs:1110:17
[INFO] [stdout]    5:     0x55a938c59b05 - std::io::Write::write_fmt::h87f19b0a2cd190bc
[INFO] [stdout]                                at /rustc/a178d0322ce20e33eac124758e837cbd80a6f633/library/std/src/io/mod.rs:1588:15
[INFO] [stdout]    6:     0x55a938c604bb - std::sys_common::backtrace::_print::h5abaa2601a852287
[INFO] [stdout]                                at /rustc/a178d0322ce20e33eac124758e837cbd80a6f633/library/std/src/sys_common/backtrace.rs:49:5
[INFO] [stdout]    7:     0x55a938c604bb - std::sys_common::backtrace::print::h8d81445442bb638f
[INFO] [stdout]                                at /rustc/a178d0322ce20e33eac124758e837cbd80a6f633/library/std/src/sys_common/backtrace.rs:36:9
[INFO] [stdout]    8:     0x55a938c604bb - std::panicking::default_hook::{{closure}}::hcfe804496a9fa747
[INFO] [stdout]                                at /rustc/a178d0322ce20e33eac124758e837cbd80a6f633/library/std/src/panicking.rs:208:50
[INFO] [stdout]    9:     0x55a938c5ffcc - std::panicking::default_hook::hbea8e3ccf2ba8901
[INFO] [stdout]                                at /rustc/a178d0322ce20e33eac124758e837cbd80a6f633/library/std/src/panicking.rs:222:9
[INFO] [stdout]   10:     0x55a938c60ba9 - std::panicking::rust_panic_with_hook::h7ee9e1a2d0f8975a
[INFO] [stdout]                                at /rustc/a178d0322ce20e33eac124758e837cbd80a6f633/library/std/src/panicking.rs:626:17
[INFO] [stdout]   11:     0x55a938c60667 - std::panicking::begin_panic_handler::{{closure}}::h8ab3b4491718b2c7
[INFO] [stdout]                                at /rustc/a178d0322ce20e33eac124758e837cbd80a6f633/library/std/src/panicking.rs:519:13
[INFO] [stdout]   12:     0x55a938c5e11c - std::sys_common::backtrace::__rust_end_short_backtrace::hd489062ffa586a9f
[INFO] [stdout]                                at /rustc/a178d0322ce20e33eac124758e837cbd80a6f633/library/std/src/sys_common/backtrace.rs:141:18
[INFO] [stdout]   13:     0x55a938c605c9 - rust_begin_unwind
[INFO] [stdout]                                at /rustc/a178d0322ce20e33eac124758e837cbd80a6f633/library/std/src/panicking.rs:515:5
[INFO] [stdout]   14:     0x55a938579d71 - core::panicking::panic_fmt::hca6330e3e14086b4
[INFO] [stdout]                                at /rustc/a178d0322ce20e33eac124758e837cbd80a6f633/library/core/src/panicking.rs:92:14
[INFO] [stdout]   15:     0x55a938579e63 - core::result::unwrap_failed::h6160d2b4bfbb0e87
[INFO] [stdout]                                at /rustc/a178d0322ce20e33eac124758e837cbd80a6f633/library/core/src/result.rs:1355:5
[INFO] [stdout]   16:     0x55a9386d03d3 - core::result::Result<T,E>::expect::h7e7884cfddedf5de
[INFO] [stdout]                                at /rustc/a178d0322ce20e33eac124758e837cbd80a6f633/library/core/src/result.rs:997:23
[INFO] [stdout]   17:     0x55a93864e142 - tracers_codegen::gen::static::native_code::tests::generates_processed_provider_trait::h1415a1b7bdd2f412
[INFO] [stdout]                                at /opt/rustwide/workdir/src/gen/static/native_code/mod.rs:401:42
[INFO] [stdout]   18:     0x55a93864d6ea - tracers_codegen::gen::static::native_code::tests::generates_processed_provider_trait::{{closure}}::h08ee51a6b3f7ebfe
[INFO] [stdout]                                at /opt/rustwide/workdir/src/gen/static/native_code/mod.rs:364:5
[INFO] [stdout]   19:     0x55a93869589e - core::ops::function::FnOnce::call_once::h61d878f118f39969
[INFO] [stdout]                                at /rustc/a178d0322ce20e33eac124758e837cbd80a6f633/library/core/src/ops/function.rs:227:5
[INFO] [stdout]   20:     0x55a938814d23 - core::ops::function::FnOnce::call_once::h152e7e439ff59e19
[INFO] [stdout]                                at /rustc/a178d0322ce20e33eac124758e837cbd80a6f633/library/core/src/ops/function.rs:227:5
[INFO] [stdout]   21:     0x55a938814d23 - test::__rust_begin_short_backtrace::h0908f3b1fdbb72ab
[INFO] [stdout]                                at /rustc/a178d0322ce20e33eac124758e837cbd80a6f633/library/test/src/lib.rs:577:5
[INFO] [stdout]   22:     0x55a9388137e0 - <alloc::boxed::Box<F,A> as core::ops::function::FnOnce<Args>>::call_once::hf6d2a51e5587546c
[INFO] [stdout]                                at /rustc/a178d0322ce20e33eac124758e837cbd80a6f633/library/alloc/src/boxed.rs:1575:9
[INFO] [stdout]   23:     0x55a9388137e0 - <std::panic::AssertUnwindSafe<F> as core::ops::function::FnOnce<()>>::call_once::h8af660f3a89ef593
[INFO] [stdout]                                at /rustc/a178d0322ce20e33eac124758e837cbd80a6f633/library/std/src/panic.rs:347:9
[INFO] [stdout]   24:     0x55a9388137e0 - std::panicking::try::do_call::hd36aef60f84b6d36
[INFO] [stdout]                                at /rustc/a178d0322ce20e33eac124758e837cbd80a6f633/library/std/src/panicking.rs:401:40
[INFO] [stdout]   25:     0x55a9388137e0 - std::panicking::try::h9932b4480e69817c
[INFO] [stdout]                                at /rustc/a178d0322ce20e33eac124758e837cbd80a6f633/library/std/src/panicking.rs:365:19
[INFO] [stdout]   26:     0x55a9388137e0 - std::panic::catch_unwind::h6aa177099cfff5f8
[INFO] [stdout]                                at /rustc/a178d0322ce20e33eac124758e837cbd80a6f633/library/std/src/panic.rs:434:14
[INFO] [stdout]   27:     0x55a9388137e0 - test::run_test_in_process::h5884d6f2d99e20c3
[INFO] [stdout]                                at /rustc/a178d0322ce20e33eac124758e837cbd80a6f633/library/test/src/lib.rs:600:18
[INFO] [stdout]   28:     0x55a9388137e0 - test::run_test::run_test_inner::{{closure}}::h6fdc58c6d5f5b6e3
[INFO] [stdout]                                at /rustc/a178d0322ce20e33eac124758e837cbd80a6f633/library/test/src/lib.rs:492:39
[INFO] [stdout]   29:     0x55a9387ece92 - test::run_test::run_test_inner::{{closure}}::h408365d67a78ade8
[INFO] [stdout]                                at /rustc/a178d0322ce20e33eac124758e837cbd80a6f633/library/test/src/lib.rs:519:37
[INFO] [stdout]   30:     0x55a9387ece92 - std::sys_common::backtrace::__rust_begin_short_backtrace::hb560b77c4f701523
[INFO] [stdout]                                at /rustc/a178d0322ce20e33eac124758e837cbd80a6f633/library/std/src/sys_common/backtrace.rs:125:18
[INFO] [stdout]   31:     0x55a9387f0a48 - std::thread::Builder::spawn_unchecked::{{closure}}::{{closure}}::hf2e7831dad93c597
[INFO] [stdout]                                at /rustc/a178d0322ce20e33eac124758e837cbd80a6f633/library/std/src/thread/mod.rs:481:17
[INFO] [stdout]   32:     0x55a9387f0a48 - <std::panic::AssertUnwindSafe<F> as core::ops::function::FnOnce<()>>::call_once::hd2e08783d8be4d02
[INFO] [stdout]                                at /rustc/a178d0322ce20e33eac124758e837cbd80a6f633/library/std/src/panic.rs:347:9
[INFO] [stdout]   33:     0x55a9387f0a48 - std::panicking::try::do_call::h062597b7acfd6b82
[INFO] [stdout]                                at /rustc/a178d0322ce20e33eac124758e837cbd80a6f633/library/std/src/panicking.rs:401:40
[INFO] [stdout]   34:     0x55a9387f0a48 - std::panicking::try::h0d7b79db04c14552
[INFO] [stdout]                                at /rustc/a178d0322ce20e33eac124758e837cbd80a6f633/library/std/src/panicking.rs:365:19
[INFO] [stdout]   35:     0x55a9387f0a48 - std::panic::catch_unwind::hb01a0b5e7c8cd43b
[INFO] [stdout]                                at /rustc/a178d0322ce20e33eac124758e837cbd80a6f633/library/std/src/panic.rs:434:14
[INFO] [stdout]   36:     0x55a9387f0a48 - std::thread::Builder::spawn_unchecked::{{closure}}::h5bde48cc887e0d1e
[INFO] [stdout]                                at /rustc/a178d0322ce20e33eac124758e837cbd80a6f633/library/std/src/thread/mod.rs:480:30
[INFO] [stdout]   37:     0x55a9387f0a48 - core::ops::function::FnOnce::call_once{{vtable.shim}}::h745ea30807a29e55
[INFO] [stdout]                                at /rustc/a178d0322ce20e33eac124758e837cbd80a6f633/library/core/src/ops/function.rs:227:5
[INFO] [stdout]   38:     0x55a938c674b7 - <alloc::boxed::Box<F,A> as core::ops::function::FnOnce<Args>>::call_once::h7ece6cfefaff1005
[INFO] [stdout]                                at /rustc/a178d0322ce20e33eac124758e837cbd80a6f633/library/alloc/src/boxed.rs:1575:9
[INFO] [stdout]   39:     0x55a938c674b7 - <alloc::boxed::Box<F,A> as core::ops::function::FnOnce<Args>>::call_once::hb8b48e55c21f193e
[INFO] [stdout]                                at /rustc/a178d0322ce20e33eac124758e837cbd80a6f633/library/alloc/src/boxed.rs:1575:9
[INFO] [stdout]   40:     0x55a938c674b7 - std::sys::unix::thread::Thread::new::thread_start::h8c7c4450dba62914
[INFO] [stdout]                                at /rustc/a178d0322ce20e33eac124758e837cbd80a6f633/library/std/src/sys/unix/thread.rs:71:17
[INFO] [stdout]   41:     0x7f980e6de609 - start_thread
[INFO] [stdout]   42:     0x7f980e4b0293 - clone
[INFO] [stdout]   43:                0x0 - <unknown>
[INFO] [stdout] Restoring environment variables
[INFO] [stdout] Unsetting 'TARGET'
[INFO] [stdout] Unsetting 'HOST'
[INFO] [stdout] Unsetting 'OPT_LEVEL'
[INFO] [stdout] Unsetting 'OUT_DIR'
[INFO] [stdout] 
[INFO] [stdout] 
[INFO] [stdout] failures:
[INFO] [stdout]     build_rs::tests::build_rs_workflow_tests
[INFO] [stdout]     cargo::test::gets_correct_targets
[INFO] [stdout]     deps::test::test_case
[INFO] [stdout]     gen::r#static::native_code::tests::caches_results
[INFO] [stdout]     gen::r#static::native_code::tests::generates_processed_provider_trait
[INFO] [stdout] 
[INFO] [stdout] test result: FAILED. 26 passed; 5 failed; 0 ignored; 0 measured; 0 filtered out; finished in 1.54s
[INFO] [stdout] 
[INFO] running `Command { std: "docker" "inspect" "903b1b20d405315720003f499839f07ae4883166bfdc5e071d7112e86e8ce23d", kill_on_drop: false }`
[INFO] running `Command { std: "docker" "rm" "-f" "903b1b20d405315720003f499839f07ae4883166bfdc5e071d7112e86e8ce23d", kill_on_drop: false }`
[INFO] [stdout] 903b1b20d405315720003f499839f07ae4883166bfdc5e071d7112e86e8ce23d
