[INFO] fetching crate toy-rpc-macros 0.6.1...
[INFO] testing toy-rpc-macros-0.6.1 against beta-2021-08-01 for beta-1.55-1
[INFO] extracting crate toy-rpc-macros 0.6.1 into /workspace/builds/worker-13/source
[INFO] validating manifest of crates.io crate toy-rpc-macros 0.6.1 on toolchain beta-2021-08-01
[INFO] running `Command { std: "/workspace/cargo-home/bin/cargo" "+beta-2021-08-01" "metadata" "--manifest-path" "Cargo.toml" "--no-deps", kill_on_drop: false }`
[INFO] started tweaking crates.io crate toy-rpc-macros 0.6.1
[INFO] finished tweaking crates.io crate toy-rpc-macros 0.6.1
[INFO] tweaked toml for crates.io crate toy-rpc-macros 0.6.1 written to /workspace/builds/worker-13/source/Cargo.toml
[INFO] running `Command { std: "/workspace/cargo-home/bin/cargo" "+beta-2021-08-01" "generate-lockfile" "--manifest-path" "Cargo.toml" "-Zno-index-update", kill_on_drop: false }`
[INFO] running `Command { std: "/workspace/cargo-home/bin/cargo" "+beta-2021-08-01" "fetch" "--manifest-path" "Cargo.toml", kill_on_drop: false }`
[INFO] running `Command { std: "docker" "create" "-v" "/var/lib/crater-agent-workspace/builds/worker-13/target:/opt/rustwide/target:rw,Z" "-v" "/var/lib/crater-agent-workspace/builds/worker-13/source:/opt/rustwide/workdir:ro,Z" "-v" "/var/lib/crater-agent-workspace/cargo-home:/opt/rustwide/cargo-home:ro,Z" "-v" "/var/lib/crater-agent-workspace/rustup-home:/opt/rustwide/rustup-home:ro,Z" "-e" "SOURCE_DIR=/opt/rustwide/workdir" "-e" "CARGO_TARGET_DIR=/opt/rustwide/target" "-e" "CARGO_HOME=/opt/rustwide/cargo-home" "-e" "RUSTUP_HOME=/opt/rustwide/rustup-home" "-w" "/opt/rustwide/workdir" "-m" "1610612736" "--user" "0:0" "--network" "none" "ghcr.io/rust-lang/crates-build-env/linux@sha256:34b6a614d2c27851fe6cbf88fbd1137609cefab8b10d0615aaeb6fd47975d74e" "/opt/rustwide/cargo-home/bin/cargo" "+beta-2021-08-01" "metadata" "--no-deps" "--format-version=1", kill_on_drop: false }`
[INFO] [stdout] daba63a6b2fd0b8b56a38f25ebc87674621b99d611e9775f02a2667f4cc6d4df
[INFO] running `Command { std: "docker" "start" "-a" "daba63a6b2fd0b8b56a38f25ebc87674621b99d611e9775f02a2667f4cc6d4df", kill_on_drop: false }`
[INFO] running `Command { std: "docker" "inspect" "daba63a6b2fd0b8b56a38f25ebc87674621b99d611e9775f02a2667f4cc6d4df", kill_on_drop: false }`
[INFO] running `Command { std: "docker" "rm" "-f" "daba63a6b2fd0b8b56a38f25ebc87674621b99d611e9775f02a2667f4cc6d4df", kill_on_drop: false }`
[INFO] [stdout] daba63a6b2fd0b8b56a38f25ebc87674621b99d611e9775f02a2667f4cc6d4df
[INFO] running `Command { std: "docker" "create" "-v" "/var/lib/crater-agent-workspace/builds/worker-13/target:/opt/rustwide/target:rw,Z" "-v" "/var/lib/crater-agent-workspace/builds/worker-13/source:/opt/rustwide/workdir:ro,Z" "-v" "/var/lib/crater-agent-workspace/cargo-home:/opt/rustwide/cargo-home:ro,Z" "-v" "/var/lib/crater-agent-workspace/rustup-home:/opt/rustwide/rustup-home:ro,Z" "-e" "SOURCE_DIR=/opt/rustwide/workdir" "-e" "CARGO_TARGET_DIR=/opt/rustwide/target" "-e" "CARGO_INCREMENTAL=0" "-e" "RUST_BACKTRACE=full" "-e" "RUSTFLAGS=--cap-lints=warn" "-e" "CARGO_HOME=/opt/rustwide/cargo-home" "-e" "RUSTUP_HOME=/opt/rustwide/rustup-home" "-w" "/opt/rustwide/workdir" "-m" "1610612736" "--user" "0:0" "--network" "none" "ghcr.io/rust-lang/crates-build-env/linux@sha256:34b6a614d2c27851fe6cbf88fbd1137609cefab8b10d0615aaeb6fd47975d74e" "/opt/rustwide/cargo-home/bin/cargo" "+beta-2021-08-01" "build" "--frozen" "--message-format=json", kill_on_drop: false }`
[INFO] [stdout] 8b50479c0cfcf1ef5a72106b7539b41dbc970108cf39118bf2789f28182c6b20
[INFO] running `Command { std: "docker" "start" "-a" "8b50479c0cfcf1ef5a72106b7539b41dbc970108cf39118bf2789f28182c6b20", kill_on_drop: false }`
[INFO] [stderr]     Blocking waiting for file lock on package cache
[INFO] [stderr]    Compiling syn v1.0.74
[INFO] [stderr]    Compiling strsim v0.10.0
[INFO] [stderr]    Compiling ident_case v1.0.1
[INFO] [stderr]    Compiling darling_core v0.13.0
[INFO] [stderr]    Compiling darling_macro v0.13.0
[INFO] [stderr]    Compiling darling v0.13.0
[INFO] [stderr]    Compiling toy-rpc-macros v0.6.1 (/opt/rustwide/workdir)
[INFO] [stderr]     Finished dev [unoptimized + debuginfo] target(s) in 19.35s
[INFO] running `Command { std: "docker" "inspect" "8b50479c0cfcf1ef5a72106b7539b41dbc970108cf39118bf2789f28182c6b20", kill_on_drop: false }`
[INFO] running `Command { std: "docker" "rm" "-f" "8b50479c0cfcf1ef5a72106b7539b41dbc970108cf39118bf2789f28182c6b20", kill_on_drop: false }`
[INFO] [stdout] 8b50479c0cfcf1ef5a72106b7539b41dbc970108cf39118bf2789f28182c6b20
[INFO] running `Command { std: "docker" "create" "-v" "/var/lib/crater-agent-workspace/builds/worker-13/target:/opt/rustwide/target:rw,Z" "-v" "/var/lib/crater-agent-workspace/builds/worker-13/source:/opt/rustwide/workdir:ro,Z" "-v" "/var/lib/crater-agent-workspace/cargo-home:/opt/rustwide/cargo-home:ro,Z" "-v" "/var/lib/crater-agent-workspace/rustup-home:/opt/rustwide/rustup-home:ro,Z" "-e" "SOURCE_DIR=/opt/rustwide/workdir" "-e" "CARGO_TARGET_DIR=/opt/rustwide/target" "-e" "CARGO_INCREMENTAL=0" "-e" "RUST_BACKTRACE=full" "-e" "RUSTFLAGS=--cap-lints=warn" "-e" "CARGO_HOME=/opt/rustwide/cargo-home" "-e" "RUSTUP_HOME=/opt/rustwide/rustup-home" "-w" "/opt/rustwide/workdir" "-m" "1610612736" "--user" "0:0" "--network" "none" "ghcr.io/rust-lang/crates-build-env/linux@sha256:34b6a614d2c27851fe6cbf88fbd1137609cefab8b10d0615aaeb6fd47975d74e" "/opt/rustwide/cargo-home/bin/cargo" "+beta-2021-08-01" "test" "--frozen" "--no-run" "--message-format=json", kill_on_drop: false }`
[INFO] [stdout] c5b2e1786e00ef1073c35b5b7e9962848659f9ce5526cbe46f454a8a78ded706
[INFO] running `Command { std: "docker" "start" "-a" "c5b2e1786e00ef1073c35b5b7e9962848659f9ce5526cbe46f454a8a78ded706", kill_on_drop: false }`
[INFO] [stderr]    Compiling toy-rpc-macros v0.6.1 (/opt/rustwide/workdir)
[INFO] [stderr]     Finished test [unoptimized + debuginfo] target(s) in 0.92s
[INFO] running `Command { std: "docker" "inspect" "c5b2e1786e00ef1073c35b5b7e9962848659f9ce5526cbe46f454a8a78ded706", kill_on_drop: false }`
[INFO] running `Command { std: "docker" "rm" "-f" "c5b2e1786e00ef1073c35b5b7e9962848659f9ce5526cbe46f454a8a78ded706", kill_on_drop: false }`
[INFO] [stdout] c5b2e1786e00ef1073c35b5b7e9962848659f9ce5526cbe46f454a8a78ded706
[INFO] running `Command { std: "docker" "create" "-v" "/var/lib/crater-agent-workspace/builds/worker-13/target:/opt/rustwide/target:rw,Z" "-v" "/var/lib/crater-agent-workspace/builds/worker-13/source:/opt/rustwide/workdir:ro,Z" "-v" "/var/lib/crater-agent-workspace/cargo-home:/opt/rustwide/cargo-home:ro,Z" "-v" "/var/lib/crater-agent-workspace/rustup-home:/opt/rustwide/rustup-home:ro,Z" "-e" "SOURCE_DIR=/opt/rustwide/workdir" "-e" "CARGO_TARGET_DIR=/opt/rustwide/target" "-e" "CARGO_INCREMENTAL=0" "-e" "RUST_BACKTRACE=full" "-e" "RUSTFLAGS=--cap-lints=warn" "-e" "CARGO_HOME=/opt/rustwide/cargo-home" "-e" "RUSTUP_HOME=/opt/rustwide/rustup-home" "-w" "/opt/rustwide/workdir" "-m" "1610612736" "--user" "0:0" "--network" "none" "ghcr.io/rust-lang/crates-build-env/linux@sha256:34b6a614d2c27851fe6cbf88fbd1137609cefab8b10d0615aaeb6fd47975d74e" "/opt/rustwide/cargo-home/bin/cargo" "+beta-2021-08-01" "test" "--frozen", kill_on_drop: false }`
[INFO] [stdout] 1a0513e7c1ea456b411db98c78ed688d15dfd47f99a7a46f9b7bef8381151079
[INFO] running `Command { std: "docker" "start" "-a" "1a0513e7c1ea456b411db98c78ed688d15dfd47f99a7a46f9b7bef8381151079", kill_on_drop: false }`
[INFO] [stderr]     Finished test [unoptimized + debuginfo] target(s) in 0.01s
[INFO] [stdout] 
[INFO] [stderr]      Running unittests (/opt/rustwide/target/debug/deps/toy_rpc_macros-1f7e2c062fc89b13)
[INFO] [stdout] running 0 tests
[INFO] [stderr]    Doc-tests toy-rpc-macros
[INFO] [stdout] 
[INFO] [stdout] test result: ok. 0 passed; 0 failed; 0 ignored; 0 measured; 0 filtered out; finished in 0.00s
[INFO] [stdout] 
[INFO] [stdout] 
[INFO] [stdout] running 3 tests
[INFO] [stdout] test src/lib.rs - export_trait_impl (line 485) ... FAILED
[INFO] [stdout] test src/lib.rs - export_trait (line 355) ... FAILED
[INFO] [stdout] test src/lib.rs - export_impl (line 249) ... FAILED
[INFO] [stdout] 
[INFO] [stdout] failures:
[INFO] [stdout] 
[INFO] [stdout] ---- src/lib.rs - export_trait_impl (line 485) stdout ----
[INFO] [stdout] error: expected one of `:` or `|`, found `)`
[INFO] [stdout]   --> src/lib.rs:493:39
[INFO] [stdout]    |
[INFO] [stdout] 10 |     async fn add(&self, args(i32, i32)) -> Result<i32, String> {
[INFO] [stdout]    |                                       ^ expected one of `:` or `|`
[INFO] [stdout] 
[INFO] [stdout] error[E0706]: functions in traits cannot be declared `async`
[INFO] [stdout]   --> src/lib.rs:493:5
[INFO] [stdout]    |
[INFO] [stdout] 10 |       async fn add(&self, args(i32, i32)) -> Result<i32, String> {
[INFO] [stdout]    |       ^----
[INFO] [stdout]    |       |
[INFO] [stdout]    |  _____`async` because of this
[INFO] [stdout]    | |
[INFO] [stdout] 11 | |         // ...
[INFO] [stdout] 12 | |     }
[INFO] [stdout]    | |_____^
[INFO] [stdout]    |
[INFO] [stdout]    = note: `async` trait functions are not currently supported
[INFO] [stdout]    = note: consider using the `async-trait` crate: https://crates.io/crates/async-trait
[INFO] [stdout] 
[INFO] [stdout] error: cannot find attribute `async_trait` in this scope
[INFO] [stdout]  --> src/lib.rs:488:3
[INFO] [stdout]   |
[INFO] [stdout] 5 | #[async_trait]
[INFO] [stdout]   |   ^^^^^^^^^^^
[INFO] [stdout] 
[INFO] [stdout] error: cannot find attribute `export_trait_impl` in this scope
[INFO] [stdout]  --> src/lib.rs:489:3
[INFO] [stdout]   |
[INFO] [stdout] 6 | #[export_trait_impl] // The default name will follow the name of the trait (ie. "Arith")
[INFO] [stdout]   |   ^^^^^^^^^^^^^^^^^
[INFO] [stdout] 
[INFO] [stdout] error[E0405]: cannot find trait `Arith` in this scope
[INFO] [stdout]  --> src/lib.rs:490:6
[INFO] [stdout]   |
[INFO] [stdout] 7 | impl Arith  for Abacus {
[INFO] [stdout]   |      ^^^^^ not found in this scope
[INFO] [stdout] 
[INFO] [stdout] error: aborting due to 5 previous errors
[INFO] [stdout] 
[INFO] [stdout] Some errors have detailed explanations: E0405, E0706.
[INFO] [stdout] For more information about an error, try `rustc --explain E0405`.
[INFO] [stdout] Couldn't compile the test.
[INFO] [stdout] ---- src/lib.rs - export_trait (line 355) stdout ----
[INFO] [stdout] error: expected one of `:` or `|`, found `)`
[INFO] [stdout]  --> src/lib.rs:362:39
[INFO] [stdout]   |
[INFO] [stdout] 9 |     async fn add(&self, args(i32, i32)) -> Result<i32, String>;
[INFO] [stdout]   |                                       ^ expected one of `:` or `|`
[INFO] [stdout] 
[INFO] [stdout] error[E0706]: functions in traits cannot be declared `async`
[INFO] [stdout]  --> src/lib.rs:362:5
[INFO] [stdout]   |
[INFO] [stdout] 9 |     async fn add(&self, args(i32, i32)) -> Result<i32, String>;
[INFO] [stdout]   |     -----^^^^^^^^^^^^^^^^^^^^^^^^^^^^^^^^^^^^^^^^^^^^^^^^^^^^^^
[INFO] [stdout]   |     |
[INFO] [stdout]   |     `async` because of this
[INFO] [stdout]   |
[INFO] [stdout]   = note: `async` trait functions are not currently supported
[INFO] [stdout]   = note: consider using the `async-trait` crate: https://crates.io/crates/async-trait
[INFO] [stdout] 
[INFO] [stdout] error: cannot find attribute `async_trait` in this scope
[INFO] [stdout]  --> src/lib.rs:356:3
[INFO] [stdout]   |
[INFO] [stdout] 3 | #[async_trait]
[INFO] [stdout]   |   ^^^^^^^^^^^
[INFO] [stdout] 
[INFO] [stdout] error: cannot find attribute `export_trait` in this scope
[INFO] [stdout]  --> src/lib.rs:357:3
[INFO] [stdout]   |
[INFO] [stdout] 4 | #[export_trait] // This will give a default service name of "Arith"
[INFO] [stdout]   |   ^^^^^^^^^^^^ help: a built-in attribute with a similar name exists: `export_name`
[INFO] [stdout] 
[INFO] [stdout] error: cannot find attribute `export_method` in this scope
[INFO] [stdout]  --> src/lib.rs:361:7
[INFO] [stdout]   |
[INFO] [stdout] 8 |     #[export_method]
[INFO] [stdout]   |       ^^^^^^^^^^^^^
[INFO] [stdout] 
[INFO] [stdout] error: aborting due to 5 previous errors
[INFO] [stdout] 
[INFO] [stdout] For more information about this error, try `rustc --explain E0706`.
[INFO] [stdout] Couldn't compile the test.
[INFO] [stdout] ---- src/lib.rs - export_impl (line 249) stdout ----
[INFO] [stdout] error: expected one of `:` or `|`, found `)`
[INFO] [stdout]  --> src/lib.rs:255:44
[INFO] [stdout]   |
[INFO] [stdout] 8 |     async fn subtract(&self, args(i32, i32)) -> Result<i32, String> {
[INFO] [stdout]   |                                            ^ expected one of `:` or `|`
[INFO] [stdout] 
[INFO] [stdout] error: cannot find attribute `export_impl` in this scope
[INFO] [stdout]  --> src/lib.rs:252:3
[INFO] [stdout]   |
[INFO] [stdout] 5 | #[export_impl] // This will give a default service name of "Abacus"
[INFO] [stdout]   |   ^^^^^^^^^^^
[INFO] [stdout] 
[INFO] [stdout] error: cannot find attribute `export_method` in this scope
[INFO] [stdout]  --> src/lib.rs:254:7
[INFO] [stdout]   |
[INFO] [stdout] 7 |     #[export_method]
[INFO] [stdout]   |       ^^^^^^^^^^^^^
[INFO] [stdout] 
[INFO] [stdout] error[E0308]: mismatched types
[INFO] [stdout]   --> src/lib.rs:255:69
[INFO] [stdout]    |
[INFO] [stdout] 8  |       async fn subtract(&self, args(i32, i32)) -> Result<i32, String> {
[INFO] [stdout]    |  _____________________________________________________________________^
[INFO] [stdout] 9  | |         // ...
[INFO] [stdout] 10 | |     }
[INFO] [stdout]    | |_____^ expected enum `Result`, found `()`
[INFO] [stdout]    |
[INFO] [stdout]    = note:   expected enum `Result<i32, String>`
[INFO] [stdout]            found unit type `()`
[INFO] [stdout] 
[INFO] [stdout] error: aborting due to 4 previous errors
[INFO] [stdout] 
[INFO] [stdout] For more information about this error, try `rustc --explain E0308`.
[INFO] [stdout] Couldn't compile the test.
[INFO] [stdout] 
[INFO] [stdout] failures:
[INFO] [stdout]     src/lib.rs - export_impl (line 249)
[INFO] [stdout]     src/lib.rs - export_trait (line 355)
[INFO] [stdout]     src/lib.rs - export_trait_impl (line 485)
[INFO] [stdout] 
[INFO] [stdout] test result: FAILED. 0 passed; 3 failed; 0 ignored; 0 measured; 0 filtered out; finished in 0.33s
[INFO] [stdout] 
[INFO] [stderr] error: test failed, to rerun pass '--doc'
[INFO] running `Command { std: "docker" "inspect" "1a0513e7c1ea456b411db98c78ed688d15dfd47f99a7a46f9b7bef8381151079", kill_on_drop: false }`
[INFO] running `Command { std: "docker" "rm" "-f" "1a0513e7c1ea456b411db98c78ed688d15dfd47f99a7a46f9b7bef8381151079", kill_on_drop: false }`
[INFO] [stdout] 1a0513e7c1ea456b411db98c78ed688d15dfd47f99a7a46f9b7bef8381151079
