[INFO] fetching crate tourniquet 0.1.1...
[INFO] testing tourniquet-0.1.1 against 1.54.0 for beta-1.55-1
[INFO] extracting crate tourniquet 0.1.1 into /workspace/builds/worker-9/source
[INFO] validating manifest of crates.io crate tourniquet 0.1.1 on toolchain 1.54.0
[INFO] running `Command { std: "/workspace/cargo-home/bin/cargo" "+1.54.0" "metadata" "--manifest-path" "Cargo.toml" "--no-deps", kill_on_drop: false }`
[INFO] started tweaking crates.io crate tourniquet 0.1.1
[INFO] finished tweaking crates.io crate tourniquet 0.1.1
[INFO] tweaked toml for crates.io crate tourniquet 0.1.1 written to /workspace/builds/worker-9/source/Cargo.toml
[INFO] running `Command { std: "/workspace/cargo-home/bin/cargo" "+1.54.0" "generate-lockfile" "--manifest-path" "Cargo.toml" "-Zno-index-update", kill_on_drop: false }`
[INFO] [stderr]     Blocking waiting for file lock on package cache
[INFO] running `Command { std: "/workspace/cargo-home/bin/cargo" "+1.54.0" "fetch" "--manifest-path" "Cargo.toml", kill_on_drop: false }`
[INFO] [stderr]  Downloading crates ...
[INFO] [stderr]   Downloaded pinky-swear v4.4.0
[INFO] [stderr]   Downloaded amq-protocol-types v6.0.0-rc12
[INFO] [stderr]   Downloaded celery-codegen v0.3.1
[INFO] [stderr]   Downloaded async-task v3.0.0
[INFO] [stderr]   Downloaded nom v6.0.0-alpha1
[INFO] [stderr]   Downloaded tcp-stream v0.20.7
[INFO] [stderr]   Downloaded amq-protocol-tcp v6.0.0-rc12
[INFO] [stderr]   Downloaded lapin v1.2.1
[INFO] [stderr]   Downloaded amq-protocol-uri v6.0.0-rc12
[INFO] [stderr]   Downloaded amq-protocol v6.0.0-rc12
[INFO] [stderr]   Downloaded celery v0.3.1
[INFO] running `Command { std: "docker" "create" "-v" "/var/lib/crater-agent-workspace/builds/worker-9/target:/opt/rustwide/target:rw,Z" "-v" "/var/lib/crater-agent-workspace/builds/worker-9/source:/opt/rustwide/workdir:ro,Z" "-v" "/var/lib/crater-agent-workspace/cargo-home:/opt/rustwide/cargo-home:ro,Z" "-v" "/var/lib/crater-agent-workspace/rustup-home:/opt/rustwide/rustup-home:ro,Z" "-e" "SOURCE_DIR=/opt/rustwide/workdir" "-e" "CARGO_TARGET_DIR=/opt/rustwide/target" "-e" "CARGO_HOME=/opt/rustwide/cargo-home" "-e" "RUSTUP_HOME=/opt/rustwide/rustup-home" "-w" "/opt/rustwide/workdir" "-m" "1610612736" "--user" "0:0" "--network" "none" "ghcr.io/rust-lang/crates-build-env/linux@sha256:34b6a614d2c27851fe6cbf88fbd1137609cefab8b10d0615aaeb6fd47975d74e" "/opt/rustwide/cargo-home/bin/cargo" "+1.54.0" "metadata" "--no-deps" "--format-version=1", kill_on_drop: false }`
[INFO] [stdout] 1b9c63a014408f91633eeb1d5880fa6ed5e07462a16e36d54010a1105c345380
[INFO] running `Command { std: "docker" "start" "-a" "1b9c63a014408f91633eeb1d5880fa6ed5e07462a16e36d54010a1105c345380", kill_on_drop: false }`
[INFO] running `Command { std: "docker" "inspect" "1b9c63a014408f91633eeb1d5880fa6ed5e07462a16e36d54010a1105c345380", kill_on_drop: false }`
[INFO] running `Command { std: "docker" "rm" "-f" "1b9c63a014408f91633eeb1d5880fa6ed5e07462a16e36d54010a1105c345380", kill_on_drop: false }`
[INFO] [stdout] 1b9c63a014408f91633eeb1d5880fa6ed5e07462a16e36d54010a1105c345380
[INFO] running `Command { std: "docker" "create" "-v" "/var/lib/crater-agent-workspace/builds/worker-9/target:/opt/rustwide/target:rw,Z" "-v" "/var/lib/crater-agent-workspace/builds/worker-9/source:/opt/rustwide/workdir:ro,Z" "-v" "/var/lib/crater-agent-workspace/cargo-home:/opt/rustwide/cargo-home:ro,Z" "-v" "/var/lib/crater-agent-workspace/rustup-home:/opt/rustwide/rustup-home:ro,Z" "-e" "SOURCE_DIR=/opt/rustwide/workdir" "-e" "CARGO_TARGET_DIR=/opt/rustwide/target" "-e" "CARGO_INCREMENTAL=0" "-e" "RUST_BACKTRACE=full" "-e" "RUSTFLAGS=--cap-lints=warn" "-e" "CARGO_HOME=/opt/rustwide/cargo-home" "-e" "RUSTUP_HOME=/opt/rustwide/rustup-home" "-w" "/opt/rustwide/workdir" "-m" "1610612736" "--user" "0:0" "--network" "none" "ghcr.io/rust-lang/crates-build-env/linux@sha256:34b6a614d2c27851fe6cbf88fbd1137609cefab8b10d0615aaeb6fd47975d74e" "/opt/rustwide/cargo-home/bin/cargo" "+1.54.0" "build" "--frozen" "--message-format=json", kill_on_drop: false }`
[INFO] [stdout] 2fce706bdfc5ddb0ee01b469bf99a177008505a05934222b73f4af19ce1f2ec9
[INFO] running `Command { std: "docker" "start" "-a" "2fce706bdfc5ddb0ee01b469bf99a177008505a05934222b73f4af19ce1f2ec9", kill_on_drop: false }`
[INFO] [stderr]    Compiling syn v1.0.74
[INFO] [stderr]    Compiling memchr v2.4.0
[INFO] [stderr]    Compiling signal-hook-registry v1.4.0
[INFO] [stderr]    Compiling mio v0.6.23
[INFO] [stderr]    Compiling mio-uds v0.6.8
[INFO] [stderr]    Compiling tokio-macros v0.2.6
[INFO] [stderr]    Compiling async-trait v0.1.51
[INFO] [stderr]    Compiling tokio v0.2.25
[INFO] [stderr]    Compiling tourniquet v0.1.1 (/opt/rustwide/workdir)
[INFO] [stderr]     Finished dev [unoptimized + debuginfo] target(s) in 23.47s
[INFO] running `Command { std: "docker" "inspect" "2fce706bdfc5ddb0ee01b469bf99a177008505a05934222b73f4af19ce1f2ec9", kill_on_drop: false }`
[INFO] running `Command { std: "docker" "rm" "-f" "2fce706bdfc5ddb0ee01b469bf99a177008505a05934222b73f4af19ce1f2ec9", kill_on_drop: false }`
[INFO] [stdout] 2fce706bdfc5ddb0ee01b469bf99a177008505a05934222b73f4af19ce1f2ec9
[INFO] running `Command { std: "docker" "create" "-v" "/var/lib/crater-agent-workspace/builds/worker-9/target:/opt/rustwide/target:rw,Z" "-v" "/var/lib/crater-agent-workspace/builds/worker-9/source:/opt/rustwide/workdir:ro,Z" "-v" "/var/lib/crater-agent-workspace/cargo-home:/opt/rustwide/cargo-home:ro,Z" "-v" "/var/lib/crater-agent-workspace/rustup-home:/opt/rustwide/rustup-home:ro,Z" "-e" "SOURCE_DIR=/opt/rustwide/workdir" "-e" "CARGO_TARGET_DIR=/opt/rustwide/target" "-e" "CARGO_INCREMENTAL=0" "-e" "RUST_BACKTRACE=full" "-e" "RUSTFLAGS=--cap-lints=warn" "-e" "CARGO_HOME=/opt/rustwide/cargo-home" "-e" "RUSTUP_HOME=/opt/rustwide/rustup-home" "-w" "/opt/rustwide/workdir" "-m" "1610612736" "--user" "0:0" "--network" "none" "ghcr.io/rust-lang/crates-build-env/linux@sha256:34b6a614d2c27851fe6cbf88fbd1137609cefab8b10d0615aaeb6fd47975d74e" "/opt/rustwide/cargo-home/bin/cargo" "+1.54.0" "test" "--frozen" "--no-run" "--message-format=json", kill_on_drop: false }`
[INFO] [stdout] 9be02fcc68ff3ff3d9c3e87cae86e913de52ae7ad7476f7f08e68d459cf82c82
[INFO] running `Command { std: "docker" "start" "-a" "9be02fcc68ff3ff3d9c3e87cae86e913de52ae7ad7476f7f08e68d459cf82c82", kill_on_drop: false }`
[INFO] [stderr]    Compiling regex-syntax v0.6.25
[INFO] [stderr]    Compiling native-tls v0.2.7
[INFO] [stderr]    Compiling serde v1.0.127
[INFO] [stderr]    Compiling openssl-probe v0.1.4
[INFO] [stderr]    Compiling base64 v0.13.0
[INFO] [stderr]    Compiling doc-comment v0.3.3
[INFO] [stderr]    Compiling tracing-core v0.1.18
[INFO] [stderr]    Compiling amq-protocol v6.0.0-rc12
[INFO] [stderr]    Compiling cookie-factory v0.3.2
[INFO] [stderr]    Compiling lapin v1.2.1
[INFO] [stderr]    Compiling match_cfg v0.1.0
[INFO] [stderr]    Compiling async-task v3.0.0
[INFO] [stderr]    Compiling nom v6.0.0-alpha1
[INFO] [stderr]    Compiling openssl-sys v0.9.65
[INFO] [stderr]    Compiling aho-corasick v0.7.18
[INFO] [stderr]    Compiling mio v0.7.13
[INFO] [stderr]    Compiling object v0.26.0
[INFO] [stderr]    Compiling bstr v0.2.16
[INFO] [stderr]    Compiling time v0.1.43
[INFO] [stderr]    Compiling futures-channel v0.3.16
[INFO] [stderr]    Compiling serde_derive v1.0.127
[INFO] [stderr]    Compiling url v2.2.2
[INFO] [stderr]    Compiling futures-macro v0.3.16
[INFO] [stderr]    Compiling synstructure v0.12.5
[INFO] [stderr]    Compiling uuid v0.8.2
[INFO] [stderr]    Compiling celery-codegen v0.3.1
[INFO] [stderr]    Compiling rand v0.7.3
[INFO] [stderr]    Compiling hostname v0.3.1
[INFO] [stderr]    Compiling openssl v0.10.35
[INFO] [stderr]    Compiling tracing v0.1.26
[INFO] [stderr]    Compiling pinky-swear v4.4.0
[INFO] [stderr]    Compiling chrono v0.4.19
[INFO] [stderr]    Compiling amq-protocol-uri v6.0.0-rc12
[INFO] [stderr]    Compiling failure_derive v0.1.8
[INFO] [stderr]    Compiling regex v1.5.4
[INFO] [stderr]    Compiling futures-util v0.3.16
[INFO] [stderr]    Compiling pem v0.8.3
[INFO] [stderr]    Compiling globset v0.4.8
[INFO] [stderr]    Compiling tcp-stream v0.20.7
[INFO] [stderr]    Compiling backtrace v0.3.61
[INFO] [stderr]    Compiling amq-protocol-tcp v6.0.0-rc12
[INFO] [stderr]    Compiling failure v0.1.8
[INFO] [stderr]    Compiling futures-executor v0.3.16
[INFO] [stderr]    Compiling futures v0.3.16
[INFO] [stderr]    Compiling serde_json v1.0.66
[INFO] [stderr]    Compiling amq-protocol-types v6.0.0-rc12
[INFO] [stderr]    Compiling celery v0.3.1
[INFO] [stderr]    Compiling tourniquet v0.1.1 (/opt/rustwide/workdir)
[INFO] [stderr]     Finished test [unoptimized + debuginfo] target(s) in 56.97s
[INFO] running `Command { std: "docker" "inspect" "9be02fcc68ff3ff3d9c3e87cae86e913de52ae7ad7476f7f08e68d459cf82c82", kill_on_drop: false }`
[INFO] running `Command { std: "docker" "rm" "-f" "9be02fcc68ff3ff3d9c3e87cae86e913de52ae7ad7476f7f08e68d459cf82c82", kill_on_drop: false }`
[INFO] [stdout] 9be02fcc68ff3ff3d9c3e87cae86e913de52ae7ad7476f7f08e68d459cf82c82
[INFO] running `Command { std: "docker" "create" "-v" "/var/lib/crater-agent-workspace/builds/worker-9/target:/opt/rustwide/target:rw,Z" "-v" "/var/lib/crater-agent-workspace/builds/worker-9/source:/opt/rustwide/workdir:ro,Z" "-v" "/var/lib/crater-agent-workspace/cargo-home:/opt/rustwide/cargo-home:ro,Z" "-v" "/var/lib/crater-agent-workspace/rustup-home:/opt/rustwide/rustup-home:ro,Z" "-e" "SOURCE_DIR=/opt/rustwide/workdir" "-e" "CARGO_TARGET_DIR=/opt/rustwide/target" "-e" "CARGO_INCREMENTAL=0" "-e" "RUST_BACKTRACE=full" "-e" "RUSTFLAGS=--cap-lints=warn" "-e" "CARGO_HOME=/opt/rustwide/cargo-home" "-e" "RUSTUP_HOME=/opt/rustwide/rustup-home" "-w" "/opt/rustwide/workdir" "-m" "1610612736" "--user" "0:0" "--network" "none" "ghcr.io/rust-lang/crates-build-env/linux@sha256:34b6a614d2c27851fe6cbf88fbd1137609cefab8b10d0615aaeb6fd47975d74e" "/opt/rustwide/cargo-home/bin/cargo" "+1.54.0" "test" "--frozen", kill_on_drop: false }`
[INFO] [stdout] eb44dc1daadf8d62778a661c72072a1ad82b075c8a10b2b6bd6ebb5546df3a88
[INFO] running `Command { std: "docker" "start" "-a" "eb44dc1daadf8d62778a661c72072a1ad82b075c8a10b2b6bd6ebb5546df3a88", kill_on_drop: false }`
[INFO] [stderr]     Blocking waiting for file lock on package cache
[INFO] [stdout] 
[INFO] [stderr]     Finished test [unoptimized + debuginfo] target(s) in 0.15s
[INFO] [stdout] running 6 tests
[INFO] [stderr]      Running unittests (/opt/rustwide/target/debug/deps/tourniquet-ba3e46027bd729ee)
[INFO] [stdout] test tests::test_exhausted_connector ... ok
[INFO] [stdout] test tests::test_first_called ... ok
[INFO] [stdout] test tests::test_exhausted_run ... ok
[INFO] [stdout] test tests::test_abort ... ok
[INFO] [stdout] test tests::test_try_next_connector ... ok
[INFO] [stdout] test tests::test_try_next_run ... ok
[INFO] [stdout] 
[INFO] [stdout] test result: ok. 6 passed; 0 failed; 0 ignored; 0 measured; 0 filtered out; finished in 0.01s
[INFO] [stdout] 
[INFO] [stderr]    Doc-tests tourniquet
[INFO] [stdout] 
[INFO] [stdout] running 4 tests
[INFO] [stdout] test src/lib.rs - Next (line 76) ... ok
[INFO] [stdout] test src/lib.rs - Connector (line 125) ... ok
[INFO] [stdout] test src/lib.rs - RoundRobin<SvcSrc, Svc, E, Conn>::new (line 189) ... ok
[INFO] [stderr] error: test failed, to rerun pass '--doc'
[INFO] [stdout] test src/lib.rs - (line 6) ... FAILED
[INFO] [stdout] 
[INFO] [stdout] failures:
[INFO] [stdout] 
[INFO] [stdout] ---- src/lib.rs - (line 6) stdout ----
[INFO] [stdout] Test executable failed (exit code 101).
[INFO] [stdout] 
[INFO] [stdout] stderr:
[INFO] [stdout] thread 'main' panicked at 'called `Result::unwrap()` on an `Err` value: Os { code: 101, kind: Other, message: "Network is unreachable" }', src/lib.rs:29:14
[INFO] [stdout] stack backtrace:
[INFO] [stdout]    0:     0x5625d45eff70 - std::backtrace_rs::backtrace::libunwind::trace::h34055254b57d8e79
[INFO] [stdout]                                at /rustc/a178d0322ce20e33eac124758e837cbd80a6f633/library/std/src/../../backtrace/src/backtrace/libunwind.rs:90:5
[INFO] [stdout]    1:     0x5625d45eff70 - std::backtrace_rs::backtrace::trace_unsynchronized::h8f1e3fbd9afff6ec
[INFO] [stdout]                                at /rustc/a178d0322ce20e33eac124758e837cbd80a6f633/library/std/src/../../backtrace/src/backtrace/mod.rs:66:5
[INFO] [stdout]    2:     0x5625d45eff70 - std::sys_common::backtrace::_print_fmt::h3a99a796b770c360
[INFO] [stdout]                                at /rustc/a178d0322ce20e33eac124758e837cbd80a6f633/library/std/src/sys_common/backtrace.rs:67:5
[INFO] [stdout]    3:     0x5625d45eff70 - <std::sys_common::backtrace::_print::DisplayBacktrace as core::fmt::Display>::fmt::h32d1f94a80615d18
[INFO] [stdout]                                at /rustc/a178d0322ce20e33eac124758e837cbd80a6f633/library/std/src/sys_common/backtrace.rs:46:22
[INFO] [stdout]    4:     0x5625d460aafc - core::fmt::write::h306731c068f7162c
[INFO] [stdout]                                at /rustc/a178d0322ce20e33eac124758e837cbd80a6f633/library/core/src/fmt/mod.rs:1110:17
[INFO] [stdout]    5:     0x5625d45ed135 - std::io::Write::write_fmt::hd2fa90334eee2a21
[INFO] [stdout]                                at /rustc/a178d0322ce20e33eac124758e837cbd80a6f633/library/std/src/io/mod.rs:1588:15
[INFO] [stdout]    6:     0x5625d45f1f1b - std::sys_common::backtrace::_print::h5abaa2601a852287
[INFO] [stdout]                                at /rustc/a178d0322ce20e33eac124758e837cbd80a6f633/library/std/src/sys_common/backtrace.rs:49:5
[INFO] [stdout]    7:     0x5625d45f1f1b - std::sys_common::backtrace::print::h8d81445442bb638f
[INFO] [stdout]                                at /rustc/a178d0322ce20e33eac124758e837cbd80a6f633/library/std/src/sys_common/backtrace.rs:36:9
[INFO] [stdout]    8:     0x5625d45f1f1b - std::panicking::default_hook::{{closure}}::hcfe804496a9fa747
[INFO] [stdout]                                at /rustc/a178d0322ce20e33eac124758e837cbd80a6f633/library/std/src/panicking.rs:208:50
[INFO] [stdout]    9:     0x5625d45f19f1 - std::panicking::default_hook::hbea8e3ccf2ba8901
[INFO] [stdout]                                at /rustc/a178d0322ce20e33eac124758e837cbd80a6f633/library/std/src/panicking.rs:225:9
[INFO] [stdout]   10:     0x5625d45f25e4 - std::panicking::rust_panic_with_hook::h7ee9e1a2d0f8975a
[INFO] [stdout]                                at /rustc/a178d0322ce20e33eac124758e837cbd80a6f633/library/std/src/panicking.rs:622:17
[INFO] [stdout]   11:     0x5625d45f20c7 - std::panicking::begin_panic_handler::{{closure}}::h8ab3b4491718b2c7
[INFO] [stdout]                                at /rustc/a178d0322ce20e33eac124758e837cbd80a6f633/library/std/src/panicking.rs:519:13
[INFO] [stdout]   12:     0x5625d45f046c - std::sys_common::backtrace::__rust_end_short_backtrace::hd489062ffa586a9f
[INFO] [stdout]                                at /rustc/a178d0322ce20e33eac124758e837cbd80a6f633/library/std/src/sys_common/backtrace.rs:141:18
[INFO] [stdout]   13:     0x5625d45f2029 - rust_begin_unwind
[INFO] [stdout]                                at /rustc/a178d0322ce20e33eac124758e837cbd80a6f633/library/std/src/panicking.rs:515:5
[INFO] [stdout]   14:     0x5625d4533011 - core::panicking::panic_fmt::hca6330e3e14086b4
[INFO] [stdout]                                at /rustc/a178d0322ce20e33eac124758e837cbd80a6f633/library/core/src/panicking.rs:92:14
[INFO] [stdout]   15:     0x5625d45330a3 - core::result::unwrap_failed::h6160d2b4bfbb0e87
[INFO] [stdout]                                at /rustc/a178d0322ce20e33eac124758e837cbd80a6f633/library/core/src/result.rs:1355:5
[INFO] [stdout]   16:     0x5625d4539da4 - core::result::Result<T,E>::unwrap::h29558119e2637276
[INFO] [stdout]   17:     0x5625d45423f0 - rust_out::main::{{closure}}::h3540f46425fadf4d
[INFO] [stdout]   18:     0x5625d454110a - <core::future::from_generator::GenFuture<T> as core::future::future::Future>::poll::h58aa4a00b7f9e3fb
[INFO] [stdout]   19:     0x5625d453ec3c - tokio::runtime::enter::Enter::block_on::{{closure}}::h80d09b702195dae5
[INFO] [stdout]   20:     0x5625d453c593 - tokio::coop::with_budget::{{closure}}::h27d8ca2b4f438791
[INFO] [stdout]   21:     0x5625d4535aa6 - std::thread::local::LocalKey<T>::try_with::h2a74bcb188d2337a
[INFO] [stdout]   22:     0x5625d45356b8 - std::thread::local::LocalKey<T>::with::h1890fd9cebfa80d7
[INFO] [stdout]   23:     0x5625d453eac9 - tokio::runtime::enter::Enter::block_on::h1413d33d68f7879c
[INFO] [stdout]   24:     0x5625d453d9ee - tokio::runtime::thread_pool::ThreadPool::block_on::h41eafbc84e066026
[INFO] [stdout]   25:     0x5625d453f184 - tokio::runtime::Runtime::block_on::{{closure}}::h38e6d1830c302e44
[INFO] [stdout]   26:     0x5625d453f20d - tokio::runtime::context::enter::h87ff7b052e227a34
[INFO] [stdout]   27:     0x5625d453f000 - tokio::runtime::handle::Handle::enter::hc495fd0382e02a99
[INFO] [stdout]   28:     0x5625d453f095 - tokio::runtime::Runtime::block_on::hc6309a44cc4a90e5
[INFO] [stdout]   29:     0x5625d4541b2b - rust_out::main::h2a38bb51b9580a7d
[INFO] [stdout]   30:     0x5625d45362d3 - core::ops::function::FnOnce::call_once::hb73b95e6982fd3f0
[INFO] [stdout]   31:     0x5625d45355f9 - std::sys_common::backtrace::__rust_begin_short_backtrace::h8371d112165838d3
[INFO] [stdout]   32:     0x5625d4535669 - std::rt::lang_start::{{closure}}::h783adf50233ec5ec
[INFO] [stdout]   33:     0x5625d45f2ae9 - core::ops::function::impls::<impl core::ops::function::FnOnce<A> for &F>::call_once::h2aabc384aab89b7b
[INFO] [stdout]                                at /rustc/a178d0322ce20e33eac124758e837cbd80a6f633/library/core/src/ops/function.rs:259:13
[INFO] [stdout]   34:     0x5625d45f2ae9 - std::panicking::try::do_call::hc5fcacb7a85fc7b1
[INFO] [stdout]                                at /rustc/a178d0322ce20e33eac124758e837cbd80a6f633/library/std/src/panicking.rs:401:40
[INFO] [stdout]   35:     0x5625d45f2ae9 - std::panicking::try::hb5d9603af3abbe3a
[INFO] [stdout]                                at /rustc/a178d0322ce20e33eac124758e837cbd80a6f633/library/std/src/panicking.rs:365:19
[INFO] [stdout]   36:     0x5625d45f2ae9 - std::panic::catch_unwind::h98fe6ac3925e64b4
[INFO] [stdout]                                at /rustc/a178d0322ce20e33eac124758e837cbd80a6f633/library/std/src/panic.rs:434:14
[INFO] [stdout]   37:     0x5625d45f2ae9 - std::rt::lang_start_internal::h22ac7383c516f93e
[INFO] [stdout]                                at /rustc/a178d0322ce20e33eac124758e837cbd80a6f633/library/std/src/rt.rs:34:21
[INFO] [stdout]   38:     0x5625d4535651 - std::rt::lang_start::h11b9716471e37ff8
[INFO] [stdout]   39:     0x5625d45424e3 - main
[INFO] [stdout]   40:     0x7fcc7b0ec0b3 - __libc_start_main
[INFO] [stdout]   41:     0x5625d45337ae - _start
[INFO] [stdout]   42:                0x0 - <unknown>
[INFO] [stdout] 
[INFO] [stdout] 
[INFO] [stdout] 
[INFO] [stdout] failures:
[INFO] [stdout]     src/lib.rs - (line 6)
[INFO] [stdout] 
[INFO] [stdout] test result: FAILED. 3 passed; 1 failed; 0 ignored; 0 measured; 0 filtered out; finished in 2.12s
[INFO] [stdout] 
[INFO] running `Command { std: "docker" "inspect" "eb44dc1daadf8d62778a661c72072a1ad82b075c8a10b2b6bd6ebb5546df3a88", kill_on_drop: false }`
[INFO] running `Command { std: "docker" "rm" "-f" "eb44dc1daadf8d62778a661c72072a1ad82b075c8a10b2b6bd6ebb5546df3a88", kill_on_drop: false }`
[INFO] [stdout] eb44dc1daadf8d62778a661c72072a1ad82b075c8a10b2b6bd6ebb5546df3a88
