[INFO] fetching crate totp-rs 0.6.3...
[INFO] testing totp-rs-0.6.3 against beta-2021-08-01 for beta-1.55-1
[INFO] extracting crate totp-rs 0.6.3 into /workspace/builds/worker-14/source
[INFO] validating manifest of crates.io crate totp-rs 0.6.3 on toolchain beta-2021-08-01
[INFO] running `Command { std: "/workspace/cargo-home/bin/cargo" "+beta-2021-08-01" "metadata" "--manifest-path" "Cargo.toml" "--no-deps", kill_on_drop: false }`
[INFO] started tweaking crates.io crate totp-rs 0.6.3
[INFO] finished tweaking crates.io crate totp-rs 0.6.3
[INFO] tweaked toml for crates.io crate totp-rs 0.6.3 written to /workspace/builds/worker-14/source/Cargo.toml
[INFO] running `Command { std: "/workspace/cargo-home/bin/cargo" "+beta-2021-08-01" "generate-lockfile" "--manifest-path" "Cargo.toml" "-Zno-index-update", kill_on_drop: false }`
[INFO] running `Command { std: "/workspace/cargo-home/bin/cargo" "+beta-2021-08-01" "fetch" "--manifest-path" "Cargo.toml", kill_on_drop: false }`
[INFO] [stderr]  Downloading crates ...
[INFO] [stderr]   Downloaded checked_int_cast v1.0.0
[INFO] [stderr]   Downloaded qrcode v0.12.0
[INFO] running `Command { std: "docker" "create" "-v" "/var/lib/crater-agent-workspace/builds/worker-14/target:/opt/rustwide/target:rw,Z" "-v" "/var/lib/crater-agent-workspace/builds/worker-14/source:/opt/rustwide/workdir:ro,Z" "-v" "/var/lib/crater-agent-workspace/cargo-home:/opt/rustwide/cargo-home:ro,Z" "-v" "/var/lib/crater-agent-workspace/rustup-home:/opt/rustwide/rustup-home:ro,Z" "-e" "SOURCE_DIR=/opt/rustwide/workdir" "-e" "CARGO_TARGET_DIR=/opt/rustwide/target" "-e" "CARGO_HOME=/opt/rustwide/cargo-home" "-e" "RUSTUP_HOME=/opt/rustwide/rustup-home" "-w" "/opt/rustwide/workdir" "-m" "1610612736" "--user" "0:0" "--network" "none" "ghcr.io/rust-lang/crates-build-env/linux@sha256:34b6a614d2c27851fe6cbf88fbd1137609cefab8b10d0615aaeb6fd47975d74e" "/opt/rustwide/cargo-home/bin/cargo" "+beta-2021-08-01" "metadata" "--no-deps" "--format-version=1", kill_on_drop: false }`
[INFO] [stdout] 1443779705d57d0b5f3d6e3f39fbf141a5c13d3a22c450dd1b62c39b85c7f70a
[INFO] running `Command { std: "docker" "start" "-a" "1443779705d57d0b5f3d6e3f39fbf141a5c13d3a22c450dd1b62c39b85c7f70a", kill_on_drop: false }`
[INFO] running `Command { std: "docker" "inspect" "1443779705d57d0b5f3d6e3f39fbf141a5c13d3a22c450dd1b62c39b85c7f70a", kill_on_drop: false }`
[INFO] running `Command { std: "docker" "rm" "-f" "1443779705d57d0b5f3d6e3f39fbf141a5c13d3a22c450dd1b62c39b85c7f70a", kill_on_drop: false }`
[INFO] [stdout] 1443779705d57d0b5f3d6e3f39fbf141a5c13d3a22c450dd1b62c39b85c7f70a
[INFO] running `Command { std: "docker" "create" "-v" "/var/lib/crater-agent-workspace/builds/worker-14/target:/opt/rustwide/target:rw,Z" "-v" "/var/lib/crater-agent-workspace/builds/worker-14/source:/opt/rustwide/workdir:ro,Z" "-v" "/var/lib/crater-agent-workspace/cargo-home:/opt/rustwide/cargo-home:ro,Z" "-v" "/var/lib/crater-agent-workspace/rustup-home:/opt/rustwide/rustup-home:ro,Z" "-e" "SOURCE_DIR=/opt/rustwide/workdir" "-e" "CARGO_TARGET_DIR=/opt/rustwide/target" "-e" "CARGO_INCREMENTAL=0" "-e" "RUST_BACKTRACE=full" "-e" "RUSTFLAGS=--cap-lints=warn" "-e" "CARGO_HOME=/opt/rustwide/cargo-home" "-e" "RUSTUP_HOME=/opt/rustwide/rustup-home" "-w" "/opt/rustwide/workdir" "-m" "1610612736" "--user" "0:0" "--network" "none" "ghcr.io/rust-lang/crates-build-env/linux@sha256:34b6a614d2c27851fe6cbf88fbd1137609cefab8b10d0615aaeb6fd47975d74e" "/opt/rustwide/cargo-home/bin/cargo" "+beta-2021-08-01" "build" "--frozen" "--message-format=json", kill_on_drop: false }`
[INFO] [stdout] 7aea05b2b0aa2449b7afc29e3b2db0fda6f79da5109066598af11b26ede3040e
[INFO] running `Command { std: "docker" "start" "-a" "7aea05b2b0aa2449b7afc29e3b2db0fda6f79da5109066598af11b26ede3040e", kill_on_drop: false }`
[INFO] [stderr]    Compiling subtle v2.4.1
[INFO] [stderr]    Compiling base32 v0.4.0
[INFO] [stderr]    Compiling sha-1 v0.9.7
[INFO] [stderr]    Compiling crypto-mac v0.8.0
[INFO] [stderr]    Compiling hmac v0.8.1
[INFO] [stderr]    Compiling totp-rs v0.6.3 (/opt/rustwide/workdir)
[INFO] [stderr]     Finished dev [unoptimized + debuginfo] target(s) in 2.11s
[INFO] running `Command { std: "docker" "inspect" "7aea05b2b0aa2449b7afc29e3b2db0fda6f79da5109066598af11b26ede3040e", kill_on_drop: false }`
[INFO] running `Command { std: "docker" "rm" "-f" "7aea05b2b0aa2449b7afc29e3b2db0fda6f79da5109066598af11b26ede3040e", kill_on_drop: false }`
[INFO] [stdout] 7aea05b2b0aa2449b7afc29e3b2db0fda6f79da5109066598af11b26ede3040e
[INFO] running `Command { std: "docker" "create" "-v" "/var/lib/crater-agent-workspace/builds/worker-14/target:/opt/rustwide/target:rw,Z" "-v" "/var/lib/crater-agent-workspace/builds/worker-14/source:/opt/rustwide/workdir:ro,Z" "-v" "/var/lib/crater-agent-workspace/cargo-home:/opt/rustwide/cargo-home:ro,Z" "-v" "/var/lib/crater-agent-workspace/rustup-home:/opt/rustwide/rustup-home:ro,Z" "-e" "SOURCE_DIR=/opt/rustwide/workdir" "-e" "CARGO_TARGET_DIR=/opt/rustwide/target" "-e" "CARGO_INCREMENTAL=0" "-e" "RUST_BACKTRACE=full" "-e" "RUSTFLAGS=--cap-lints=warn" "-e" "CARGO_HOME=/opt/rustwide/cargo-home" "-e" "RUSTUP_HOME=/opt/rustwide/rustup-home" "-w" "/opt/rustwide/workdir" "-m" "1610612736" "--user" "0:0" "--network" "none" "ghcr.io/rust-lang/crates-build-env/linux@sha256:34b6a614d2c27851fe6cbf88fbd1137609cefab8b10d0615aaeb6fd47975d74e" "/opt/rustwide/cargo-home/bin/cargo" "+beta-2021-08-01" "test" "--frozen" "--no-run" "--message-format=json", kill_on_drop: false }`
[INFO] [stdout] 86252630cfcd3cc6f3067c1cdbe71fbdec6e9964fbb14157795d7f178ba77b7e
[INFO] running `Command { std: "docker" "start" "-a" "86252630cfcd3cc6f3067c1cdbe71fbdec6e9964fbb14157795d7f178ba77b7e", kill_on_drop: false }`
[INFO] [stderr]    Compiling totp-rs v0.6.3 (/opt/rustwide/workdir)
[INFO] [stderr]     Finished test [unoptimized + debuginfo] target(s) in 1.02s
[INFO] running `Command { std: "docker" "inspect" "86252630cfcd3cc6f3067c1cdbe71fbdec6e9964fbb14157795d7f178ba77b7e", kill_on_drop: false }`
[INFO] running `Command { std: "docker" "rm" "-f" "86252630cfcd3cc6f3067c1cdbe71fbdec6e9964fbb14157795d7f178ba77b7e", kill_on_drop: false }`
[INFO] [stdout] 86252630cfcd3cc6f3067c1cdbe71fbdec6e9964fbb14157795d7f178ba77b7e
[INFO] running `Command { std: "docker" "create" "-v" "/var/lib/crater-agent-workspace/builds/worker-14/target:/opt/rustwide/target:rw,Z" "-v" "/var/lib/crater-agent-workspace/builds/worker-14/source:/opt/rustwide/workdir:ro,Z" "-v" "/var/lib/crater-agent-workspace/cargo-home:/opt/rustwide/cargo-home:ro,Z" "-v" "/var/lib/crater-agent-workspace/rustup-home:/opt/rustwide/rustup-home:ro,Z" "-e" "SOURCE_DIR=/opt/rustwide/workdir" "-e" "CARGO_TARGET_DIR=/opt/rustwide/target" "-e" "CARGO_INCREMENTAL=0" "-e" "RUST_BACKTRACE=full" "-e" "RUSTFLAGS=--cap-lints=warn" "-e" "CARGO_HOME=/opt/rustwide/cargo-home" "-e" "RUSTUP_HOME=/opt/rustwide/rustup-home" "-w" "/opt/rustwide/workdir" "-m" "1610612736" "--user" "0:0" "--network" "none" "ghcr.io/rust-lang/crates-build-env/linux@sha256:34b6a614d2c27851fe6cbf88fbd1137609cefab8b10d0615aaeb6fd47975d74e" "/opt/rustwide/cargo-home/bin/cargo" "+beta-2021-08-01" "test" "--frozen", kill_on_drop: false }`
[INFO] [stdout] e11a02f80662e2a2697d8e5bcdc100997266fe628bdad49d8c6e3d1f1b62ea12
[INFO] running `Command { std: "docker" "start" "-a" "e11a02f80662e2a2697d8e5bcdc100997266fe628bdad49d8c6e3d1f1b62ea12", kill_on_drop: false }`
[INFO] [stderr]     Finished test [unoptimized + debuginfo] target(s) in 0.04s
[INFO] [stdout] 
[INFO] [stderr]      Running unittests (/opt/rustwide/target/debug/deps/totp_rs-d6567bd099d0fb61)
[INFO] [stdout] running 7 tests
[INFO] [stdout] test tests::returns_base32 ... ok
[INFO] [stdout] test tests::url_for_secret_matches ... ok
[INFO] [stdout] test tests::checks_token_with_skew ... ok
[INFO] [stdout] test tests::generates_token_sha512 ... ok
[INFO] [stdout] test tests::generates_token_sha256 ... ok
[INFO] [stdout] test tests::generates_token ... ok
[INFO] [stdout] test tests::checks_token ... ok
[INFO] [stdout] 
[INFO] [stdout] test result: ok. 7 passed; 0 failed; 0 ignored; 0 measured; 0 filtered out; finished in 0.00s
[INFO] [stdout] 
[INFO] [stderr]    Doc-tests totp-rs
[INFO] [stdout] 
[INFO] [stdout] running 2 tests
[INFO] [stdout] test src/lib.rs - (line 25) ... FAILED
[INFO] [stdout] test src/lib.rs - (line 5) ... ok
[INFO] [stdout] 
[INFO] [stdout] failures:
[INFO] [stdout] 
[INFO] [stdout] ---- src/lib.rs - (line 25) stdout ----
[INFO] [stdout] error[E0599]: no method named `get_qr` found for struct `TOTP` in the current scope
[INFO] [stdout]   --> src/lib.rs:35:17
[INFO] [stdout]    |
[INFO] [stdout] 13 | let code = totp.get_qr("user@example.com", "my-org.com").unwrap();
[INFO] [stdout]    |                 ^^^^^^ help: there is an associated function with a similar name: `get_url`
[INFO] [stdout] 
[INFO] [stdout] error: aborting due to previous error
[INFO] [stdout] 
[INFO] [stdout] For more information about this error, try `rustc --explain E0599`.
[INFO] [stdout] Couldn't compile the test.
[INFO] [stdout] 
[INFO] [stdout] failures:
[INFO] [stdout]     src/lib.rs - (line 25)
[INFO] [stdout] 
[INFO] [stdout] test result: FAILED. 1 passed; 1 failed; 0 ignored; 0 measured; 0 filtered out; finished in 0.66s
[INFO] [stdout] 
[INFO] [stderr] error: test failed, to rerun pass '--doc'
[INFO] running `Command { std: "docker" "inspect" "e11a02f80662e2a2697d8e5bcdc100997266fe628bdad49d8c6e3d1f1b62ea12", kill_on_drop: false }`
[INFO] running `Command { std: "docker" "rm" "-f" "e11a02f80662e2a2697d8e5bcdc100997266fe628bdad49d8c6e3d1f1b62ea12", kill_on_drop: false }`
[INFO] [stdout] e11a02f80662e2a2697d8e5bcdc100997266fe628bdad49d8c6e3d1f1b62ea12
