[INFO] fetching crate tonic_lnd 0.1.1...
[INFO] testing tonic_lnd-0.1.1 against 1.54.0 for beta-1.55-1
[INFO] extracting crate tonic_lnd 0.1.1 into /workspace/builds/worker-18/source
[INFO] validating manifest of crates.io crate tonic_lnd 0.1.1 on toolchain 1.54.0
[INFO] running `Command { std: "/workspace/cargo-home/bin/cargo" "+1.54.0" "metadata" "--manifest-path" "Cargo.toml" "--no-deps", kill_on_drop: false }`
[INFO] started tweaking crates.io crate tonic_lnd 0.1.1
[INFO] finished tweaking crates.io crate tonic_lnd 0.1.1
[INFO] tweaked toml for crates.io crate tonic_lnd 0.1.1 written to /workspace/builds/worker-18/source/Cargo.toml
[INFO] crate crates.io crate tonic_lnd 0.1.1 already has a lockfile, it will not be regenerated
[INFO] running `Command { std: "/workspace/cargo-home/bin/cargo" "+1.54.0" "fetch" "--manifest-path" "Cargo.toml", kill_on_drop: false }`
[INFO] [stderr]     Blocking waiting for file lock on package cache
[INFO] [stderr]     Blocking waiting for file lock on package cache
[INFO] running `Command { std: "docker" "create" "-v" "/var/lib/crater-agent-workspace/builds/worker-18/target:/opt/rustwide/target:rw,Z" "-v" "/var/lib/crater-agent-workspace/builds/worker-18/source:/opt/rustwide/workdir:ro,Z" "-v" "/var/lib/crater-agent-workspace/cargo-home:/opt/rustwide/cargo-home:ro,Z" "-v" "/var/lib/crater-agent-workspace/rustup-home:/opt/rustwide/rustup-home:ro,Z" "-e" "SOURCE_DIR=/opt/rustwide/workdir" "-e" "CARGO_TARGET_DIR=/opt/rustwide/target" "-e" "CARGO_HOME=/opt/rustwide/cargo-home" "-e" "RUSTUP_HOME=/opt/rustwide/rustup-home" "-w" "/opt/rustwide/workdir" "-m" "1610612736" "--user" "0:0" "--network" "none" "ghcr.io/rust-lang/crates-build-env/linux@sha256:34b6a614d2c27851fe6cbf88fbd1137609cefab8b10d0615aaeb6fd47975d74e" "/opt/rustwide/cargo-home/bin/cargo" "+1.54.0" "metadata" "--no-deps" "--format-version=1", kill_on_drop: false }`
[INFO] [stdout] 9864b55c1bf4da12adb6b097866b253d9d3bcc2700df510149a7964bdfa2503d
[INFO] running `Command { std: "docker" "start" "-a" "9864b55c1bf4da12adb6b097866b253d9d3bcc2700df510149a7964bdfa2503d", kill_on_drop: false }`
[INFO] running `Command { std: "docker" "inspect" "9864b55c1bf4da12adb6b097866b253d9d3bcc2700df510149a7964bdfa2503d", kill_on_drop: false }`
[INFO] running `Command { std: "docker" "rm" "-f" "9864b55c1bf4da12adb6b097866b253d9d3bcc2700df510149a7964bdfa2503d", kill_on_drop: false }`
[INFO] [stdout] 9864b55c1bf4da12adb6b097866b253d9d3bcc2700df510149a7964bdfa2503d
[INFO] running `Command { std: "docker" "create" "-v" "/var/lib/crater-agent-workspace/builds/worker-18/target:/opt/rustwide/target:rw,Z" "-v" "/var/lib/crater-agent-workspace/builds/worker-18/source:/opt/rustwide/workdir:ro,Z" "-v" "/var/lib/crater-agent-workspace/cargo-home:/opt/rustwide/cargo-home:ro,Z" "-v" "/var/lib/crater-agent-workspace/rustup-home:/opt/rustwide/rustup-home:ro,Z" "-e" "SOURCE_DIR=/opt/rustwide/workdir" "-e" "CARGO_TARGET_DIR=/opt/rustwide/target" "-e" "CARGO_INCREMENTAL=0" "-e" "RUST_BACKTRACE=full" "-e" "RUSTFLAGS=--cap-lints=warn" "-e" "CARGO_HOME=/opt/rustwide/cargo-home" "-e" "RUSTUP_HOME=/opt/rustwide/rustup-home" "-w" "/opt/rustwide/workdir" "-m" "1610612736" "--user" "0:0" "--network" "none" "ghcr.io/rust-lang/crates-build-env/linux@sha256:34b6a614d2c27851fe6cbf88fbd1137609cefab8b10d0615aaeb6fd47975d74e" "/opt/rustwide/cargo-home/bin/cargo" "+1.54.0" "build" "--frozen" "--message-format=json", kill_on_drop: false }`
[INFO] [stdout] 0e2a582bed06e4f2d2df6e413f3cde21eaa2b747523f80917f2f8d10c55215c4
[INFO] running `Command { std: "docker" "start" "-a" "0e2a582bed06e4f2d2df6e413f3cde21eaa2b747523f80917f2f8d10c55215c4", kill_on_drop: false }`
[INFO] [stderr]     Blocking waiting for file lock on package cache
[INFO] [stderr]    Compiling libc v0.2.97
[INFO] [stderr]    Compiling proc-macro2 v1.0.27
[INFO] [stderr]    Compiling syn v1.0.73
[INFO] [stderr]    Compiling log v0.4.14
[INFO] [stderr]    Compiling bytes v1.0.1
[INFO] [stderr]    Compiling pin-project-lite v0.2.7
[INFO] [stderr]    Compiling futures-core v0.3.15
[INFO] [stderr]    Compiling anyhow v1.0.41
[INFO] [stderr]    Compiling ppv-lite86 v0.2.10
[INFO] [stderr]    Compiling cc v1.0.68
[INFO] [stderr]    Compiling futures-task v0.3.15
[INFO] [stderr]    Compiling once_cell v1.8.0
[INFO] [stderr]    Compiling untrusted v0.7.1
[INFO] [stderr]    Compiling futures-sink v0.3.15
[INFO] [stderr]    Compiling unicode-segmentation v1.8.0
[INFO] [stderr]    Compiling fixedbitset v0.2.0
[INFO] [stderr]    Compiling remove_dir_all v0.5.3
[INFO] [stderr]    Compiling pin-utils v0.1.0
[INFO] [stderr]    Compiling multimap v0.8.3
[INFO] [stderr]    Compiling slab v0.4.3
[INFO] [stderr]    Compiling base64 v0.13.0
[INFO] [stderr]    Compiling futures-channel v0.3.15
[INFO] [stderr]    Compiling tower-service v0.3.1
[INFO] [stderr]    Compiling async-trait v0.1.50
[INFO] [stderr]    Compiling tower-layer v0.3.1
[INFO] [stderr]    Compiling httpdate v1.0.1
[INFO] [stderr]    Compiling hex v0.4.3
[INFO] [stderr]    Compiling indexmap v1.7.0
[INFO] [stderr]    Compiling tokio v1.7.1
[INFO] [stderr]    Compiling itertools v0.9.0
[INFO] [stderr]    Compiling tracing-core v0.1.18
[INFO] [stderr]    Compiling futures-util v0.3.15
[INFO] [stderr]    Compiling heck v0.3.3
[INFO] [stderr]    Compiling rustls-pemfile v0.2.1
[INFO] [stderr]    Compiling http v0.2.4
[INFO] [stderr]    Compiling petgraph v0.5.1
[INFO] [stderr]    Compiling want v0.3.0
[INFO] [stderr]    Compiling ring v0.16.20
[INFO] [stderr]    Compiling getrandom v0.2.3
[INFO] [stderr]    Compiling num_cpus v1.13.0
[INFO] [stderr]    Compiling mio v0.7.13
[INFO] [stderr]    Compiling which v4.1.0
[INFO] [stderr]    Compiling socket2 v0.4.0
[INFO] [stderr]    Compiling rand_core v0.6.3
[INFO] [stderr]    Compiling quote v1.0.9
[INFO] [stderr]    Compiling rand_chacha v0.3.1
[INFO] [stderr]    Compiling prost-build v0.7.0
[INFO] [stderr]    Compiling rand v0.8.4
[INFO] [stderr]    Compiling http-body v0.4.2
[INFO] [stderr]    Compiling tempfile v3.2.0
[INFO] [stderr]    Compiling sct v0.6.1
[INFO] [stderr]    Compiling webpki v0.21.4
[INFO] [stderr]    Compiling rustls v0.19.1
[INFO] [stderr]    Compiling tokio-macros v1.2.0
[INFO] [stderr]    Compiling prost-derive v0.7.0
[INFO] [stderr]    Compiling tracing-attributes v0.1.15
[INFO] [stderr]    Compiling pin-project-internal v1.0.7
[INFO] [stderr]    Compiling async-stream-impl v0.3.2
[INFO] [stderr]    Compiling async-stream v0.3.2
[INFO] [stderr]    Compiling tracing v0.1.26
[INFO] [stderr]    Compiling pin-project v1.0.7
[INFO] [stderr]    Compiling tracing-futures v0.2.5
[INFO] [stderr]    Compiling prost v0.7.0
[INFO] [stderr]    Compiling prost-types v0.7.0
[INFO] [stderr]    Compiling tonic-build v0.4.2
[INFO] [stderr]    Compiling tokio-util v0.6.7
[INFO] [stderr]    Compiling tokio-stream v0.1.6
[INFO] [stderr]    Compiling tokio-rustls v0.22.0
[INFO] [stderr]    Compiling h2 v0.3.3
[INFO] [stderr]    Compiling tower v0.4.8
[INFO] [stderr]    Compiling tonic_lnd v0.1.1 (/opt/rustwide/workdir)
[INFO] [stderr]    Compiling hyper v0.14.9
[INFO] [stderr]    Compiling tonic v0.4.3
[INFO] [stderr]     Finished dev [unoptimized + debuginfo] target(s) in 56.07s
[INFO] running `Command { std: "docker" "inspect" "0e2a582bed06e4f2d2df6e413f3cde21eaa2b747523f80917f2f8d10c55215c4", kill_on_drop: false }`
[INFO] running `Command { std: "docker" "rm" "-f" "0e2a582bed06e4f2d2df6e413f3cde21eaa2b747523f80917f2f8d10c55215c4", kill_on_drop: false }`
[INFO] [stdout] 0e2a582bed06e4f2d2df6e413f3cde21eaa2b747523f80917f2f8d10c55215c4
[INFO] running `Command { std: "docker" "create" "-v" "/var/lib/crater-agent-workspace/builds/worker-18/target:/opt/rustwide/target:rw,Z" "-v" "/var/lib/crater-agent-workspace/builds/worker-18/source:/opt/rustwide/workdir:ro,Z" "-v" "/var/lib/crater-agent-workspace/cargo-home:/opt/rustwide/cargo-home:ro,Z" "-v" "/var/lib/crater-agent-workspace/rustup-home:/opt/rustwide/rustup-home:ro,Z" "-e" "SOURCE_DIR=/opt/rustwide/workdir" "-e" "CARGO_TARGET_DIR=/opt/rustwide/target" "-e" "CARGO_INCREMENTAL=0" "-e" "RUST_BACKTRACE=full" "-e" "RUSTFLAGS=--cap-lints=warn" "-e" "CARGO_HOME=/opt/rustwide/cargo-home" "-e" "RUSTUP_HOME=/opt/rustwide/rustup-home" "-w" "/opt/rustwide/workdir" "-m" "1610612736" "--user" "0:0" "--network" "none" "ghcr.io/rust-lang/crates-build-env/linux@sha256:34b6a614d2c27851fe6cbf88fbd1137609cefab8b10d0615aaeb6fd47975d74e" "/opt/rustwide/cargo-home/bin/cargo" "+1.54.0" "test" "--frozen" "--no-run" "--message-format=json", kill_on_drop: false }`
[INFO] [stdout] 2fb4da4c3579a89ed81ab95a51735156bead9b50150ed9797a4bbb52607ad4d4
[INFO] running `Command { std: "docker" "start" "-a" "2fb4da4c3579a89ed81ab95a51735156bead9b50150ed9797a4bbb52607ad4d4", kill_on_drop: false }`
[INFO] [stderr]     Blocking waiting for file lock on package cache
[INFO] [stderr]    Compiling tonic_lnd v0.1.1 (/opt/rustwide/workdir)
[INFO] [stderr]     Finished test [unoptimized + debuginfo] target(s) in 6.84s
[INFO] running `Command { std: "docker" "inspect" "2fb4da4c3579a89ed81ab95a51735156bead9b50150ed9797a4bbb52607ad4d4", kill_on_drop: false }`
[INFO] running `Command { std: "docker" "rm" "-f" "2fb4da4c3579a89ed81ab95a51735156bead9b50150ed9797a4bbb52607ad4d4", kill_on_drop: false }`
[INFO] [stdout] 2fb4da4c3579a89ed81ab95a51735156bead9b50150ed9797a4bbb52607ad4d4
[INFO] running `Command { std: "docker" "create" "-v" "/var/lib/crater-agent-workspace/builds/worker-18/target:/opt/rustwide/target:rw,Z" "-v" "/var/lib/crater-agent-workspace/builds/worker-18/source:/opt/rustwide/workdir:ro,Z" "-v" "/var/lib/crater-agent-workspace/cargo-home:/opt/rustwide/cargo-home:ro,Z" "-v" "/var/lib/crater-agent-workspace/rustup-home:/opt/rustwide/rustup-home:ro,Z" "-e" "SOURCE_DIR=/opt/rustwide/workdir" "-e" "CARGO_TARGET_DIR=/opt/rustwide/target" "-e" "CARGO_INCREMENTAL=0" "-e" "RUST_BACKTRACE=full" "-e" "RUSTFLAGS=--cap-lints=warn" "-e" "CARGO_HOME=/opt/rustwide/cargo-home" "-e" "RUSTUP_HOME=/opt/rustwide/rustup-home" "-w" "/opt/rustwide/workdir" "-m" "1610612736" "--user" "0:0" "--network" "none" "ghcr.io/rust-lang/crates-build-env/linux@sha256:34b6a614d2c27851fe6cbf88fbd1137609cefab8b10d0615aaeb6fd47975d74e" "/opt/rustwide/cargo-home/bin/cargo" "+1.54.0" "test" "--frozen", kill_on_drop: false }`
[INFO] [stdout] eae9f87c0f3946526fe9916a06d8064e7026909dada546d717b820531dde47ee
[INFO] running `Command { std: "docker" "start" "-a" "eae9f87c0f3946526fe9916a06d8064e7026909dada546d717b820531dde47ee", kill_on_drop: false }`
[INFO] [stderr]     Blocking waiting for file lock on package cache
[INFO] [stderr]     Blocking waiting for file lock on package cache
[INFO] [stderr]     Finished test [unoptimized + debuginfo] target(s) in 0.51s
[INFO] [stderr]      Running unittests (/opt/rustwide/target/debug/deps/tonic_lnd-f677a17e68afe48d)
[INFO] [stdout] 
[INFO] [stdout] running 0 tests
[INFO] [stdout] 
[INFO] [stdout] test result: ok. 0 passed; 0 failed; 0 ignored; 0 measured; 0 filtered out; finished in 0.00s
[INFO] [stdout] 
[INFO] [stderr]    Doc-tests tonic_lnd
[INFO] [stdout] 
[INFO] [stdout] running 1 test
[INFO] [stdout] test src/lib.rs - (line 24) ... FAILED
[INFO] [stdout] 
[INFO] [stdout] failures:
[INFO] [stdout] 
[INFO] [stdout] ---- src/lib.rs - (line 24) stdout ----
[INFO] [stdout] Test executable failed (exit code 101).
[INFO] [stdout] 
[INFO] [stdout] stderr:
[INFO] [stdout] thread 'main' panicked at 'missing arguments: address, cert file, macaroon file', src/lib.rs:10:31
[INFO] [stdout] stack backtrace:
[INFO] [stdout]    0:     0x55780ad8c800 - std::backtrace_rs::backtrace::libunwind::trace::h34055254b57d8e79
[INFO] [stdout]                                at /rustc/a178d0322ce20e33eac124758e837cbd80a6f633/library/std/src/../../backtrace/src/backtrace/libunwind.rs:90:5
[INFO] [stdout]    1:     0x55780ad8c800 - std::backtrace_rs::backtrace::trace_unsynchronized::h8f1e3fbd9afff6ec
[INFO] [stdout]                                at /rustc/a178d0322ce20e33eac124758e837cbd80a6f633/library/std/src/../../backtrace/src/backtrace/mod.rs:66:5
[INFO] [stdout]    2:     0x55780ad8c800 - std::sys_common::backtrace::_print_fmt::h3a99a796b770c360
[INFO] [stdout]                                at /rustc/a178d0322ce20e33eac124758e837cbd80a6f633/library/std/src/sys_common/backtrace.rs:67:5
[INFO] [stdout]    3:     0x55780ad8c800 - <std::sys_common::backtrace::_print::DisplayBacktrace as core::fmt::Display>::fmt::h32d1f94a80615d18
[INFO] [stdout]                                at /rustc/a178d0322ce20e33eac124758e837cbd80a6f633/library/std/src/sys_common/backtrace.rs:46:22
[INFO] [stdout]    4:     0x55780adac5ec - core::fmt::write::h306731c068f7162c
[INFO] [stdout]                                at /rustc/a178d0322ce20e33eac124758e837cbd80a6f633/library/core/src/fmt/mod.rs:1110:17
[INFO] [stdout]    5:     0x55780ad878e5 - std::io::Write::write_fmt::hd2fa90334eee2a21
[INFO] [stdout]                                at /rustc/a178d0322ce20e33eac124758e837cbd80a6f633/library/std/src/io/mod.rs:1588:15
[INFO] [stdout]    6:     0x55780ad8e8cb - std::sys_common::backtrace::_print::h5abaa2601a852287
[INFO] [stdout]                                at /rustc/a178d0322ce20e33eac124758e837cbd80a6f633/library/std/src/sys_common/backtrace.rs:49:5
[INFO] [stdout]    7:     0x55780ad8e8cb - std::sys_common::backtrace::print::h8d81445442bb638f
[INFO] [stdout]                                at /rustc/a178d0322ce20e33eac124758e837cbd80a6f633/library/std/src/sys_common/backtrace.rs:36:9
[INFO] [stdout]    8:     0x55780ad8e8cb - std::panicking::default_hook::{{closure}}::hcfe804496a9fa747
[INFO] [stdout]                                at /rustc/a178d0322ce20e33eac124758e837cbd80a6f633/library/std/src/panicking.rs:208:50
[INFO] [stdout]    9:     0x55780ad8e3a1 - std::panicking::default_hook::hbea8e3ccf2ba8901
[INFO] [stdout]                                at /rustc/a178d0322ce20e33eac124758e837cbd80a6f633/library/std/src/panicking.rs:225:9
[INFO] [stdout]   10:     0x55780ad8ef94 - std::panicking::rust_panic_with_hook::h7ee9e1a2d0f8975a
[INFO] [stdout]                                at /rustc/a178d0322ce20e33eac124758e837cbd80a6f633/library/std/src/panicking.rs:622:17
[INFO] [stdout]   11:     0x55780ad8ea77 - std::panicking::begin_panic_handler::{{closure}}::h8ab3b4491718b2c7
[INFO] [stdout]                                at /rustc/a178d0322ce20e33eac124758e837cbd80a6f633/library/std/src/panicking.rs:519:13
[INFO] [stdout]   12:     0x55780ad8ccfc - std::sys_common::backtrace::__rust_end_short_backtrace::hd489062ffa586a9f
[INFO] [stdout]                                at /rustc/a178d0322ce20e33eac124758e837cbd80a6f633/library/std/src/sys_common/backtrace.rs:141:18
[INFO] [stdout]   13:     0x55780ad8e9d9 - rust_begin_unwind
[INFO] [stdout]                                at /rustc/a178d0322ce20e33eac124758e837cbd80a6f633/library/std/src/panicking.rs:515:5
[INFO] [stdout]   14:     0x55780a7f47b1 - core::panicking::panic_fmt::hca6330e3e14086b4
[INFO] [stdout]                                at /rustc/a178d0322ce20e33eac124758e837cbd80a6f633/library/core/src/panicking.rs:92:14
[INFO] [stdout]   15:     0x55780a7f46a3 - core::option::expect_failed::hb6407502861d5eec
[INFO] [stdout]                                at /rustc/a178d0322ce20e33eac124758e837cbd80a6f633/library/core/src/option.rs:1243:5
[INFO] [stdout]   16:     0x55780a800c1e - core::option::Option<T>::expect::hf0995e6aa3c76e0d
[INFO] [stdout]   17:     0x55780a829143 - rust_out::main::{{closure}}::he657707564775990
[INFO] [stdout]   18:     0x55780a82375c - <core::future::from_generator::GenFuture<T> as core::future::future::Future>::poll::h7c3cdd49a1531f77
[INFO] [stdout]   19:     0x55780a80dd2c - tokio::park::thread::CachedParkThread::block_on::{{closure}}::hcbc16af188757f9a
[INFO] [stdout]   20:     0x55780a80cf83 - tokio::coop::with_budget::{{closure}}::h7bde50aac9c16244
[INFO] [stdout]   21:     0x55780a7f9016 - std::thread::local::LocalKey<T>::try_with::h09d625b245409835
[INFO] [stdout]   22:     0x55780a7f8dd8 - std::thread::local::LocalKey<T>::with::hdff8abfe5c91bf12
[INFO] [stdout]   23:     0x55780a80d78e - tokio::park::thread::CachedParkThread::block_on::h16e6c14f3a1ef5e5
[INFO] [stdout]   24:     0x55780a8111b9 - tokio::runtime::enter::Enter::block_on::h8f753688326ec120
[INFO] [stdout]   25:     0x55780a80deee - tokio::runtime::thread_pool::ThreadPool::block_on::ha6aa20ea79b19f6e
[INFO] [stdout]   26:     0x55780a81141b - tokio::runtime::Runtime::block_on::h7e785aaec68a5b28
[INFO] [stdout]   27:     0x55780a828ef1 - rust_out::main::h2a38bb51b9580a7d
[INFO] [stdout]   28:     0x55780a7fae43 - core::ops::function::FnOnce::call_once::hb73b95e6982fd3f0
[INFO] [stdout]   29:     0x55780a7f71d9 - std::sys_common::backtrace::__rust_begin_short_backtrace::h8371d112165838d3
[INFO] [stdout]   30:     0x55780a7f8a09 - std::rt::lang_start::{{closure}}::h783adf50233ec5ec
[INFO] [stdout]   31:     0x55780ad8f599 - core::ops::function::impls::<impl core::ops::function::FnOnce<A> for &F>::call_once::h2aabc384aab89b7b
[INFO] [stdout]                                at /rustc/a178d0322ce20e33eac124758e837cbd80a6f633/library/core/src/ops/function.rs:259:13
[INFO] [stdout]   32:     0x55780ad8f599 - std::panicking::try::do_call::hc5fcacb7a85fc7b1
[INFO] [stdout]                                at /rustc/a178d0322ce20e33eac124758e837cbd80a6f633/library/std/src/panicking.rs:401:40
[INFO] [stdout]   33:     0x55780ad8f599 - std::panicking::try::hb5d9603af3abbe3a
[INFO] [stdout]                                at /rustc/a178d0322ce20e33eac124758e837cbd80a6f633/library/std/src/panicking.rs:365:19
[INFO] [stdout]   34:     0x55780ad8f599 - std::panic::catch_unwind::h98fe6ac3925e64b4
[INFO] [stdout]                                at /rustc/a178d0322ce20e33eac124758e837cbd80a6f633/library/std/src/panic.rs:434:14
[INFO] [stdout]   35:     0x55780ad8f599 - std::rt::lang_start_internal::h22ac7383c516f93e
[INFO] [stdout]                                at /rustc/a178d0322ce20e33eac124758e837cbd80a6f633/library/std/src/rt.rs:34:21
[INFO] [stdout]   36:     0x55780a7f89f1 - std::rt::lang_start::h11b9716471e37ff8
[INFO] [stdout]   37:     0x55780a829833 - main
[INFO] [stdout]   38:     0x7f0e838740b3 - __libc_start_main
[INFO] [stdout]   39:     0x55780a7f4fae - _start
[INFO] [stdout]   40:                0x0 - <unknown>
[INFO] [stdout] 
[INFO] [stdout] 
[INFO] [stdout] 
[INFO] [stdout] failures:
[INFO] [stdout]     src/lib.rs - (line 24)
[INFO] [stdout] 
[INFO] [stdout] test result: FAILED. 0 passed; 1 failed; 0 ignored; 0 measured; 0 filtered out; finished in 4.86s
[INFO] [stdout] 
[INFO] [stderr] error: test failed, to rerun pass '--doc'
[INFO] running `Command { std: "docker" "inspect" "eae9f87c0f3946526fe9916a06d8064e7026909dada546d717b820531dde47ee", kill_on_drop: false }`
[INFO] running `Command { std: "docker" "rm" "-f" "eae9f87c0f3946526fe9916a06d8064e7026909dada546d717b820531dde47ee", kill_on_drop: false }`
[INFO] [stdout] eae9f87c0f3946526fe9916a06d8064e7026909dada546d717b820531dde47ee
