[INFO] fetching crate tokio-simplified 0.2.2...
[INFO] testing tokio-simplified-0.2.2 against 1.54.0 for beta-1.55-1
[INFO] extracting crate tokio-simplified 0.2.2 into /workspace/builds/worker-6/source
[INFO] validating manifest of crates.io crate tokio-simplified 0.2.2 on toolchain 1.54.0
[INFO] running `Command { std: "/workspace/cargo-home/bin/cargo" "+1.54.0" "metadata" "--manifest-path" "Cargo.toml" "--no-deps", kill_on_drop: false }`
[INFO] started tweaking crates.io crate tokio-simplified 0.2.2
[INFO] finished tweaking crates.io crate tokio-simplified 0.2.2
[INFO] tweaked toml for crates.io crate tokio-simplified 0.2.2 written to /workspace/builds/worker-6/source/Cargo.toml
[INFO] crate crates.io crate tokio-simplified 0.2.2 already has a lockfile, it will not be regenerated
[INFO] running `Command { std: "/workspace/cargo-home/bin/cargo" "+1.54.0" "fetch" "--manifest-path" "Cargo.toml", kill_on_drop: false }`
[INFO] [stderr]     Blocking waiting for file lock on package cache
[INFO] running `Command { std: "docker" "create" "-v" "/var/lib/crater-agent-workspace/builds/worker-6/target:/opt/rustwide/target:rw,Z" "-v" "/var/lib/crater-agent-workspace/builds/worker-6/source:/opt/rustwide/workdir:ro,Z" "-v" "/var/lib/crater-agent-workspace/cargo-home:/opt/rustwide/cargo-home:ro,Z" "-v" "/var/lib/crater-agent-workspace/rustup-home:/opt/rustwide/rustup-home:ro,Z" "-e" "SOURCE_DIR=/opt/rustwide/workdir" "-e" "CARGO_TARGET_DIR=/opt/rustwide/target" "-e" "CARGO_HOME=/opt/rustwide/cargo-home" "-e" "RUSTUP_HOME=/opt/rustwide/rustup-home" "-w" "/opt/rustwide/workdir" "-m" "1610612736" "--user" "0:0" "--network" "none" "ghcr.io/rust-lang/crates-build-env/linux@sha256:34b6a614d2c27851fe6cbf88fbd1137609cefab8b10d0615aaeb6fd47975d74e" "/opt/rustwide/cargo-home/bin/cargo" "+1.54.0" "metadata" "--no-deps" "--format-version=1", kill_on_drop: false }`
[INFO] [stdout] 9e922adf5c2cbad5e077185803dabe715257ca3de4f51d48b973280e81acbf13
[INFO] running `Command { std: "docker" "start" "-a" "9e922adf5c2cbad5e077185803dabe715257ca3de4f51d48b973280e81acbf13", kill_on_drop: false }`
[INFO] running `Command { std: "docker" "inspect" "9e922adf5c2cbad5e077185803dabe715257ca3de4f51d48b973280e81acbf13", kill_on_drop: false }`
[INFO] running `Command { std: "docker" "rm" "-f" "9e922adf5c2cbad5e077185803dabe715257ca3de4f51d48b973280e81acbf13", kill_on_drop: false }`
[INFO] [stdout] 9e922adf5c2cbad5e077185803dabe715257ca3de4f51d48b973280e81acbf13
[INFO] running `Command { std: "docker" "create" "-v" "/var/lib/crater-agent-workspace/builds/worker-6/target:/opt/rustwide/target:rw,Z" "-v" "/var/lib/crater-agent-workspace/builds/worker-6/source:/opt/rustwide/workdir:ro,Z" "-v" "/var/lib/crater-agent-workspace/cargo-home:/opt/rustwide/cargo-home:ro,Z" "-v" "/var/lib/crater-agent-workspace/rustup-home:/opt/rustwide/rustup-home:ro,Z" "-e" "SOURCE_DIR=/opt/rustwide/workdir" "-e" "CARGO_TARGET_DIR=/opt/rustwide/target" "-e" "CARGO_INCREMENTAL=0" "-e" "RUST_BACKTRACE=full" "-e" "RUSTFLAGS=--cap-lints=warn" "-e" "CARGO_HOME=/opt/rustwide/cargo-home" "-e" "RUSTUP_HOME=/opt/rustwide/rustup-home" "-w" "/opt/rustwide/workdir" "-m" "1610612736" "--user" "0:0" "--network" "none" "ghcr.io/rust-lang/crates-build-env/linux@sha256:34b6a614d2c27851fe6cbf88fbd1137609cefab8b10d0615aaeb6fd47975d74e" "/opt/rustwide/cargo-home/bin/cargo" "+1.54.0" "build" "--frozen" "--message-format=json", kill_on_drop: false }`
[INFO] [stdout] 4e7f8bfbd208fd4f3c300ea1d0f49d3949d2ffc7b40faf185ac85cc0dbedecbb
[INFO] running `Command { std: "docker" "start" "-a" "4e7f8bfbd208fd4f3c300ea1d0f49d3949d2ffc7b40faf185ac85cc0dbedecbb", kill_on_drop: false }`
[INFO] [stderr]     Blocking waiting for file lock on package cache
[INFO] [stderr]     Blocking waiting for file lock on package cache
[INFO] [stderr]    Compiling libc v0.2.55
[INFO] [stderr]    Compiling cfg-if v0.1.9
[INFO] [stderr]    Compiling rand_core v0.4.0
[INFO] [stderr]    Compiling autocfg v0.1.2
[INFO] [stderr]    Compiling lazy_static v1.3.0
[INFO] [stderr]    Compiling futures v0.1.27
[INFO] [stderr]    Compiling byteorder v1.3.1
[INFO] [stderr]    Compiling slab v0.4.2
[INFO] [stderr]    Compiling stable_deref_trait v1.1.1
[INFO] [stderr]    Compiling arrayvec v0.4.10
[INFO] [stderr]    Compiling smallvec v0.6.9
[INFO] [stderr]    Compiling fnv v1.0.6
[INFO] [stderr]    Compiling nodrop v0.1.13
[INFO] [stderr]    Compiling parking_lot_core v0.4.0
[INFO] [stderr]    Compiling log v0.4.6
[INFO] [stderr]    Compiling owning_ref v0.4.0
[INFO] [stderr]    Compiling crossbeam-utils v0.6.5
[INFO] [stderr]    Compiling tokio-trace-core v0.1.0
[INFO] [stderr]    Compiling rand_core v0.3.1
[INFO] [stderr]    Compiling rand_jitter v0.1.4
[INFO] [stderr]    Compiling lock_api v0.1.5
[INFO] [stderr]    Compiling rand_isaac v0.1.1
[INFO] [stderr]    Compiling rand_xorshift v0.1.1
[INFO] [stderr]    Compiling rand_hc v0.1.0
[INFO] [stderr]    Compiling rand_pcg v0.1.2
[INFO] [stderr]    Compiling rand_chacha v0.1.1
[INFO] [stderr]    Compiling rand v0.6.5
[INFO] [stderr]    Compiling crossbeam-queue v0.1.2
[INFO] [stderr]    Compiling crossbeam-epoch v0.7.1
[INFO] [stderr]    Compiling iovec v0.1.2
[INFO] [stderr]    Compiling rand_os v0.1.3
[INFO] [stderr]    Compiling net2 v0.2.33
[INFO] [stderr]    Compiling num_cpus v1.10.0
[INFO] [stderr]    Compiling bytes v0.4.12
[INFO] [stderr]    Compiling crossbeam-deque v0.7.1
[INFO] [stderr]    Compiling mio v0.6.17
[INFO] [stderr]    Compiling tokio-executor v0.1.7
[INFO] [stderr]    Compiling tokio-sync v0.1.5
[INFO] [stderr]    Compiling futures-promises v0.1.7
[INFO] [stderr]    Compiling tokio-io v0.1.12
[INFO] [stderr]    Compiling tokio-current-thread v0.1.6
[INFO] [stderr]    Compiling tokio-timer v0.2.11
[INFO] [stderr]    Compiling mio-uds v0.6.7
[INFO] [stderr]    Compiling tokio-codec v0.1.1
[INFO] [stderr]    Compiling tokio-threadpool v0.1.14
[INFO] [stderr]    Compiling parking_lot v0.7.1
[INFO] [stderr]    Compiling tokio-reactor v0.1.9
[INFO] [stderr]    Compiling tokio-fs v0.1.6
[INFO] [stderr]    Compiling tokio-udp v0.1.3
[INFO] [stderr]    Compiling tokio-tcp v0.1.3
[INFO] [stderr]    Compiling tokio-uds v0.2.5
[INFO] [stderr]    Compiling tokio v0.1.20
[INFO] [stderr]    Compiling tokio-simplified v0.2.2 (/opt/rustwide/workdir)
[INFO] [stdout] warning: unnecessary parentheses around type
[INFO] [stdout]   --> src/lib.rs:87:10
[INFO] [stdout]    |
[INFO] [stdout] 87 |       BF = (fn(
[INFO] [stdout]    |  __________^
[INFO] [stdout] 88 | |         <StreamType as Stream>::Item,
[INFO] [stdout] 89 | |         &mut IoWriter<<SinkType as Sink>::SinkItem>,
[INFO] [stdout] 90 | |     ) -> Option<<StreamType as Stream>::Item>),
[INFO] [stdout]    | |______________________________________________^
[INFO] [stdout]    |
[INFO] [stdout]    = note: `#[warn(unused_parens)]` on by default
[INFO] [stdout] help: remove these parentheses
[INFO] [stdout]    |
[INFO] [stdout] 87 |     BF = fn(
[INFO] [stdout] 88 |         <StreamType as Stream>::Item,
[INFO] [stdout] 89 |         &mut IoWriter<<SinkType as Sink>::SinkItem>,
[INFO] [stdout] 90 |     ) -> Option<<StreamType as Stream>::Item>,
[INFO] [stdout]    |
[INFO] [stdout] 
[INFO] [stdout] 
[INFO] [stdout] warning: unnecessary parentheses around type
[INFO] [stdout]   --> src/lib.rs:91:11
[INFO] [stdout]    |
[INFO] [stdout] 91 |     BEH = (fn(<StreamType as Stream>::Error)),
[INFO] [stdout]    |           ^^^^^^^^^^^^^^^^^^^^^^^^^^^^^^^^^^^ help: remove these parentheses
[INFO] [stdout] 
[INFO] [stdout] 
[INFO] [stdout] warning: unnecessary parentheses around type
[INFO] [stdout]    --> src/lib.rs:109:48
[INFO] [stdout]     |
[INFO] [stdout] 109 |   type DefaultFilterType<SinkType, StreamType> = (fn(
[INFO] [stdout]     |  ________________________________________________^
[INFO] [stdout] 110 | |     <StreamType as Stream>::Item,
[INFO] [stdout] 111 | |     &mut IoWriter<<SinkType as Sink>::SinkItem>,
[INFO] [stdout] 112 | | ) -> Option<<StreamType as Stream>::Item>);
[INFO] [stdout]     | |__________________________________________^
[INFO] [stdout]     |
[INFO] [stdout] help: remove these parentheses
[INFO] [stdout]     |
[INFO] [stdout] 109 | type DefaultFilterType<SinkType, StreamType> = fn(
[INFO] [stdout] 110 |     <StreamType as Stream>::Item,
[INFO] [stdout] 111 |     &mut IoWriter<<SinkType as Sink>::SinkItem>,
[INFO] [stdout] 112 | ) -> Option<<StreamType as Stream>::Item>;
[INFO] [stdout]     |
[INFO] [stdout] 
[INFO] [stdout] 
[INFO] [stdout] warning: unnecessary parentheses around type
[INFO] [stdout]    --> src/lib.rs:113:44
[INFO] [stdout]     |
[INFO] [stdout] 113 | type DefaultErrorHandlerType<StreamType> = (fn(<StreamType as Stream>::Error));
[INFO] [stdout]     |                                            ^^^^^^^^^^^^^^^^^^^^^^^^^^^^^^^^^^^ help: remove these parentheses
[INFO] [stdout] 
[INFO] [stdout] 
[INFO] [stdout] warning: 4 warnings emitted
[INFO] [stdout] 
[INFO] [stdout] 
[INFO] [stderr]     Finished dev [unoptimized + debuginfo] target(s) in 6.20s
[INFO] running `Command { std: "docker" "inspect" "4e7f8bfbd208fd4f3c300ea1d0f49d3949d2ffc7b40faf185ac85cc0dbedecbb", kill_on_drop: false }`
[INFO] running `Command { std: "docker" "rm" "-f" "4e7f8bfbd208fd4f3c300ea1d0f49d3949d2ffc7b40faf185ac85cc0dbedecbb", kill_on_drop: false }`
[INFO] [stdout] 4e7f8bfbd208fd4f3c300ea1d0f49d3949d2ffc7b40faf185ac85cc0dbedecbb
[INFO] running `Command { std: "docker" "create" "-v" "/var/lib/crater-agent-workspace/builds/worker-6/target:/opt/rustwide/target:rw,Z" "-v" "/var/lib/crater-agent-workspace/builds/worker-6/source:/opt/rustwide/workdir:ro,Z" "-v" "/var/lib/crater-agent-workspace/cargo-home:/opt/rustwide/cargo-home:ro,Z" "-v" "/var/lib/crater-agent-workspace/rustup-home:/opt/rustwide/rustup-home:ro,Z" "-e" "SOURCE_DIR=/opt/rustwide/workdir" "-e" "CARGO_TARGET_DIR=/opt/rustwide/target" "-e" "CARGO_INCREMENTAL=0" "-e" "RUST_BACKTRACE=full" "-e" "RUSTFLAGS=--cap-lints=warn" "-e" "CARGO_HOME=/opt/rustwide/cargo-home" "-e" "RUSTUP_HOME=/opt/rustwide/rustup-home" "-w" "/opt/rustwide/workdir" "-m" "1610612736" "--user" "0:0" "--network" "none" "ghcr.io/rust-lang/crates-build-env/linux@sha256:34b6a614d2c27851fe6cbf88fbd1137609cefab8b10d0615aaeb6fd47975d74e" "/opt/rustwide/cargo-home/bin/cargo" "+1.54.0" "test" "--frozen" "--no-run" "--message-format=json", kill_on_drop: false }`
[INFO] [stdout] 9e8edbc5c1cf19576c4170f24bf81408a1096af2ef0051964122d2d06ee32726
[INFO] running `Command { std: "docker" "start" "-a" "9e8edbc5c1cf19576c4170f24bf81408a1096af2ef0051964122d2d06ee32726", kill_on_drop: false }`
[INFO] [stderr]    Compiling tokio-simplified v0.2.2 (/opt/rustwide/workdir)
[INFO] [stdout] warning: unnecessary parentheses around type
[INFO] [stdout]   --> src/lib.rs:87:10
[INFO] [stdout]    |
[INFO] [stdout] 87 |       BF = (fn(
[INFO] [stdout]    |  __________^
[INFO] [stdout] 88 | |         <StreamType as Stream>::Item,
[INFO] [stdout] 89 | |         &mut IoWriter<<SinkType as Sink>::SinkItem>,
[INFO] [stdout] 90 | |     ) -> Option<<StreamType as Stream>::Item>),
[INFO] [stdout]    | |______________________________________________^
[INFO] [stdout]    |
[INFO] [stdout]    = note: `#[warn(unused_parens)]` on by default
[INFO] [stdout] help: remove these parentheses
[INFO] [stdout]    |
[INFO] [stdout] 87 |     BF = fn(
[INFO] [stdout] 88 |         <StreamType as Stream>::Item,
[INFO] [stdout] 89 |         &mut IoWriter<<SinkType as Sink>::SinkItem>,
[INFO] [stdout] 90 |     ) -> Option<<StreamType as Stream>::Item>,
[INFO] [stdout]    |
[INFO] [stdout] 
[INFO] [stdout] 
[INFO] [stdout] warning: unnecessary parentheses around type
[INFO] [stdout]   --> src/lib.rs:91:11
[INFO] [stdout]    |
[INFO] [stdout] 91 |     BEH = (fn(<StreamType as Stream>::Error)),
[INFO] [stdout]    |           ^^^^^^^^^^^^^^^^^^^^^^^^^^^^^^^^^^^ help: remove these parentheses
[INFO] [stdout] 
[INFO] [stdout] 
[INFO] [stdout] warning: unnecessary parentheses around type
[INFO] [stdout]    --> src/lib.rs:109:48
[INFO] [stdout]     |
[INFO] [stdout] 109 |   type DefaultFilterType<SinkType, StreamType> = (fn(
[INFO] [stdout]     |  ________________________________________________^
[INFO] [stdout] 110 | |     <StreamType as Stream>::Item,
[INFO] [stdout] 111 | |     &mut IoWriter<<SinkType as Sink>::SinkItem>,
[INFO] [stdout] 112 | | ) -> Option<<StreamType as Stream>::Item>);
[INFO] [stdout]     | |__________________________________________^
[INFO] [stdout]     |
[INFO] [stdout] help: remove these parentheses
[INFO] [stdout]     |
[INFO] [stdout] 109 | type DefaultFilterType<SinkType, StreamType> = fn(
[INFO] [stdout] 110 |     <StreamType as Stream>::Item,
[INFO] [stdout] 111 |     &mut IoWriter<<SinkType as Sink>::SinkItem>,
[INFO] [stdout] 112 | ) -> Option<<StreamType as Stream>::Item>;
[INFO] [stdout]     |
[INFO] [stdout] 
[INFO] [stdout] 
[INFO] [stdout] warning: unnecessary parentheses around type
[INFO] [stdout]    --> src/lib.rs:113:44
[INFO] [stdout]     |
[INFO] [stdout] 113 | type DefaultErrorHandlerType<StreamType> = (fn(<StreamType as Stream>::Error));
[INFO] [stdout]     |                                            ^^^^^^^^^^^^^^^^^^^^^^^^^^^^^^^^^^^ help: remove these parentheses
[INFO] [stdout] 
[INFO] [stdout] 
[INFO] [stdout] warning: 4 warnings emitted
[INFO] [stdout] 
[INFO] [stdout] 
[INFO] [stdout] warning: unnecessary parentheses around type
[INFO] [stdout]   --> src/lib.rs:87:10
[INFO] [stdout]    |
[INFO] [stdout] 87 |       BF = (fn(
[INFO] [stdout]    |  __________^
[INFO] [stdout] 88 | |         <StreamType as Stream>::Item,
[INFO] [stdout] 89 | |         &mut IoWriter<<SinkType as Sink>::SinkItem>,
[INFO] [stdout] 90 | |     ) -> Option<<StreamType as Stream>::Item>),
[INFO] [stdout]    | |______________________________________________^
[INFO] [stdout]    |
[INFO] [stdout]    = note: `#[warn(unused_parens)]` on by default
[INFO] [stdout] help: remove these parentheses
[INFO] [stdout]    |
[INFO] [stdout] 87 |     BF = fn(
[INFO] [stdout] 88 |         <StreamType as Stream>::Item,
[INFO] [stdout] 89 |         &mut IoWriter<<SinkType as Sink>::SinkItem>,
[INFO] [stdout] 90 |     ) -> Option<<StreamType as Stream>::Item>,
[INFO] [stdout]    |
[INFO] [stdout] 
[INFO] [stdout] 
[INFO] [stdout] warning: unnecessary parentheses around type
[INFO] [stdout]   --> src/lib.rs:91:11
[INFO] [stdout]    |
[INFO] [stdout] 91 |     BEH = (fn(<StreamType as Stream>::Error)),
[INFO] [stdout]    |           ^^^^^^^^^^^^^^^^^^^^^^^^^^^^^^^^^^^ help: remove these parentheses
[INFO] [stdout] 
[INFO] [stdout] 
[INFO] [stdout] warning: unnecessary parentheses around type
[INFO] [stdout]    --> src/lib.rs:109:48
[INFO] [stdout]     |
[INFO] [stdout] 109 |   type DefaultFilterType<SinkType, StreamType> = (fn(
[INFO] [stdout]     |  ________________________________________________^
[INFO] [stdout] 110 | |     <StreamType as Stream>::Item,
[INFO] [stdout] 111 | |     &mut IoWriter<<SinkType as Sink>::SinkItem>,
[INFO] [stdout] 112 | | ) -> Option<<StreamType as Stream>::Item>);
[INFO] [stdout]     | |__________________________________________^
[INFO] [stdout]     |
[INFO] [stdout] help: remove these parentheses
[INFO] [stdout]     |
[INFO] [stdout] 109 | type DefaultFilterType<SinkType, StreamType> = fn(
[INFO] [stdout] 110 |     <StreamType as Stream>::Item,
[INFO] [stdout] 111 |     &mut IoWriter<<SinkType as Sink>::SinkItem>,
[INFO] [stdout] 112 | ) -> Option<<StreamType as Stream>::Item>;
[INFO] [stdout]     |
[INFO] [stdout] 
[INFO] [stdout] 
[INFO] [stdout] warning: unnecessary parentheses around type
[INFO] [stdout]    --> src/lib.rs:113:44
[INFO] [stdout]     |
[INFO] [stdout] 113 | type DefaultErrorHandlerType<StreamType> = (fn(<StreamType as Stream>::Error));
[INFO] [stdout]     |                                            ^^^^^^^^^^^^^^^^^^^^^^^^^^^^^^^^^^^ help: remove these parentheses
[INFO] [stdout] 
[INFO] [stdout] 
[INFO] [stdout] warning: 4 warnings emitted
[INFO] [stdout] 
[INFO] [stdout] 
[INFO] [stderr]     Finished test [unoptimized + debuginfo] target(s) in 1.97s
[INFO] running `Command { std: "docker" "inspect" "9e8edbc5c1cf19576c4170f24bf81408a1096af2ef0051964122d2d06ee32726", kill_on_drop: false }`
[INFO] running `Command { std: "docker" "rm" "-f" "9e8edbc5c1cf19576c4170f24bf81408a1096af2ef0051964122d2d06ee32726", kill_on_drop: false }`
[INFO] [stdout] 9e8edbc5c1cf19576c4170f24bf81408a1096af2ef0051964122d2d06ee32726
[INFO] running `Command { std: "docker" "create" "-v" "/var/lib/crater-agent-workspace/builds/worker-6/target:/opt/rustwide/target:rw,Z" "-v" "/var/lib/crater-agent-workspace/builds/worker-6/source:/opt/rustwide/workdir:ro,Z" "-v" "/var/lib/crater-agent-workspace/cargo-home:/opt/rustwide/cargo-home:ro,Z" "-v" "/var/lib/crater-agent-workspace/rustup-home:/opt/rustwide/rustup-home:ro,Z" "-e" "SOURCE_DIR=/opt/rustwide/workdir" "-e" "CARGO_TARGET_DIR=/opt/rustwide/target" "-e" "CARGO_INCREMENTAL=0" "-e" "RUST_BACKTRACE=full" "-e" "RUSTFLAGS=--cap-lints=warn" "-e" "CARGO_HOME=/opt/rustwide/cargo-home" "-e" "RUSTUP_HOME=/opt/rustwide/rustup-home" "-w" "/opt/rustwide/workdir" "-m" "1610612736" "--user" "0:0" "--network" "none" "ghcr.io/rust-lang/crates-build-env/linux@sha256:34b6a614d2c27851fe6cbf88fbd1137609cefab8b10d0615aaeb6fd47975d74e" "/opt/rustwide/cargo-home/bin/cargo" "+1.54.0" "test" "--frozen", kill_on_drop: false }`
[INFO] [stdout] a7a384ed9a42aada334a57660d0706daabd7a4a40f0059c75ae729a8d26ca437
[INFO] running `Command { std: "docker" "start" "-a" "a7a384ed9a42aada334a57660d0706daabd7a4a40f0059c75ae729a8d26ca437", kill_on_drop: false }`
[INFO] [stderr]     Blocking waiting for file lock on package cache
[INFO] [stderr]     Blocking waiting for file lock on package cache
[INFO] [stderr] warning: unnecessary parentheses around type
[INFO] [stderr]   --> src/lib.rs:87:10
[INFO] [stderr]    |
[INFO] [stderr] 87 |       BF = (fn(
[INFO] [stderr]    |  __________^
[INFO] [stderr] 88 | |         <StreamType as Stream>::Item,
[INFO] [stderr] 89 | |         &mut IoWriter<<SinkType as Sink>::SinkItem>,
[INFO] [stderr] 90 | |     ) -> Option<<StreamType as Stream>::Item>),
[INFO] [stderr]    | |______________________________________________^
[INFO] [stderr]    |
[INFO] [stderr]    = note: `#[warn(unused_parens)]` on by default
[INFO] [stderr] help: remove these parentheses
[INFO] [stderr]    |
[INFO] [stderr] 87 |     BF = fn(
[INFO] [stderr] 88 |         <StreamType as Stream>::Item,
[INFO] [stderr] 89 |         &mut IoWriter<<SinkType as Sink>::SinkItem>,
[INFO] [stderr] 90 |     ) -> Option<<StreamType as Stream>::Item>,
[INFO] [stderr]    |
[INFO] [stderr] 
[INFO] [stderr] warning: unnecessary parentheses around type
[INFO] [stderr]   --> src/lib.rs:91:11
[INFO] [stderr]    |
[INFO] [stderr] 91 |     BEH = (fn(<StreamType as Stream>::Error)),
[INFO] [stderr]    |           ^^^^^^^^^^^^^^^^^^^^^^^^^^^^^^^^^^^ help: remove these parentheses
[INFO] [stderr] 
[INFO] [stderr] warning: unnecessary parentheses around type
[INFO] [stderr]    --> src/lib.rs:109:48
[INFO] [stderr]     |
[INFO] [stderr] 109 |   type DefaultFilterType<SinkType, StreamType> = (fn(
[INFO] [stderr]     |  ________________________________________________^
[INFO] [stderr] 110 | |     <StreamType as Stream>::Item,
[INFO] [stderr] 111 | |     &mut IoWriter<<SinkType as Sink>::SinkItem>,
[INFO] [stderr] 112 | | ) -> Option<<StreamType as Stream>::Item>);
[INFO] [stderr]     | |__________________________________________^
[INFO] [stderr]     |
[INFO] [stderr] help: remove these parentheses
[INFO] [stderr]     |
[INFO] [stderr] 109 | type DefaultFilterType<SinkType, StreamType> = fn(
[INFO] [stderr] 110 |     <StreamType as Stream>::Item,
[INFO] [stdout] 
[INFO] [stderr] 111 |     &mut IoWriter<<SinkType as Sink>::SinkItem>,
[INFO] [stdout] running 0 tests
[INFO] [stderr] 112 | ) -> Option<<StreamType as Stream>::Item>;
[INFO] [stdout] 
[INFO] [stderr]     |
[INFO] [stdout] test result: ok. 0 passed; 0 failed; 0 ignored; 0 measured; 0 filtered out; finished in 0.00s
[INFO] [stderr] 
[INFO] [stdout] 
[INFO] [stderr] warning: unnecessary parentheses around type
[INFO] [stderr]    --> src/lib.rs:113:44
[INFO] [stderr]     |
[INFO] [stderr] 113 | type DefaultErrorHandlerType<StreamType> = (fn(<StreamType as Stream>::Error));
[INFO] [stderr]     |                                            ^^^^^^^^^^^^^^^^^^^^^^^^^^^^^^^^^^^ help: remove these parentheses
[INFO] [stderr] 
[INFO] [stderr] warning: 4 warnings emitted
[INFO] [stderr] 
[INFO] [stderr] warning: unnecessary parentheses around type
[INFO] [stderr]   --> src/lib.rs:87:10
[INFO] [stderr]    |
[INFO] [stderr] 87 |       BF = (fn(
[INFO] [stderr]    |  __________^
[INFO] [stderr] 88 | |         <StreamType as Stream>::Item,
[INFO] [stderr] 89 | |         &mut IoWriter<<SinkType as Sink>::SinkItem>,
[INFO] [stderr] 90 | |     ) -> Option<<StreamType as Stream>::Item>),
[INFO] [stderr]    | |______________________________________________^
[INFO] [stderr]    |
[INFO] [stderr]    = note: `#[warn(unused_parens)]` on by default
[INFO] [stderr] help: remove these parentheses
[INFO] [stderr]    |
[INFO] [stderr] 87 |     BF = fn(
[INFO] [stderr] 88 |         <StreamType as Stream>::Item,
[INFO] [stderr] 89 |         &mut IoWriter<<SinkType as Sink>::SinkItem>,
[INFO] [stderr] 90 |     ) -> Option<<StreamType as Stream>::Item>,
[INFO] [stderr]    |
[INFO] [stderr] 
[INFO] [stderr] warning: unnecessary parentheses around type
[INFO] [stderr]   --> src/lib.rs:91:11
[INFO] [stderr]    |
[INFO] [stderr] 91 |     BEH = (fn(<StreamType as Stream>::Error)),
[INFO] [stderr]    |           ^^^^^^^^^^^^^^^^^^^^^^^^^^^^^^^^^^^ help: remove these parentheses
[INFO] [stderr] 
[INFO] [stderr] warning: unnecessary parentheses around type
[INFO] [stderr]    --> src/lib.rs:109:48
[INFO] [stderr]     |
[INFO] [stderr] 109 |   type DefaultFilterType<SinkType, StreamType> = (fn(
[INFO] [stderr]     |  ________________________________________________^
[INFO] [stderr] 110 | |     <StreamType as Stream>::Item,
[INFO] [stderr] 111 | |     &mut IoWriter<<SinkType as Sink>::SinkItem>,
[INFO] [stderr] 112 | | ) -> Option<<StreamType as Stream>::Item>);
[INFO] [stderr]     | |__________________________________________^
[INFO] [stderr]     |
[INFO] [stderr] help: remove these parentheses
[INFO] [stderr]     |
[INFO] [stderr] 109 | type DefaultFilterType<SinkType, StreamType> = fn(
[INFO] [stderr] 110 |     <StreamType as Stream>::Item,
[INFO] [stderr] 111 |     &mut IoWriter<<SinkType as Sink>::SinkItem>,
[INFO] [stderr] 112 | ) -> Option<<StreamType as Stream>::Item>;
[INFO] [stderr]     |
[INFO] [stderr] 
[INFO] [stderr] warning: unnecessary parentheses around type
[INFO] [stderr]    --> src/lib.rs:113:44
[INFO] [stderr]     |
[INFO] [stderr] 113 | type DefaultErrorHandlerType<StreamType> = (fn(<StreamType as Stream>::Error));
[INFO] [stderr]     |                                            ^^^^^^^^^^^^^^^^^^^^^^^^^^^^^^^^^^^ help: remove these parentheses
[INFO] [stderr] 
[INFO] [stderr] warning: 4 warnings emitted
[INFO] [stderr] 
[INFO] [stderr]     Finished test [unoptimized + debuginfo] target(s) in 0.73s
[INFO] [stderr]      Running unittests (/opt/rustwide/target/debug/deps/tokio_simplified-2a82c481cee69c61)
[INFO] [stderr]    Doc-tests tokio-simplified
[INFO] [stderr] warning: unnecessary parentheses around type
[INFO] [stderr]   --> /opt/rustwide/workdir/src/lib.rs:87:10
[INFO] [stderr]    |
[INFO] [stderr] 87 |       BF = (fn(
[INFO] [stderr]    |  __________^
[INFO] [stderr] 88 | |         <StreamType as Stream>::Item,
[INFO] [stderr] 89 | |         &mut IoWriter<<SinkType as Sink>::SinkItem>,
[INFO] [stderr] 90 | |     ) -> Option<<StreamType as Stream>::Item>),
[INFO] [stderr]    | |______________________________________________^
[INFO] [stderr]    |
[INFO] [stderr]    = note: `#[warn(unused_parens)]` on by default
[INFO] [stderr] help: remove these parentheses
[INFO] [stderr]    |
[INFO] [stderr] 87 |     BF = fn(
[INFO] [stderr] 88 |         <StreamType as Stream>::Item,
[INFO] [stderr] 89 |         &mut IoWriter<<SinkType as Sink>::SinkItem>,
[INFO] [stderr] 90 |     ) -> Option<<StreamType as Stream>::Item>,
[INFO] [stderr]    |
[INFO] [stderr] 
[INFO] [stderr] warning: unnecessary parentheses around type
[INFO] [stderr]   --> /opt/rustwide/workdir/src/lib.rs:91:11
[INFO] [stderr]    |
[INFO] [stderr] 91 |     BEH = (fn(<StreamType as Stream>::Error)),
[INFO] [stderr]    |           ^^^^^^^^^^^^^^^^^^^^^^^^^^^^^^^^^^^ help: remove these parentheses
[INFO] [stderr] 
[INFO] [stderr] warning: unnecessary parentheses around type
[INFO] [stderr]    --> /opt/rustwide/workdir/src/lib.rs:109:48
[INFO] [stderr]     |
[INFO] [stderr] 109 |   type DefaultFilterType<SinkType, StreamType> = (fn(
[INFO] [stderr]     |  ________________________________________________^
[INFO] [stderr] 110 | |     <StreamType as Stream>::Item,
[INFO] [stderr] 111 | |     &mut IoWriter<<SinkType as Sink>::SinkItem>,
[INFO] [stderr] 112 | | ) -> Option<<StreamType as Stream>::Item>);
[INFO] [stderr]     | |__________________________________________^
[INFO] [stderr]     |
[INFO] [stderr] help: remove these parentheses
[INFO] [stderr]     |
[INFO] [stderr] 109 | type DefaultFilterType<SinkType, StreamType> = fn(
[INFO] [stderr] 110 |     <StreamType as Stream>::Item,
[INFO] [stderr] 111 |     &mut IoWriter<<SinkType as Sink>::SinkItem>,
[INFO] [stderr] 112 | ) -> Option<<StreamType as Stream>::Item>;
[INFO] [stderr]     |
[INFO] [stderr] 
[INFO] [stderr] warning: unnecessary parentheses around type
[INFO] [stderr]    --> /opt/rustwide/workdir/src/lib.rs:113:44
[INFO] [stderr]     |
[INFO] [stderr] 113 | type DefaultErrorHandlerType<StreamType> = (fn(<StreamType as Stream>::Error));
[INFO] [stderr]     |                                            ^^^^^^^^^^^^^^^^^^^^^^^^^^^^^^^^^^^ help: remove these parentheses
[INFO] [stderr] 
[INFO] [stdout] 
[INFO] [stderr] warning: 4 warnings emitted
[INFO] [stdout] running 1 test
[INFO] [stderr] 
[INFO] [stdout] test src/lib.rs - IoManagerBuilder<SinkType, StreamType, FilterType, ErrorHandlerType>::with_error_handler (line 177) ... FAILED
[INFO] [stdout] 
[INFO] [stdout] failures:
[INFO] [stdout] 
[INFO] [stdout] ---- src/lib.rs - IoManagerBuilder<SinkType, StreamType, FilterType, ErrorHandlerType>::with_error_handler (line 177) stdout ----
[INFO] [stdout] error: `self` parameter is only allowed in associated functions
[INFO] [stdout]  --> src/lib.rs:178:15
[INFO] [stdout]   |
[INFO] [stdout] 3 | fn decode_eof(&mut self, buf: &mut BytesMut) -> Result<Option<Self::Item>, Self::Error> {
[INFO] [stdout]   |               ^^^^^^^^^ not semantically valid as function parameter
[INFO] [stdout]   |
[INFO] [stdout]   = note: associated functions are those in `impl` or `trait` definitions
[INFO] [stdout] 
[INFO] [stdout] error[E0433]: failed to resolve: use of undeclared type `Self`
[INFO] [stdout]  --> src/lib.rs:178:63
[INFO] [stdout]   |
[INFO] [stdout] 3 | fn decode_eof(&mut self, buf: &mut BytesMut) -> Result<Option<Self::Item>, Self::Error> {
[INFO] [stdout]   |                                                               ^^^^ use of undeclared type `Self`
[INFO] [stdout] 
[INFO] [stdout] error[E0433]: failed to resolve: use of undeclared type `Self`
[INFO] [stdout]  --> src/lib.rs:178:76
[INFO] [stdout]   |
[INFO] [stdout] 3 | fn decode_eof(&mut self, buf: &mut BytesMut) -> Result<Option<Self::Item>, Self::Error> {
[INFO] [stdout]   |                                                                            ^^^^ use of undeclared type `Self`
[INFO] [stdout] 
[INFO] [stdout] error[E0412]: cannot find type `BytesMut` in this scope
[INFO] [stdout]  --> src/lib.rs:178:36
[INFO] [stdout]   |
[INFO] [stdout] 3 | fn decode_eof(&mut self, buf: &mut BytesMut) -> Result<Option<Self::Item>, Self::Error> {
[INFO] [stdout]   |                                    ^^^^^^^^ not found in this scope
[INFO] [stdout]   |
[INFO] [stdout] help: consider importing this struct
[INFO] [stdout]   |
[INFO] [stdout] 2 | use bytes::BytesMut;
[INFO] [stdout]   |
[INFO] [stdout] 
[INFO] [stdout] error: aborting due to 4 previous errors
[INFO] [stdout] 
[INFO] [stdout] Some errors have detailed explanations: E0412, E0433.
[INFO] [stdout] For more information about an error, try `rustc --explain E0412`.
[INFO] [stdout] Couldn't compile the test.
[INFO] [stdout] 
[INFO] [stdout] failures:
[INFO] [stdout]     src/lib.rs - IoManagerBuilder<SinkType, StreamType, FilterType, ErrorHandlerType>::with_error_handler (line 177)
[INFO] [stdout] 
[INFO] [stdout] test result: FAILED. 0 passed; 1 failed; 0 ignored; 0 measured; 0 filtered out; finished in 0.23s
[INFO] [stdout] 
[INFO] [stderr] error: test failed, to rerun pass '--doc'
[INFO] running `Command { std: "docker" "inspect" "a7a384ed9a42aada334a57660d0706daabd7a4a40f0059c75ae729a8d26ca437", kill_on_drop: false }`
[INFO] running `Command { std: "docker" "rm" "-f" "a7a384ed9a42aada334a57660d0706daabd7a4a40f0059c75ae729a8d26ca437", kill_on_drop: false }`
[INFO] [stdout] a7a384ed9a42aada334a57660d0706daabd7a4a40f0059c75ae729a8d26ca437
