[INFO] fetching crate tokio-i3ipc 0.12.1...
[INFO] testing tokio-i3ipc-0.12.1 against beta-2021-08-01 for beta-1.55-1
[INFO] extracting crate tokio-i3ipc 0.12.1 into /workspace/builds/worker-98/source
[INFO] validating manifest of crates.io crate tokio-i3ipc 0.12.1 on toolchain beta-2021-08-01
[INFO] running `Command { std: "/workspace/cargo-home/bin/cargo" "+beta-2021-08-01" "metadata" "--manifest-path" "Cargo.toml" "--no-deps", kill_on_drop: false }`
[INFO] started tweaking crates.io crate tokio-i3ipc 0.12.1
[INFO] removed 0 missing examples
[INFO] finished tweaking crates.io crate tokio-i3ipc 0.12.1
[INFO] tweaked toml for crates.io crate tokio-i3ipc 0.12.1 written to /workspace/builds/worker-98/source/Cargo.toml
[INFO] crate crates.io crate tokio-i3ipc 0.12.1 already has a lockfile, it will not be regenerated
[INFO] running `Command { std: "/workspace/cargo-home/bin/cargo" "+beta-2021-08-01" "fetch" "--manifest-path" "Cargo.toml", kill_on_drop: false }`
[INFO] [stderr]     Blocking waiting for file lock on package cache
[INFO] [stderr]     Blocking waiting for file lock on package cache
[INFO] [stderr]  Downloading crates ...
[INFO] [stderr]   Downloaded tinyvec v0.3.4
[INFO] [stderr]   Downloaded serde_derive v1.0.116
[INFO] [stderr]   Downloaded version-sync v0.9.1
[INFO] [stderr]   Downloaded unicode-normalization v0.1.13
[INFO] [stderr]   Downloaded serde v1.0.116
[INFO] [stderr]   Downloaded tokio-stream v0.1.1
[INFO] [stderr]   Downloaded serde_repr v0.1.6
[INFO] [stderr]   Downloaded i3ipc-types v0.12.0
[INFO] [stderr]   Downloaded serde_json v1.0.58
[INFO] [stderr]   Downloaded libc v0.2.78
[INFO] [stderr]   Downloaded pulldown-cmark v0.7.2
[INFO] [stderr]   Downloaded syn v1.0.42
[INFO] running `Command { std: "docker" "create" "-v" "/var/lib/crater-agent-workspace/builds/worker-98/target:/opt/rustwide/target:rw,Z" "-v" "/var/lib/crater-agent-workspace/builds/worker-98/source:/opt/rustwide/workdir:ro,Z" "-v" "/var/lib/crater-agent-workspace/cargo-home:/opt/rustwide/cargo-home:ro,Z" "-v" "/var/lib/crater-agent-workspace/rustup-home:/opt/rustwide/rustup-home:ro,Z" "-e" "SOURCE_DIR=/opt/rustwide/workdir" "-e" "CARGO_TARGET_DIR=/opt/rustwide/target" "-e" "CARGO_HOME=/opt/rustwide/cargo-home" "-e" "RUSTUP_HOME=/opt/rustwide/rustup-home" "-w" "/opt/rustwide/workdir" "-m" "1610612736" "--user" "0:0" "--network" "none" "ghcr.io/rust-lang/crates-build-env/linux@sha256:34b6a614d2c27851fe6cbf88fbd1137609cefab8b10d0615aaeb6fd47975d74e" "/opt/rustwide/cargo-home/bin/cargo" "+beta-2021-08-01" "metadata" "--no-deps" "--format-version=1", kill_on_drop: false }`
[INFO] [stdout] 51e1d309c09d3fe122f02bb0569f1dc527f9d96bc4a8fb644896757e2603178f
[INFO] running `Command { std: "docker" "start" "-a" "51e1d309c09d3fe122f02bb0569f1dc527f9d96bc4a8fb644896757e2603178f", kill_on_drop: false }`
[INFO] running `Command { std: "docker" "inspect" "51e1d309c09d3fe122f02bb0569f1dc527f9d96bc4a8fb644896757e2603178f", kill_on_drop: false }`
[INFO] running `Command { std: "docker" "rm" "-f" "51e1d309c09d3fe122f02bb0569f1dc527f9d96bc4a8fb644896757e2603178f", kill_on_drop: false }`
[INFO] [stdout] 51e1d309c09d3fe122f02bb0569f1dc527f9d96bc4a8fb644896757e2603178f
[INFO] running `Command { std: "docker" "create" "-v" "/var/lib/crater-agent-workspace/builds/worker-98/target:/opt/rustwide/target:rw,Z" "-v" "/var/lib/crater-agent-workspace/builds/worker-98/source:/opt/rustwide/workdir:ro,Z" "-v" "/var/lib/crater-agent-workspace/cargo-home:/opt/rustwide/cargo-home:ro,Z" "-v" "/var/lib/crater-agent-workspace/rustup-home:/opt/rustwide/rustup-home:ro,Z" "-e" "SOURCE_DIR=/opt/rustwide/workdir" "-e" "CARGO_TARGET_DIR=/opt/rustwide/target" "-e" "CARGO_INCREMENTAL=0" "-e" "RUST_BACKTRACE=full" "-e" "RUSTFLAGS=--cap-lints=warn" "-e" "CARGO_HOME=/opt/rustwide/cargo-home" "-e" "RUSTUP_HOME=/opt/rustwide/rustup-home" "-w" "/opt/rustwide/workdir" "-m" "1610612736" "--user" "0:0" "--network" "none" "ghcr.io/rust-lang/crates-build-env/linux@sha256:34b6a614d2c27851fe6cbf88fbd1137609cefab8b10d0615aaeb6fd47975d74e" "/opt/rustwide/cargo-home/bin/cargo" "+beta-2021-08-01" "build" "--frozen" "--message-format=json", kill_on_drop: false }`
[INFO] [stdout] c00e613232eeb7023cb2cc21bd23ab3cf33f2b4ffcae3fffbf6902f6f1566ea3
[INFO] running `Command { std: "docker" "start" "-a" "c00e613232eeb7023cb2cc21bd23ab3cf33f2b4ffcae3fffbf6902f6f1566ea3", kill_on_drop: false }`
[INFO] [stderr]    Compiling proc-macro2 v1.0.24
[INFO] [stderr]    Compiling syn v1.0.42
[INFO] [stderr]    Compiling libc v0.2.78
[INFO] [stderr]    Compiling memchr v2.3.3
[INFO] [stderr]    Compiling serde_derive v1.0.116
[INFO] [stderr]    Compiling serde v1.0.116
[INFO] [stderr]    Compiling bytes v1.0.0
[INFO] [stderr]    Compiling pin-project-lite v0.2.4
[INFO] [stderr]    Compiling serde_json v1.0.58
[INFO] [stderr]    Compiling itoa v0.4.6
[INFO] [stderr]    Compiling futures-core v0.3.5
[INFO] [stderr]    Compiling futures-sink v0.3.5
[INFO] [stderr]    Compiling tokio v1.0.1
[INFO] [stderr]    Compiling quote v1.0.7
[INFO] [stderr]    Compiling num_cpus v1.13.0
[INFO] [stderr]    Compiling mio v0.7.7
[INFO] [stderr]    Compiling tokio-macros v1.0.0
[INFO] [stderr]    Compiling serde_repr v0.1.6
[INFO] [stderr]    Compiling tokio-stream v0.1.1
[INFO] [stderr]    Compiling tokio-util v0.6.0
[INFO] [stderr]    Compiling i3ipc-types v0.12.0
[INFO] [stderr]    Compiling tokio-i3ipc v0.12.1 (/opt/rustwide/workdir)
[INFO] [stderr]     Finished dev [unoptimized + debuginfo] target(s) in 24.09s
[INFO] running `Command { std: "docker" "inspect" "c00e613232eeb7023cb2cc21bd23ab3cf33f2b4ffcae3fffbf6902f6f1566ea3", kill_on_drop: false }`
[INFO] running `Command { std: "docker" "rm" "-f" "c00e613232eeb7023cb2cc21bd23ab3cf33f2b4ffcae3fffbf6902f6f1566ea3", kill_on_drop: false }`
[INFO] [stdout] c00e613232eeb7023cb2cc21bd23ab3cf33f2b4ffcae3fffbf6902f6f1566ea3
[INFO] running `Command { std: "docker" "create" "-v" "/var/lib/crater-agent-workspace/builds/worker-98/target:/opt/rustwide/target:rw,Z" "-v" "/var/lib/crater-agent-workspace/builds/worker-98/source:/opt/rustwide/workdir:ro,Z" "-v" "/var/lib/crater-agent-workspace/cargo-home:/opt/rustwide/cargo-home:ro,Z" "-v" "/var/lib/crater-agent-workspace/rustup-home:/opt/rustwide/rustup-home:ro,Z" "-e" "SOURCE_DIR=/opt/rustwide/workdir" "-e" "CARGO_TARGET_DIR=/opt/rustwide/target" "-e" "CARGO_INCREMENTAL=0" "-e" "RUST_BACKTRACE=full" "-e" "RUSTFLAGS=--cap-lints=warn" "-e" "CARGO_HOME=/opt/rustwide/cargo-home" "-e" "RUSTUP_HOME=/opt/rustwide/rustup-home" "-w" "/opt/rustwide/workdir" "-m" "1610612736" "--user" "0:0" "--network" "none" "ghcr.io/rust-lang/crates-build-env/linux@sha256:34b6a614d2c27851fe6cbf88fbd1137609cefab8b10d0615aaeb6fd47975d74e" "/opt/rustwide/cargo-home/bin/cargo" "+beta-2021-08-01" "test" "--frozen" "--no-run" "--message-format=json", kill_on_drop: false }`
[INFO] [stdout] 02f58130ac444414557aec6c049118c61c8dbcc166ec8b97e12c318c453cb999
[INFO] running `Command { std: "docker" "start" "-a" "02f58130ac444414557aec6c049118c61c8dbcc166ec8b97e12c318c453cb999", kill_on_drop: false }`
[INFO] [stderr]    Compiling tinyvec v0.3.4
[INFO] [stderr]    Compiling pulldown-cmark v0.7.2
[INFO] [stderr]    Compiling regex-syntax v0.6.18
[INFO] [stderr]    Compiling unicase v2.6.0
[INFO] [stderr]    Compiling unicode-bidi v0.3.4
[INFO] [stderr]    Compiling toml v0.5.6
[INFO] [stderr]    Compiling unicode-normalization v0.1.13
[INFO] [stderr]    Compiling idna v0.2.0
[INFO] [stderr]    Compiling url v2.1.1
[INFO] [stderr]    Compiling regex v1.3.9
[INFO] [stderr]    Compiling version-sync v0.9.1
[INFO] [stderr]    Compiling tokio-i3ipc v0.12.1 (/opt/rustwide/workdir)
[INFO] [stdout] warning: panic message is not a string literal
[INFO] [stdout]  --> tests/version-numbers.rs:3:5
[INFO] [stdout]   |
[INFO] [stdout] 3 |     version_sync::assert_markdown_deps_updated!("README.md");
[INFO] [stdout]   |     ^^^^^^^^^^^^^^^^^^^^^^^^^^^^^^^^^^^^^^^^^^^^^^^^^^^^^^^^^
[INFO] [stdout]   |
[INFO] [stdout]   = note: `#[warn(non_fmt_panics)]` on by default
[INFO] [stdout]   = note: this usage of panic!() is deprecated; it will be a hard error in Rust 2021
[INFO] [stdout]   = note: for more information, see <https://doc.rust-lang.org/nightly/edition-guide/rust-2021/panic-macro-consistency.html>
[INFO] [stdout]   = note: this warning originates in the macro `version_sync::assert_markdown_deps_updated` (in Nightly builds, run with -Z macro-backtrace for more info)
[INFO] [stdout] 
[INFO] [stdout] 
[INFO] [stdout] warning: panic message is not a string literal
[INFO] [stdout]  --> tests/version-numbers.rs:8:5
[INFO] [stdout]   |
[INFO] [stdout] 8 |     version_sync::assert_html_root_url_updated!("src/lib.rs");
[INFO] [stdout]   |     ^^^^^^^^^^^^^^^^^^^^^^^^^^^^^^^^^^^^^^^^^^^^^^^^^^^^^^^^^^
[INFO] [stdout]   |
[INFO] [stdout]   = note: this usage of panic!() is deprecated; it will be a hard error in Rust 2021
[INFO] [stdout]   = note: for more information, see <https://doc.rust-lang.org/nightly/edition-guide/rust-2021/panic-macro-consistency.html>
[INFO] [stdout]   = note: this warning originates in the macro `version_sync::assert_html_root_url_updated` (in Nightly builds, run with -Z macro-backtrace for more info)
[INFO] [stdout] 
[INFO] [stdout] 
[INFO] [stdout] warning: 2 warnings emitted
[INFO] [stdout] 
[INFO] [stdout] 
[INFO] [stderr]     Finished test [unoptimized + debuginfo] target(s) in 8.31s
[INFO] running `Command { std: "docker" "inspect" "02f58130ac444414557aec6c049118c61c8dbcc166ec8b97e12c318c453cb999", kill_on_drop: false }`
[INFO] running `Command { std: "docker" "rm" "-f" "02f58130ac444414557aec6c049118c61c8dbcc166ec8b97e12c318c453cb999", kill_on_drop: false }`
[INFO] [stdout] 02f58130ac444414557aec6c049118c61c8dbcc166ec8b97e12c318c453cb999
[INFO] running `Command { std: "docker" "create" "-v" "/var/lib/crater-agent-workspace/builds/worker-98/target:/opt/rustwide/target:rw,Z" "-v" "/var/lib/crater-agent-workspace/builds/worker-98/source:/opt/rustwide/workdir:ro,Z" "-v" "/var/lib/crater-agent-workspace/cargo-home:/opt/rustwide/cargo-home:ro,Z" "-v" "/var/lib/crater-agent-workspace/rustup-home:/opt/rustwide/rustup-home:ro,Z" "-e" "SOURCE_DIR=/opt/rustwide/workdir" "-e" "CARGO_TARGET_DIR=/opt/rustwide/target" "-e" "CARGO_INCREMENTAL=0" "-e" "RUST_BACKTRACE=full" "-e" "RUSTFLAGS=--cap-lints=warn" "-e" "CARGO_HOME=/opt/rustwide/cargo-home" "-e" "RUSTUP_HOME=/opt/rustwide/rustup-home" "-w" "/opt/rustwide/workdir" "-m" "1610612736" "--user" "0:0" "--network" "none" "ghcr.io/rust-lang/crates-build-env/linux@sha256:34b6a614d2c27851fe6cbf88fbd1137609cefab8b10d0615aaeb6fd47975d74e" "/opt/rustwide/cargo-home/bin/cargo" "+beta-2021-08-01" "test" "--frozen", kill_on_drop: false }`
[INFO] [stdout] 1ea76a201241234d29e81c332c3a11e3cde2e8d07e19bfe46ed45938d55834be
[INFO] running `Command { std: "docker" "start" "-a" "1ea76a201241234d29e81c332c3a11e3cde2e8d07e19bfe46ed45938d55834be", kill_on_drop: false }`
[INFO] [stderr] warning: panic message is not a string literal
[INFO] [stderr]  --> tests/version-numbers.rs:3:5
[INFO] [stderr]   |
[INFO] [stderr] 3 |     version_sync::assert_markdown_deps_updated!("README.md");
[INFO] [stderr]   |     ^^^^^^^^^^^^^^^^^^^^^^^^^^^^^^^^^^^^^^^^^^^^^^^^^^^^^^^^^
[INFO] [stderr]   |
[INFO] [stderr]   = note: `#[warn(non_fmt_panics)]` on by default
[INFO] [stderr]   = note: this usage of panic!() is deprecated; it will be a hard error in Rust 2021
[INFO] [stderr]   = note: for more information, see <https://doc.rust-lang.org/nightly/edition-guide/rust-2021/panic-macro-consistency.html>
[INFO] [stderr]   = note: this warning originates in the macro `version_sync::assert_markdown_deps_updated` (in Nightly builds, run with -Z macro-backtrace for more info)
[INFO] [stderr] 
[INFO] [stderr] warning: panic message is not a string literal
[INFO] [stderr]  --> tests/version-numbers.rs:8:5
[INFO] [stderr]   |
[INFO] [stderr] 8 |     version_sync::assert_html_root_url_updated!("src/lib.rs");
[INFO] [stderr]   |     ^^^^^^^^^^^^^^^^^^^^^^^^^^^^^^^^^^^^^^^^^^^^^^^^^^^^^^^^^^
[INFO] [stderr]   |
[INFO] [stderr]   = note: this usage of panic!() is deprecated; it will be a hard error in Rust 2021
[INFO] [stderr]   = note: for more information, see <https://doc.rust-lang.org/nightly/edition-guide/rust-2021/panic-macro-consistency.html>
[INFO] [stderr]   = note: this warning originates in the macro `version_sync::assert_html_root_url_updated` (in Nightly builds, run with -Z macro-backtrace for more info)
[INFO] [stderr] 
[INFO] [stderr] warning: `tokio-i3ipc` (test "version-numbers") generated 2 warnings
[INFO] [stderr]     Finished test [unoptimized + debuginfo] target(s) in 0.07s
[INFO] [stderr]      Running unittests (/opt/rustwide/target/debug/deps/tokio_i3ipc-21746e330ddfe7c7)
[INFO] [stdout] 
[INFO] [stdout] running 0 tests
[INFO] [stdout] 
[INFO] [stdout] test result: ok. 0 passed; 0 failed; 0 ignored; 0 measured; 0 filtered out; finished in 0.00s
[INFO] [stdout] 
[INFO] [stderr]      Running tests/version-numbers.rs (/opt/rustwide/target/debug/deps/version_numbers-cdcfc4b4982c34ee)
[INFO] [stdout] 
[INFO] [stdout] running 2 tests
[INFO] [stdout] test test_readme_deps ... ok
[INFO] [stdout] test test_html_root_url ... FAILED
[INFO] [stdout] 
[INFO] [stdout] failures:
[INFO] [stdout] 
[INFO] [stdout] ---- test_html_root_url stdout ----
[INFO] [stdout] Checking doc attributes in src/lib.rs...
[INFO] [stdout] src/lib.rs (line 1) ... expected patch version 1, found 0 in
[INFO] [stdout]     #![doc(html_root_url = "https://docs.rs/tokio-i3ipc/0.12.0")]
[INFO] [stdout] thread 'test_html_root_url' panicked at 'html_root_url errors in src/lib.rs', tests/version-numbers.rs:8:5
[INFO] [stdout] stack backtrace:
[INFO] [stdout]    0:     0x559e9fde3260 - std::backtrace_rs::backtrace::libunwind::trace::hff4d1766e93f64f1
[INFO] [stdout]                                at /rustc/53fd98ca776cb875bc9e5514f56b52eb74f9e7a9/library/std/src/../../backtrace/src/backtrace/libunwind.rs:90:5
[INFO] [stdout]    1:     0x559e9fde3260 - std::backtrace_rs::backtrace::trace_unsynchronized::h56bbc8eb78770bcb
[INFO] [stdout]                                at /rustc/53fd98ca776cb875bc9e5514f56b52eb74f9e7a9/library/std/src/../../backtrace/src/backtrace/mod.rs:66:5
[INFO] [stdout]    2:     0x559e9fde3260 - std::sys_common::backtrace::_print_fmt::h5c8e75464faca780
[INFO] [stdout]                                at /rustc/53fd98ca776cb875bc9e5514f56b52eb74f9e7a9/library/std/src/sys_common/backtrace.rs:67:5
[INFO] [stdout]    3:     0x559e9fde3260 - <std::sys_common::backtrace::_print::DisplayBacktrace as core::fmt::Display>::fmt::h48b88277def8b362
[INFO] [stdout]                                at /rustc/53fd98ca776cb875bc9e5514f56b52eb74f9e7a9/library/std/src/sys_common/backtrace.rs:46:22
[INFO] [stdout]    4:     0x559e9fe079bc - core::fmt::write::h3381b3176fe2b3d3
[INFO] [stdout]                                at /rustc/53fd98ca776cb875bc9e5514f56b52eb74f9e7a9/library/core/src/fmt/mod.rs:1115:17
[INFO] [stdout]    5:     0x559e9fddfd75 - std::io::Write::write_fmt::h5f34a676f60246b5
[INFO] [stdout]                                at /rustc/53fd98ca776cb875bc9e5514f56b52eb74f9e7a9/library/std/src/io/mod.rs:1665:15
[INFO] [stdout]    6:     0x559e9fde562b - std::sys_common::backtrace::_print::ha537687d6c17dd0d
[INFO] [stdout]                                at /rustc/53fd98ca776cb875bc9e5514f56b52eb74f9e7a9/library/std/src/sys_common/backtrace.rs:49:5
[INFO] [stdout]    7:     0x559e9fde562b - std::sys_common::backtrace::print::h61376ae57d131d72
[INFO] [stdout]                                at /rustc/53fd98ca776cb875bc9e5514f56b52eb74f9e7a9/library/std/src/sys_common/backtrace.rs:36:9
[INFO] [stdout]    8:     0x559e9fde562b - std::panicking::default_hook::{{closure}}::h0f7208c0b9644a54
[INFO] [stdout]                                at /rustc/53fd98ca776cb875bc9e5514f56b52eb74f9e7a9/library/std/src/panicking.rs:208:50
[INFO] [stdout]    9:     0x559e9fde513c - std::panicking::default_hook::hdac7fc06578c14ce
[INFO] [stdout]                                at /rustc/53fd98ca776cb875bc9e5514f56b52eb74f9e7a9/library/std/src/panicking.rs:222:9
[INFO] [stdout]   10:     0x559e9fde5d19 - std::panicking::rust_panic_with_hook::h72b21c283da3d1ef
[INFO] [stdout]                                at /rustc/53fd98ca776cb875bc9e5514f56b52eb74f9e7a9/library/std/src/panicking.rs:626:17
[INFO] [stdout]   11:     0x559e9face72f - std::panicking::begin_panic::{{closure}}::h66818e91cf54abb6
[INFO] [stdout]                                at /rustc/53fd98ca776cb875bc9e5514f56b52eb74f9e7a9/library/std/src/panicking.rs:542:9
[INFO] [stdout]   12:     0x559e9faceebe - std::sys_common::backtrace::__rust_end_short_backtrace::h9761f5432f9113fb
[INFO] [stdout]                                at /rustc/53fd98ca776cb875bc9e5514f56b52eb74f9e7a9/library/std/src/sys_common/backtrace.rs:141:18
[INFO] [stdout]   13:     0x559e9face637 - std::panicking::begin_panic::ha6750276e22dd9c9
[INFO] [stdout]                                at /rustc/53fd98ca776cb875bc9e5514f56b52eb74f9e7a9/library/std/src/panicking.rs:541:12
[INFO] [stdout]   14:     0x559e9facecf1 - version_numbers::test_html_root_url::h4dd61ae7c80ccc70
[INFO] [stdout]                                at /opt/rustwide/workdir/tests/version-numbers.rs:8:5
[INFO] [stdout]   15:     0x559e9facec2a - version_numbers::test_html_root_url::{{closure}}::hcfafd0af16f61879
[INFO] [stdout]                                at /opt/rustwide/workdir/tests/version-numbers.rs:7:1
[INFO] [stdout]   16:     0x559e9facf05e - core::ops::function::FnOnce::call_once::hc3e3d17f8d530aa8
[INFO] [stdout]                                at /rustc/53fd98ca776cb875bc9e5514f56b52eb74f9e7a9/library/core/src/ops/function.rs:227:5
[INFO] [stdout]   17:     0x559e9fdc7373 - core::ops::function::FnOnce::call_once::hbb52c4519d3137b0
[INFO] [stdout]                                at /rustc/53fd98ca776cb875bc9e5514f56b52eb74f9e7a9/library/core/src/ops/function.rs:227:5
[INFO] [stdout]   18:     0x559e9fdc7373 - test::__rust_begin_short_backtrace::h86fe3a2a5a5121af
[INFO] [stdout]                                at /rustc/53fd98ca776cb875bc9e5514f56b52eb74f9e7a9/library/test/src/lib.rs:578:5
[INFO] [stdout]   19:     0x559e9fdc5e28 - <alloc::boxed::Box<F,A> as core::ops::function::FnOnce<Args>>::call_once::hfd956bc3d57399be
[INFO] [stdout]                                at /rustc/53fd98ca776cb875bc9e5514f56b52eb74f9e7a9/library/alloc/src/boxed.rs:1572:9
[INFO] [stdout]   20:     0x559e9fdc5e28 - <std::panic::AssertUnwindSafe<F> as core::ops::function::FnOnce<()>>::call_once::h40dc93e0ddb5938a
[INFO] [stdout]                                at /rustc/53fd98ca776cb875bc9e5514f56b52eb74f9e7a9/library/std/src/panic.rs:347:9
[INFO] [stdout]   21:     0x559e9fdc5e28 - std::panicking::try::do_call::h90d07750cb47c562
[INFO] [stdout]                                at /rustc/53fd98ca776cb875bc9e5514f56b52eb74f9e7a9/library/std/src/panicking.rs:401:40
[INFO] [stdout]   22:     0x559e9fdc5e28 - std::panicking::try::h063c84733ad2a629
[INFO] [stdout]                                at /rustc/53fd98ca776cb875bc9e5514f56b52eb74f9e7a9/library/std/src/panicking.rs:365:19
[INFO] [stdout]   23:     0x559e9fdc5e28 - std::panic::catch_unwind::h0c464836a84e7c08
[INFO] [stdout]                                at /rustc/53fd98ca776cb875bc9e5514f56b52eb74f9e7a9/library/std/src/panic.rs:434:14
[INFO] [stdout]   24:     0x559e9fdc5e28 - test::run_test_in_process::h5cb06ef620b157fc
[INFO] [stdout]                                at /rustc/53fd98ca776cb875bc9e5514f56b52eb74f9e7a9/library/test/src/lib.rs:601:18
[INFO] [stdout]   25:     0x559e9fdc5e28 - test::run_test::run_test_inner::{{closure}}::h76f677f4b93f9828
[INFO] [stdout]                                at /rustc/53fd98ca776cb875bc9e5514f56b52eb74f9e7a9/library/test/src/lib.rs:493:39
[INFO] [stdout]   26:     0x559e9fd945bd - test::run_test::run_test_inner::{{closure}}::h366d01fe04f4d67a
[INFO] [stdout]                                at /rustc/53fd98ca776cb875bc9e5514f56b52eb74f9e7a9/library/test/src/lib.rs:520:37
[INFO] [stdout]   27:     0x559e9fd945bd - std::sys_common::backtrace::__rust_begin_short_backtrace::h7dfa0de4eb395af2
[INFO] [stdout]                                at /rustc/53fd98ca776cb875bc9e5514f56b52eb74f9e7a9/library/std/src/sys_common/backtrace.rs:125:18
[INFO] [stdout]   28:     0x559e9fd98d88 - std::thread::Builder::spawn_unchecked::{{closure}}::{{closure}}::hf0a74bb58798037f
[INFO] [stdout]                                at /rustc/53fd98ca776cb875bc9e5514f56b52eb74f9e7a9/library/std/src/thread/mod.rs:476:17
[INFO] [stdout]   29:     0x559e9fd98d88 - <std::panic::AssertUnwindSafe<F> as core::ops::function::FnOnce<()>>::call_once::hb024e854818586ac
[INFO] [stdout]                                at /rustc/53fd98ca776cb875bc9e5514f56b52eb74f9e7a9/library/std/src/panic.rs:347:9
[INFO] [stdout]   30:     0x559e9fd98d88 - std::panicking::try::do_call::hb2dd9f1d0d48e41d
[INFO] [stdout]                                at /rustc/53fd98ca776cb875bc9e5514f56b52eb74f9e7a9/library/std/src/panicking.rs:401:40
[INFO] [stdout]   31:     0x559e9fd98d88 - std::panicking::try::h4717ae7bac8b2bf3
[INFO] [stdout]                                at /rustc/53fd98ca776cb875bc9e5514f56b52eb74f9e7a9/library/std/src/panicking.rs:365:19
[INFO] [stdout]   32:     0x559e9fd98d88 - std::panic::catch_unwind::h0dc8a061326ce8d8
[INFO] [stdout]                                at /rustc/53fd98ca776cb875bc9e5514f56b52eb74f9e7a9/library/std/src/panic.rs:434:14
[INFO] [stdout]   33:     0x559e9fd98d88 - std::thread::Builder::spawn_unchecked::{{closure}}::haa369e2d6fd00aa1
[INFO] [stdout]                                at /rustc/53fd98ca776cb875bc9e5514f56b52eb74f9e7a9/library/std/src/thread/mod.rs:475:30
[INFO] [stdout]   34:     0x559e9fd98d88 - core::ops::function::FnOnce::call_once{{vtable.shim}}::h36dcf3de8b056f17
[INFO] [stdout]                                at /rustc/53fd98ca776cb875bc9e5514f56b52eb74f9e7a9/library/core/src/ops/function.rs:227:5
[INFO] [stdout]   35:     0x559e9fdea967 - <alloc::boxed::Box<F,A> as core::ops::function::FnOnce<Args>>::call_once::h65c29e4642be2358
[INFO] [stdout]                                at /rustc/53fd98ca776cb875bc9e5514f56b52eb74f9e7a9/library/alloc/src/boxed.rs:1572:9
[INFO] [stdout]   36:     0x559e9fdea967 - <alloc::boxed::Box<F,A> as core::ops::function::FnOnce<Args>>::call_once::hd0f8f7fbbd9fffbf
[INFO] [stdout]                                at /rustc/53fd98ca776cb875bc9e5514f56b52eb74f9e7a9/library/alloc/src/boxed.rs:1572:9
[INFO] [stdout]   37:     0x559e9fdea967 - std::sys::unix::thread::Thread::new::thread_start::h2fd22fee3ca77b65
[INFO] [stdout]                                at /rustc/53fd98ca776cb875bc9e5514f56b52eb74f9e7a9/library/std/src/sys/unix/thread.rs:74:17
[INFO] [stdout]   38:     0x7f6282915609 - start_thread
[INFO] [stdout]   39:     0x7f62826e7293 - clone
[INFO] [stdout]   40:                0x0 - <unknown>
[INFO] [stdout] 
[INFO] [stdout] 
[INFO] [stdout] failures:
[INFO] [stdout]     test_html_root_url
[INFO] [stdout] 
[INFO] [stdout] test result: FAILED. 1 passed; 1 failed; 0 ignored; 0 measured; 0 filtered out; finished in 0.06s
[INFO] [stdout] 
[INFO] [stderr] error: test failed, to rerun pass '--test version-numbers'
[INFO] running `Command { std: "docker" "inspect" "1ea76a201241234d29e81c332c3a11e3cde2e8d07e19bfe46ed45938d55834be", kill_on_drop: false }`
[INFO] running `Command { std: "docker" "rm" "-f" "1ea76a201241234d29e81c332c3a11e3cde2e8d07e19bfe46ed45938d55834be", kill_on_drop: false }`
[INFO] [stdout] 1ea76a201241234d29e81c332c3a11e3cde2e8d07e19bfe46ed45938d55834be
