[INFO] fetching crate tokio-byteorder 0.3.0...
[INFO] testing tokio-byteorder-0.3.0 against 1.54.0 for beta-1.55-1
[INFO] extracting crate tokio-byteorder 0.3.0 into /workspace/builds/worker-18/source
[INFO] validating manifest of crates.io crate tokio-byteorder 0.3.0 on toolchain 1.54.0
[INFO] running `Command { std: "/workspace/cargo-home/bin/cargo" "+1.54.0" "metadata" "--manifest-path" "Cargo.toml" "--no-deps", kill_on_drop: false }`
[INFO] started tweaking crates.io crate tokio-byteorder 0.3.0
[INFO] finished tweaking crates.io crate tokio-byteorder 0.3.0
[INFO] tweaked toml for crates.io crate tokio-byteorder 0.3.0 written to /workspace/builds/worker-18/source/Cargo.toml
[INFO] running `Command { std: "/workspace/cargo-home/bin/cargo" "+1.54.0" "generate-lockfile" "--manifest-path" "Cargo.toml" "-Zno-index-update", kill_on_drop: false }`
[INFO] running `Command { std: "/workspace/cargo-home/bin/cargo" "+1.54.0" "fetch" "--manifest-path" "Cargo.toml", kill_on_drop: false }`
[INFO] running `Command { std: "docker" "create" "-v" "/var/lib/crater-agent-workspace/builds/worker-18/target:/opt/rustwide/target:rw,Z" "-v" "/var/lib/crater-agent-workspace/builds/worker-18/source:/opt/rustwide/workdir:ro,Z" "-v" "/var/lib/crater-agent-workspace/cargo-home:/opt/rustwide/cargo-home:ro,Z" "-v" "/var/lib/crater-agent-workspace/rustup-home:/opt/rustwide/rustup-home:ro,Z" "-e" "SOURCE_DIR=/opt/rustwide/workdir" "-e" "CARGO_TARGET_DIR=/opt/rustwide/target" "-e" "CARGO_HOME=/opt/rustwide/cargo-home" "-e" "RUSTUP_HOME=/opt/rustwide/rustup-home" "-w" "/opt/rustwide/workdir" "-m" "1610612736" "--user" "0:0" "--network" "none" "ghcr.io/rust-lang/crates-build-env/linux@sha256:34b6a614d2c27851fe6cbf88fbd1137609cefab8b10d0615aaeb6fd47975d74e" "/opt/rustwide/cargo-home/bin/cargo" "+1.54.0" "metadata" "--no-deps" "--format-version=1", kill_on_drop: false }`
[INFO] [stdout] ad3a53be142526f241698ed59339575b4abfb07ec48782c5d3ce27d8befaa365
[INFO] running `Command { std: "docker" "start" "-a" "ad3a53be142526f241698ed59339575b4abfb07ec48782c5d3ce27d8befaa365", kill_on_drop: false }`
[INFO] running `Command { std: "docker" "inspect" "ad3a53be142526f241698ed59339575b4abfb07ec48782c5d3ce27d8befaa365", kill_on_drop: false }`
[INFO] running `Command { std: "docker" "rm" "-f" "ad3a53be142526f241698ed59339575b4abfb07ec48782c5d3ce27d8befaa365", kill_on_drop: false }`
[INFO] [stdout] ad3a53be142526f241698ed59339575b4abfb07ec48782c5d3ce27d8befaa365
[INFO] running `Command { std: "docker" "create" "-v" "/var/lib/crater-agent-workspace/builds/worker-18/target:/opt/rustwide/target:rw,Z" "-v" "/var/lib/crater-agent-workspace/builds/worker-18/source:/opt/rustwide/workdir:ro,Z" "-v" "/var/lib/crater-agent-workspace/cargo-home:/opt/rustwide/cargo-home:ro,Z" "-v" "/var/lib/crater-agent-workspace/rustup-home:/opt/rustwide/rustup-home:ro,Z" "-e" "SOURCE_DIR=/opt/rustwide/workdir" "-e" "CARGO_TARGET_DIR=/opt/rustwide/target" "-e" "CARGO_INCREMENTAL=0" "-e" "RUST_BACKTRACE=full" "-e" "RUSTFLAGS=--cap-lints=warn" "-e" "CARGO_HOME=/opt/rustwide/cargo-home" "-e" "RUSTUP_HOME=/opt/rustwide/rustup-home" "-w" "/opt/rustwide/workdir" "-m" "1610612736" "--user" "0:0" "--network" "none" "ghcr.io/rust-lang/crates-build-env/linux@sha256:34b6a614d2c27851fe6cbf88fbd1137609cefab8b10d0615aaeb6fd47975d74e" "/opt/rustwide/cargo-home/bin/cargo" "+1.54.0" "build" "--frozen" "--message-format=json", kill_on_drop: false }`
[INFO] [stdout] 01d7051f39bc4bb0a4ca2cd70dfabe957f31009d5ea1442b18bd53bb868a6c19
[INFO] running `Command { std: "docker" "start" "-a" "01d7051f39bc4bb0a4ca2cd70dfabe957f31009d5ea1442b18bd53bb868a6c19", kill_on_drop: false }`
[INFO] [stderr]     Blocking waiting for file lock on package cache
[INFO] [stderr]    Compiling syn v1.0.74
[INFO] [stderr]    Compiling instant v0.1.10
[INFO] [stderr]    Compiling tokio v1.9.0
[INFO] [stderr]    Compiling lock_api v0.4.4
[INFO] [stderr]    Compiling signal-hook-registry v1.4.0
[INFO] [stderr]    Compiling mio v0.7.13
[INFO] [stderr]    Compiling parking_lot_core v0.8.3
[INFO] [stderr]    Compiling parking_lot v0.11.1
[INFO] [stderr]    Compiling tokio-macros v1.3.0
[INFO] [stderr]    Compiling tokio-byteorder v0.3.0 (/opt/rustwide/workdir)
[INFO] [stderr]     Finished dev [unoptimized + debuginfo] target(s) in 18.72s
[INFO] running `Command { std: "docker" "inspect" "01d7051f39bc4bb0a4ca2cd70dfabe957f31009d5ea1442b18bd53bb868a6c19", kill_on_drop: false }`
[INFO] running `Command { std: "docker" "rm" "-f" "01d7051f39bc4bb0a4ca2cd70dfabe957f31009d5ea1442b18bd53bb868a6c19", kill_on_drop: false }`
[INFO] [stdout] 01d7051f39bc4bb0a4ca2cd70dfabe957f31009d5ea1442b18bd53bb868a6c19
[INFO] running `Command { std: "docker" "create" "-v" "/var/lib/crater-agent-workspace/builds/worker-18/target:/opt/rustwide/target:rw,Z" "-v" "/var/lib/crater-agent-workspace/builds/worker-18/source:/opt/rustwide/workdir:ro,Z" "-v" "/var/lib/crater-agent-workspace/cargo-home:/opt/rustwide/cargo-home:ro,Z" "-v" "/var/lib/crater-agent-workspace/rustup-home:/opt/rustwide/rustup-home:ro,Z" "-e" "SOURCE_DIR=/opt/rustwide/workdir" "-e" "CARGO_TARGET_DIR=/opt/rustwide/target" "-e" "CARGO_INCREMENTAL=0" "-e" "RUST_BACKTRACE=full" "-e" "RUSTFLAGS=--cap-lints=warn" "-e" "CARGO_HOME=/opt/rustwide/cargo-home" "-e" "RUSTUP_HOME=/opt/rustwide/rustup-home" "-w" "/opt/rustwide/workdir" "-m" "1610612736" "--user" "0:0" "--network" "none" "ghcr.io/rust-lang/crates-build-env/linux@sha256:34b6a614d2c27851fe6cbf88fbd1137609cefab8b10d0615aaeb6fd47975d74e" "/opt/rustwide/cargo-home/bin/cargo" "+1.54.0" "test" "--frozen" "--no-run" "--message-format=json", kill_on_drop: false }`
[INFO] [stdout] 9f4a766fc804ea9e4f66ef497b6c8689e8354376fc951a74bc20fbb32ffd6a1d
[INFO] running `Command { std: "docker" "start" "-a" "9f4a766fc804ea9e4f66ef497b6c8689e8354376fc951a74bc20fbb32ffd6a1d", kill_on_drop: false }`
[INFO] [stderr]    Compiling tokio-byteorder v0.3.0 (/opt/rustwide/workdir)
[INFO] [stderr]     Finished test [unoptimized + debuginfo] target(s) in 3.73s
[INFO] running `Command { std: "docker" "inspect" "9f4a766fc804ea9e4f66ef497b6c8689e8354376fc951a74bc20fbb32ffd6a1d", kill_on_drop: false }`
[INFO] running `Command { std: "docker" "rm" "-f" "9f4a766fc804ea9e4f66ef497b6c8689e8354376fc951a74bc20fbb32ffd6a1d", kill_on_drop: false }`
[INFO] [stdout] 9f4a766fc804ea9e4f66ef497b6c8689e8354376fc951a74bc20fbb32ffd6a1d
[INFO] running `Command { std: "docker" "create" "-v" "/var/lib/crater-agent-workspace/builds/worker-18/target:/opt/rustwide/target:rw,Z" "-v" "/var/lib/crater-agent-workspace/builds/worker-18/source:/opt/rustwide/workdir:ro,Z" "-v" "/var/lib/crater-agent-workspace/cargo-home:/opt/rustwide/cargo-home:ro,Z" "-v" "/var/lib/crater-agent-workspace/rustup-home:/opt/rustwide/rustup-home:ro,Z" "-e" "SOURCE_DIR=/opt/rustwide/workdir" "-e" "CARGO_TARGET_DIR=/opt/rustwide/target" "-e" "CARGO_INCREMENTAL=0" "-e" "RUST_BACKTRACE=full" "-e" "RUSTFLAGS=--cap-lints=warn" "-e" "CARGO_HOME=/opt/rustwide/cargo-home" "-e" "RUSTUP_HOME=/opt/rustwide/rustup-home" "-w" "/opt/rustwide/workdir" "-m" "1610612736" "--user" "0:0" "--network" "none" "ghcr.io/rust-lang/crates-build-env/linux@sha256:34b6a614d2c27851fe6cbf88fbd1137609cefab8b10d0615aaeb6fd47975d74e" "/opt/rustwide/cargo-home/bin/cargo" "+1.54.0" "test" "--frozen", kill_on_drop: false }`
[INFO] [stdout] 0e5fba664512092d3b41c3e5fd5a82c9d2131f5ee0020a67f483f88b399d81f5
[INFO] running `Command { std: "docker" "start" "-a" "0e5fba664512092d3b41c3e5fd5a82c9d2131f5ee0020a67f483f88b399d81f5", kill_on_drop: false }`
[INFO] [stderr]     Finished test [unoptimized + debuginfo] target(s) in 0.16s
[INFO] [stderr]      Running unittests (/opt/rustwide/target/debug/deps/tokio_byteorder-028951c7db67443c)
[INFO] [stdout] 
[INFO] [stdout] running 0 tests
[INFO] [stdout] 
[INFO] [stdout] test result: ok. 0 passed; 0 failed; 0 ignored; 0 measured; 0 filtered out; finished in 0.00s
[INFO] [stdout] 
[INFO] [stderr]      Running tests/lib.rs (/opt/rustwide/target/debug/deps/lib-ccf939877ade1164)
[INFO] [stdout] 
[INFO] [stdout] running 32 tests
[INFO] [stdout] test i16::writes ... ok
[INFO] [stdout] test i16::zero ... ok
[INFO] [stdout] test i16::max ... ok
[INFO] [stdout] test i16::min ... ok
[INFO] [stdout] test i32::max ... ok
[INFO] [stdout] test i32::writes ... ok
[INFO] [stdout] test i32::zero ... ok
[INFO] [stdout] test i32::min ... ok
[INFO] [stdout] test i64::max ... ok
[INFO] [stdout] test i64::min ... ok
[INFO] [stdout] test i64::writes ... ok
[INFO] [stdout] test i8::min ... ok
[INFO] [stdout] test i8::max ... ok
[INFO] [stdout] test i8::writes ... ok
[INFO] [stdout] test i64::zero ... ok
[INFO] [stdout] test i8::zero ... ok
[INFO] [stdout] test u16::writes ... ok
[INFO] [stdout] test u16::max ... ok
[INFO] [stdout] test u32::min ... ok
[INFO] [stdout] test u32::max ... ok
[INFO] [stdout] test u16::zero ... ok
[INFO] [stdout] test u16::min ... ok
[INFO] [stdout] test u32::writes ... ok
[INFO] [stdout] test u32::zero ... ok
[INFO] [stdout] test u64::max ... ok
[INFO] [stdout] test u64::writes ... ok
[INFO] [stdout] test u64::min ... ok
[INFO] [stdout] test u8::max ... ok
[INFO] [stdout] test u8::zero ... ok
[INFO] [stdout] test u8::min ... ok
[INFO] [stdout] test u8::writes ... ok
[INFO] [stdout] test u64::zero ... ok
[INFO] [stdout] 
[INFO] [stdout] test result: ok. 32 passed; 0 failed; 0 ignored; 0 measured; 0 filtered out; finished in 0.14s
[INFO] [stdout] 
[INFO] [stderr]    Doc-tests tokio-byteorder
[INFO] [stdout] 
[INFO] [stdout] running 34 tests
[INFO] [stdout] test src/lib.rs - AsyncReadBytesExt::read_u64 (line 522) ... FAILED
[INFO] [stdout] test src/lib.rs - AsyncReadBytesExt::read_f64 (line 662) ... FAILED
[INFO] [stdout] test src/lib.rs - AsyncReadBytesExt::read_u48 (line 470) ... FAILED
[INFO] [stdout] test src/lib.rs - AsyncReadBytesExt::read_u128 (line 574) ... FAILED
[INFO] [stdout] test src/lib.rs - (line 24) ... FAILED
[INFO] [stdout] test src/lib.rs - AsyncReadBytesExt::read_i16 (line 339) ... FAILED
[INFO] [stdout] test src/lib.rs - AsyncReadBytesExt (line 216) ... FAILED
[INFO] [stdout] test src/lib.rs - AsyncReadBytesExt::read_i32 (line 444) ... FAILED
[INFO] [stdout] test src/lib.rs - AsyncWriteBytesExt::write_u8 (line 839) ... FAILED
[INFO] [stdout] test src/lib.rs - AsyncWriteBytesExt::write_i32 (line 1039) ... FAILED
[INFO] [stdout] test src/lib.rs - AsyncWriteBytesExt::write_u32 (line 1012) ... FAILED
[INFO] [stdout] test src/lib.rs - (line 40) ... FAILED
[INFO] [stdout] test src/lib.rs - AsyncWriteBytesExt::write_i48 (line 1093) ... FAILED
[INFO] [stdout] test src/lib.rs - AsyncReadBytesExt::read_i128 (line 603) ... FAILED
[INFO] [stdout] test src/lib.rs - AsyncReadBytesExt::read_u8 (line 247) ... FAILED
[INFO] [stdout] test src/lib.rs - AsyncReadBytesExt::read_i24 (line 392) ... FAILED
[INFO] [stdout] test src/lib.rs - AsyncReadBytesExt::read_i48 (line 496) ... FAILED
[INFO] [stdout] test src/lib.rs - AsyncReadBytesExt::read_u32 (line 418) ... FAILED
[INFO] [stdout] test src/lib.rs - AsyncReadBytesExt::read_i8 (line 281) ... FAILED
[INFO] [stdout] test src/lib.rs - AsyncWriteBytesExt (line 808) ... FAILED
[INFO] [stdout] test src/lib.rs - AsyncWriteBytesExt::write_u48 (line 1066) ... FAILED
[INFO] [stdout] test src/lib.rs - AsyncWriteBytesExt::write_u24 (line 958) ... FAILED
[INFO] [stdout] test src/lib.rs - AsyncReadBytesExt::read_f32 (line 632) ... FAILED
[INFO] [stdout] test src/lib.rs - AsyncWriteBytesExt::write_i24 (line 985) ... FAILED
[INFO] [stdout] test src/lib.rs - AsyncReadBytesExt::read_u16 (line 312) ... FAILED
[INFO] [stdout] test src/lib.rs - AsyncWriteBytesExt::write_f64 (line 1215) ... FAILED
[INFO] [stdout] test src/lib.rs - AsyncWriteBytesExt::write_i8 (line 873) ... FAILED
[INFO] [stdout] test src/lib.rs - AsyncWriteBytesExt::write_u64 (line 1120) ... FAILED
[INFO] [stdout] test src/lib.rs - AsyncWriteBytesExt::write_i16 (line 931) ... FAILED
[INFO] [stdout] test src/lib.rs - AsyncWriteBytesExt::write_u16 (line 904) ... FAILED
[INFO] [stderr] error: test failed, to rerun pass '--doc'
[INFO] [stderr] 
[INFO] [stderr] Caused by:
[INFO] [stderr]   process didn't exit successfully: `rustdoc --edition=2018 --crate-type lib --crate-name tokio_byteorder --test /opt/rustwide/workdir/src/lib.rs -L dependency=/opt/rustwide/target/debug/deps -L dependency=/opt/rustwide/target/debug/deps --extern byteorder=/opt/rustwide/target/debug/deps/libbyteorder-0c03c404070d92e6.rlib --extern tokio=/opt/rustwide/target/debug/deps/libtokio-03be5bd57ae574df.rlib --extern tokio_byteorder=/opt/rustwide/target/debug/deps/libtokio_byteorder-738a96ac6aec268a.rlib -C embed-bitcode=no --error-format human` (signal: 9, SIGKILL: kill)
[INFO] running `Command { std: "docker" "inspect" "0e5fba664512092d3b41c3e5fd5a82c9d2131f5ee0020a67f483f88b399d81f5", kill_on_drop: false }`
[INFO] running `Command { std: "docker" "rm" "-f" "0e5fba664512092d3b41c3e5fd5a82c9d2131f5ee0020a67f483f88b399d81f5", kill_on_drop: false }`
[INFO] [stdout] 0e5fba664512092d3b41c3e5fd5a82c9d2131f5ee0020a67f483f88b399d81f5
