[INFO] fetching crate tokenstream2-tmpl 0.1.1...
[INFO] testing tokenstream2-tmpl-0.1.1 against 1.54.0 for beta-1.55-1
[INFO] extracting crate tokenstream2-tmpl 0.1.1 into /workspace/builds/worker-56/source
[INFO] validating manifest of crates.io crate tokenstream2-tmpl 0.1.1 on toolchain 1.54.0
[INFO] running `Command { std: "/workspace/cargo-home/bin/cargo" "+1.54.0" "metadata" "--manifest-path" "Cargo.toml" "--no-deps", kill_on_drop: false }`
[INFO] started tweaking crates.io crate tokenstream2-tmpl 0.1.1
[INFO] finished tweaking crates.io crate tokenstream2-tmpl 0.1.1
[INFO] tweaked toml for crates.io crate tokenstream2-tmpl 0.1.1 written to /workspace/builds/worker-56/source/Cargo.toml
[INFO] running `Command { std: "/workspace/cargo-home/bin/cargo" "+1.54.0" "generate-lockfile" "--manifest-path" "Cargo.toml" "-Zno-index-update", kill_on_drop: false }`
[INFO] [stderr]     Blocking waiting for file lock on package cache
[INFO] running `Command { std: "/workspace/cargo-home/bin/cargo" "+1.54.0" "fetch" "--manifest-path" "Cargo.toml", kill_on_drop: false }`
[INFO] [stderr]     Blocking waiting for file lock on package cache
[INFO] [stderr]     Blocking waiting for file lock on package cache
[INFO] running `Command { std: "docker" "create" "-v" "/var/lib/crater-agent-workspace/builds/worker-56/target:/opt/rustwide/target:rw,Z" "-v" "/var/lib/crater-agent-workspace/builds/worker-56/source:/opt/rustwide/workdir:ro,Z" "-v" "/var/lib/crater-agent-workspace/cargo-home:/opt/rustwide/cargo-home:ro,Z" "-v" "/var/lib/crater-agent-workspace/rustup-home:/opt/rustwide/rustup-home:ro,Z" "-e" "SOURCE_DIR=/opt/rustwide/workdir" "-e" "CARGO_TARGET_DIR=/opt/rustwide/target" "-e" "CARGO_HOME=/opt/rustwide/cargo-home" "-e" "RUSTUP_HOME=/opt/rustwide/rustup-home" "-w" "/opt/rustwide/workdir" "-m" "1610612736" "--user" "0:0" "--network" "none" "ghcr.io/rust-lang/crates-build-env/linux@sha256:34b6a614d2c27851fe6cbf88fbd1137609cefab8b10d0615aaeb6fd47975d74e" "/opt/rustwide/cargo-home/bin/cargo" "+1.54.0" "metadata" "--no-deps" "--format-version=1", kill_on_drop: false }`
[INFO] [stdout] b24fc5c344cc40feaf7b08b40e84144619afca8adf56d20d0626a1a87131e510
[INFO] running `Command { std: "docker" "start" "-a" "b24fc5c344cc40feaf7b08b40e84144619afca8adf56d20d0626a1a87131e510", kill_on_drop: false }`
[INFO] running `Command { std: "docker" "inspect" "b24fc5c344cc40feaf7b08b40e84144619afca8adf56d20d0626a1a87131e510", kill_on_drop: false }`
[INFO] running `Command { std: "docker" "rm" "-f" "b24fc5c344cc40feaf7b08b40e84144619afca8adf56d20d0626a1a87131e510", kill_on_drop: false }`
[INFO] [stdout] b24fc5c344cc40feaf7b08b40e84144619afca8adf56d20d0626a1a87131e510
[INFO] running `Command { std: "docker" "create" "-v" "/var/lib/crater-agent-workspace/builds/worker-56/target:/opt/rustwide/target:rw,Z" "-v" "/var/lib/crater-agent-workspace/builds/worker-56/source:/opt/rustwide/workdir:ro,Z" "-v" "/var/lib/crater-agent-workspace/cargo-home:/opt/rustwide/cargo-home:ro,Z" "-v" "/var/lib/crater-agent-workspace/rustup-home:/opt/rustwide/rustup-home:ro,Z" "-e" "SOURCE_DIR=/opt/rustwide/workdir" "-e" "CARGO_TARGET_DIR=/opt/rustwide/target" "-e" "CARGO_INCREMENTAL=0" "-e" "RUST_BACKTRACE=full" "-e" "RUSTFLAGS=--cap-lints=warn" "-e" "CARGO_HOME=/opt/rustwide/cargo-home" "-e" "RUSTUP_HOME=/opt/rustwide/rustup-home" "-w" "/opt/rustwide/workdir" "-m" "1610612736" "--user" "0:0" "--network" "none" "ghcr.io/rust-lang/crates-build-env/linux@sha256:34b6a614d2c27851fe6cbf88fbd1137609cefab8b10d0615aaeb6fd47975d74e" "/opt/rustwide/cargo-home/bin/cargo" "+1.54.0" "build" "--frozen" "--message-format=json", kill_on_drop: false }`
[INFO] [stdout] 036bed0a8e7c14a14a448f06fbc327d3e2f447d8e4d2d4fe6c74c7ec635291fd
[INFO] running `Command { std: "docker" "start" "-a" "036bed0a8e7c14a14a448f06fbc327d3e2f447d8e4d2d4fe6c74c7ec635291fd", kill_on_drop: false }`
[INFO] [stderr]    Compiling syn v1.0.74
[INFO] [stderr]    Compiling tokenstream2-tmpl v0.1.1 (/opt/rustwide/workdir)
[INFO] [stderr]     Finished dev [unoptimized + debuginfo] target(s) in 7.39s
[INFO] running `Command { std: "docker" "inspect" "036bed0a8e7c14a14a448f06fbc327d3e2f447d8e4d2d4fe6c74c7ec635291fd", kill_on_drop: false }`
[INFO] running `Command { std: "docker" "rm" "-f" "036bed0a8e7c14a14a448f06fbc327d3e2f447d8e4d2d4fe6c74c7ec635291fd", kill_on_drop: false }`
[INFO] [stdout] 036bed0a8e7c14a14a448f06fbc327d3e2f447d8e4d2d4fe6c74c7ec635291fd
[INFO] running `Command { std: "docker" "create" "-v" "/var/lib/crater-agent-workspace/builds/worker-56/target:/opt/rustwide/target:rw,Z" "-v" "/var/lib/crater-agent-workspace/builds/worker-56/source:/opt/rustwide/workdir:ro,Z" "-v" "/var/lib/crater-agent-workspace/cargo-home:/opt/rustwide/cargo-home:ro,Z" "-v" "/var/lib/crater-agent-workspace/rustup-home:/opt/rustwide/rustup-home:ro,Z" "-e" "SOURCE_DIR=/opt/rustwide/workdir" "-e" "CARGO_TARGET_DIR=/opt/rustwide/target" "-e" "CARGO_INCREMENTAL=0" "-e" "RUST_BACKTRACE=full" "-e" "RUSTFLAGS=--cap-lints=warn" "-e" "CARGO_HOME=/opt/rustwide/cargo-home" "-e" "RUSTUP_HOME=/opt/rustwide/rustup-home" "-w" "/opt/rustwide/workdir" "-m" "1610612736" "--user" "0:0" "--network" "none" "ghcr.io/rust-lang/crates-build-env/linux@sha256:34b6a614d2c27851fe6cbf88fbd1137609cefab8b10d0615aaeb6fd47975d74e" "/opt/rustwide/cargo-home/bin/cargo" "+1.54.0" "test" "--frozen" "--no-run" "--message-format=json", kill_on_drop: false }`
[INFO] [stdout] 92b5df86be4ff3c458adb85779b5744ddce025a8c00deb52f4765b8bde637f27
[INFO] running `Command { std: "docker" "start" "-a" "92b5df86be4ff3c458adb85779b5744ddce025a8c00deb52f4765b8bde637f27", kill_on_drop: false }`
[INFO] [stderr]    Compiling difference v2.0.0
[INFO] [stderr]    Compiling pretty_assertions v0.6.1
[INFO] [stderr]    Compiling tokenstream2-tmpl v0.1.1 (/opt/rustwide/workdir)
[INFO] [stderr]     Finished test [unoptimized + debuginfo] target(s) in 4.15s
[INFO] running `Command { std: "docker" "inspect" "92b5df86be4ff3c458adb85779b5744ddce025a8c00deb52f4765b8bde637f27", kill_on_drop: false }`
[INFO] running `Command { std: "docker" "rm" "-f" "92b5df86be4ff3c458adb85779b5744ddce025a8c00deb52f4765b8bde637f27", kill_on_drop: false }`
[INFO] [stdout] 92b5df86be4ff3c458adb85779b5744ddce025a8c00deb52f4765b8bde637f27
[INFO] running `Command { std: "docker" "create" "-v" "/var/lib/crater-agent-workspace/builds/worker-56/target:/opt/rustwide/target:rw,Z" "-v" "/var/lib/crater-agent-workspace/builds/worker-56/source:/opt/rustwide/workdir:ro,Z" "-v" "/var/lib/crater-agent-workspace/cargo-home:/opt/rustwide/cargo-home:ro,Z" "-v" "/var/lib/crater-agent-workspace/rustup-home:/opt/rustwide/rustup-home:ro,Z" "-e" "SOURCE_DIR=/opt/rustwide/workdir" "-e" "CARGO_TARGET_DIR=/opt/rustwide/target" "-e" "CARGO_INCREMENTAL=0" "-e" "RUST_BACKTRACE=full" "-e" "RUSTFLAGS=--cap-lints=warn" "-e" "CARGO_HOME=/opt/rustwide/cargo-home" "-e" "RUSTUP_HOME=/opt/rustwide/rustup-home" "-w" "/opt/rustwide/workdir" "-m" "1610612736" "--user" "0:0" "--network" "none" "ghcr.io/rust-lang/crates-build-env/linux@sha256:34b6a614d2c27851fe6cbf88fbd1137609cefab8b10d0615aaeb6fd47975d74e" "/opt/rustwide/cargo-home/bin/cargo" "+1.54.0" "test" "--frozen", kill_on_drop: false }`
[INFO] [stdout] 796b114651ccc2ab81179694ad1a5f90d1c92602cb9aa1de8564ba273467c1bd
[INFO] running `Command { std: "docker" "start" "-a" "796b114651ccc2ab81179694ad1a5f90d1c92602cb9aa1de8564ba273467c1bd", kill_on_drop: false }`
[INFO] [stderr]     Blocking waiting for file lock on package cache
[INFO] [stderr]     Finished test [unoptimized + debuginfo] target(s) in 0.20s
[INFO] [stderr]      Running unittests (/opt/rustwide/target/debug/deps/tokenstream2_tmpl-a99d322881a53f09)
[INFO] [stdout] 
[INFO] [stdout] running 3 tests
[INFO] [stdout] test tests::complete_replacements ... ok
[INFO] [stdout] test tests::partial_replacements ... ok
[INFO] [stdout] test tests::interpolate_on_punctuated ... ok
[INFO] [stdout] 
[INFO] [stdout] test result: ok. 3 passed; 0 failed; 0 ignored; 0 measured; 0 filtered out; finished in 0.00s
[INFO] [stdout] 
[INFO] [stderr]    Doc-tests tokenstream2-tmpl
[INFO] [stdout] 
[INFO] [stdout] running 2 tests
[INFO] [stdout] test src/lib.rs - (line 43) ... FAILED
[INFO] [stdout] test src/lib.rs - (line 15) ... FAILED
[INFO] [stdout] 
[INFO] [stdout] failures:
[INFO] [stdout] 
[INFO] [stdout] ---- src/lib.rs - (line 43) stdout ----
[INFO] [stdout] error: expected one of `::`, `;`, or `as`, found `-`
[INFO] [stdout]  --> src/lib.rs:48:17
[INFO] [stdout]   |
[INFO] [stdout] 7 | use tokenstream2-tmpl::{Interpolate, interpolate};
[INFO] [stdout]   |                 ^ expected one of `::`, `;`, or `as`
[INFO] [stdout] 
[INFO] [stdout] error: aborting due to previous error
[INFO] [stdout] 
[INFO] [stdout] Couldn't compile the test.
[INFO] [stdout] ---- src/lib.rs - (line 15) stdout ----
[INFO] [stdout] error: expected one of `::`, `;`, or `as`, found `-`
[INFO] [stdout]  --> src/lib.rs:17:17
[INFO] [stdout]   |
[INFO] [stdout] 4 | use tokenstream2-tmpl::interpolate;
[INFO] [stdout]   |                 ^ expected one of `::`, `;`, or `as`
[INFO] [stdout] 
[INFO] [stdout] error: aborting due to previous error
[INFO] [stdout] 
[INFO] [stdout] Couldn't compile the test.
[INFO] [stdout] 
[INFO] [stdout] failures:
[INFO] [stdout]     src/lib.rs - (line 15)
[INFO] [stdout]     src/lib.rs - (line 43)
[INFO] [stdout] 
[INFO] [stdout] test result: FAILED. 0 passed; 2 failed; 0 ignored; 0 measured; 0 filtered out; finished in 0.09s
[INFO] [stdout] 
[INFO] [stderr] error: test failed, to rerun pass '--doc'
[INFO] running `Command { std: "docker" "inspect" "796b114651ccc2ab81179694ad1a5f90d1c92602cb9aa1de8564ba273467c1bd", kill_on_drop: false }`
[INFO] running `Command { std: "docker" "rm" "-f" "796b114651ccc2ab81179694ad1a5f90d1c92602cb9aa1de8564ba273467c1bd", kill_on_drop: false }`
[INFO] [stdout] 796b114651ccc2ab81179694ad1a5f90d1c92602cb9aa1de8564ba273467c1bd
