[INFO] fetching crate tobz1000-serde-xml-rs 0.4.1-tobz1000-1...
[INFO] testing tobz1000-serde-xml-rs-0.4.1-tobz1000-1 against beta-2021-08-01 for beta-1.55-1
[INFO] extracting crate tobz1000-serde-xml-rs 0.4.1-tobz1000-1 into /workspace/builds/worker-89/source
[INFO] validating manifest of crates.io crate tobz1000-serde-xml-rs 0.4.1-tobz1000-1 on toolchain beta-2021-08-01
[INFO] running `Command { std: "/workspace/cargo-home/bin/cargo" "+beta-2021-08-01" "metadata" "--manifest-path" "Cargo.toml" "--no-deps", kill_on_drop: false }`
[INFO] started tweaking crates.io crate tobz1000-serde-xml-rs 0.4.1-tobz1000-1
[INFO] finished tweaking crates.io crate tobz1000-serde-xml-rs 0.4.1-tobz1000-1
[INFO] tweaked toml for crates.io crate tobz1000-serde-xml-rs 0.4.1-tobz1000-1 written to /workspace/builds/worker-89/source/Cargo.toml
[INFO] running `Command { std: "/workspace/cargo-home/bin/cargo" "+beta-2021-08-01" "generate-lockfile" "--manifest-path" "Cargo.toml" "-Zno-index-update", kill_on_drop: false }`
[INFO] [stderr]     Blocking waiting for file lock on package cache
[INFO] running `Command { std: "/workspace/cargo-home/bin/cargo" "+beta-2021-08-01" "fetch" "--manifest-path" "Cargo.toml", kill_on_drop: false }`
[INFO] [stderr]     Blocking waiting for file lock on package cache
[INFO] [stderr]     Blocking waiting for file lock on package cache
[INFO] running `Command { std: "docker" "create" "-v" "/var/lib/crater-agent-workspace/builds/worker-89/target:/opt/rustwide/target:rw,Z" "-v" "/var/lib/crater-agent-workspace/builds/worker-89/source:/opt/rustwide/workdir:ro,Z" "-v" "/var/lib/crater-agent-workspace/cargo-home:/opt/rustwide/cargo-home:ro,Z" "-v" "/var/lib/crater-agent-workspace/rustup-home:/opt/rustwide/rustup-home:ro,Z" "-e" "SOURCE_DIR=/opt/rustwide/workdir" "-e" "CARGO_TARGET_DIR=/opt/rustwide/target" "-e" "CARGO_HOME=/opt/rustwide/cargo-home" "-e" "RUSTUP_HOME=/opt/rustwide/rustup-home" "-w" "/opt/rustwide/workdir" "-m" "1610612736" "--user" "0:0" "--network" "none" "ghcr.io/rust-lang/crates-build-env/linux@sha256:34b6a614d2c27851fe6cbf88fbd1137609cefab8b10d0615aaeb6fd47975d74e" "/opt/rustwide/cargo-home/bin/cargo" "+beta-2021-08-01" "metadata" "--no-deps" "--format-version=1", kill_on_drop: false }`
[INFO] [stdout] 74149f4870928b55486c237e9eaa8d3f37a4f633bb94dbe948bbb28999b3bc1d
[INFO] running `Command { std: "docker" "start" "-a" "74149f4870928b55486c237e9eaa8d3f37a4f633bb94dbe948bbb28999b3bc1d", kill_on_drop: false }`
[INFO] running `Command { std: "docker" "inspect" "74149f4870928b55486c237e9eaa8d3f37a4f633bb94dbe948bbb28999b3bc1d", kill_on_drop: false }`
[INFO] running `Command { std: "docker" "rm" "-f" "74149f4870928b55486c237e9eaa8d3f37a4f633bb94dbe948bbb28999b3bc1d", kill_on_drop: false }`
[INFO] [stdout] 74149f4870928b55486c237e9eaa8d3f37a4f633bb94dbe948bbb28999b3bc1d
[INFO] running `Command { std: "docker" "create" "-v" "/var/lib/crater-agent-workspace/builds/worker-89/target:/opt/rustwide/target:rw,Z" "-v" "/var/lib/crater-agent-workspace/builds/worker-89/source:/opt/rustwide/workdir:ro,Z" "-v" "/var/lib/crater-agent-workspace/cargo-home:/opt/rustwide/cargo-home:ro,Z" "-v" "/var/lib/crater-agent-workspace/rustup-home:/opt/rustwide/rustup-home:ro,Z" "-e" "SOURCE_DIR=/opt/rustwide/workdir" "-e" "CARGO_TARGET_DIR=/opt/rustwide/target" "-e" "CARGO_INCREMENTAL=0" "-e" "RUST_BACKTRACE=full" "-e" "RUSTFLAGS=--cap-lints=warn" "-e" "CARGO_HOME=/opt/rustwide/cargo-home" "-e" "RUSTUP_HOME=/opt/rustwide/rustup-home" "-w" "/opt/rustwide/workdir" "-m" "1610612736" "--user" "0:0" "--network" "none" "ghcr.io/rust-lang/crates-build-env/linux@sha256:34b6a614d2c27851fe6cbf88fbd1137609cefab8b10d0615aaeb6fd47975d74e" "/opt/rustwide/cargo-home/bin/cargo" "+beta-2021-08-01" "build" "--frozen" "--message-format=json", kill_on_drop: false }`
[INFO] [stdout] 668e61cc28a5f7bc5172caca8aea92b998cc3156ea363b0b96587a722ce70b85
[INFO] running `Command { std: "docker" "start" "-a" "668e61cc28a5f7bc5172caca8aea92b998cc3156ea363b0b96587a722ce70b85", kill_on_drop: false }`
[INFO] [stderr]    Compiling serde v1.0.127
[INFO] [stderr]    Compiling xml-rs v0.8.4
[INFO] [stderr]    Compiling thiserror-impl v1.0.26
[INFO] [stderr]    Compiling thiserror v1.0.26
[INFO] [stderr]    Compiling tobz1000-serde-xml-rs v0.4.1-tobz1000-1 (/opt/rustwide/workdir)
[INFO] [stderr]     Finished dev [unoptimized + debuginfo] target(s) in 7.44s
[INFO] running `Command { std: "docker" "inspect" "668e61cc28a5f7bc5172caca8aea92b998cc3156ea363b0b96587a722ce70b85", kill_on_drop: false }`
[INFO] running `Command { std: "docker" "rm" "-f" "668e61cc28a5f7bc5172caca8aea92b998cc3156ea363b0b96587a722ce70b85", kill_on_drop: false }`
[INFO] [stdout] 668e61cc28a5f7bc5172caca8aea92b998cc3156ea363b0b96587a722ce70b85
[INFO] running `Command { std: "docker" "create" "-v" "/var/lib/crater-agent-workspace/builds/worker-89/target:/opt/rustwide/target:rw,Z" "-v" "/var/lib/crater-agent-workspace/builds/worker-89/source:/opt/rustwide/workdir:ro,Z" "-v" "/var/lib/crater-agent-workspace/cargo-home:/opt/rustwide/cargo-home:ro,Z" "-v" "/var/lib/crater-agent-workspace/rustup-home:/opt/rustwide/rustup-home:ro,Z" "-e" "SOURCE_DIR=/opt/rustwide/workdir" "-e" "CARGO_TARGET_DIR=/opt/rustwide/target" "-e" "CARGO_INCREMENTAL=0" "-e" "RUST_BACKTRACE=full" "-e" "RUSTFLAGS=--cap-lints=warn" "-e" "CARGO_HOME=/opt/rustwide/cargo-home" "-e" "RUSTUP_HOME=/opt/rustwide/rustup-home" "-w" "/opt/rustwide/workdir" "-m" "1610612736" "--user" "0:0" "--network" "none" "ghcr.io/rust-lang/crates-build-env/linux@sha256:34b6a614d2c27851fe6cbf88fbd1137609cefab8b10d0615aaeb6fd47975d74e" "/opt/rustwide/cargo-home/bin/cargo" "+beta-2021-08-01" "test" "--frozen" "--no-run" "--message-format=json", kill_on_drop: false }`
[INFO] [stdout] 7207d21f49bb3a9d75ffbc7c582f997675f93919a0b6d81dc0d4e7d9a586cf58
[INFO] running `Command { std: "docker" "start" "-a" "7207d21f49bb3a9d75ffbc7c582f997675f93919a0b6d81dc0d4e7d9a586cf58", kill_on_drop: false }`
[INFO] [stderr]    Compiling atty v0.2.14
[INFO] [stderr]    Compiling failure v0.1.8
[INFO] [stderr]    Compiling chrono v0.4.19
[INFO] [stderr]    Compiling colored v1.9.3
[INFO] [stderr]    Compiling which v2.0.1
[INFO] [stderr]    Compiling docmatic v0.1.2
[INFO] [stderr]    Compiling simple_logger v1.13.0
[INFO] [stderr]    Compiling tobz1000-serde-xml-rs v0.4.1-tobz1000-1 (/opt/rustwide/workdir)
[INFO] [stdout] warning: unnecessary trailing semicolon
[INFO] [stdout]     --> tests/migrated.rs:1013:6
[INFO] [stdout]      |
[INFO] [stdout] 1013 |     };
[INFO] [stdout]      |      ^ help: remove this semicolon
[INFO] [stdout]      |
[INFO] [stdout]      = note: `#[warn(redundant_semicolons)]` on by default
[INFO] [stdout] 
[INFO] [stdout] 
[INFO] [stdout] warning: unnecessary trailing semicolon
[INFO] [stdout]     --> tests/migrated.rs:1018:6
[INFO] [stdout]      |
[INFO] [stdout] 1018 |     };
[INFO] [stdout]      |      ^ help: remove this semicolon
[INFO] [stdout] 
[INFO] [stdout] 
[INFO] [stdout] warning: 2 warnings emitted
[INFO] [stdout] 
[INFO] [stdout] 
[INFO] [stderr]     Finished test [unoptimized + debuginfo] target(s) in 5.26s
[INFO] running `Command { std: "docker" "inspect" "7207d21f49bb3a9d75ffbc7c582f997675f93919a0b6d81dc0d4e7d9a586cf58", kill_on_drop: false }`
[INFO] running `Command { std: "docker" "rm" "-f" "7207d21f49bb3a9d75ffbc7c582f997675f93919a0b6d81dc0d4e7d9a586cf58", kill_on_drop: false }`
[INFO] [stdout] 7207d21f49bb3a9d75ffbc7c582f997675f93919a0b6d81dc0d4e7d9a586cf58
[INFO] running `Command { std: "docker" "create" "-v" "/var/lib/crater-agent-workspace/builds/worker-89/target:/opt/rustwide/target:rw,Z" "-v" "/var/lib/crater-agent-workspace/builds/worker-89/source:/opt/rustwide/workdir:ro,Z" "-v" "/var/lib/crater-agent-workspace/cargo-home:/opt/rustwide/cargo-home:ro,Z" "-v" "/var/lib/crater-agent-workspace/rustup-home:/opt/rustwide/rustup-home:ro,Z" "-e" "SOURCE_DIR=/opt/rustwide/workdir" "-e" "CARGO_TARGET_DIR=/opt/rustwide/target" "-e" "CARGO_INCREMENTAL=0" "-e" "RUST_BACKTRACE=full" "-e" "RUSTFLAGS=--cap-lints=warn" "-e" "CARGO_HOME=/opt/rustwide/cargo-home" "-e" "RUSTUP_HOME=/opt/rustwide/rustup-home" "-w" "/opt/rustwide/workdir" "-m" "1610612736" "--user" "0:0" "--network" "none" "ghcr.io/rust-lang/crates-build-env/linux@sha256:34b6a614d2c27851fe6cbf88fbd1137609cefab8b10d0615aaeb6fd47975d74e" "/opt/rustwide/cargo-home/bin/cargo" "+beta-2021-08-01" "test" "--frozen", kill_on_drop: false }`
[INFO] [stdout] a3a1fa8217d1f69bc068a2b90cb7525cf1e68a4f9b3cedc6ebeaa200dc638c37
[INFO] running `Command { std: "docker" "start" "-a" "a3a1fa8217d1f69bc068a2b90cb7525cf1e68a4f9b3cedc6ebeaa200dc638c37", kill_on_drop: false }`
[INFO] [stderr] warning: unnecessary trailing semicolon
[INFO] [stderr]     --> tests/migrated.rs:1013:6
[INFO] [stderr]      |
[INFO] [stderr] 1013 |     };
[INFO] [stderr]      |      ^ help: remove this semicolon
[INFO] [stderr]      |
[INFO] [stderr]      = note: `#[warn(redundant_semicolons)]` on by default
[INFO] [stderr] 
[INFO] [stderr] warning: unnecessary trailing semicolon
[INFO] [stderr]     --> tests/migrated.rs:1018:6
[INFO] [stderr]      |
[INFO] [stderr] 1018 |     };
[INFO] [stderr]      |      ^ help: remove this semicolon
[INFO] [stderr] 
[INFO] [stderr] warning: `tobz1000-serde-xml-rs` (test "migrated") generated 2 warnings
[INFO] [stderr]     Finished test [unoptimized + debuginfo] target(s) in 0.05s
[INFO] [stderr]      Running unittests (/opt/rustwide/target/debug/deps/serde_xml_rs-28f1fd52edd92a06)
[INFO] [stdout] 
[INFO] [stdout] running 7 tests
[INFO] [stderr]      Running tests/failures.rs (/opt/rustwide/target/debug/deps/failures-476c06d907944168)
[INFO] [stdout] test ser::tests::serialize_a_list ... ignored
[INFO] [stdout] test ser::tests::test_serialize_bool ... ok
[INFO] [stdout] test ser::tests::test_serialize_enum ... ok
[INFO] [stdout] test ser::tests::test_serialize_map_entries ... ok
[INFO] [stdout] test ser::tests::test_serialize_struct ... ok
[INFO] [stdout] test ser::tests::test_serialize_struct_field ... ok
[INFO] [stdout] test ser::tests::test_start_serialize_struct ... ok
[INFO] [stdout] 
[INFO] [stdout] test result: ok. 6 passed; 0 failed; 1 ignored; 0 measured; 0 filtered out; finished in 0.00s
[INFO] [stdout] 
[INFO] [stdout] 
[INFO] [stdout] running 2 tests
[INFO] [stderr]      Running tests/migrated.rs (/opt/rustwide/target/debug/deps/migrated-57d7cd6dd31c958d)
[INFO] [stdout] test simple_struct_from_attributes_should_fail ... ok
[INFO] [stdout] test multiple_roots_attributes_should_fail ... ok
[INFO] [stdout] 
[INFO] [stdout] test result: ok. 2 passed; 0 failed; 0 ignored; 0 measured; 0 filtered out; finished in 0.00s
[INFO] [stdout] 
[INFO] [stdout] 
[INFO] [stdout] running 30 tests
[INFO] [stdout] test newtype_struct ... ok
[INFO] [stdout] test futile ... ok
[INFO] [stdout] test test_doctype ... ignored
[INFO] [stdout] test futile2 ... ok
[INFO] [stdout] test test_forwarded_namespace ... ignored
[INFO] [stdout] test test_nicolai86 ... ignored
[INFO] [stdout] test test_amoskvin ... ok
[INFO] [stdout] test test_option_not_trim ... ignored
[INFO] [stdout] test test_hugo_duncan ... ok
[INFO] [stdout] test test_namespaces ... ok
[INFO] [stdout] test test_option ... ok
[INFO] [stdout] test test_parse_complexstruct ... ignored
[INFO] [stdout] test test_parse_enum ... ignored
[INFO] [stdout] test test_parse_bool_element ... ok
[INFO] [stdout] test test_parse_hierarchies ... ignored
[INFO] [stdout] test test_parse_string_not_trim ... ignored
[INFO] [stdout] test test_parse_bool_attribute ... ok
[INFO] [stdout] test test_parse_i64 ... ok
[INFO] [stdout] test test_parse_attributes ... ok
[INFO] [stdout] test test_parse_f64 ... ok
[INFO] [stdout] test test_parse_string ... ok
[INFO] [stdout] test test_parse_unit ... ok
[INFO] [stdout] test test_parse_u64 ... ok
[INFO] [stdout] test test_hugo_duncan2 ... ok
[INFO] [stdout] test test_parse_xml_value ... ok
[INFO] [stdout] test test_parse_struct ... ok
[INFO] [stdout] test test_things_qc_found ... ok
[INFO] [stdout] test test_parse_unfinished ... ok
[INFO] [stdout] test unknown_field ... ok
[INFO] [stdout] test test_doctype_fail ... FAILED
[INFO] [stdout] 
[INFO] [stdout] failures:
[INFO] [stdout] 
[INFO] [stdout] ---- test_doctype_fail stdout ----
[INFO] [stdout] 2021-08-07 12:18:22,525 DEBUG [serde_xml_rs::de] Fetched StartElement(Envelope, {"": "", "xml": "http://www.w3.org/XML/1998/namespace", "xmlns": "http://www.w3.org/2000/xmlns/"})
[INFO] [stdout] 2021-08-07 12:18:22,525 DEBUG [serde_xml_rs::de] Peeked StartElement(subject, {"": "", "xml": "http://www.w3.org/XML/1998/namespace", "xmlns": "http://www.w3.org/2000/xmlns/"})
[INFO] [stdout] 2021-08-07 12:18:22,525 DEBUG [serde_xml_rs::de] Peeked StartElement(subject, {"": "", "xml": "http://www.w3.org/XML/1998/namespace", "xmlns": "http://www.w3.org/2000/xmlns/"})
[INFO] [stdout] 2021-08-07 12:18:22,525 DEBUG [serde_xml_rs::de] Peeked StartElement(subject, {"": "", "xml": "http://www.w3.org/XML/1998/namespace", "xmlns": "http://www.w3.org/2000/xmlns/"})
[INFO] [stdout] 2021-08-07 12:18:22,525 DEBUG [serde_xml_rs::de] Fetched StartElement(subject, {"": "", "xml": "http://www.w3.org/XML/1998/namespace", "xmlns": "http://www.w3.org/2000/xmlns/"})
[INFO] [stdout] 2021-08-07 12:18:22,525 DEBUG [serde_xml_rs::de] Peeked Characters(Reference rates)
[INFO] [stdout] 2021-08-07 12:18:22,525 DEBUG [serde_xml_rs::de] Fetched Characters(Reference rates)
[INFO] [stdout] 2021-08-07 12:18:22,525 DEBUG [serde_xml_rs::de] Fetched EndElement(subject)
[INFO] [stdout] 2021-08-07 12:18:22,525 DEBUG [serde_xml_rs::de] Peeked EndElement(Envelope)
[INFO] [stdout] 2021-08-07 12:18:22,525 DEBUG [serde_xml_rs::de] Fetched EndElement(Envelope)
[INFO] [stdout] thread 'test_doctype_fail' panicked at 'assertion failed: match from_str::<T>(s) {\n    Err(Error::Syntax { source: _ }) => true,\n    _ => false,\n}', tests/migrated.rs:65:9
[INFO] [stdout] stack backtrace:
[INFO] [stdout]    0:     0x5622e4009290 - std::backtrace_rs::backtrace::libunwind::trace::hff4d1766e93f64f1
[INFO] [stdout]                                at /rustc/53fd98ca776cb875bc9e5514f56b52eb74f9e7a9/library/std/src/../../backtrace/src/backtrace/libunwind.rs:90:5
[INFO] [stdout]    1:     0x5622e4009290 - std::backtrace_rs::backtrace::trace_unsynchronized::h56bbc8eb78770bcb
[INFO] [stdout]                                at /rustc/53fd98ca776cb875bc9e5514f56b52eb74f9e7a9/library/std/src/../../backtrace/src/backtrace/mod.rs:66:5
[INFO] [stdout]    2:     0x5622e4009290 - std::sys_common::backtrace::_print_fmt::h5c8e75464faca780
[INFO] [stdout]                                at /rustc/53fd98ca776cb875bc9e5514f56b52eb74f9e7a9/library/std/src/sys_common/backtrace.rs:67:5
[INFO] [stdout]    3:     0x5622e4009290 - <std::sys_common::backtrace::_print::DisplayBacktrace as core::fmt::Display>::fmt::h48b88277def8b362
[INFO] [stdout]                                at /rustc/53fd98ca776cb875bc9e5514f56b52eb74f9e7a9/library/std/src/sys_common/backtrace.rs:46:22
[INFO] [stdout]    4:     0x5622e402cdfc - core::fmt::write::h3381b3176fe2b3d3
[INFO] [stdout]                                at /rustc/53fd98ca776cb875bc9e5514f56b52eb74f9e7a9/library/core/src/fmt/mod.rs:1115:17
[INFO] [stdout]    5:     0x5622e4006125 - std::io::Write::write_fmt::h5f34a676f60246b5
[INFO] [stdout]                                at /rustc/53fd98ca776cb875bc9e5514f56b52eb74f9e7a9/library/std/src/io/mod.rs:1665:15
[INFO] [stdout]    6:     0x5622e400b40b - std::sys_common::backtrace::_print::ha537687d6c17dd0d
[INFO] [stdout]                                at /rustc/53fd98ca776cb875bc9e5514f56b52eb74f9e7a9/library/std/src/sys_common/backtrace.rs:49:5
[INFO] [stdout]    7:     0x5622e400b40b - std::sys_common::backtrace::print::h61376ae57d131d72
[INFO] [stdout]                                at /rustc/53fd98ca776cb875bc9e5514f56b52eb74f9e7a9/library/std/src/sys_common/backtrace.rs:36:9
[INFO] [stdout]    8:     0x5622e400b40b - std::panicking::default_hook::{{closure}}::h0f7208c0b9644a54
[INFO] [stdout]                                at /rustc/53fd98ca776cb875bc9e5514f56b52eb74f9e7a9/library/std/src/panicking.rs:208:50
[INFO] [stdout]    9:     0x5622e400af1c - std::panicking::default_hook::hdac7fc06578c14ce
[INFO] [stdout]                                at /rustc/53fd98ca776cb875bc9e5514f56b52eb74f9e7a9/library/std/src/panicking.rs:222:9
[INFO] [stdout]   10:     0x5622e400bad4 - std::panicking::rust_panic_with_hook::h72b21c283da3d1ef
[INFO] [stdout]                                at /rustc/53fd98ca776cb875bc9e5514f56b52eb74f9e7a9/library/std/src/panicking.rs:622:17
[INFO] [stdout]   11:     0x5622e400b587 - std::panicking::begin_panic_handler::{{closure}}::he5778f1729cff84a
[INFO] [stdout]                                at /rustc/53fd98ca776cb875bc9e5514f56b52eb74f9e7a9/library/std/src/panicking.rs:517:13
[INFO] [stdout]   12:     0x5622e400976c - std::sys_common::backtrace::__rust_end_short_backtrace::h2d11ca8b453b4b1d
[INFO] [stdout]                                at /rustc/53fd98ca776cb875bc9e5514f56b52eb74f9e7a9/library/std/src/sys_common/backtrace.rs:141:18
[INFO] [stdout]   13:     0x5622e400b519 - rust_begin_unwind
[INFO] [stdout]                                at /rustc/53fd98ca776cb875bc9e5514f56b52eb74f9e7a9/library/std/src/panicking.rs:515:5
[INFO] [stdout]   14:     0x5622e3e89431 - core::panicking::panic_fmt::hf9de31d4acbce4db
[INFO] [stdout]                                at /rustc/53fd98ca776cb875bc9e5514f56b52eb74f9e7a9/library/core/src/panicking.rs:92:14
[INFO] [stdout]   15:     0x5622e3e8937d - core::panicking::panic::h8a6bc58a21c6c095
[INFO] [stdout]                                at /rustc/53fd98ca776cb875bc9e5514f56b52eb74f9e7a9/library/core/src/panicking.rs:50:5
[INFO] [stdout]   16:     0x5622e3e924fc - migrated::test_parse_err::hf6ba72626a515b6d
[INFO] [stdout]                                at /opt/rustwide/workdir/tests/migrated.rs:65:9
[INFO] [stdout]   17:     0x5622e3e98058 - migrated::test_doctype_fail::ha15dd8fd53bfd828
[INFO] [stdout]                                at /opt/rustwide/workdir/tests/migrated.rs:160:5
[INFO] [stdout]   18:     0x5622e3e9802a - migrated::test_doctype_fail::{{closure}}::h11da7aaafdbd5cac
[INFO] [stdout]                                at /opt/rustwide/workdir/tests/migrated.rs:153:1
[INFO] [stdout]   19:     0x5622e3eef37e - core::ops::function::FnOnce::call_once::h62a67d016090b5ae
[INFO] [stdout]                                at /rustc/53fd98ca776cb875bc9e5514f56b52eb74f9e7a9/library/core/src/ops/function.rs:227:5
[INFO] [stdout]   20:     0x5622e3f6f2a3 - core::ops::function::FnOnce::call_once::hbb52c4519d3137b0
[INFO] [stdout]                                at /rustc/53fd98ca776cb875bc9e5514f56b52eb74f9e7a9/library/core/src/ops/function.rs:227:5
[INFO] [stdout]   21:     0x5622e3f6f2a3 - test::__rust_begin_short_backtrace::h86fe3a2a5a5121af
[INFO] [stdout]                                at /rustc/53fd98ca776cb875bc9e5514f56b52eb74f9e7a9/library/test/src/lib.rs:578:5
[INFO] [stdout]   22:     0x5622e3f6dd58 - <alloc::boxed::Box<F,A> as core::ops::function::FnOnce<Args>>::call_once::hfd956bc3d57399be
[INFO] [stdout]                                at /rustc/53fd98ca776cb875bc9e5514f56b52eb74f9e7a9/library/alloc/src/boxed.rs:1572:9
[INFO] [stdout]   23:     0x5622e3f6dd58 - <std::panic::AssertUnwindSafe<F> as core::ops::function::FnOnce<()>>::call_once::h40dc93e0ddb5938a
[INFO] [stdout]                                at /rustc/53fd98ca776cb875bc9e5514f56b52eb74f9e7a9/library/std/src/panic.rs:347:9
[INFO] [stdout]   24:     0x5622e3f6dd58 - std::panicking::try::do_call::h90d07750cb47c562
[INFO] [stdout]                                at /rustc/53fd98ca776cb875bc9e5514f56b52eb74f9e7a9/library/std/src/panicking.rs:401:40
[INFO] [stdout]   25:     0x5622e3f6dd58 - std::panicking::try::h063c84733ad2a629
[INFO] [stdout]                                at /rustc/53fd98ca776cb875bc9e5514f56b52eb74f9e7a9/library/std/src/panicking.rs:365:19
[INFO] [stdout]   26:     0x5622e3f6dd58 - std::panic::catch_unwind::h0c464836a84e7c08
[INFO] [stdout]                                at /rustc/53fd98ca776cb875bc9e5514f56b52eb74f9e7a9/library/std/src/panic.rs:434:14
[INFO] [stdout]   27:     0x5622e3f6dd58 - test::run_test_in_process::h5cb06ef620b157fc
[INFO] [stdout]                                at /rustc/53fd98ca776cb875bc9e5514f56b52eb74f9e7a9/library/test/src/lib.rs:601:18
[INFO] [stdout]   28:     0x5622e3f6dd58 - test::run_test::run_test_inner::{{closure}}::h76f677f4b93f9828
[INFO] [stdout]                                at /rustc/53fd98ca776cb875bc9e5514f56b52eb74f9e7a9/library/test/src/lib.rs:493:39
[INFO] [stdout]   29:     0x5622e3f3c4ed - test::run_test::run_test_inner::{{closure}}::h366d01fe04f4d67a
[INFO] [stdout]                                at /rustc/53fd98ca776cb875bc9e5514f56b52eb74f9e7a9/library/test/src/lib.rs:520:37
[INFO] [stdout]   30:     0x5622e3f3c4ed - std::sys_common::backtrace::__rust_begin_short_backtrace::h7dfa0de4eb395af2
[INFO] [stdout]                                at /rustc/53fd98ca776cb875bc9e5514f56b52eb74f9e7a9/library/std/src/sys_common/backtrace.rs:125:18
[INFO] [stdout]   31:     0x5622e3f40cb8 - std::thread::Builder::spawn_unchecked::{{closure}}::{{closure}}::hf0a74bb58798037f
[INFO] [stdout]                                at /rustc/53fd98ca776cb875bc9e5514f56b52eb74f9e7a9/library/std/src/thread/mod.rs:476:17
[INFO] [stdout]   32:     0x5622e3f40cb8 - <std::panic::AssertUnwindSafe<F> as core::ops::function::FnOnce<()>>::call_once::hb024e854818586ac
[INFO] [stdout]                                at /rustc/53fd98ca776cb875bc9e5514f56b52eb74f9e7a9/library/std/src/panic.rs:347:9
[INFO] [stdout]   33:     0x5622e3f40cb8 - std::panicking::try::do_call::hb2dd9f1d0d48e41d
[INFO] [stdout]                                at /rustc/53fd98ca776cb875bc9e5514f56b52eb74f9e7a9/library/std/src/panicking.rs:401:40
[INFO] [stdout]   34:     0x5622e3f40cb8 - std::panicking::try::h4717ae7bac8b2bf3
[INFO] [stdout]                                at /rustc/53fd98ca776cb875bc9e5514f56b52eb74f9e7a9/library/std/src/panicking.rs:365:19
[INFO] [stdout]   35:     0x5622e3f40cb8 - std::panic::catch_unwind::h0dc8a061326ce8d8
[INFO] [stdout]                                at /rustc/53fd98ca776cb875bc9e5514f56b52eb74f9e7a9/library/std/src/panic.rs:434:14
[INFO] [stdout]   36:     0x5622e3f40cb8 - std::thread::Builder::spawn_unchecked::{{closure}}::haa369e2d6fd00aa1
[INFO] [stdout]                                at /rustc/53fd98ca776cb875bc9e5514f56b52eb74f9e7a9/library/std/src/thread/mod.rs:475:30
[INFO] [stdout]   37:     0x5622e3f40cb8 - core::ops::function::FnOnce::call_once{{vtable.shim}}::h36dcf3de8b056f17
[INFO] [stdout]                                at /rustc/53fd98ca776cb875bc9e5514f56b52eb74f9e7a9/library/core/src/ops/function.rs:227:5
[INFO] [stdout]   38:     0x5622e40106a7 - <alloc::boxed::Box<F,A> as core::ops::function::FnOnce<Args>>::call_once::h65c29e4642be2358
[INFO] [stdout]                                at /rustc/53fd98ca776cb875bc9e5514f56b52eb74f9e7a9/library/alloc/src/boxed.rs:1572:9
[INFO] [stdout]   39:     0x5622e40106a7 - <alloc::boxed::Box<F,A> as core::ops::function::FnOnce<Args>>::call_once::hd0f8f7fbbd9fffbf
[INFO] [stdout]                                at /rustc/53fd98ca776cb875bc9e5514f56b52eb74f9e7a9/library/alloc/src/boxed.rs:1572:9
[INFO] [stdout]   40:     0x5622e40106a7 - std::sys::unix::thread::Thread::new::thread_start::h2fd22fee3ca77b65
[INFO] [stdout]                                at /rustc/53fd98ca776cb875bc9e5514f56b52eb74f9e7a9/library/std/src/sys/unix/thread.rs:74:17
[INFO] [stdout]   41:     0x7fa4a5c5c609 - start_thread
[INFO] [stdout]   42:     0x7fa4a5a2e293 - clone
[INFO] [stdout]   43:                0x0 - <unknown>
[INFO] [stdout] 
[INFO] [stdout] 
[INFO] [stdout] failures:
[INFO] [stdout]     test_doctype_fail
[INFO] [stdout] 
[INFO] [stdout] test result: FAILED. 21 passed; 1 failed; 8 ignored; 0 measured; 0 filtered out; finished in 0.04s
[INFO] [stdout] 
[INFO] [stderr] error: test failed, to rerun pass '--test migrated'
[INFO] running `Command { std: "docker" "inspect" "a3a1fa8217d1f69bc068a2b90cb7525cf1e68a4f9b3cedc6ebeaa200dc638c37", kill_on_drop: false }`
[INFO] running `Command { std: "docker" "rm" "-f" "a3a1fa8217d1f69bc068a2b90cb7525cf1e68a4f9b3cedc6ebeaa200dc638c37", kill_on_drop: false }`
[INFO] [stdout] a3a1fa8217d1f69bc068a2b90cb7525cf1e68a4f9b3cedc6ebeaa200dc638c37
