[INFO] fetching crate tmpo 1.8.2...
[INFO] testing tmpo-1.8.2 against 1.54.0 for beta-1.55-1
[INFO] extracting crate tmpo 1.8.2 into /workspace/builds/worker-99/source
[INFO] validating manifest of crates.io crate tmpo 1.8.2 on toolchain 1.54.0
[INFO] running `Command { std: "/workspace/cargo-home/bin/cargo" "+1.54.0" "metadata" "--manifest-path" "Cargo.toml" "--no-deps", kill_on_drop: false }`
[INFO] started tweaking crates.io crate tmpo 1.8.2
[INFO] finished tweaking crates.io crate tmpo 1.8.2
[INFO] tweaked toml for crates.io crate tmpo 1.8.2 written to /workspace/builds/worker-99/source/Cargo.toml
[INFO] crate crates.io crate tmpo 1.8.2 already has a lockfile, it will not be regenerated
[INFO] running `Command { std: "/workspace/cargo-home/bin/cargo" "+1.54.0" "fetch" "--manifest-path" "Cargo.toml", kill_on_drop: false }`
[INFO] [stderr]     Blocking waiting for file lock on package cache
[INFO] [stderr]  Downloading crates ...
[INFO] [stderr]   Downloaded tracing v0.1.19
[INFO] [stderr]   Downloaded tracing-core v0.1.16
[INFO] [stderr]   Downloaded cloudabi v0.1.0
[INFO] [stderr]   Downloaded smallvec v1.4.2
[INFO] [stderr]   Downloaded parking_lot_core v0.8.0
[INFO] [stderr]   Downloaded serde_yaml v0.8.13
[INFO] [stderr]   Downloaded miniz_oxide v0.4.1
[INFO] [stderr]   Downloaded tar v0.4.30
[INFO] [stderr]   Downloaded flate2 v1.0.17
[INFO] [stderr]   Downloaded console v0.11.3
[INFO] [stderr]   Downloaded git2 v0.13.11
[INFO] [stderr]   Downloaded libssh2-sys v0.2.19
[INFO] [stderr]   Downloaded lock_api v0.4.1
[INFO] [stderr]   Downloaded indicatif v0.13.0
[INFO] [stderr]   Downloaded pkg-config v0.3.18
[INFO] [stderr]   Downloaded serde_json v1.0.57
[INFO] [stderr]   Downloaded terminal_size v0.1.13
[INFO] [stderr]   Downloaded ordered-float v1.1.0
[INFO] [stderr]   Downloaded hashbrown v0.9.0
[INFO] [stderr]   Downloaded quick-xml v0.17.2
[INFO] [stderr]   Downloaded log4rs v0.13.0
[INFO] [stderr]   Downloaded hermit-abi v0.1.15
[INFO] [stderr]   Downloaded predicates-core v1.0.0
[INFO] [stderr]   Downloaded dialoguer v0.6.2
[INFO] [stderr]   Downloaded hyper-old-types v0.11.0
[INFO] [stderr]   Downloaded parking_lot v0.11.0
[INFO] [stderr]   Downloaded cc v1.0.59
[INFO] [stderr]   Downloaded treeline v0.1.0
[INFO] [stderr]   Downloaded console v0.12.0
[INFO] [stderr]   Downloaded handlebars v3.5.0
[INFO] [stderr]   Downloaded assert_cmd v1.0.1
[INFO] [stderr]   Downloaded syn v1.0.40
[INFO] [stderr]   Downloaded filetime v0.2.12
[INFO] [stderr]   Downloaded hyper v0.13.7
[INFO] [stderr]   Downloaded self_update v0.20.0
[INFO] [stderr]   Downloaded predicates-tree v1.0.0
[INFO] [stderr]   Downloaded predicates v1.0.5
[INFO] [stderr]   Downloaded os_str_bytes v2.3.2
[INFO] [stderr]   Downloaded thread-id v3.3.0
[INFO] [stderr]   Downloaded log-mdc v0.1.0
[INFO] [stderr]   Downloaded normalize-line-endings v0.3.0
[INFO] [stderr]   Downloaded instant v0.1.6
[INFO] [stderr]   Downloaded serde-value v0.6.0
[INFO] [stderr]   Downloaded float-cmp v0.8.0
[INFO] [stderr]   Downloaded h2 v0.2.6
[INFO] [stderr]   Downloaded encoding_rs v0.8.24
[INFO] [stderr]   Downloaded libgit2-sys v0.12.13+1.0.1
[INFO] [stderr]   Downloaded openssl-src v111.10.2+1.1.1g
[INFO] running `Command { std: "docker" "create" "-v" "/var/lib/crater-agent-workspace/builds/worker-99/target:/opt/rustwide/target:rw,Z" "-v" "/var/lib/crater-agent-workspace/builds/worker-99/source:/opt/rustwide/workdir:ro,Z" "-v" "/var/lib/crater-agent-workspace/cargo-home:/opt/rustwide/cargo-home:ro,Z" "-v" "/var/lib/crater-agent-workspace/rustup-home:/opt/rustwide/rustup-home:ro,Z" "-e" "SOURCE_DIR=/opt/rustwide/workdir" "-e" "CARGO_TARGET_DIR=/opt/rustwide/target" "-e" "CARGO_HOME=/opt/rustwide/cargo-home" "-e" "RUSTUP_HOME=/opt/rustwide/rustup-home" "-w" "/opt/rustwide/workdir" "-m" "1610612736" "--user" "0:0" "--network" "none" "ghcr.io/rust-lang/crates-build-env/linux@sha256:34b6a614d2c27851fe6cbf88fbd1137609cefab8b10d0615aaeb6fd47975d74e" "/opt/rustwide/cargo-home/bin/cargo" "+1.54.0" "metadata" "--no-deps" "--format-version=1", kill_on_drop: false }`
[INFO] [stdout] 6429b2c8d6b25f218cdeccc2d3d9b23539d05c5ebf4fd616a673e16bdc1620bc
[INFO] running `Command { std: "docker" "start" "-a" "6429b2c8d6b25f218cdeccc2d3d9b23539d05c5ebf4fd616a673e16bdc1620bc", kill_on_drop: false }`
[INFO] running `Command { std: "docker" "inspect" "6429b2c8d6b25f218cdeccc2d3d9b23539d05c5ebf4fd616a673e16bdc1620bc", kill_on_drop: false }`
[INFO] running `Command { std: "docker" "rm" "-f" "6429b2c8d6b25f218cdeccc2d3d9b23539d05c5ebf4fd616a673e16bdc1620bc", kill_on_drop: false }`
[INFO] [stdout] 6429b2c8d6b25f218cdeccc2d3d9b23539d05c5ebf4fd616a673e16bdc1620bc
[INFO] running `Command { std: "docker" "create" "-v" "/var/lib/crater-agent-workspace/builds/worker-99/target:/opt/rustwide/target:rw,Z" "-v" "/var/lib/crater-agent-workspace/builds/worker-99/source:/opt/rustwide/workdir:ro,Z" "-v" "/var/lib/crater-agent-workspace/cargo-home:/opt/rustwide/cargo-home:ro,Z" "-v" "/var/lib/crater-agent-workspace/rustup-home:/opt/rustwide/rustup-home:ro,Z" "-e" "SOURCE_DIR=/opt/rustwide/workdir" "-e" "CARGO_TARGET_DIR=/opt/rustwide/target" "-e" "CARGO_INCREMENTAL=0" "-e" "RUST_BACKTRACE=full" "-e" "RUSTFLAGS=--cap-lints=warn" "-e" "CARGO_HOME=/opt/rustwide/cargo-home" "-e" "RUSTUP_HOME=/opt/rustwide/rustup-home" "-w" "/opt/rustwide/workdir" "-m" "1610612736" "--user" "0:0" "--network" "none" "ghcr.io/rust-lang/crates-build-env/linux@sha256:34b6a614d2c27851fe6cbf88fbd1137609cefab8b10d0615aaeb6fd47975d74e" "/opt/rustwide/cargo-home/bin/cargo" "+1.54.0" "build" "--frozen" "--message-format=json", kill_on_drop: false }`
[INFO] [stdout] b31ac2ad80098462a181dda3c0e8e331589b329e1e740a44e5100e8b5ffac76a
[INFO] running `Command { std: "docker" "start" "-a" "b31ac2ad80098462a181dda3c0e8e331589b329e1e740a44e5100e8b5ffac76a", kill_on_drop: false }`
[INFO] [stderr]    Compiling libc v0.2.77
[INFO] [stderr]    Compiling proc-macro2 v1.0.21
[INFO] [stderr]    Compiling unicode-xid v0.2.1
[INFO] [stderr]    Compiling syn v1.0.40
[INFO] [stderr]    Compiling cfg-if v0.1.10
[INFO] [stderr]    Compiling autocfg v1.0.1
[INFO] [stderr]    Compiling serde_derive v1.0.116
[INFO] [stderr]    Compiling serde v1.0.116
[INFO] [stderr]    Compiling pkg-config v0.3.18
[INFO] [stderr]    Compiling lazy_static v1.4.0
[INFO] [stderr]    Compiling memchr v2.3.3
[INFO] [stderr]    Compiling log v0.4.11
[INFO] [stderr]    Compiling version_check v0.9.2
[INFO] [stderr]    Compiling fnv v1.0.7
[INFO] [stderr]    Compiling itoa v0.4.6
[INFO] [stderr]    Compiling slab v0.4.2
[INFO] [stderr]    Compiling bytes v0.5.6
[INFO] [stderr]    Compiling bitflags v1.2.1
[INFO] [stderr]    Compiling futures-core v0.3.5
[INFO] [stderr]    Compiling pin-project-internal v0.4.23
[INFO] [stderr]    Compiling getrandom v0.1.15
[INFO] [stderr]    Compiling pin-project-lite v0.1.7
[INFO] [stderr]    Compiling hashbrown v0.9.0
[INFO] [stderr]    Compiling httparse v1.3.4
[INFO] [stderr]    Compiling unicode-width v0.1.8
[INFO] [stderr]    Compiling tinyvec v0.3.4
[INFO] [stderr]    Compiling foreign-types-shared v0.1.1
[INFO] [stderr]    Compiling openssl v0.10.30
[INFO] [stderr]    Compiling ryu v1.0.5
[INFO] [stderr]    Compiling once_cell v1.4.1
[INFO] [stderr]    Compiling matches v0.1.8
[INFO] [stderr]    Compiling pin-utils v0.1.0
[INFO] [stderr]    Compiling native-tls v0.2.4
[INFO] [stderr]    Compiling byteorder v1.3.4
[INFO] [stderr]    Compiling futures-io v0.3.5
[INFO] [stderr]    Compiling serde_json v1.0.57
[INFO] [stderr]    Compiling regex-syntax v0.6.18
[INFO] [stderr]    Compiling openssl-probe v0.1.2
[INFO] [stderr]    Compiling futures-sink v0.3.5
[INFO] [stderr]    Compiling percent-encoding v2.1.0
[INFO] [stderr]    Compiling try-lock v0.2.3
[INFO] [stderr]    Compiling ucd-trie v0.1.3
[INFO] [stderr]    Compiling dtoa v0.4.6
[INFO] [stderr]    Compiling ppv-lite86 v0.2.9
[INFO] [stderr]    Compiling tower-service v0.3.0
[INFO] [stderr]    Compiling crc32fast v1.2.0
[INFO] [stderr]    Compiling maplit v1.0.2
[INFO] [stderr]    Compiling mime v0.3.16
[INFO] [stderr]    Compiling encoding_rs v0.8.24
[INFO] [stderr]    Compiling smallvec v1.4.2
[INFO] [stderr]    Compiling adler v0.2.3
[INFO] [stderr]    Compiling safemem v0.3.3
[INFO] [stderr]    Compiling unicode-segmentation v1.6.0
[INFO] [stderr]    Compiling scopeguard v1.1.0
[INFO] [stderr]    Compiling remove_dir_all v0.5.3
[INFO] [stderr]    Compiling linked-hash-map v0.5.3
[INFO] [stderr]    Compiling traitobject v0.1.0
[INFO] [stderr]    Compiling instant v0.1.6
[INFO] [stderr]    Compiling self_update v0.20.0
[INFO] [stderr]    Compiling percent-encoding v1.0.1
[INFO] [stderr]    Compiling quick-error v1.2.3
[INFO] [stderr]    Compiling base64 v0.12.3
[INFO] [stderr]    Compiling number_prefix v0.3.0
[INFO] [stderr]    Compiling semver-parser v0.7.0
[INFO] [stderr]    Compiling language-tags v0.2.2
[INFO] [stderr]    Compiling ipnet v2.3.0
[INFO] [stderr]    Compiling log-mdc v0.1.0
[INFO] [stderr]    Compiling strsim v0.10.0
[INFO] [stderr]    Compiling os_str_bytes v2.3.2
[INFO] [stderr]    Compiling termcolor v1.1.0
[INFO] [stderr]    Compiling vec_map v0.8.2
[INFO] [stderr]    Compiling quick-error v2.0.0
[INFO] [stderr]    Compiling arc-swap v0.4.7
[INFO] [stderr]    Compiling base64 v0.13.0
[INFO] [stderr]    Compiling foreign-types v0.3.2
[INFO] [stderr]    Compiling tracing-core v0.1.16
[INFO] [stderr]    Compiling thread_local v1.0.1
[INFO] [stderr]    Compiling textwrap v0.12.1
[INFO] [stderr]    Compiling unicode-bidi v0.3.4
[INFO] [stderr]    Compiling pest v2.1.3
[INFO] [stderr]    Compiling lock_api v0.4.1
[INFO] [stderr]    Compiling unsafe-any v0.4.2
[INFO] [stderr]    Compiling unicode-normalization v0.1.13
[INFO] [stderr]    Compiling miniz_oxide v0.4.1
[INFO] [stderr]    Compiling indexmap v1.6.0
[INFO] [stderr]    Compiling num-traits v0.2.12
[INFO] [stderr]    Compiling num-integer v0.1.43
[INFO] [stderr]    Compiling humantime v1.3.0
[INFO] [stderr]    Compiling futures-channel v0.3.5
[INFO] [stderr]    Compiling yaml-rust v0.4.4
[INFO] [stderr]    Compiling futures-task v0.3.5
[INFO] [stderr]    Compiling semver v0.9.0
[INFO] [stderr]    Compiling typemap v0.3.3
[INFO] [stderr]    Compiling unicase v2.6.0
[INFO] [stderr]    Compiling proc-macro-error-attr v1.0.4
[INFO] [stderr]    Compiling proc-macro-error v1.0.4
[INFO] [stderr]    Compiling http v0.2.1
[INFO] [stderr]    Compiling heck v0.3.1
[INFO] [stderr]    Compiling aho-corasick v0.7.13
[INFO] [stderr]    Compiling quick-xml v0.17.2
[INFO] [stderr]    Compiling quote v1.0.7
[INFO] [stderr]    Compiling base64 v0.9.3
[INFO] [stderr]    Compiling jobserver v0.1.21
[INFO] [stderr]    Compiling iovec v0.1.4
[INFO] [stderr]    Compiling net2 v0.2.35
[INFO] [stderr]    Compiling num_cpus v1.13.0
[INFO] [stderr]    Compiling time v0.1.44
[INFO] [stderr]    Compiling termios v0.3.2
[INFO] [stderr]    Compiling terminal_size v0.1.13
[INFO] [stderr]    Compiling socket2 v0.3.15
[INFO] [stderr]    Compiling parking_lot_core v0.8.0
[INFO] [stderr]    Compiling filetime v0.2.12
[INFO] [stderr]    Compiling xattr v0.2.2
[INFO] [stderr]    Compiling atty v0.2.14
[INFO] [stderr]    Compiling thread-id v3.3.0
[INFO] [stderr]    Compiling dirs-sys v0.3.5
[INFO] [stderr]    Compiling flate2 v1.0.17
[INFO] [stderr]    Compiling colored v2.0.0
[INFO] [stderr]    Compiling bytes v0.4.12
[INFO] [stderr]    Compiling rand_core v0.5.1
[INFO] [stderr]    Compiling dirs v3.0.1
[INFO] [stderr]    Compiling tar v0.4.30
[INFO] [stderr]    Compiling cc v1.0.59
[INFO] [stderr]    Compiling pest_meta v2.1.3
[INFO] [stderr]    Compiling parking_lot v0.11.0
[INFO] [stderr]    Compiling idna v0.2.0
[INFO] [stderr]    Compiling rand_chacha v0.2.2
[INFO] [stderr]    Compiling mime_guess v2.0.3
[INFO] [stderr]    Compiling rand v0.7.3
[INFO] [stderr]    Compiling openssl-src v111.10.2+1.1.1g
[INFO] [stderr]    Compiling ordered-float v1.1.0
[INFO] [stderr]    Compiling url v2.1.1
[INFO] [stderr]    Compiling chrono v0.4.15
[INFO] [stderr]    Compiling http-body v0.3.1
[INFO] [stderr]    Compiling openssl-sys v0.9.58
[INFO] [stderr]    Compiling libz-sys v1.1.2
[INFO] [stderr]    Compiling libssh2-sys v0.2.19
[INFO] [stderr]    Compiling libgit2-sys v0.12.13+1.0.1
[INFO] [stderr]    Compiling tempfile v3.1.0
[INFO] [stderr]    Compiling regex v1.3.9
[INFO] [stderr]    Compiling console v0.12.0
[INFO] [stderr]    Compiling console v0.11.3
[INFO] [stderr]    Compiling dialoguer v0.6.2
[INFO] [stderr]    Compiling indicatif v0.13.0
[INFO] [stderr]    Compiling pest_generator v2.1.3
[INFO] [stderr]    Compiling pest_derive v2.1.0
[INFO] [stderr]    Compiling clap_derive v3.0.0-beta.2
[INFO] [stderr]    Compiling pin-project v0.4.23
[INFO] [stderr]    Compiling clap v3.0.0-beta.2
[INFO] [stderr]    Compiling futures-util v0.3.5
[INFO] [stderr]    Compiling serde_urlencoded v0.6.1
[INFO] [stderr]    Compiling serde-value v0.6.0
[INFO] [stderr]    Compiling serde_yaml v0.8.13
[INFO] [stderr]    Compiling mio v0.6.22
[INFO] [stderr]    Compiling tracing v0.1.19
[INFO] [stderr]    Compiling want v0.3.0
[INFO] [stderr]    Compiling hyper-old-types v0.11.0
[INFO] [stderr]    Compiling log4rs v0.13.0
[INFO] [stderr]    Compiling handlebars v3.5.0
[INFO] [stderr]    Compiling tokio v0.2.22
[INFO] [stderr]    Compiling git2 v0.13.11
[INFO] [stderr]    Compiling tokio-util v0.3.1
[INFO] [stderr]    Compiling tokio-tls v0.3.1
[INFO] [stderr]    Compiling h2 v0.2.6
[INFO] [stderr]    Compiling hyper v0.13.7
[INFO] [stderr]    Compiling hyper-tls v0.4.3
[INFO] [stderr]    Compiling reqwest v0.10.8
[INFO] [stderr]    Compiling tmpo v1.8.2 (/opt/rustwide/workdir)
[INFO] [stderr]     Finished dev [unoptimized + debuginfo] target(s) in 53.82s
[INFO] running `Command { std: "docker" "inspect" "b31ac2ad80098462a181dda3c0e8e331589b329e1e740a44e5100e8b5ffac76a", kill_on_drop: false }`
[INFO] running `Command { std: "docker" "rm" "-f" "b31ac2ad80098462a181dda3c0e8e331589b329e1e740a44e5100e8b5ffac76a", kill_on_drop: false }`
[INFO] [stdout] b31ac2ad80098462a181dda3c0e8e331589b329e1e740a44e5100e8b5ffac76a
[INFO] running `Command { std: "docker" "create" "-v" "/var/lib/crater-agent-workspace/builds/worker-99/target:/opt/rustwide/target:rw,Z" "-v" "/var/lib/crater-agent-workspace/builds/worker-99/source:/opt/rustwide/workdir:ro,Z" "-v" "/var/lib/crater-agent-workspace/cargo-home:/opt/rustwide/cargo-home:ro,Z" "-v" "/var/lib/crater-agent-workspace/rustup-home:/opt/rustwide/rustup-home:ro,Z" "-e" "SOURCE_DIR=/opt/rustwide/workdir" "-e" "CARGO_TARGET_DIR=/opt/rustwide/target" "-e" "CARGO_INCREMENTAL=0" "-e" "RUST_BACKTRACE=full" "-e" "RUSTFLAGS=--cap-lints=warn" "-e" "CARGO_HOME=/opt/rustwide/cargo-home" "-e" "RUSTUP_HOME=/opt/rustwide/rustup-home" "-w" "/opt/rustwide/workdir" "-m" "1610612736" "--user" "0:0" "--network" "none" "ghcr.io/rust-lang/crates-build-env/linux@sha256:34b6a614d2c27851fe6cbf88fbd1137609cefab8b10d0615aaeb6fd47975d74e" "/opt/rustwide/cargo-home/bin/cargo" "+1.54.0" "test" "--frozen" "--no-run" "--message-format=json", kill_on_drop: false }`
[INFO] [stdout] 9b3f241355f046baae24312e00b0f5e5955bb1a98dc69d889135fef9de70d01b
[INFO] running `Command { std: "docker" "start" "-a" "9b3f241355f046baae24312e00b0f5e5955bb1a98dc69d889135fef9de70d01b", kill_on_drop: false }`
[INFO] [stderr]     Blocking waiting for file lock on package cache
[INFO] [stderr]     Blocking waiting for file lock on package cache
[INFO] [stderr]    Compiling predicates-core v1.0.0
[INFO] [stderr]    Compiling doc-comment v0.3.3
[INFO] [stderr]    Compiling treeline v0.1.0
[INFO] [stderr]    Compiling difference v2.0.0
[INFO] [stderr]    Compiling normalize-line-endings v0.3.0
[INFO] [stderr]    Compiling wait-timeout v0.2.0
[INFO] [stderr]    Compiling float-cmp v0.8.0
[INFO] [stderr]    Compiling predicates-tree v1.0.0
[INFO] [stderr]    Compiling predicates v1.0.5
[INFO] [stderr]    Compiling assert_cmd v1.0.1
[INFO] [stderr]    Compiling tmpo v1.8.2 (/opt/rustwide/workdir)
[INFO] [stderr]     Finished test [unoptimized + debuginfo] target(s) in 11.81s
[INFO] running `Command { std: "docker" "inspect" "9b3f241355f046baae24312e00b0f5e5955bb1a98dc69d889135fef9de70d01b", kill_on_drop: false }`
[INFO] running `Command { std: "docker" "rm" "-f" "9b3f241355f046baae24312e00b0f5e5955bb1a98dc69d889135fef9de70d01b", kill_on_drop: false }`
[INFO] [stdout] 9b3f241355f046baae24312e00b0f5e5955bb1a98dc69d889135fef9de70d01b
[INFO] running `Command { std: "docker" "create" "-v" "/var/lib/crater-agent-workspace/builds/worker-99/target:/opt/rustwide/target:rw,Z" "-v" "/var/lib/crater-agent-workspace/builds/worker-99/source:/opt/rustwide/workdir:ro,Z" "-v" "/var/lib/crater-agent-workspace/cargo-home:/opt/rustwide/cargo-home:ro,Z" "-v" "/var/lib/crater-agent-workspace/rustup-home:/opt/rustwide/rustup-home:ro,Z" "-e" "SOURCE_DIR=/opt/rustwide/workdir" "-e" "CARGO_TARGET_DIR=/opt/rustwide/target" "-e" "CARGO_INCREMENTAL=0" "-e" "RUST_BACKTRACE=full" "-e" "RUSTFLAGS=--cap-lints=warn" "-e" "CARGO_HOME=/opt/rustwide/cargo-home" "-e" "RUSTUP_HOME=/opt/rustwide/rustup-home" "-w" "/opt/rustwide/workdir" "-m" "1610612736" "--user" "0:0" "--network" "none" "ghcr.io/rust-lang/crates-build-env/linux@sha256:34b6a614d2c27851fe6cbf88fbd1137609cefab8b10d0615aaeb6fd47975d74e" "/opt/rustwide/cargo-home/bin/cargo" "+1.54.0" "test" "--frozen", kill_on_drop: false }`
[INFO] [stdout] fd6944b2976c69c745d5cc39fb75c286e0248f2cb5a65ebb62e266bc35a94652
[INFO] running `Command { std: "docker" "start" "-a" "fd6944b2976c69c745d5cc39fb75c286e0248f2cb5a65ebb62e266bc35a94652", kill_on_drop: false }`
[INFO] [stderr]     Blocking waiting for file lock on package cache
[INFO] [stderr]     Blocking waiting for file lock on package cache
[INFO] [stderr]     Finished test [unoptimized + debuginfo] target(s) in 0.28s
[INFO] [stderr]      Running unittests (/opt/rustwide/target/debug/deps/tmpo-3e78f49e7b47b716)
[INFO] [stdout] 
[INFO] [stdout] running 16 tests
[INFO] [stdout] test utils::tests::test_lowercase ... ok
[INFO] [stdout] test template::renderer::tests::test_render_values ... ok
[INFO] [stdout] test utils::tests::test_capitalize ... ok
[INFO] [stdout] test git::github::tests::build_meta_url_success_http ... ok
[INFO] [stdout] test template::renderer::tests::test_render_unknown ... ok
[INFO] [stdout] test template::renderer::tests::test_render_default ... ok
[INFO] [stdout] test utils::tests::test_vec_to_string ... ok
[INFO] [stdout] test utils::tests::test_capitalize_two ... ok
[INFO] [stdout] test git::gitlab::tests::build_meta_url_http ... ok
[INFO] [stdout] test git::github::tests::build_meta_url_failure ... ok
[INFO] [stdout] test git::github::tests::build_meta_url_success_default ... ok
[INFO] [stdout] test git::gitlab::tests::build_meta_url_ce ... ok
[INFO] [stdout] test git::gitlab::tests::build_meta_url_default ... ok
[INFO] [stdout] test git::gitlab::tests::fetch_meta_failure ... ok
[INFO] [stdout] test git::github::tests::fetch_meta_success ... FAILED
[INFO] [stdout] test git::gitlab::tests::fetch_meta_success ... FAILED
[INFO] [stdout] 
[INFO] [stdout] failures:
[INFO] [stdout] 
[INFO] [stdout] ---- git::github::tests::fetch_meta_success stdout ----
[INFO] [stdout] thread 'git::github::tests::fetch_meta_success' panicked at 'called `Result::unwrap()` on an `Err` value: Meta("error sending request for url (https://raw.githubusercontent.com/perryrh0dan/templates/master/meta.json): error trying to connect: dns error: failed to lookup address information: Temporary failure in name resolution")', src/git/github.rs:142:37
[INFO] [stdout] stack backtrace:
[INFO] [stdout]    0:     0x5593bbadd370 - std::backtrace_rs::backtrace::libunwind::trace::h34055254b57d8e79
[INFO] [stdout]                                at /rustc/a178d0322ce20e33eac124758e837cbd80a6f633/library/std/src/../../backtrace/src/backtrace/libunwind.rs:90:5
[INFO] [stdout]    1:     0x5593bbadd370 - std::backtrace_rs::backtrace::trace_unsynchronized::h8f1e3fbd9afff6ec
[INFO] [stdout]                                at /rustc/a178d0322ce20e33eac124758e837cbd80a6f633/library/std/src/../../backtrace/src/backtrace/mod.rs:66:5
[INFO] [stdout]    2:     0x5593bbadd370 - std::sys_common::backtrace::_print_fmt::h3a99a796b770c360
[INFO] [stdout]                                at /rustc/a178d0322ce20e33eac124758e837cbd80a6f633/library/std/src/sys_common/backtrace.rs:67:5
[INFO] [stdout]    3:     0x5593bbadd370 - <std::sys_common::backtrace::_print::DisplayBacktrace as core::fmt::Display>::fmt::h32d1f94a80615d18
[INFO] [stdout]                                at /rustc/a178d0322ce20e33eac124758e837cbd80a6f633/library/std/src/sys_common/backtrace.rs:46:22
[INFO] [stdout]    4:     0x5593bbb00bac - core::fmt::write::h306731c068f7162c
[INFO] [stdout]                                at /rustc/a178d0322ce20e33eac124758e837cbd80a6f633/library/core/src/fmt/mod.rs:1110:17
[INFO] [stdout]    5:     0x5593bbad6ea5 - std::io::Write::write_fmt::h87f19b0a2cd190bc
[INFO] [stdout]                                at /rustc/a178d0322ce20e33eac124758e837cbd80a6f633/library/std/src/io/mod.rs:1588:15
[INFO] [stdout]    6:     0x5593bbadf54b - std::sys_common::backtrace::_print::h5abaa2601a852287
[INFO] [stdout]                                at /rustc/a178d0322ce20e33eac124758e837cbd80a6f633/library/std/src/sys_common/backtrace.rs:49:5
[INFO] [stdout]    7:     0x5593bbadf54b - std::sys_common::backtrace::print::h8d81445442bb638f
[INFO] [stdout]                                at /rustc/a178d0322ce20e33eac124758e837cbd80a6f633/library/std/src/sys_common/backtrace.rs:36:9
[INFO] [stdout]    8:     0x5593bbadf54b - std::panicking::default_hook::{{closure}}::hcfe804496a9fa747
[INFO] [stdout]                                at /rustc/a178d0322ce20e33eac124758e837cbd80a6f633/library/std/src/panicking.rs:208:50
[INFO] [stdout]    9:     0x5593bbadf05c - std::panicking::default_hook::hbea8e3ccf2ba8901
[INFO] [stdout]                                at /rustc/a178d0322ce20e33eac124758e837cbd80a6f633/library/std/src/panicking.rs:222:9
[INFO] [stdout]   10:     0x5593bbadfc14 - std::panicking::rust_panic_with_hook::h7ee9e1a2d0f8975a
[INFO] [stdout]                                at /rustc/a178d0322ce20e33eac124758e837cbd80a6f633/library/std/src/panicking.rs:622:17
[INFO] [stdout]   11:     0x5593bbadf6f7 - std::panicking::begin_panic_handler::{{closure}}::h8ab3b4491718b2c7
[INFO] [stdout]                                at /rustc/a178d0322ce20e33eac124758e837cbd80a6f633/library/std/src/panicking.rs:519:13
[INFO] [stdout]   12:     0x5593bbadd86c - std::sys_common::backtrace::__rust_end_short_backtrace::hd489062ffa586a9f
[INFO] [stdout]                                at /rustc/a178d0322ce20e33eac124758e837cbd80a6f633/library/std/src/sys_common/backtrace.rs:141:18
[INFO] [stdout]   13:     0x5593bbadf659 - rust_begin_unwind
[INFO] [stdout]                                at /rustc/a178d0322ce20e33eac124758e837cbd80a6f633/library/std/src/panicking.rs:515:5
[INFO] [stdout]   14:     0x5593bb12dc91 - core::panicking::panic_fmt::hca6330e3e14086b4
[INFO] [stdout]                                at /rustc/a178d0322ce20e33eac124758e837cbd80a6f633/library/core/src/panicking.rs:92:14
[INFO] [stdout]   15:     0x5593bb12dd83 - core::result::unwrap_failed::h6160d2b4bfbb0e87
[INFO] [stdout]                                at /rustc/a178d0322ce20e33eac124758e837cbd80a6f633/library/core/src/result.rs:1355:5
[INFO] [stdout]   16:     0x5593bb14f544 - core::result::Result<T,E>::unwrap::h240c542a06d18196
[INFO] [stdout]                                at /rustc/a178d0322ce20e33eac124758e837cbd80a6f633/library/core/src/result.rs:1037:23
[INFO] [stdout]   17:     0x5593bb14138e - tmpo::git::github::tests::fetch_meta_success::h2c2f9acec62cb3cb
[INFO] [stdout]                                at /opt/rustwide/workdir/src/git/github.rs:142:16
[INFO] [stdout]   18:     0x5593bb14123a - tmpo::git::github::tests::fetch_meta_success::{{closure}}::h669a07cc1cb4977b
[INFO] [stdout]                                at /opt/rustwide/workdir/src/git/github.rs:135:3
[INFO] [stdout]   19:     0x5593bb15acce - core::ops::function::FnOnce::call_once::h269fe648ad933b60
[INFO] [stdout]                                at /rustc/a178d0322ce20e33eac124758e837cbd80a6f633/library/core/src/ops/function.rs:227:5
[INFO] [stdout]   20:     0x5593bb1861e3 - core::ops::function::FnOnce::call_once::h152e7e439ff59e19
[INFO] [stdout]                                at /rustc/a178d0322ce20e33eac124758e837cbd80a6f633/library/core/src/ops/function.rs:227:5
[INFO] [stdout]   21:     0x5593bb1861e3 - test::__rust_begin_short_backtrace::h0908f3b1fdbb72ab
[INFO] [stdout]                                at /rustc/a178d0322ce20e33eac124758e837cbd80a6f633/library/test/src/lib.rs:577:5
[INFO] [stdout]   22:     0x5593bb184ca0 - <alloc::boxed::Box<F,A> as core::ops::function::FnOnce<Args>>::call_once::hf6d2a51e5587546c
[INFO] [stdout]                                at /rustc/a178d0322ce20e33eac124758e837cbd80a6f633/library/alloc/src/boxed.rs:1575:9
[INFO] [stdout]   23:     0x5593bb184ca0 - <std::panic::AssertUnwindSafe<F> as core::ops::function::FnOnce<()>>::call_once::h8af660f3a89ef593
[INFO] [stdout]                                at /rustc/a178d0322ce20e33eac124758e837cbd80a6f633/library/std/src/panic.rs:347:9
[INFO] [stdout]   24:     0x5593bb184ca0 - std::panicking::try::do_call::hd36aef60f84b6d36
[INFO] [stdout]                                at /rustc/a178d0322ce20e33eac124758e837cbd80a6f633/library/std/src/panicking.rs:401:40
[INFO] [stdout]   25:     0x5593bb184ca0 - std::panicking::try::h9932b4480e69817c
[INFO] [stdout]                                at /rustc/a178d0322ce20e33eac124758e837cbd80a6f633/library/std/src/panicking.rs:365:19
[INFO] [stdout]   26:     0x5593bb184ca0 - std::panic::catch_unwind::h6aa177099cfff5f8
[INFO] [stdout]                                at /rustc/a178d0322ce20e33eac124758e837cbd80a6f633/library/std/src/panic.rs:434:14
[INFO] [stdout]   27:     0x5593bb184ca0 - test::run_test_in_process::h5884d6f2d99e20c3
[INFO] [stdout]                                at /rustc/a178d0322ce20e33eac124758e837cbd80a6f633/library/test/src/lib.rs:600:18
[INFO] [stdout]   28:     0x5593bb184ca0 - test::run_test::run_test_inner::{{closure}}::h6fdc58c6d5f5b6e3
[INFO] [stdout]                                at /rustc/a178d0322ce20e33eac124758e837cbd80a6f633/library/test/src/lib.rs:492:39
[INFO] [stdout]   29:     0x5593bb15e352 - test::run_test::run_test_inner::{{closure}}::h408365d67a78ade8
[INFO] [stdout]                                at /rustc/a178d0322ce20e33eac124758e837cbd80a6f633/library/test/src/lib.rs:519:37
[INFO] [stdout]   30:     0x5593bb15e352 - std::sys_common::backtrace::__rust_begin_short_backtrace::hb560b77c4f701523
[INFO] [stdout]                                at /rustc/a178d0322ce20e33eac124758e837cbd80a6f633/library/std/src/sys_common/backtrace.rs:125:18
[INFO] [stdout]   31:     0x5593bb161f08 - std::thread::Builder::spawn_unchecked::{{closure}}::{{closure}}::hf2e7831dad93c597
[INFO] [stdout]                                at /rustc/a178d0322ce20e33eac124758e837cbd80a6f633/library/std/src/thread/mod.rs:481:17
[INFO] [stdout]   32:     0x5593bb161f08 - <std::panic::AssertUnwindSafe<F> as core::ops::function::FnOnce<()>>::call_once::hd2e08783d8be4d02
[INFO] [stdout]                                at /rustc/a178d0322ce20e33eac124758e837cbd80a6f633/library/std/src/panic.rs:347:9
[INFO] [stdout]   33:     0x5593bb161f08 - std::panicking::try::do_call::h062597b7acfd6b82
[INFO] [stdout]                                at /rustc/a178d0322ce20e33eac124758e837cbd80a6f633/library/std/src/panicking.rs:401:40
[INFO] [stdout]   34:     0x5593bb161f08 - std::panicking::try::h0d7b79db04c14552
[INFO] [stdout]                                at /rustc/a178d0322ce20e33eac124758e837cbd80a6f633/library/std/src/panicking.rs:365:19
[INFO] [stdout]   35:     0x5593bb161f08 - std::panic::catch_unwind::hb01a0b5e7c8cd43b
[INFO] [stdout]                                at /rustc/a178d0322ce20e33eac124758e837cbd80a6f633/library/std/src/panic.rs:434:14
[INFO] [stdout]   36:     0x5593bb161f08 - std::thread::Builder::spawn_unchecked::{{closure}}::h5bde48cc887e0d1e
[INFO] [stdout]                                at /rustc/a178d0322ce20e33eac124758e837cbd80a6f633/library/std/src/thread/mod.rs:480:30
[INFO] [stdout]   37:     0x5593bb161f08 - core::ops::function::FnOnce::call_once{{vtable.shim}}::h745ea30807a29e55
[INFO] [stdout]                                at /rustc/a178d0322ce20e33eac124758e837cbd80a6f633/library/core/src/ops/function.rs:227:5
[INFO] [stdout]   38:     0x5593bbae4fd7 - <alloc::boxed::Box<F,A> as core::ops::function::FnOnce<Args>>::call_once::h7ece6cfefaff1005
[INFO] [stdout]                                at /rustc/a178d0322ce20e33eac124758e837cbd80a6f633/library/alloc/src/boxed.rs:1575:9
[INFO] [stdout]   39:     0x5593bbae4fd7 - <alloc::boxed::Box<F,A> as core::ops::function::FnOnce<Args>>::call_once::hb8b48e55c21f193e
[INFO] [stdout]                                at /rustc/a178d0322ce20e33eac124758e837cbd80a6f633/library/alloc/src/boxed.rs:1575:9
[INFO] [stdout]   40:     0x5593bbae4fd7 - std::sys::unix::thread::Thread::new::thread_start::h8c7c4450dba62914
[INFO] [stdout]                                at /rustc/a178d0322ce20e33eac124758e837cbd80a6f633/library/std/src/sys/unix/thread.rs:71:17
[INFO] [stdout]   41:     0x7f16792a5609 - start_thread
[INFO] [stdout]   42:     0x7f1679402293 - clone
[INFO] [stdout]   43:                0x0 - <unknown>
[INFO] [stdout] 
[INFO] [stdout] ---- git::gitlab::tests::fetch_meta_success stdout ----
[INFO] [stdout] thread 'git::gitlab::tests::fetch_meta_success' panicked at 'called `Result::unwrap()` on an `Err` value: Meta("error sending request for url (https://gitlab.com/api/v4/projects/JohnMcClan3%2Ftemplates/repository/files/meta.json?ref=master): error trying to connect: dns error: failed to lookup address information: Temporary failure in name resolution")', src/git/gitlab.rs:178:37
[INFO] [stdout] stack backtrace:
[INFO] [stdout]    0:     0x5593bbadd370 - std::backtrace_rs::backtrace::libunwind::trace::h34055254b57d8e79
[INFO] [stdout]                                at /rustc/a178d0322ce20e33eac124758e837cbd80a6f633/library/std/src/../../backtrace/src/backtrace/libunwind.rs:90:5
[INFO] [stdout]    1:     0x5593bbadd370 - std::backtrace_rs::backtrace::trace_unsynchronized::h8f1e3fbd9afff6ec
[INFO] [stdout]                                at /rustc/a178d0322ce20e33eac124758e837cbd80a6f633/library/std/src/../../backtrace/src/backtrace/mod.rs:66:5
[INFO] [stdout]    2:     0x5593bbadd370 - std::sys_common::backtrace::_print_fmt::h3a99a796b770c360
[INFO] [stdout]                                at /rustc/a178d0322ce20e33eac124758e837cbd80a6f633/library/std/src/sys_common/backtrace.rs:67:5
[INFO] [stdout]    3:     0x5593bbadd370 - <std::sys_common::backtrace::_print::DisplayBacktrace as core::fmt::Display>::fmt::h32d1f94a80615d18
[INFO] [stdout]                                at /rustc/a178d0322ce20e33eac124758e837cbd80a6f633/library/std/src/sys_common/backtrace.rs:46:22
[INFO] [stdout]    4:     0x5593bbb00bac - core::fmt::write::h306731c068f7162c
[INFO] [stdout]                                at /rustc/a178d0322ce20e33eac124758e837cbd80a6f633/library/core/src/fmt/mod.rs:1110:17
[INFO] [stdout]    5:     0x5593bbad6ea5 - std::io::Write::write_fmt::h87f19b0a2cd190bc
[INFO] [stdout]                                at /rustc/a178d0322ce20e33eac124758e837cbd80a6f633/library/std/src/io/mod.rs:1588:15
[INFO] [stdout]    6:     0x5593bbadf54b - std::sys_common::backtrace::_print::h5abaa2601a852287
[INFO] [stdout]                                at /rustc/a178d0322ce20e33eac124758e837cbd80a6f633/library/std/src/sys_common/backtrace.rs:49:5
[INFO] [stdout]    7:     0x5593bbadf54b - std::sys_common::backtrace::print::h8d81445442bb638f
[INFO] [stdout]                                at /rustc/a178d0322ce20e33eac124758e837cbd80a6f633/library/std/src/sys_common/backtrace.rs:36:9
[INFO] [stdout]    8:     0x5593bbadf54b - std::panicking::default_hook::{{closure}}::hcfe804496a9fa747
[INFO] [stdout]                                at /rustc/a178d0322ce20e33eac124758e837cbd80a6f633/library/std/src/panicking.rs:208:50
[INFO] [stdout]    9:     0x5593bbadf05c - std::panicking::default_hook::hbea8e3ccf2ba8901
[INFO] [stdout]                                at /rustc/a178d0322ce20e33eac124758e837cbd80a6f633/library/std/src/panicking.rs:222:9
[INFO] [stdout]   10:     0x5593bbadfc14 - std::panicking::rust_panic_with_hook::h7ee9e1a2d0f8975a
[INFO] [stdout]                                at /rustc/a178d0322ce20e33eac124758e837cbd80a6f633/library/std/src/panicking.rs:622:17
[INFO] [stdout]   11:     0x5593bbadf6f7 - std::panicking::begin_panic_handler::{{closure}}::h8ab3b4491718b2c7
[INFO] [stdout]                                at /rustc/a178d0322ce20e33eac124758e837cbd80a6f633/library/std/src/panicking.rs:519:13
[INFO] [stdout]   12:     0x5593bbadd86c - std::sys_common::backtrace::__rust_end_short_backtrace::hd489062ffa586a9f
[INFO] [stdout]                                at /rustc/a178d0322ce20e33eac124758e837cbd80a6f633/library/std/src/sys_common/backtrace.rs:141:18
[INFO] [stdout]   13:     0x5593bbadf659 - rust_begin_unwind
[INFO] [stdout]                                at /rustc/a178d0322ce20e33eac124758e837cbd80a6f633/library/std/src/panicking.rs:515:5
[INFO] [stdout]   14:     0x5593bb12dc91 - core::panicking::panic_fmt::hca6330e3e14086b4
[INFO] [stdout]                                at /rustc/a178d0322ce20e33eac124758e837cbd80a6f633/library/core/src/panicking.rs:92:14
[INFO] [stdout]   15:     0x5593bb12dd83 - core::result::unwrap_failed::h6160d2b4bfbb0e87
[INFO] [stdout]                                at /rustc/a178d0322ce20e33eac124758e837cbd80a6f633/library/core/src/result.rs:1355:5
[INFO] [stdout]   16:     0x5593bb14f544 - core::result::Result<T,E>::unwrap::h240c542a06d18196
[INFO] [stdout]                                at /rustc/a178d0322ce20e33eac124758e837cbd80a6f633/library/core/src/result.rs:1037:23
[INFO] [stdout]   17:     0x5593bb147618 - tmpo::git::gitlab::tests::fetch_meta_success::h1dc61f4b1b0cbbfd
[INFO] [stdout]                                at /opt/rustwide/workdir/src/git/gitlab.rs:178:16
[INFO] [stdout]   18:     0x5593bb14741a - tmpo::git::gitlab::tests::fetch_meta_success::{{closure}}::h7ca76aa9e1e8a480
[INFO] [stdout]                                at /opt/rustwide/workdir/src/git/gitlab.rs:170:3
[INFO] [stdout]   19:     0x5593bb15b05e - core::ops::function::FnOnce::call_once::hace4cb5b37d831e5
[INFO] [stdout]                                at /rustc/a178d0322ce20e33eac124758e837cbd80a6f633/library/core/src/ops/function.rs:227:5
[INFO] [stdout]   20:     0x5593bb1861e3 - core::ops::function::FnOnce::call_once::h152e7e439ff59e19
[INFO] [stdout]                                at /rustc/a178d0322ce20e33eac124758e837cbd80a6f633/library/core/src/ops/function.rs:227:5
[INFO] [stdout]   21:     0x5593bb1861e3 - test::__rust_begin_short_backtrace::h0908f3b1fdbb72ab
[INFO] [stdout]                                at /rustc/a178d0322ce20e33eac124758e837cbd80a6f633/library/test/src/lib.rs:577:5
[INFO] [stdout]   22:     0x5593bb184ca0 - <alloc::boxed::Box<F,A> as core::ops::function::FnOnce<Args>>::call_once::hf6d2a51e5587546c
[INFO] [stdout]                                at /rustc/a178d0322ce20e33eac124758e837cbd80a6f633/library/alloc/src/boxed.rs:1575:9
[INFO] [stdout]   23:     0x5593bb184ca0 - <std::panic::AssertUnwindSafe<F> as core::ops::function::FnOnce<()>>::call_once::h8af660f3a89ef593
[INFO] [stdout]                                at /rustc/a178d0322ce20e33eac124758e837cbd80a6f633/library/std/src/panic.rs:347:9
[INFO] [stdout]   24:     0x5593bb184ca0 - std::panicking::try::do_call::hd36aef60f84b6d36
[INFO] [stdout]                                at /rustc/a178d0322ce20e33eac124758e837cbd80a6f633/library/std/src/panicking.rs:401:40
[INFO] [stdout]   25:     0x5593bb184ca0 - std::panicking::try::h9932b4480e69817c
[INFO] [stdout]                                at /rustc/a178d0322ce20e33eac124758e837cbd80a6f633/library/std/src/panicking.rs:365:19
[INFO] [stdout]   26:     0x5593bb184ca0 - std::panic::catch_unwind::h6aa177099cfff5f8
[INFO] [stdout]                                at /rustc/a178d0322ce20e33eac124758e837cbd80a6f633/library/std/src/panic.rs:434:14
[INFO] [stdout]   27:     0x5593bb184ca0 - test::run_test_in_process::h5884d6f2d99e20c3
[INFO] [stdout]                                at /rustc/a178d0322ce20e33eac124758e837cbd80a6f633/library/test/src/lib.rs:600:18
[INFO] [stdout]   28:     0x5593bb184ca0 - test::run_test::run_test_inner::{{closure}}::h6fdc58c6d5f5b6e3
[INFO] [stdout]                                at /rustc/a178d0322ce20e33eac124758e837cbd80a6f633/library/test/src/lib.rs:492:39
[INFO] [stdout]   29:     0x5593bb15e352 - test::run_test::run_test_inner::{{closure}}::h408365d67a78ade8
[INFO] [stdout]                                at /rustc/a178d0322ce20e33eac124758e837cbd80a6f633/library/test/src/lib.rs:519:37
[INFO] [stdout]   30:     0x5593bb15e352 - std::sys_common::backtrace::__rust_begin_short_backtrace::hb560b77c4f701523
[INFO] [stdout]                                at /rustc/a178d0322ce20e33eac124758e837cbd80a6f633/library/std/src/sys_common/backtrace.rs:125:18
[INFO] [stdout]   31:     0x5593bb161f08 - std::thread::Builder::spawn_unchecked::{{closure}}::{{closure}}::hf2e7831dad93c597
[INFO] [stdout]                                at /rustc/a178d0322ce20e33eac124758e837cbd80a6f633/library/std/src/thread/mod.rs:481:17
[INFO] [stdout]   32:     0x5593bb161f08 - <std::panic::AssertUnwindSafe<F> as core::ops::function::FnOnce<()>>::call_once::hd2e08783d8be4d02
[INFO] [stdout]                                at /rustc/a178d0322ce20e33eac124758e837cbd80a6f633/library/std/src/panic.rs:347:9
[INFO] [stdout]   33:     0x5593bb161f08 - std::panicking::try::do_call::h062597b7acfd6b82
[INFO] [stdout]                                at /rustc/a178d0322ce20e33eac124758e837cbd80a6f633/library/std/src/panicking.rs:401:40
[INFO] [stdout]   34:     0x5593bb161f08 - std::panicking::try::h0d7b79db04c14552
[INFO] [stdout]                                at /rustc/a178d0322ce20e33eac124758e837cbd80a6f633/library/std/src/panicking.rs:365:19
[INFO] [stdout]   35:     0x5593bb161f08 - std::panic::catch_unwind::hb01a0b5e7c8cd43b
[INFO] [stdout]                                at /rustc/a178d0322ce20e33eac124758e837cbd80a6f633/library/std/src/panic.rs:434:14
[INFO] [stdout]   36:     0x5593bb161f08 - std::thread::Builder::spawn_unchecked::{{closure}}::h5bde48cc887e0d1e
[INFO] [stdout]                                at /rustc/a178d0322ce20e33eac124758e837cbd80a6f633/library/std/src/thread/mod.rs:480:30
[INFO] [stdout]   37:     0x5593bb161f08 - core::ops::function::FnOnce::call_once{{vtable.shim}}::h745ea30807a29e55
[INFO] [stdout]                                at /rustc/a178d0322ce20e33eac124758e837cbd80a6f633/library/core/src/ops/function.rs:227:5
[INFO] [stdout]   38:     0x5593bbae4fd7 - <alloc::boxed::Box<F,A> as core::ops::function::FnOnce<Args>>::call_once::h7ece6cfefaff1005
[INFO] [stdout]                                at /rustc/a178d0322ce20e33eac124758e837cbd80a6f633/library/alloc/src/boxed.rs:1575:9
[INFO] [stdout]   39:     0x5593bbae4fd7 - <alloc::boxed::Box<F,A> as core::ops::function::FnOnce<Args>>::call_once::hb8b48e55c21f193e
[INFO] [stdout]                                at /rustc/a178d0322ce20e33eac124758e837cbd80a6f633/library/alloc/src/boxed.rs:1575:9
[INFO] [stdout]   40:     0x5593bbae4fd7 - std::sys::unix::thread::Thread::new::thread_start::h8c7c4450dba62914
[INFO] [stdout]                                at /rustc/a178d0322ce20e33eac124758e837cbd80a6f633/library/std/src/sys/unix/thread.rs:71:17
[INFO] [stdout]   41:     0x7f16792a5609 - start_thread
[INFO] [stdout]   42:     0x7f1679402293 - clone
[INFO] [stdout]   43:                0x0 - <unknown>
[INFO] [stdout] 
[INFO] [stdout] 
[INFO] [stdout] failures:
[INFO] [stdout]     git::github::tests::fetch_meta_success
[INFO] [stdout]     git::gitlab::tests::fetch_meta_success
[INFO] [stdout] 
[INFO] [stdout] test result: FAILED. 14 passed; 2 failed; 0 ignored; 0 measured; 0 filtered out; finished in 0.18s
[INFO] [stdout] 
[INFO] [stderr] error: test failed, to rerun pass '--bin tmpo'
[INFO] running `Command { std: "docker" "inspect" "fd6944b2976c69c745d5cc39fb75c286e0248f2cb5a65ebb62e266bc35a94652", kill_on_drop: false }`
[INFO] running `Command { std: "docker" "rm" "-f" "fd6944b2976c69c745d5cc39fb75c286e0248f2cb5a65ebb62e266bc35a94652", kill_on_drop: false }`
[INFO] [stdout] fd6944b2976c69c745d5cc39fb75c286e0248f2cb5a65ebb62e266bc35a94652
