[INFO] fetching crate tmdb-cli 0.1.0...
[INFO] testing tmdb-cli-0.1.0 against 1.54.0 for beta-1.55-1
[INFO] extracting crate tmdb-cli 0.1.0 into /workspace/builds/worker-32/source
[INFO] validating manifest of crates.io crate tmdb-cli 0.1.0 on toolchain 1.54.0
[INFO] running `Command { std: "/workspace/cargo-home/bin/cargo" "+1.54.0" "metadata" "--manifest-path" "Cargo.toml" "--no-deps", kill_on_drop: false }`
[INFO] started tweaking crates.io crate tmdb-cli 0.1.0
[INFO] finished tweaking crates.io crate tmdb-cli 0.1.0
[INFO] tweaked toml for crates.io crate tmdb-cli 0.1.0 written to /workspace/builds/worker-32/source/Cargo.toml
[INFO] running `Command { std: "/workspace/cargo-home/bin/cargo" "+1.54.0" "generate-lockfile" "--manifest-path" "Cargo.toml" "-Zno-index-update", kill_on_drop: false }`
[INFO] [stderr]     Blocking waiting for file lock on package cache
[INFO] running `Command { std: "/workspace/cargo-home/bin/cargo" "+1.54.0" "fetch" "--manifest-path" "Cargo.toml", kill_on_drop: false }`
[INFO] [stderr]     Blocking waiting for file lock on package cache
[INFO] [stderr]     Blocking waiting for file lock on package cache
[INFO] running `Command { std: "docker" "create" "-v" "/var/lib/crater-agent-workspace/builds/worker-32/target:/opt/rustwide/target:rw,Z" "-v" "/var/lib/crater-agent-workspace/builds/worker-32/source:/opt/rustwide/workdir:ro,Z" "-v" "/var/lib/crater-agent-workspace/cargo-home:/opt/rustwide/cargo-home:ro,Z" "-v" "/var/lib/crater-agent-workspace/rustup-home:/opt/rustwide/rustup-home:ro,Z" "-e" "SOURCE_DIR=/opt/rustwide/workdir" "-e" "CARGO_TARGET_DIR=/opt/rustwide/target" "-e" "CARGO_HOME=/opt/rustwide/cargo-home" "-e" "RUSTUP_HOME=/opt/rustwide/rustup-home" "-w" "/opt/rustwide/workdir" "-m" "1610612736" "--user" "0:0" "--network" "none" "ghcr.io/rust-lang/crates-build-env/linux@sha256:34b6a614d2c27851fe6cbf88fbd1137609cefab8b10d0615aaeb6fd47975d74e" "/opt/rustwide/cargo-home/bin/cargo" "+1.54.0" "metadata" "--no-deps" "--format-version=1", kill_on_drop: false }`
[INFO] [stdout] e9a9733351c67bfe038661ff73f9bc49402c90fec48bdfd568f582bb3609bdfd
[INFO] running `Command { std: "docker" "start" "-a" "e9a9733351c67bfe038661ff73f9bc49402c90fec48bdfd568f582bb3609bdfd", kill_on_drop: false }`
[INFO] running `Command { std: "docker" "inspect" "e9a9733351c67bfe038661ff73f9bc49402c90fec48bdfd568f582bb3609bdfd", kill_on_drop: false }`
[INFO] running `Command { std: "docker" "rm" "-f" "e9a9733351c67bfe038661ff73f9bc49402c90fec48bdfd568f582bb3609bdfd", kill_on_drop: false }`
[INFO] [stdout] e9a9733351c67bfe038661ff73f9bc49402c90fec48bdfd568f582bb3609bdfd
[INFO] running `Command { std: "docker" "create" "-v" "/var/lib/crater-agent-workspace/builds/worker-32/target:/opt/rustwide/target:rw,Z" "-v" "/var/lib/crater-agent-workspace/builds/worker-32/source:/opt/rustwide/workdir:ro,Z" "-v" "/var/lib/crater-agent-workspace/cargo-home:/opt/rustwide/cargo-home:ro,Z" "-v" "/var/lib/crater-agent-workspace/rustup-home:/opt/rustwide/rustup-home:ro,Z" "-e" "SOURCE_DIR=/opt/rustwide/workdir" "-e" "CARGO_TARGET_DIR=/opt/rustwide/target" "-e" "CARGO_INCREMENTAL=0" "-e" "RUST_BACKTRACE=full" "-e" "RUSTFLAGS=--cap-lints=warn" "-e" "CARGO_HOME=/opt/rustwide/cargo-home" "-e" "RUSTUP_HOME=/opt/rustwide/rustup-home" "-w" "/opt/rustwide/workdir" "-m" "1610612736" "--user" "0:0" "--network" "none" "ghcr.io/rust-lang/crates-build-env/linux@sha256:34b6a614d2c27851fe6cbf88fbd1137609cefab8b10d0615aaeb6fd47975d74e" "/opt/rustwide/cargo-home/bin/cargo" "+1.54.0" "build" "--frozen" "--message-format=json", kill_on_drop: false }`
[INFO] [stdout] be4eb59686c59977c1b04a0af98c97f006596b0ffa895ada87b3cf811b69983a
[INFO] running `Command { std: "docker" "start" "-a" "be4eb59686c59977c1b04a0af98c97f006596b0ffa895ada87b3cf811b69983a", kill_on_drop: false }`
[INFO] [stderr]    Compiling autocfg v1.0.1
[INFO] [stderr]    Compiling proc-macro2 v1.0.28
[INFO] [stderr]    Compiling libc v0.2.98
[INFO] [stderr]    Compiling unicode-xid v0.2.2
[INFO] [stderr]    Compiling syn v1.0.74
[INFO] [stderr]    Compiling cfg-if v1.0.0
[INFO] [stderr]    Compiling log v0.4.14
[INFO] [stderr]    Compiling futures-core v0.3.16
[INFO] [stderr]    Compiling memchr v2.4.0
[INFO] [stderr]    Compiling slab v0.4.4
[INFO] [stderr]    Compiling pin-project-lite v0.2.7
[INFO] [stderr]    Compiling lazy_static v1.4.0
[INFO] [stderr]    Compiling proc-macro-hack v0.5.19
[INFO] [stderr]    Compiling cfg-if v0.1.10
[INFO] [stderr]    Compiling pkg-config v0.3.19
[INFO] [stderr]    Compiling cc v1.0.69
[INFO] [stderr]    Compiling futures-task v0.3.16
[INFO] [stderr]    Compiling futures-sink v0.3.16
[INFO] [stderr]    Compiling proc-macro-nested v0.1.7
[INFO] [stderr]    Compiling futures-channel v0.3.16
[INFO] [stderr]    Compiling fnv v1.0.7
[INFO] [stderr]    Compiling itoa v0.4.7
[INFO] [stderr]    Compiling bytes v0.5.6
[INFO] [stderr]    Compiling once_cell v1.8.0
[INFO] [stderr]    Compiling pin-utils v0.1.0
[INFO] [stderr]    Compiling bitflags v1.2.1
[INFO] [stderr]    Compiling futures-io v0.3.16
[INFO] [stderr]    Compiling pin-project-lite v0.1.12
[INFO] [stderr]    Compiling version_check v0.9.3
[INFO] [stderr]    Compiling serde_derive v1.0.127
[INFO] [stderr]    Compiling foreign-types-shared v0.1.1
[INFO] [stderr]    Compiling matches v0.1.8
[INFO] [stderr]    Compiling bytes v1.0.1
[INFO] [stderr]    Compiling serde v1.0.127
[INFO] [stderr]    Compiling openssl v0.10.35
[INFO] [stderr]    Compiling tinyvec_macros v0.1.0
[INFO] [stderr]    Compiling ryu v1.0.5
[INFO] [stderr]    Compiling hashbrown v0.11.2
[INFO] [stderr]    Compiling httparse v1.4.1
[INFO] [stderr]    Compiling native-tls v0.2.7
[INFO] [stderr]    Compiling scopeguard v1.1.0
[INFO] [stderr]    Compiling percent-encoding v2.1.0
[INFO] [stderr]    Compiling openssl-probe v0.1.4
[INFO] [stderr]    Compiling smallvec v1.6.1
[INFO] [stderr]    Compiling try-lock v0.2.3
[INFO] [stderr]    Compiling encoding_rs v0.8.28
[INFO] [stderr]    Compiling serde_json v1.0.66
[INFO] [stderr]    Compiling tower-service v0.3.1
[INFO] [stderr]    Compiling httpdate v0.3.2
[INFO] [stderr]    Compiling bytes v0.6.0
[INFO] [stderr]    Compiling mime v0.3.16
[INFO] [stderr]    Compiling ipnet v2.3.1
[INFO] [stderr]    Compiling base64 v0.13.0
[INFO] [stderr]    Compiling lock_api v0.4.4
[INFO] [stderr]    Compiling foreign-types v0.3.2
[INFO] [stderr]    Compiling tracing-core v0.1.18
[INFO] [stderr]    Compiling instant v0.1.10
[INFO] [stderr]    Compiling tinyvec v1.3.1
[INFO] [stderr]    Compiling unicode-bidi v0.3.5
[INFO] [stderr]    Compiling unicase v2.6.0
[INFO] [stderr]    Compiling form_urlencoded v1.0.1
[INFO] [stderr]    Compiling http v0.2.4
[INFO] [stderr]    Compiling futures-macro v0.3.16
[INFO] [stderr]    Compiling futures-util v0.3.16
[INFO] [stderr]    Compiling indexmap v1.7.0
[INFO] [stderr]    Compiling num-traits v0.2.14
[INFO] [stderr]    Compiling num-integer v0.1.44
[INFO] [stderr]    Compiling tokio v0.3.7
[INFO] [stderr]    Compiling tracing v0.1.26
[INFO] [stderr]    Compiling want v0.3.0
[INFO] [stderr]    Compiling quote v1.0.9
[INFO] [stderr]    Compiling openssl-sys v0.9.65
[INFO] [stderr]    Compiling unicode-normalization v0.1.19
[INFO] [stderr]    Compiling num_cpus v1.13.0
[INFO] [stderr]    Compiling iovec v0.1.4
[INFO] [stderr]    Compiling net2 v0.2.37
[INFO] [stderr]    Compiling signal-hook-registry v1.4.0
[INFO] [stderr]    Compiling socket2 v0.3.19
[INFO] [stderr]    Compiling parking_lot_core v0.8.3
[INFO] [stderr]    Compiling mio v0.7.13
[INFO] [stderr]    Compiling time v0.1.44
[INFO] [stderr]    Compiling mio v0.6.23
[INFO] [stderr]    Compiling parking_lot v0.11.1
[INFO] [stderr]    Compiling mime_guess v2.0.3
[INFO] [stderr]    Compiling idna v0.2.3
[INFO] [stderr]    Compiling http-body v0.3.1
[INFO] [stderr]    Compiling mio-uds v0.6.8
[INFO] [stderr]    Compiling url v2.2.2
[INFO] [stderr]    Compiling tokio-macros v0.2.6
[INFO] [stderr]    Compiling pin-project-internal v1.0.8
[INFO] [stderr]    Compiling tokio-macros v0.3.2
[INFO] [stderr]    Compiling tokio v0.2.25
[INFO] [stderr]    Compiling pin-project v1.0.8
[INFO] [stderr]    Compiling tracing-futures v0.2.5
[INFO] [stderr]    Compiling futures-executor v0.3.16
[INFO] [stderr]    Compiling futures v0.3.16
[INFO] [stderr]    Compiling tokio-util v0.3.1
[INFO] [stderr]    Compiling tokio-tls v0.3.1
[INFO] [stderr]    Compiling h2 v0.2.7
[INFO] [stderr]    Compiling syncwrap v0.2.2
[INFO] [stderr]    Compiling serde_urlencoded v0.7.0
[INFO] [stderr]    Compiling chrono v0.4.19
[INFO] [stderr]    Compiling hyper v0.13.10
[INFO] [stderr]    Compiling hyper-tls v0.4.3
[INFO] [stderr]    Compiling reqwest v0.10.10
[INFO] [stderr]    Compiling tmdb-cli v0.1.0 (/opt/rustwide/workdir)
[INFO] [stdout] warning: unused import: `super::core::Core`
[INFO] [stdout]  --> src/libs/handlers/movies.rs:1:5
[INFO] [stdout]   |
[INFO] [stdout] 1 | use super::core::Core;
[INFO] [stdout]   |     ^^^^^^^^^^^^^^^^^
[INFO] [stdout]   |
[INFO] [stdout]   = note: `#[warn(unused_imports)]` on by default
[INFO] [stdout] 
[INFO] [stdout] 
[INFO] [stdout] warning: struct is never constructed: `Core`
[INFO] [stdout]  --> src/libs/handlers/core.rs:8:12
[INFO] [stdout]   |
[INFO] [stdout] 8 | pub struct Core {
[INFO] [stdout]   |            ^^^^
[INFO] [stdout]   |
[INFO] [stdout]   = note: `#[warn(dead_code)]` on by default
[INFO] [stdout] 
[INFO] [stdout] 
[INFO] [stdout] warning: associated function is never used: `new`
[INFO] [stdout]   --> src/libs/handlers/core.rs:18:10
[INFO] [stdout]    |
[INFO] [stdout] 18 |   pub fn new(host: String, token: String) -> Self {
[INFO] [stdout]    |          ^^^
[INFO] [stdout] 
[INFO] [stdout] 
[INFO] [stdout] warning: 3 warnings emitted
[INFO] [stdout] 
[INFO] [stdout] 
[INFO] [stderr]     Finished dev [unoptimized + debuginfo] target(s) in 37.39s
[INFO] running `Command { std: "docker" "inspect" "be4eb59686c59977c1b04a0af98c97f006596b0ffa895ada87b3cf811b69983a", kill_on_drop: false }`
[INFO] running `Command { std: "docker" "rm" "-f" "be4eb59686c59977c1b04a0af98c97f006596b0ffa895ada87b3cf811b69983a", kill_on_drop: false }`
[INFO] [stdout] be4eb59686c59977c1b04a0af98c97f006596b0ffa895ada87b3cf811b69983a
[INFO] running `Command { std: "docker" "create" "-v" "/var/lib/crater-agent-workspace/builds/worker-32/target:/opt/rustwide/target:rw,Z" "-v" "/var/lib/crater-agent-workspace/builds/worker-32/source:/opt/rustwide/workdir:ro,Z" "-v" "/var/lib/crater-agent-workspace/cargo-home:/opt/rustwide/cargo-home:ro,Z" "-v" "/var/lib/crater-agent-workspace/rustup-home:/opt/rustwide/rustup-home:ro,Z" "-e" "SOURCE_DIR=/opt/rustwide/workdir" "-e" "CARGO_TARGET_DIR=/opt/rustwide/target" "-e" "CARGO_INCREMENTAL=0" "-e" "RUST_BACKTRACE=full" "-e" "RUSTFLAGS=--cap-lints=warn" "-e" "CARGO_HOME=/opt/rustwide/cargo-home" "-e" "RUSTUP_HOME=/opt/rustwide/rustup-home" "-w" "/opt/rustwide/workdir" "-m" "1610612736" "--user" "0:0" "--network" "none" "ghcr.io/rust-lang/crates-build-env/linux@sha256:34b6a614d2c27851fe6cbf88fbd1137609cefab8b10d0615aaeb6fd47975d74e" "/opt/rustwide/cargo-home/bin/cargo" "+1.54.0" "test" "--frozen" "--no-run" "--message-format=json", kill_on_drop: false }`
[INFO] [stdout] ec020f22f125c8cb491072a783cff0b3bb3f857eb2e84acc6cb645415f03f48b
[INFO] running `Command { std: "docker" "start" "-a" "ec020f22f125c8cb491072a783cff0b3bb3f857eb2e84acc6cb645415f03f48b", kill_on_drop: false }`
[INFO] [stderr]     Blocking waiting for file lock on package cache
[INFO] [stderr]    Compiling tmdb-cli v0.1.0 (/opt/rustwide/workdir)
[INFO] [stdout] warning: unused import: `super::core::Core`
[INFO] [stdout]  --> src/libs/handlers/movies.rs:1:5
[INFO] [stdout]   |
[INFO] [stdout] 1 | use super::core::Core;
[INFO] [stdout]   |     ^^^^^^^^^^^^^^^^^
[INFO] [stdout]   |
[INFO] [stdout]   = note: `#[warn(unused_imports)]` on by default
[INFO] [stdout] 
[INFO] [stdout] 
[INFO] [stdout] warning: struct is never constructed: `Core`
[INFO] [stdout]  --> src/libs/handlers/core.rs:8:12
[INFO] [stdout]   |
[INFO] [stdout] 8 | pub struct Core {
[INFO] [stdout]   |            ^^^^
[INFO] [stdout]   |
[INFO] [stdout]   = note: `#[warn(dead_code)]` on by default
[INFO] [stdout] 
[INFO] [stdout] 
[INFO] [stdout] warning: associated function is never used: `new`
[INFO] [stdout]   --> src/libs/handlers/core.rs:18:10
[INFO] [stdout]    |
[INFO] [stdout] 18 |   pub fn new(host: String, token: String) -> Self {
[INFO] [stdout]    |          ^^^
[INFO] [stdout] 
[INFO] [stdout] 
[INFO] [stdout] warning: 3 warnings emitted
[INFO] [stdout] 
[INFO] [stdout] 
[INFO] [stdout] warning: unused import: `super::core::Core`
[INFO] [stdout]  --> src/libs/handlers/movies.rs:1:5
[INFO] [stdout]   |
[INFO] [stdout] 1 | use super::core::Core;
[INFO] [stdout]   |     ^^^^^^^^^^^^^^^^^
[INFO] [stdout]   |
[INFO] [stdout]   = note: `#[warn(unused_imports)]` on by default
[INFO] [stdout] 
[INFO] [stdout] 
[INFO] [stdout] warning: struct is never constructed: `Core`
[INFO] [stdout]  --> src/libs/handlers/core.rs:8:12
[INFO] [stdout]   |
[INFO] [stdout] 8 | pub struct Core {
[INFO] [stdout]   |            ^^^^
[INFO] [stdout]   |
[INFO] [stdout]   = note: `#[warn(dead_code)]` on by default
[INFO] [stdout] 
[INFO] [stdout] 
[INFO] [stdout] warning: associated function is never used: `new`
[INFO] [stdout]   --> src/libs/handlers/core.rs:18:10
[INFO] [stdout]    |
[INFO] [stdout] 18 |   pub fn new(host: String, token: String) -> Self {
[INFO] [stdout]    |          ^^^
[INFO] [stdout] 
[INFO] [stdout] 
[INFO] [stdout] warning: 3 warnings emitted
[INFO] [stdout] 
[INFO] [stdout] 
[INFO] [stderr]     Finished test [unoptimized + debuginfo] target(s) in 1.75s
[INFO] running `Command { std: "docker" "inspect" "ec020f22f125c8cb491072a783cff0b3bb3f857eb2e84acc6cb645415f03f48b", kill_on_drop: false }`
[INFO] running `Command { std: "docker" "rm" "-f" "ec020f22f125c8cb491072a783cff0b3bb3f857eb2e84acc6cb645415f03f48b", kill_on_drop: false }`
[INFO] [stdout] ec020f22f125c8cb491072a783cff0b3bb3f857eb2e84acc6cb645415f03f48b
[INFO] running `Command { std: "docker" "create" "-v" "/var/lib/crater-agent-workspace/builds/worker-32/target:/opt/rustwide/target:rw,Z" "-v" "/var/lib/crater-agent-workspace/builds/worker-32/source:/opt/rustwide/workdir:ro,Z" "-v" "/var/lib/crater-agent-workspace/cargo-home:/opt/rustwide/cargo-home:ro,Z" "-v" "/var/lib/crater-agent-workspace/rustup-home:/opt/rustwide/rustup-home:ro,Z" "-e" "SOURCE_DIR=/opt/rustwide/workdir" "-e" "CARGO_TARGET_DIR=/opt/rustwide/target" "-e" "CARGO_INCREMENTAL=0" "-e" "RUST_BACKTRACE=full" "-e" "RUSTFLAGS=--cap-lints=warn" "-e" "CARGO_HOME=/opt/rustwide/cargo-home" "-e" "RUSTUP_HOME=/opt/rustwide/rustup-home" "-w" "/opt/rustwide/workdir" "-m" "1610612736" "--user" "0:0" "--network" "none" "ghcr.io/rust-lang/crates-build-env/linux@sha256:34b6a614d2c27851fe6cbf88fbd1137609cefab8b10d0615aaeb6fd47975d74e" "/opt/rustwide/cargo-home/bin/cargo" "+1.54.0" "test" "--frozen", kill_on_drop: false }`
[INFO] [stdout] cd0ac00f7c1c618cfe7555bca8e7ed842e0d71679958e0800765c81c1e43872b
[INFO] running `Command { std: "docker" "start" "-a" "cd0ac00f7c1c618cfe7555bca8e7ed842e0d71679958e0800765c81c1e43872b", kill_on_drop: false }`
[INFO] [stderr] warning: unused import: `super::core::Core`
[INFO] [stderr]  --> src/libs/handlers/movies.rs:1:5
[INFO] [stderr]   |
[INFO] [stderr] 1 | use super::core::Core;
[INFO] [stderr]   |     ^^^^^^^^^^^^^^^^^
[INFO] [stderr]   |
[INFO] [stderr]   = note: `#[warn(unused_imports)]` on by default
[INFO] [stderr] 
[INFO] [stderr] warning: struct is never constructed: `Core`
[INFO] [stderr]  --> src/libs/handlers/core.rs:8:12
[INFO] [stderr]   |
[INFO] [stderr] 8 | pub struct Core {
[INFO] [stderr]   |            ^^^^
[INFO] [stderr]   |
[INFO] [stderr]   = note: `#[warn(dead_code)]` on by default
[INFO] [stderr] 
[INFO] [stderr] warning: associated function is never used: `new`
[INFO] [stderr]   --> src/libs/handlers/core.rs:18:10
[INFO] [stderr]    |
[INFO] [stderr] 18 |   pub fn new(host: String, token: String) -> Self {
[INFO] [stderr]    |          ^^^
[INFO] [stderr] 
[INFO] [stderr] warning: 3 warnings emitted
[INFO] [stderr] 
[INFO] [stderr] warning: unused import: `super::core::Core`
[INFO] [stderr]  --> src/libs/handlers/movies.rs:1:5
[INFO] [stderr]   |
[INFO] [stderr] 1 | use super::core::Core;
[INFO] [stderr]   |     ^^^^^^^^^^^^^^^^^
[INFO] [stderr]   |
[INFO] [stderr]   = note: `#[warn(unused_imports)]` on by default
[INFO] [stderr] 
[INFO] [stderr] warning: struct is never constructed: `Core`
[INFO] [stderr]  --> src/libs/handlers/core.rs:8:12
[INFO] [stderr]   |
[INFO] [stderr] 8 | pub struct Core {
[INFO] [stderr]   |            ^^^^
[INFO] [stderr]   |
[INFO] [stderr]   = note: `#[warn(dead_code)]` on by default
[INFO] [stderr] 
[INFO] [stderr] warning: associated function is never used: `new`
[INFO] [stderr]   --> src/libs/handlers/core.rs:18:10
[INFO] [stderr]    |
[INFO] [stderr] 18 |   pub fn new(host: String, token: String) -> Self {
[INFO] [stderr]    |          ^^^
[INFO] [stderr] 
[INFO] [stderr] warning: 3 warnings emitted
[INFO] [stderr] 
[INFO] [stderr]     Finished test [unoptimized + debuginfo] target(s) in 0.12s
[INFO] [stderr]      Running unittests (/opt/rustwide/target/debug/deps/tmdb_cli-066dab37a421cc73)
[INFO] [stdout] 
[INFO] [stderr]    Doc-tests tmdb-cli
[INFO] [stdout] running 0 tests
[INFO] [stdout] 
[INFO] [stdout] test result: ok. 0 passed; 0 failed; 0 ignored; 0 measured; 0 filtered out; finished in 0.00s
[INFO] [stdout] 
[INFO] [stdout] 
[INFO] [stdout] running 5 tests
[INFO] [stdout] test src/libs/handlers/client.rs - libs::handlers::client::Client::new (line 18) ... ok
[INFO] [stdout] test src/libs/handlers/client.rs - libs::handlers::client::Client::from_env (line 34) ... FAILED
[INFO] [stdout] test src/libs/handlers/movies.rs - libs::handlers::movies::Movies::search (line 164) ... FAILED
[INFO] [stdout] test src/libs/handlers/movies.rs - libs::handlers::movies::MovieSearch::exec (line 33) ... FAILED
[INFO] [stdout] test src/libs/handlers/movies.rs - libs::handlers::movies::Movies::details (line 202) ... FAILED
[INFO] [stdout] 
[INFO] [stdout] failures:
[INFO] [stdout] 
[INFO] [stdout] ---- src/libs/handlers/client.rs - libs::handlers::client::Client::from_env (line 34) stdout ----
[INFO] [stdout] Test executable failed (exit code 101).
[INFO] [stdout] 
[INFO] [stdout] stderr:
[INFO] [stdout] thread 'main' panicked at 'Failed to get token from environment with environment variable not found', src/libs/handlers/client.rs:43:17
[INFO] [stdout] stack backtrace:
[INFO] [stdout]    0:     0x559dcc210d10 - std::backtrace_rs::backtrace::libunwind::trace::h34055254b57d8e79
[INFO] [stdout]                                at /rustc/a178d0322ce20e33eac124758e837cbd80a6f633/library/std/src/../../backtrace/src/backtrace/libunwind.rs:90:5
[INFO] [stdout]    1:     0x559dcc210d10 - std::backtrace_rs::backtrace::trace_unsynchronized::h8f1e3fbd9afff6ec
[INFO] [stdout]                                at /rustc/a178d0322ce20e33eac124758e837cbd80a6f633/library/std/src/../../backtrace/src/backtrace/mod.rs:66:5
[INFO] [stdout]    2:     0x559dcc210d10 - std::sys_common::backtrace::_print_fmt::h3a99a796b770c360
[INFO] [stdout]                                at /rustc/a178d0322ce20e33eac124758e837cbd80a6f633/library/std/src/sys_common/backtrace.rs:67:5
[INFO] [stdout]    3:     0x559dcc210d10 - <std::sys_common::backtrace::_print::DisplayBacktrace as core::fmt::Display>::fmt::h32d1f94a80615d18
[INFO] [stdout]                                at /rustc/a178d0322ce20e33eac124758e837cbd80a6f633/library/std/src/sys_common/backtrace.rs:46:22
[INFO] [stdout]    4:     0x559dcc22b40c - core::fmt::write::h306731c068f7162c
[INFO] [stdout]                                at /rustc/a178d0322ce20e33eac124758e837cbd80a6f633/library/core/src/fmt/mod.rs:1110:17
[INFO] [stdout]    5:     0x559dcc20d5f5 - std::io::Write::write_fmt::hd2fa90334eee2a21
[INFO] [stdout]                                at /rustc/a178d0322ce20e33eac124758e837cbd80a6f633/library/std/src/io/mod.rs:1588:15
[INFO] [stdout]    6:     0x559dcc212b6b - std::sys_common::backtrace::_print::h5abaa2601a852287
[INFO] [stdout]                                at /rustc/a178d0322ce20e33eac124758e837cbd80a6f633/library/std/src/sys_common/backtrace.rs:49:5
[INFO] [stdout]    7:     0x559dcc212b6b - std::sys_common::backtrace::print::h8d81445442bb638f
[INFO] [stdout]                                at /rustc/a178d0322ce20e33eac124758e837cbd80a6f633/library/std/src/sys_common/backtrace.rs:36:9
[INFO] [stdout]    8:     0x559dcc212b6b - std::panicking::default_hook::{{closure}}::hcfe804496a9fa747
[INFO] [stdout]                                at /rustc/a178d0322ce20e33eac124758e837cbd80a6f633/library/std/src/panicking.rs:208:50
[INFO] [stdout]    9:     0x559dcc212641 - std::panicking::default_hook::hbea8e3ccf2ba8901
[INFO] [stdout]                                at /rustc/a178d0322ce20e33eac124758e837cbd80a6f633/library/std/src/panicking.rs:225:9
[INFO] [stdout]   10:     0x559dcc213234 - std::panicking::rust_panic_with_hook::h7ee9e1a2d0f8975a
[INFO] [stdout]                                at /rustc/a178d0322ce20e33eac124758e837cbd80a6f633/library/std/src/panicking.rs:622:17
[INFO] [stdout]   11:     0x559dcc212d17 - std::panicking::begin_panic_handler::{{closure}}::h8ab3b4491718b2c7
[INFO] [stdout]                                at /rustc/a178d0322ce20e33eac124758e837cbd80a6f633/library/std/src/panicking.rs:519:13
[INFO] [stdout]   12:     0x559dcc21120c - std::sys_common::backtrace::__rust_end_short_backtrace::hd489062ffa586a9f
[INFO] [stdout]                                at /rustc/a178d0322ce20e33eac124758e837cbd80a6f633/library/std/src/sys_common/backtrace.rs:141:18
[INFO] [stdout]   13:     0x559dcc212c79 - rust_begin_unwind
[INFO] [stdout]                                at /rustc/a178d0322ce20e33eac124758e837cbd80a6f633/library/std/src/panicking.rs:515:5
[INFO] [stdout]   14:     0x559dcc1028db - std::panicking::begin_panic_fmt::h5479575e112541f8
[INFO] [stdout]                                at /rustc/a178d0322ce20e33eac124758e837cbd80a6f633/library/std/src/panicking.rs:457:5
[INFO] [stdout]   15:     0x559dcc103db6 - tmdb_cli::libs::handlers::client::Client::from_env::hb986e8578904d80b
[INFO] [stdout]                                at /opt/rustwide/workdir/src/libs/handlers/client.rs:43:17
[INFO] [stdout]   16:     0x559dcc103abd - rust_out::main::_doctest_main_src_libs_handlers_client_rs_34_0::hfd563a0cadb22801
[INFO] [stdout]   17:     0x559dcc103aa6 - rust_out::main::h2a38bb51b9580a7d
[INFO] [stdout]   18:     0x559dcc1039a3 - core::ops::function::FnOnce::call_once::hb73b95e6982fd3f0
[INFO] [stdout]   19:     0x559dcc103899 - std::sys_common::backtrace::__rust_begin_short_backtrace::h8371d112165838d3
[INFO] [stdout]   20:     0x559dcc103909 - std::rt::lang_start::{{closure}}::h783adf50233ec5ec
[INFO] [stdout]   21:     0x559dcc213739 - core::ops::function::impls::<impl core::ops::function::FnOnce<A> for &F>::call_once::h2aabc384aab89b7b
[INFO] [stdout]                                at /rustc/a178d0322ce20e33eac124758e837cbd80a6f633/library/core/src/ops/function.rs:259:13
[INFO] [stdout]   22:     0x559dcc213739 - std::panicking::try::do_call::hc5fcacb7a85fc7b1
[INFO] [stdout]                                at /rustc/a178d0322ce20e33eac124758e837cbd80a6f633/library/std/src/panicking.rs:401:40
[INFO] [stdout]   23:     0x559dcc213739 - std::panicking::try::hb5d9603af3abbe3a
[INFO] [stdout]                                at /rustc/a178d0322ce20e33eac124758e837cbd80a6f633/library/std/src/panicking.rs:365:19
[INFO] [stdout]   24:     0x559dcc213739 - std::panic::catch_unwind::h98fe6ac3925e64b4
[INFO] [stdout]                                at /rustc/a178d0322ce20e33eac124758e837cbd80a6f633/library/std/src/panic.rs:434:14
[INFO] [stdout]   25:     0x559dcc213739 - std::rt::lang_start_internal::h22ac7383c516f93e
[INFO] [stdout]                                at /rustc/a178d0322ce20e33eac124758e837cbd80a6f633/library/std/src/rt.rs:34:21
[INFO] [stdout]   26:     0x559dcc1038f1 - std::rt::lang_start::h11b9716471e37ff8
[INFO] [stdout]   27:     0x559dcc103ae3 - main
[INFO] [stdout]   28:     0x7f72ddf870b3 - __libc_start_main
[INFO] [stdout]   29:     0x559dcc1037ce - _start
[INFO] [stdout]   30:                0x0 - <unknown>
[INFO] [stdout] 
[INFO] [stdout] 
[INFO] [stdout] ---- src/libs/handlers/movies.rs - libs::handlers::movies::Movies::search (line 164) stdout ----
[INFO] [stdout] Test executable failed (exit code 101).
[INFO] [stdout] 
[INFO] [stdout] stderr:
[INFO] [stdout] thread 'main' panicked at 'Failed to get token from environment with environment variable not found', src/libs/handlers/client.rs:43:17
[INFO] [stdout] stack backtrace:
[INFO] [stdout]    0:     0x55ac552b52a0 - std::backtrace_rs::backtrace::libunwind::trace::h34055254b57d8e79
[INFO] [stdout]                                at /rustc/a178d0322ce20e33eac124758e837cbd80a6f633/library/std/src/../../backtrace/src/backtrace/libunwind.rs:90:5
[INFO] [stdout]    1:     0x55ac552b52a0 - std::backtrace_rs::backtrace::trace_unsynchronized::h8f1e3fbd9afff6ec
[INFO] [stdout]                                at /rustc/a178d0322ce20e33eac124758e837cbd80a6f633/library/std/src/../../backtrace/src/backtrace/mod.rs:66:5
[INFO] [stdout]    2:     0x55ac552b52a0 - std::sys_common::backtrace::_print_fmt::h3a99a796b770c360
[INFO] [stdout]                                at /rustc/a178d0322ce20e33eac124758e837cbd80a6f633/library/std/src/sys_common/backtrace.rs:67:5
[INFO] [stdout]    3:     0x55ac552b52a0 - <std::sys_common::backtrace::_print::DisplayBacktrace as core::fmt::Display>::fmt::h32d1f94a80615d18
[INFO] [stdout]                                at /rustc/a178d0322ce20e33eac124758e837cbd80a6f633/library/std/src/sys_common/backtrace.rs:46:22
[INFO] [stdout]    4:     0x55ac552d4ecc - core::fmt::write::h306731c068f7162c
[INFO] [stdout]                                at /rustc/a178d0322ce20e33eac124758e837cbd80a6f633/library/core/src/fmt/mod.rs:1110:17
[INFO] [stdout]    5:     0x55ac552b0585 - std::io::Write::write_fmt::hd2fa90334eee2a21
[INFO] [stdout]                                at /rustc/a178d0322ce20e33eac124758e837cbd80a6f633/library/std/src/io/mod.rs:1588:15
[INFO] [stdout]    6:     0x55ac552b724b - std::sys_common::backtrace::_print::h5abaa2601a852287
[INFO] [stdout]                                at /rustc/a178d0322ce20e33eac124758e837cbd80a6f633/library/std/src/sys_common/backtrace.rs:49:5
[INFO] [stdout]    7:     0x55ac552b724b - std::sys_common::backtrace::print::h8d81445442bb638f
[INFO] [stdout]                                at /rustc/a178d0322ce20e33eac124758e837cbd80a6f633/library/std/src/sys_common/backtrace.rs:36:9
[INFO] [stdout]    8:     0x55ac552b724b - std::panicking::default_hook::{{closure}}::hcfe804496a9fa747
[INFO] [stdout]                                at /rustc/a178d0322ce20e33eac124758e837cbd80a6f633/library/std/src/panicking.rs:208:50
[INFO] [stdout]    9:     0x55ac552b6d21 - std::panicking::default_hook::hbea8e3ccf2ba8901
[INFO] [stdout]                                at /rustc/a178d0322ce20e33eac124758e837cbd80a6f633/library/std/src/panicking.rs:225:9
[INFO] [stdout]   10:     0x55ac552b7914 - std::panicking::rust_panic_with_hook::h7ee9e1a2d0f8975a
[INFO] [stdout]                                at /rustc/a178d0322ce20e33eac124758e837cbd80a6f633/library/std/src/panicking.rs:622:17
[INFO] [stdout]   11:     0x55ac552b73f7 - std::panicking::begin_panic_handler::{{closure}}::h8ab3b4491718b2c7
[INFO] [stdout]                                at /rustc/a178d0322ce20e33eac124758e837cbd80a6f633/library/std/src/panicking.rs:519:13
[INFO] [stdout]   12:     0x55ac552b579c - std::sys_common::backtrace::__rust_end_short_backtrace::hd489062ffa586a9f
[INFO] [stdout]                                at /rustc/a178d0322ce20e33eac124758e837cbd80a6f633/library/std/src/sys_common/backtrace.rs:141:18
[INFO] [stdout]   13:     0x55ac552b7359 - rust_begin_unwind
[INFO] [stdout]                                at /rustc/a178d0322ce20e33eac124758e837cbd80a6f633/library/std/src/panicking.rs:515:5
[INFO] [stdout]   14:     0x55ac54dd49ab - std::panicking::begin_panic_fmt::h5479575e112541f8
[INFO] [stdout]                                at /rustc/a178d0322ce20e33eac124758e837cbd80a6f633/library/std/src/panicking.rs:457:5
[INFO] [stdout]   15:     0x55ac54dfb2a6 - tmdb_cli::libs::handlers::client::Client::from_env::hb986e8578904d80b
[INFO] [stdout]                                at /opt/rustwide/workdir/src/libs/handlers/client.rs:43:17
[INFO] [stdout]   16:     0x55ac54dfa6ff - rust_out::main::{{closure}}::h8d7e391f27d6eaff
[INFO] [stdout]   17:     0x55ac54dfa13c - <core::future::from_generator::GenFuture<T> as core::future::future::Future>::poll::h05a45422b2855475
[INFO] [stdout]   18:     0x55ac54dedf0c - tokio::runtime::enter::Enter::block_on::{{closure}}::he8a49476a63c9e82
[INFO] [stdout]   19:     0x55ac54dec4b3 - tokio::coop::with_budget::{{closure}}::h6b522a8bdbf98783
[INFO] [stdout]   20:     0x55ac54de2906 - std::thread::local::LocalKey<T>::try_with::hdbc663a18880eb28
[INFO] [stdout]   21:     0x55ac54de2238 - std::thread::local::LocalKey<T>::with::h89bd6aad1dc402ff
[INFO] [stdout]   22:     0x55ac54dedd96 - tokio::runtime::enter::Enter::block_on::h488ecc520d96ed86
[INFO] [stdout]   23:     0x55ac54deccc0 - tokio::runtime::thread_pool::ThreadPool::block_on::hb4f9dd1c4bd1c9cc
[INFO] [stdout]   24:     0x55ac54dee458 - tokio::runtime::Runtime::block_on::{{closure}}::h1cde8f872fcd6352
[INFO] [stdout]   25:     0x55ac54dee4dd - tokio::runtime::context::enter::hc7afd3842b3c5ef1
[INFO] [stdout]   26:     0x55ac54dee2d2 - tokio::runtime::handle::Handle::enter::h40bb23a8760296fe
[INFO] [stdout]   27:     0x55ac54dee367 - tokio::runtime::Runtime::block_on::h6ae344f7427e70b3
[INFO] [stdout]   28:     0x55ac54dfa64b - rust_out::main::h2a38bb51b9580a7d
[INFO] [stdout]   29:     0x55ac54de3533 - core::ops::function::FnOnce::call_once::hb73b95e6982fd3f0
[INFO] [stdout]   30:     0x55ac54de2039 - std::sys_common::backtrace::__rust_begin_short_backtrace::h8371d112165838d3
[INFO] [stdout]   31:     0x55ac54de20a9 - std::rt::lang_start::{{closure}}::h783adf50233ec5ec
[INFO] [stdout]   32:     0x55ac552b7f19 - core::ops::function::impls::<impl core::ops::function::FnOnce<A> for &F>::call_once::h2aabc384aab89b7b
[INFO] [stdout]                                at /rustc/a178d0322ce20e33eac124758e837cbd80a6f633/library/core/src/ops/function.rs:259:13
[INFO] [stdout]   33:     0x55ac552b7f19 - std::panicking::try::do_call::hc5fcacb7a85fc7b1
[INFO] [stdout]                                at /rustc/a178d0322ce20e33eac124758e837cbd80a6f633/library/std/src/panicking.rs:401:40
[INFO] [stdout]   34:     0x55ac552b7f19 - std::panicking::try::hb5d9603af3abbe3a
[INFO] [stdout]                                at /rustc/a178d0322ce20e33eac124758e837cbd80a6f633/library/std/src/panicking.rs:365:19
[INFO] [stdout]   35:     0x55ac552b7f19 - std::panic::catch_unwind::h98fe6ac3925e64b4
[INFO] [stdout]                                at /rustc/a178d0322ce20e33eac124758e837cbd80a6f633/library/std/src/panic.rs:434:14
[INFO] [stdout]   36:     0x55ac552b7f19 - std::rt::lang_start_internal::h22ac7383c516f93e
[INFO] [stdout]                                at /rustc/a178d0322ce20e33eac124758e837cbd80a6f633/library/std/src/rt.rs:34:21
[INFO] [stdout]   37:     0x55ac54de2091 - std::rt::lang_start::h11b9716471e37ff8
[INFO] [stdout]   38:     0x55ac54dfaa63 - main
[INFO] [stdout]   39:     0x7f711272e0b3 - __libc_start_main
[INFO] [stdout]   40:     0x55ac54dd5dbe - _start
[INFO] [stdout]   41:                0x0 - <unknown>
[INFO] [stdout] 
[INFO] [stdout] 
[INFO] [stdout] ---- src/libs/handlers/movies.rs - libs::handlers::movies::MovieSearch::exec (line 33) stdout ----
[INFO] [stdout] Test executable failed (exit code 101).
[INFO] [stdout] 
[INFO] [stdout] stderr:
[INFO] [stdout] thread 'main' panicked at 'Failed to get token from environment with environment variable not found', src/libs/handlers/client.rs:43:17
[INFO] [stdout] stack backtrace:
[INFO] [stdout]    0:     0x563e141e22a0 - std::backtrace_rs::backtrace::libunwind::trace::h34055254b57d8e79
[INFO] [stdout]                                at /rustc/a178d0322ce20e33eac124758e837cbd80a6f633/library/std/src/../../backtrace/src/backtrace/libunwind.rs:90:5
[INFO] [stdout]    1:     0x563e141e22a0 - std::backtrace_rs::backtrace::trace_unsynchronized::h8f1e3fbd9afff6ec
[INFO] [stdout]                                at /rustc/a178d0322ce20e33eac124758e837cbd80a6f633/library/std/src/../../backtrace/src/backtrace/mod.rs:66:5
[INFO] [stdout]    2:     0x563e141e22a0 - std::sys_common::backtrace::_print_fmt::h3a99a796b770c360
[INFO] [stdout]                                at /rustc/a178d0322ce20e33eac124758e837cbd80a6f633/library/std/src/sys_common/backtrace.rs:67:5
[INFO] [stdout]    3:     0x563e141e22a0 - <std::sys_common::backtrace::_print::DisplayBacktrace as core::fmt::Display>::fmt::h32d1f94a80615d18
[INFO] [stdout]                                at /rustc/a178d0322ce20e33eac124758e837cbd80a6f633/library/std/src/sys_common/backtrace.rs:46:22
[INFO] [stdout]    4:     0x563e14201ecc - core::fmt::write::h306731c068f7162c
[INFO] [stdout]                                at /rustc/a178d0322ce20e33eac124758e837cbd80a6f633/library/core/src/fmt/mod.rs:1110:17
[INFO] [stdout]    5:     0x563e141dd585 - std::io::Write::write_fmt::hd2fa90334eee2a21
[INFO] [stdout]                                at /rustc/a178d0322ce20e33eac124758e837cbd80a6f633/library/std/src/io/mod.rs:1588:15
[INFO] [stdout]    6:     0x563e141e424b - std::sys_common::backtrace::_print::h5abaa2601a852287
[INFO] [stdout]                                at /rustc/a178d0322ce20e33eac124758e837cbd80a6f633/library/std/src/sys_common/backtrace.rs:49:5
[INFO] [stdout]    7:     0x563e141e424b - std::sys_common::backtrace::print::h8d81445442bb638f
[INFO] [stdout]                                at /rustc/a178d0322ce20e33eac124758e837cbd80a6f633/library/std/src/sys_common/backtrace.rs:36:9
[INFO] [stdout]    8:     0x563e141e424b - std::panicking::default_hook::{{closure}}::hcfe804496a9fa747
[INFO] [stdout]                                at /rustc/a178d0322ce20e33eac124758e837cbd80a6f633/library/std/src/panicking.rs:208:50
[INFO] [stdout]    9:     0x563e141e3d21 - std::panicking::default_hook::hbea8e3ccf2ba8901
[INFO] [stdout]                                at /rustc/a178d0322ce20e33eac124758e837cbd80a6f633/library/std/src/panicking.rs:225:9
[INFO] [stdout]   10:     0x563e141e4914 - std::panicking::rust_panic_with_hook::h7ee9e1a2d0f8975a
[INFO] [stdout]                                at /rustc/a178d0322ce20e33eac124758e837cbd80a6f633/library/std/src/panicking.rs:622:17
[INFO] [stdout]   11:     0x563e141e43f7 - std::panicking::begin_panic_handler::{{closure}}::h8ab3b4491718b2c7
[INFO] [stdout]                                at /rustc/a178d0322ce20e33eac124758e837cbd80a6f633/library/std/src/panicking.rs:519:13
[INFO] [stdout]   12:     0x563e141e279c - std::sys_common::backtrace::__rust_end_short_backtrace::hd489062ffa586a9f
[INFO] [stdout]                                at /rustc/a178d0322ce20e33eac124758e837cbd80a6f633/library/std/src/sys_common/backtrace.rs:141:18
[INFO] [stdout]   13:     0x563e141e4359 - rust_begin_unwind
[INFO] [stdout]                                at /rustc/a178d0322ce20e33eac124758e837cbd80a6f633/library/std/src/panicking.rs:515:5
[INFO] [stdout]   14:     0x563e13d019ab - std::panicking::begin_panic_fmt::h5479575e112541f8
[INFO] [stdout]                                at /rustc/a178d0322ce20e33eac124758e837cbd80a6f633/library/std/src/panicking.rs:457:5
[INFO] [stdout]   15:     0x563e13d282a6 - tmdb_cli::libs::handlers::client::Client::from_env::hb986e8578904d80b
[INFO] [stdout]                                at /opt/rustwide/workdir/src/libs/handlers/client.rs:43:17
[INFO] [stdout]   16:     0x563e13d276ff - rust_out::main::{{closure}}::h8d7e391f27d6eaff
[INFO] [stdout]   17:     0x563e13d2713c - <core::future::from_generator::GenFuture<T> as core::future::future::Future>::poll::h05a45422b2855475
[INFO] [stdout]   18:     0x563e13d1af0c - tokio::runtime::enter::Enter::block_on::{{closure}}::he8a49476a63c9e82
[INFO] [stdout]   19:     0x563e13d194b3 - tokio::coop::with_budget::{{closure}}::h6b522a8bdbf98783
[INFO] [stdout]   20:     0x563e13d0f906 - std::thread::local::LocalKey<T>::try_with::hdbc663a18880eb28
[INFO] [stdout]   21:     0x563e13d0f238 - std::thread::local::LocalKey<T>::with::h89bd6aad1dc402ff
[INFO] [stdout]   22:     0x563e13d1ad96 - tokio::runtime::enter::Enter::block_on::h488ecc520d96ed86
[INFO] [stdout]   23:     0x563e13d19cc0 - tokio::runtime::thread_pool::ThreadPool::block_on::hb4f9dd1c4bd1c9cc
[INFO] [stdout]   24:     0x563e13d1b458 - tokio::runtime::Runtime::block_on::{{closure}}::h1cde8f872fcd6352
[INFO] [stdout]   25:     0x563e13d1b4dd - tokio::runtime::context::enter::hc7afd3842b3c5ef1
[INFO] [stdout]   26:     0x563e13d1b2d2 - tokio::runtime::handle::Handle::enter::h40bb23a8760296fe
[INFO] [stdout]   27:     0x563e13d1b367 - tokio::runtime::Runtime::block_on::h6ae344f7427e70b3
[INFO] [stdout]   28:     0x563e13d2764b - rust_out::main::h2a38bb51b9580a7d
[INFO] [stdout]   29:     0x563e13d10533 - core::ops::function::FnOnce::call_once::hb73b95e6982fd3f0
[INFO] [stdout]   30:     0x563e13d0f039 - std::sys_common::backtrace::__rust_begin_short_backtrace::h8371d112165838d3
[INFO] [stdout]   31:     0x563e13d0f0a9 - std::rt::lang_start::{{closure}}::h783adf50233ec5ec
[INFO] [stdout]   32:     0x563e141e4f19 - core::ops::function::impls::<impl core::ops::function::FnOnce<A> for &F>::call_once::h2aabc384aab89b7b
[INFO] [stdout]                                at /rustc/a178d0322ce20e33eac124758e837cbd80a6f633/library/core/src/ops/function.rs:259:13
[INFO] [stdout]   33:     0x563e141e4f19 - std::panicking::try::do_call::hc5fcacb7a85fc7b1
[INFO] [stdout]                                at /rustc/a178d0322ce20e33eac124758e837cbd80a6f633/library/std/src/panicking.rs:401:40
[INFO] [stdout]   34:     0x563e141e4f19 - std::panicking::try::hb5d9603af3abbe3a
[INFO] [stdout]                                at /rustc/a178d0322ce20e33eac124758e837cbd80a6f633/library/std/src/panicking.rs:365:19
[INFO] [stdout]   35:     0x563e141e4f19 - std::panic::catch_unwind::h98fe6ac3925e64b4
[INFO] [stdout]                                at /rustc/a178d0322ce20e33eac124758e837cbd80a6f633/library/std/src/panic.rs:434:14
[INFO] [stdout]   36:     0x563e141e4f19 - std::rt::lang_start_internal::h22ac7383c516f93e
[INFO] [stdout]                                at /rustc/a178d0322ce20e33eac124758e837cbd80a6f633/library/std/src/rt.rs:34:21
[INFO] [stdout]   37:     0x563e13d0f091 - std::rt::lang_start::h11b9716471e37ff8
[INFO] [stdout]   38:     0x563e13d27a63 - main
[INFO] [stdout]   39:     0x7f61193a90b3 - __libc_start_main
[INFO] [stdout]   40:     0x563e13d02dbe - _start
[INFO] [stdout]   41:                0x0 - <unknown>
[INFO] [stdout] 
[INFO] [stdout] 
[INFO] [stdout] ---- src/libs/handlers/movies.rs - libs::handlers::movies::Movies::details (line 202) stdout ----
[INFO] [stdout] Test executable failed (exit code 101).
[INFO] [stdout] 
[INFO] [stdout] stderr:
[INFO] [stdout] thread 'main' panicked at 'Failed to get token from environment with environment variable not found', src/libs/handlers/client.rs:43:17
[INFO] [stdout] stack backtrace:
[INFO] [stdout]    0:     0x56244abd9b50 - std::backtrace_rs::backtrace::libunwind::trace::h34055254b57d8e79
[INFO] [stdout]                                at /rustc/a178d0322ce20e33eac124758e837cbd80a6f633/library/std/src/../../backtrace/src/backtrace/libunwind.rs:90:5
[INFO] [stdout]    1:     0x56244abd9b50 - std::backtrace_rs::backtrace::trace_unsynchronized::h8f1e3fbd9afff6ec
[INFO] [stdout]                                at /rustc/a178d0322ce20e33eac124758e837cbd80a6f633/library/std/src/../../backtrace/src/backtrace/mod.rs:66:5
[INFO] [stdout]    2:     0x56244abd9b50 - std::sys_common::backtrace::_print_fmt::h3a99a796b770c360
[INFO] [stdout]                                at /rustc/a178d0322ce20e33eac124758e837cbd80a6f633/library/std/src/sys_common/backtrace.rs:67:5
[INFO] [stdout]    3:     0x56244abd9b50 - <std::sys_common::backtrace::_print::DisplayBacktrace as core::fmt::Display>::fmt::h32d1f94a80615d18
[INFO] [stdout]                                at /rustc/a178d0322ce20e33eac124758e837cbd80a6f633/library/std/src/sys_common/backtrace.rs:46:22
[INFO] [stdout]    4:     0x56244abf977c - core::fmt::write::h306731c068f7162c
[INFO] [stdout]                                at /rustc/a178d0322ce20e33eac124758e837cbd80a6f633/library/core/src/fmt/mod.rs:1110:17
[INFO] [stdout]    5:     0x56244abd4e35 - std::io::Write::write_fmt::hd2fa90334eee2a21
[INFO] [stdout]                                at /rustc/a178d0322ce20e33eac124758e837cbd80a6f633/library/std/src/io/mod.rs:1588:15
[INFO] [stdout]    6:     0x56244abdbafb - std::sys_common::backtrace::_print::h5abaa2601a852287
[INFO] [stdout]                                at /rustc/a178d0322ce20e33eac124758e837cbd80a6f633/library/std/src/sys_common/backtrace.rs:49:5
[INFO] [stdout]    7:     0x56244abdbafb - std::sys_common::backtrace::print::h8d81445442bb638f
[INFO] [stdout]                                at /rustc/a178d0322ce20e33eac124758e837cbd80a6f633/library/std/src/sys_common/backtrace.rs:36:9
[INFO] [stdout]    8:     0x56244abdbafb - std::panicking::default_hook::{{closure}}::hcfe804496a9fa747
[INFO] [stdout]                                at /rustc/a178d0322ce20e33eac124758e837cbd80a6f633/library/std/src/panicking.rs:208:50
[INFO] [stdout]    9:     0x56244abdb5d1 - std::panicking::default_hook::hbea8e3ccf2ba8901
[INFO] [stdout]                                at /rustc/a178d0322ce20e33eac124758e837cbd80a6f633/library/std/src/panicking.rs:225:9
[INFO] [stdout]   10:     0x56244abdc1c4 - std::panicking::rust_panic_with_hook::h7ee9e1a2d0f8975a
[INFO] [stdout]                                at /rustc/a178d0322ce20e33eac124758e837cbd80a6f633/library/std/src/panicking.rs:622:17
[INFO] [stdout]   11:     0x56244abdbca7 - std::panicking::begin_panic_handler::{{closure}}::h8ab3b4491718b2c7
[INFO] [stdout]                                at /rustc/a178d0322ce20e33eac124758e837cbd80a6f633/library/std/src/panicking.rs:519:13
[INFO] [stdout]   12:     0x56244abda04c - std::sys_common::backtrace::__rust_end_short_backtrace::hd489062ffa586a9f
[INFO] [stdout]                                at /rustc/a178d0322ce20e33eac124758e837cbd80a6f633/library/std/src/sys_common/backtrace.rs:141:18
[INFO] [stdout]   13:     0x56244abdbc09 - rust_begin_unwind
[INFO] [stdout]                                at /rustc/a178d0322ce20e33eac124758e837cbd80a6f633/library/std/src/panicking.rs:515:5
[INFO] [stdout]   14:     0x56244a6ea9ab - std::panicking::begin_panic_fmt::h5479575e112541f8
[INFO] [stdout]                                at /rustc/a178d0322ce20e33eac124758e837cbd80a6f633/library/std/src/panicking.rs:457:5
[INFO] [stdout]   15:     0x56244a71fb56 - tmdb_cli::libs::handlers::client::Client::from_env::hb986e8578904d80b
[INFO] [stdout]                                at /opt/rustwide/workdir/src/libs/handlers/client.rs:43:17
[INFO] [stdout]   16:     0x56244a71f15f - rust_out::main::{{closure}}::hfcc2ecdca3d97cb6
[INFO] [stdout]   17:     0x56244a71ec0c - <core::future::from_generator::GenFuture<T> as core::future::future::Future>::poll::h260b7f5ea15b0384
[INFO] [stdout]   18:     0x56244a70c40c - tokio::runtime::enter::Enter::block_on::{{closure}}::hb59cfcb42109549d
[INFO] [stdout]   19:     0x56244a70abf3 - tokio::coop::with_budget::{{closure}}::he1d253c3c5211708
[INFO] [stdout]   20:     0x56244a6ff4a6 - std::thread::local::LocalKey<T>::try_with::h91b3a92163636ce5
[INFO] [stdout]   21:     0x56244a6fee18 - std::thread::local::LocalKey<T>::with::h6f8fbb7c12102eb7
[INFO] [stdout]   22:     0x56244a70c299 - tokio::runtime::enter::Enter::block_on::hed7fc7687d0d1e51
[INFO] [stdout]   23:     0x56244a70b1be - tokio::runtime::thread_pool::ThreadPool::block_on::h6c65c92e6502de77
[INFO] [stdout]   24:     0x56244a70c95a - tokio::runtime::Runtime::block_on::{{closure}}::h2e50ac9affba7502
[INFO] [stdout]   25:     0x56244a70c9ed - tokio::runtime::context::enter::h4109792aea959718
[INFO] [stdout]   26:     0x56244a70c7d0 - tokio::runtime::handle::Handle::enter::h5d28893e12aec5c7
[INFO] [stdout]   27:     0x56244a70c865 - tokio::runtime::Runtime::block_on::h077b12091c9d52c0
[INFO] [stdout]   28:     0x56244a71f0ab - rust_out::main::h2a38bb51b9580a7d
[INFO] [stdout]   29:     0x56244a700113 - core::ops::function::FnOnce::call_once::hb73b95e6982fd3f0
[INFO] [stdout]   30:     0x56244a6febc9 - std::sys_common::backtrace::__rust_begin_short_backtrace::h8371d112165838d3
[INFO] [stdout]   31:     0x56244a6fec39 - std::rt::lang_start::{{closure}}::h783adf50233ec5ec
[INFO] [stdout]   32:     0x56244abdc7c9 - core::ops::function::impls::<impl core::ops::function::FnOnce<A> for &F>::call_once::h2aabc384aab89b7b
[INFO] [stdout]                                at /rustc/a178d0322ce20e33eac124758e837cbd80a6f633/library/core/src/ops/function.rs:259:13
[INFO] [stdout]   33:     0x56244abdc7c9 - std::panicking::try::do_call::hc5fcacb7a85fc7b1
[INFO] [stdout]                                at /rustc/a178d0322ce20e33eac124758e837cbd80a6f633/library/std/src/panicking.rs:401:40
[INFO] [stdout]   34:     0x56244abdc7c9 - std::panicking::try::hb5d9603af3abbe3a
[INFO] [stdout]                                at /rustc/a178d0322ce20e33eac124758e837cbd80a6f633/library/std/src/panicking.rs:365:19
[INFO] [stdout]   35:     0x56244abdc7c9 - std::panic::catch_unwind::h98fe6ac3925e64b4
[INFO] [stdout]                                at /rustc/a178d0322ce20e33eac124758e837cbd80a6f633/library/std/src/panic.rs:434:14
[INFO] [stdout]   36:     0x56244abdc7c9 - std::rt::lang_start_internal::h22ac7383c516f93e
[INFO] [stdout]                                at /rustc/a178d0322ce20e33eac124758e837cbd80a6f633/library/std/src/rt.rs:34:21
[INFO] [stdout]   37:     0x56244a6fec21 - std::rt::lang_start::h11b9716471e37ff8
[INFO] [stdout]   38:     0x56244a71f403 - main
[INFO] [stdout]   39:     0x7f80b60920b3 - __libc_start_main
[INFO] [stdout]   40:     0x56244a6ebdbe - _start
[INFO] [stdout]   41:                0x0 - <unknown>
[INFO] [stdout] 
[INFO] [stdout] 
[INFO] [stdout] 
[INFO] [stdout] failures:
[INFO] [stdout]     src/libs/handlers/client.rs - libs::handlers::client::Client::from_env (line 34)
[INFO] [stdout]     src/libs/handlers/movies.rs - libs::handlers::movies::MovieSearch::exec (line 33)
[INFO] [stdout]     src/libs/handlers/movies.rs - libs::handlers::movies::Movies::details (line 202)
[INFO] [stdout]     src/libs/handlers/movies.rs - libs::handlers::movies::Movies::search (line 164)
[INFO] [stdout] 
[INFO] [stdout] test result: FAILED. 1 passed; 4 failed; 0 ignored; 0 measured; 0 filtered out; finished in 4.49s
[INFO] [stdout] 
[INFO] [stderr] error: test failed, to rerun pass '--doc'
[INFO] running `Command { std: "docker" "inspect" "cd0ac00f7c1c618cfe7555bca8e7ed842e0d71679958e0800765c81c1e43872b", kill_on_drop: false }`
[INFO] running `Command { std: "docker" "rm" "-f" "cd0ac00f7c1c618cfe7555bca8e7ed842e0d71679958e0800765c81c1e43872b", kill_on_drop: false }`
[INFO] [stdout] cd0ac00f7c1c618cfe7555bca8e7ed842e0d71679958e0800765c81c1e43872b
