[INFO] fetching crate tinyrlibc 0.2.1...
[INFO] testing tinyrlibc-0.2.1 against 1.54.0 for beta-1.55-1
[INFO] extracting crate tinyrlibc 0.2.1 into /workspace/builds/worker-104/source
[INFO] validating manifest of crates.io crate tinyrlibc 0.2.1 on toolchain 1.54.0
[INFO] running `Command { std: "/workspace/cargo-home/bin/cargo" "+1.54.0" "metadata" "--manifest-path" "Cargo.toml" "--no-deps", kill_on_drop: false }`
[INFO] started tweaking crates.io crate tinyrlibc 0.2.1
[INFO] finished tweaking crates.io crate tinyrlibc 0.2.1
[INFO] tweaked toml for crates.io crate tinyrlibc 0.2.1 written to /workspace/builds/worker-104/source/Cargo.toml
[INFO] running `Command { std: "/workspace/cargo-home/bin/cargo" "+1.54.0" "generate-lockfile" "--manifest-path" "Cargo.toml" "-Zno-index-update", kill_on_drop: false }`
[INFO] running `Command { std: "/workspace/cargo-home/bin/cargo" "+1.54.0" "fetch" "--manifest-path" "Cargo.toml", kill_on_drop: false }`
[INFO] running `Command { std: "docker" "create" "-v" "/var/lib/crater-agent-workspace/builds/worker-104/target:/opt/rustwide/target:rw,Z" "-v" "/var/lib/crater-agent-workspace/builds/worker-104/source:/opt/rustwide/workdir:ro,Z" "-v" "/var/lib/crater-agent-workspace/cargo-home:/opt/rustwide/cargo-home:ro,Z" "-v" "/var/lib/crater-agent-workspace/rustup-home:/opt/rustwide/rustup-home:ro,Z" "-e" "SOURCE_DIR=/opt/rustwide/workdir" "-e" "CARGO_TARGET_DIR=/opt/rustwide/target" "-e" "CARGO_HOME=/opt/rustwide/cargo-home" "-e" "RUSTUP_HOME=/opt/rustwide/rustup-home" "-w" "/opt/rustwide/workdir" "-m" "1610612736" "--user" "0:0" "--network" "none" "ghcr.io/rust-lang/crates-build-env/linux@sha256:34b6a614d2c27851fe6cbf88fbd1137609cefab8b10d0615aaeb6fd47975d74e" "/opt/rustwide/cargo-home/bin/cargo" "+1.54.0" "metadata" "--no-deps" "--format-version=1", kill_on_drop: false }`
[INFO] [stdout] 0caf41daa42bee40a21b7393e7bd366e7022ee1418a5a4e2feb81b5c6510a06a
[INFO] running `Command { std: "docker" "start" "-a" "0caf41daa42bee40a21b7393e7bd366e7022ee1418a5a4e2feb81b5c6510a06a", kill_on_drop: false }`
[INFO] running `Command { std: "docker" "inspect" "0caf41daa42bee40a21b7393e7bd366e7022ee1418a5a4e2feb81b5c6510a06a", kill_on_drop: false }`
[INFO] running `Command { std: "docker" "rm" "-f" "0caf41daa42bee40a21b7393e7bd366e7022ee1418a5a4e2feb81b5c6510a06a", kill_on_drop: false }`
[INFO] [stdout] 0caf41daa42bee40a21b7393e7bd366e7022ee1418a5a4e2feb81b5c6510a06a
[INFO] running `Command { std: "docker" "create" "-v" "/var/lib/crater-agent-workspace/builds/worker-104/target:/opt/rustwide/target:rw,Z" "-v" "/var/lib/crater-agent-workspace/builds/worker-104/source:/opt/rustwide/workdir:ro,Z" "-v" "/var/lib/crater-agent-workspace/cargo-home:/opt/rustwide/cargo-home:ro,Z" "-v" "/var/lib/crater-agent-workspace/rustup-home:/opt/rustwide/rustup-home:ro,Z" "-e" "SOURCE_DIR=/opt/rustwide/workdir" "-e" "CARGO_TARGET_DIR=/opt/rustwide/target" "-e" "CARGO_INCREMENTAL=0" "-e" "RUST_BACKTRACE=full" "-e" "RUSTFLAGS=--cap-lints=warn" "-e" "CARGO_HOME=/opt/rustwide/cargo-home" "-e" "RUSTUP_HOME=/opt/rustwide/rustup-home" "-w" "/opt/rustwide/workdir" "-m" "1610612736" "--user" "0:0" "--network" "none" "ghcr.io/rust-lang/crates-build-env/linux@sha256:34b6a614d2c27851fe6cbf88fbd1137609cefab8b10d0615aaeb6fd47975d74e" "/opt/rustwide/cargo-home/bin/cargo" "+1.54.0" "build" "--frozen" "--message-format=json", kill_on_drop: false }`
[INFO] [stdout] a6aa6cc6708f65144069d31877cdae18f74428b87739e5d2ee86543d6bd3f649
[INFO] running `Command { std: "docker" "start" "-a" "a6aa6cc6708f65144069d31877cdae18f74428b87739e5d2ee86543d6bd3f649", kill_on_drop: false }`
[INFO] [stderr]    Compiling cc v1.0.69
[INFO] [stderr]    Compiling tinyrlibc v0.2.1 (/opt/rustwide/workdir)
[INFO] [stderr]     Finished dev [unoptimized + debuginfo] target(s) in 2.94s
[INFO] running `Command { std: "docker" "inspect" "a6aa6cc6708f65144069d31877cdae18f74428b87739e5d2ee86543d6bd3f649", kill_on_drop: false }`
[INFO] running `Command { std: "docker" "rm" "-f" "a6aa6cc6708f65144069d31877cdae18f74428b87739e5d2ee86543d6bd3f649", kill_on_drop: false }`
[INFO] [stdout] a6aa6cc6708f65144069d31877cdae18f74428b87739e5d2ee86543d6bd3f649
[INFO] running `Command { std: "docker" "create" "-v" "/var/lib/crater-agent-workspace/builds/worker-104/target:/opt/rustwide/target:rw,Z" "-v" "/var/lib/crater-agent-workspace/builds/worker-104/source:/opt/rustwide/workdir:ro,Z" "-v" "/var/lib/crater-agent-workspace/cargo-home:/opt/rustwide/cargo-home:ro,Z" "-v" "/var/lib/crater-agent-workspace/rustup-home:/opt/rustwide/rustup-home:ro,Z" "-e" "SOURCE_DIR=/opt/rustwide/workdir" "-e" "CARGO_TARGET_DIR=/opt/rustwide/target" "-e" "CARGO_INCREMENTAL=0" "-e" "RUST_BACKTRACE=full" "-e" "RUSTFLAGS=--cap-lints=warn" "-e" "CARGO_HOME=/opt/rustwide/cargo-home" "-e" "RUSTUP_HOME=/opt/rustwide/rustup-home" "-w" "/opt/rustwide/workdir" "-m" "1610612736" "--user" "0:0" "--network" "none" "ghcr.io/rust-lang/crates-build-env/linux@sha256:34b6a614d2c27851fe6cbf88fbd1137609cefab8b10d0615aaeb6fd47975d74e" "/opt/rustwide/cargo-home/bin/cargo" "+1.54.0" "test" "--frozen" "--no-run" "--message-format=json", kill_on_drop: false }`
[INFO] [stdout] 2a6c69bcd337c499a9a4f63d8e94e93725e0c426be3084e2cf78bb9d80dac5a3
[INFO] running `Command { std: "docker" "start" "-a" "2a6c69bcd337c499a9a4f63d8e94e93725e0c426be3084e2cf78bb9d80dac5a3", kill_on_drop: false }`
[INFO] [stderr]    Compiling tinyrlibc v0.2.1 (/opt/rustwide/workdir)
[INFO] [stderr]     Finished test [unoptimized + debuginfo] target(s) in 1.15s
[INFO] running `Command { std: "docker" "inspect" "2a6c69bcd337c499a9a4f63d8e94e93725e0c426be3084e2cf78bb9d80dac5a3", kill_on_drop: false }`
[INFO] running `Command { std: "docker" "rm" "-f" "2a6c69bcd337c499a9a4f63d8e94e93725e0c426be3084e2cf78bb9d80dac5a3", kill_on_drop: false }`
[INFO] [stdout] 2a6c69bcd337c499a9a4f63d8e94e93725e0c426be3084e2cf78bb9d80dac5a3
[INFO] running `Command { std: "docker" "create" "-v" "/var/lib/crater-agent-workspace/builds/worker-104/target:/opt/rustwide/target:rw,Z" "-v" "/var/lib/crater-agent-workspace/builds/worker-104/source:/opt/rustwide/workdir:ro,Z" "-v" "/var/lib/crater-agent-workspace/cargo-home:/opt/rustwide/cargo-home:ro,Z" "-v" "/var/lib/crater-agent-workspace/rustup-home:/opt/rustwide/rustup-home:ro,Z" "-e" "SOURCE_DIR=/opt/rustwide/workdir" "-e" "CARGO_TARGET_DIR=/opt/rustwide/target" "-e" "CARGO_INCREMENTAL=0" "-e" "RUST_BACKTRACE=full" "-e" "RUSTFLAGS=--cap-lints=warn" "-e" "CARGO_HOME=/opt/rustwide/cargo-home" "-e" "RUSTUP_HOME=/opt/rustwide/rustup-home" "-w" "/opt/rustwide/workdir" "-m" "1610612736" "--user" "0:0" "--network" "none" "ghcr.io/rust-lang/crates-build-env/linux@sha256:34b6a614d2c27851fe6cbf88fbd1137609cefab8b10d0615aaeb6fd47975d74e" "/opt/rustwide/cargo-home/bin/cargo" "+1.54.0" "test" "--frozen", kill_on_drop: false }`
[INFO] [stdout] a406f5c612b5fb867f436e95885b0f316630b9066307c88f2bd8774bfea82e45
[INFO] running `Command { std: "docker" "start" "-a" "a406f5c612b5fb867f436e95885b0f316630b9066307c88f2bd8774bfea82e45", kill_on_drop: false }`
[INFO] [stderr]     Finished test [unoptimized + debuginfo] target(s) in 0.04s
[INFO] [stderr]      Running unittests (/opt/rustwide/target/debug/deps/tinyrlibc-4d1ff3a211edd41c)
[INFO] [stdout] 
[INFO] [stdout] running 43 tests
[INFO] [stdout] test itoa::test::binary ... ok
[INFO] [stdout] test itoa::test::hex ... ok
[INFO] [stdout] test itoa::test::negative ... ok
[INFO] [stdout] test itoa::test::hundredish ... ok
[INFO] [stdout] test itoa::test::too_small ... ok
[INFO] [stdout] test itoa::test::unsigned_binary ... ok
[INFO] [stdout] test strchr::test::middle ... ok
[INFO] [stdout] test snprintf::test::strings ... ok
[INFO] [stdout] test itoa::test::unsigned_octal ... ok
[INFO] [stdout] test strchr::test::end ... ok
[INFO] [stdout] test snprintf::test::size ... ok
[INFO] [stdout] test itoa::test::zero ... ok
[INFO] [stdout] test itoa::test::one ... ok
[INFO] [stdout] test strlen::test::test1 ... ok
[INFO] [stdout] test itoa::test::unsigned_one ... ok
[INFO] [stdout] test strchr::test::null ... ok
[INFO] [stdout] test itoa::test::unsigned_too_small ... ok
[INFO] [stdout] test strlen::test::test3 ... ok
[INFO] [stdout] test strlen::test::test2 ... ok
[INFO] [stdout] test snprintf::test::plain_string ... ok
[INFO] [stdout] test strchr::test::start ... ok
[INFO] [stdout] test itoa::test::unsigned_zero ... ok
[INFO] [stdout] test itoa::test::unsigned_hundredish ... ok
[INFO] [stdout] test itoa::test::unsigned_hex ... ok
[INFO] [stdout] test strchr::test::no_match ... ok
[INFO] [stdout] test itoa::test::octal ... ok
[INFO] [stdout] test strncmp::test::no_match ... ok
[INFO] [stdout] test strncpy::test::short ... ok
[INFO] [stdout] test strncmp::test::no_match2 ... ok
[INFO] [stdout] test strncpy::test::two ... ok
[INFO] [stdout] test strstr::test::end ... ok
[INFO] [stdout] test strstr::test::middle ... ok
[INFO] [stdout] test strstr::test::no_match ... ok
[INFO] [stdout] test strstr::test::partial ... ok
[INFO] [stdout] test strncmp::test::matches ... ok
[INFO] [stdout] test strtol::test::bad_number ... ok
[INFO] [stdout] test strtol::test::big_long ... ok
[INFO] [stdout] test strtol::test::empty ... ok
[INFO] [stdout] test strtol::test::hundredish ... ok
[INFO] [stdout] test strstr::test::start ... ok
[INFO] [stdout] test strtol::test::one ... ok
[INFO] [stdout] test strtol::test::non_digit ... ok
[INFO] [stderr] error: test failed, to rerun pass '--lib'
[INFO] [stdout] test snprintf::test::numbers ... FAILED
[INFO] [stdout] 
[INFO] [stdout] failures:
[INFO] [stdout] 
[INFO] [stdout] ---- snprintf::test::numbers stdout ----
[INFO] [stdout] thread 'snprintf::test::numbers' panicked at 'assertion failed: `(left == right)`
[INFO] [stdout]   left: `59`,
[INFO] [stdout]  right: `53`', src/snprintf.rs:106:9
[INFO] [stdout] stack backtrace:
[INFO] [stdout]    0:     0x55762efb8db0 - std::backtrace_rs::backtrace::libunwind::trace::h34055254b57d8e79
[INFO] [stdout]                                at /rustc/a178d0322ce20e33eac124758e837cbd80a6f633/library/std/src/../../backtrace/src/backtrace/libunwind.rs:90:5
[INFO] [stdout]    1:     0x55762efb8db0 - std::backtrace_rs::backtrace::trace_unsynchronized::h8f1e3fbd9afff6ec
[INFO] [stdout]                                at /rustc/a178d0322ce20e33eac124758e837cbd80a6f633/library/std/src/../../backtrace/src/backtrace/mod.rs:66:5
[INFO] [stdout]    2:     0x55762efb8db0 - std::sys_common::backtrace::_print_fmt::h3a99a796b770c360
[INFO] [stdout]                                at /rustc/a178d0322ce20e33eac124758e837cbd80a6f633/library/std/src/sys_common/backtrace.rs:67:5
[INFO] [stdout]    3:     0x55762efb8db0 - <std::sys_common::backtrace::_print::DisplayBacktrace as core::fmt::Display>::fmt::h32d1f94a80615d18
[INFO] [stdout]                                at /rustc/a178d0322ce20e33eac124758e837cbd80a6f633/library/std/src/sys_common/backtrace.rs:46:22
[INFO] [stdout]    4:     0x55762efdb5ac - core::fmt::write::h306731c068f7162c
[INFO] [stdout]                                at /rustc/a178d0322ce20e33eac124758e837cbd80a6f633/library/core/src/fmt/mod.rs:1110:17
[INFO] [stdout]    5:     0x55762efb5cd5 - std::io::Write::write_fmt::h87f19b0a2cd190bc
[INFO] [stdout]                                at /rustc/a178d0322ce20e33eac124758e837cbd80a6f633/library/std/src/io/mod.rs:1588:15
[INFO] [stdout]    6:     0x55762efbaf1b - std::sys_common::backtrace::_print::h5abaa2601a852287
[INFO] [stdout]                                at /rustc/a178d0322ce20e33eac124758e837cbd80a6f633/library/std/src/sys_common/backtrace.rs:49:5
[INFO] [stdout]    7:     0x55762efbaf1b - std::sys_common::backtrace::print::h8d81445442bb638f
[INFO] [stdout]                                at /rustc/a178d0322ce20e33eac124758e837cbd80a6f633/library/std/src/sys_common/backtrace.rs:36:9
[INFO] [stdout]    8:     0x55762efbaf1b - std::panicking::default_hook::{{closure}}::hcfe804496a9fa747
[INFO] [stdout]                                at /rustc/a178d0322ce20e33eac124758e837cbd80a6f633/library/std/src/panicking.rs:208:50
[INFO] [stdout]    9:     0x55762efbaa2c - std::panicking::default_hook::hbea8e3ccf2ba8901
[INFO] [stdout]                                at /rustc/a178d0322ce20e33eac124758e837cbd80a6f633/library/std/src/panicking.rs:222:9
[INFO] [stdout]   10:     0x55762efbb5e4 - std::panicking::rust_panic_with_hook::h7ee9e1a2d0f8975a
[INFO] [stdout]                                at /rustc/a178d0322ce20e33eac124758e837cbd80a6f633/library/std/src/panicking.rs:622:17
[INFO] [stdout]   11:     0x55762efbb0c7 - std::panicking::begin_panic_handler::{{closure}}::h8ab3b4491718b2c7
[INFO] [stdout]                                at /rustc/a178d0322ce20e33eac124758e837cbd80a6f633/library/std/src/panicking.rs:519:13
[INFO] [stdout]   12:     0x55762efb92ac - std::sys_common::backtrace::__rust_end_short_backtrace::hd489062ffa586a9f
[INFO] [stdout]                                at /rustc/a178d0322ce20e33eac124758e837cbd80a6f633/library/std/src/sys_common/backtrace.rs:141:18
[INFO] [stdout]   13:     0x55762efbb029 - rust_begin_unwind
[INFO] [stdout]                                at /rustc/a178d0322ce20e33eac124758e837cbd80a6f633/library/std/src/panicking.rs:515:5
[INFO] [stdout]   14:     0x55762ef5e661 - core::panicking::panic_fmt::hca6330e3e14086b4
[INFO] [stdout]                                at /rustc/a178d0322ce20e33eac124758e837cbd80a6f633/library/core/src/panicking.rs:92:14
[INFO] [stdout]   15:     0x55762efd9ec8 - core::panicking::assert_failed_inner::h33b45280069a80ed
[INFO] [stdout]   16:     0x55762ef6107a - core::panicking::assert_failed::hff622a1e269719c4
[INFO] [stdout]                                at /rustc/a178d0322ce20e33eac124758e837cbd80a6f633/library/core/src/panicking.rs:117:5
[INFO] [stdout]   17:     0x55762ef652c1 - tinyrlibc::snprintf::test::numbers::h87f1b4313ce086d8
[INFO] [stdout]                                at /opt/rustwide/workdir/src/snprintf.rs:106:3
[INFO] [stdout]   18:     0x55762ef6515a - tinyrlibc::snprintf::test::numbers::{{closure}}::h00378b319588fb55
[INFO] [stdout]                                at /opt/rustwide/workdir/src/snprintf.rs:104:2
[INFO] [stdout]   19:     0x55762ef6594e - core::ops::function::FnOnce::call_once::h5e8cd65d57ae33a6
[INFO] [stdout]                                at /rustc/a178d0322ce20e33eac124758e837cbd80a6f633/library/core/src/ops/function.rs:227:5
[INFO] [stdout]   20:     0x55762ef902b3 - core::ops::function::FnOnce::call_once::h152e7e439ff59e19
[INFO] [stdout]                                at /rustc/a178d0322ce20e33eac124758e837cbd80a6f633/library/core/src/ops/function.rs:227:5
[INFO] [stdout]   21:     0x55762ef902b3 - test::__rust_begin_short_backtrace::h0908f3b1fdbb72ab
[INFO] [stdout]                                at /rustc/a178d0322ce20e33eac124758e837cbd80a6f633/library/test/src/lib.rs:577:5
[INFO] [stdout]   22:     0x55762ef8ed70 - <alloc::boxed::Box<F,A> as core::ops::function::FnOnce<Args>>::call_once::hf6d2a51e5587546c
[INFO] [stdout]                                at /rustc/a178d0322ce20e33eac124758e837cbd80a6f633/library/alloc/src/boxed.rs:1575:9
[INFO] [stdout]   23:     0x55762ef8ed70 - <std::panic::AssertUnwindSafe<F> as core::ops::function::FnOnce<()>>::call_once::h8af660f3a89ef593
[INFO] [stdout]                                at /rustc/a178d0322ce20e33eac124758e837cbd80a6f633/library/std/src/panic.rs:347:9
[INFO] [stdout]   24:     0x55762ef8ed70 - std::panicking::try::do_call::hd36aef60f84b6d36
[INFO] [stdout]                                at /rustc/a178d0322ce20e33eac124758e837cbd80a6f633/library/std/src/panicking.rs:401:40
[INFO] [stdout]   25:     0x55762ef8ed70 - std::panicking::try::h9932b4480e69817c
[INFO] [stdout]                                at /rustc/a178d0322ce20e33eac124758e837cbd80a6f633/library/std/src/panicking.rs:365:19
[INFO] [stdout]   26:     0x55762ef8ed70 - std::panic::catch_unwind::h6aa177099cfff5f8
[INFO] [stdout]                                at /rustc/a178d0322ce20e33eac124758e837cbd80a6f633/library/std/src/panic.rs:434:14
[INFO] [stdout]   27:     0x55762ef8ed70 - test::run_test_in_process::h5884d6f2d99e20c3
[INFO] [stdout]                                at /rustc/a178d0322ce20e33eac124758e837cbd80a6f633/library/test/src/lib.rs:600:18
[INFO] [stdout]   28:     0x55762ef8ed70 - test::run_test::run_test_inner::{{closure}}::h6fdc58c6d5f5b6e3
[INFO] [stdout]                                at /rustc/a178d0322ce20e33eac124758e837cbd80a6f633/library/test/src/lib.rs:492:39
[INFO] [stdout]   29:     0x55762ef68422 - test::run_test::run_test_inner::{{closure}}::h408365d67a78ade8
[INFO] [stdout]                                at /rustc/a178d0322ce20e33eac124758e837cbd80a6f633/library/test/src/lib.rs:519:37
[INFO] [stdout]   30:     0x55762ef68422 - std::sys_common::backtrace::__rust_begin_short_backtrace::hb560b77c4f701523
[INFO] [stdout]                                at /rustc/a178d0322ce20e33eac124758e837cbd80a6f633/library/std/src/sys_common/backtrace.rs:125:18
[INFO] [stdout]   31:     0x55762ef6bfd8 - std::thread::Builder::spawn_unchecked::{{closure}}::{{closure}}::hf2e7831dad93c597
[INFO] [stdout]                                at /rustc/a178d0322ce20e33eac124758e837cbd80a6f633/library/std/src/thread/mod.rs:481:17
[INFO] [stdout]   32:     0x55762ef6bfd8 - <std::panic::AssertUnwindSafe<F> as core::ops::function::FnOnce<()>>::call_once::hd2e08783d8be4d02
[INFO] [stdout]                                at /rustc/a178d0322ce20e33eac124758e837cbd80a6f633/library/std/src/panic.rs:347:9
[INFO] [stdout]   33:     0x55762ef6bfd8 - std::panicking::try::do_call::h062597b7acfd6b82
[INFO] [stdout]                                at /rustc/a178d0322ce20e33eac124758e837cbd80a6f633/library/std/src/panicking.rs:401:40
[INFO] [stdout]   34:     0x55762ef6bfd8 - std::panicking::try::h0d7b79db04c14552
[INFO] [stdout]                                at /rustc/a178d0322ce20e33eac124758e837cbd80a6f633/library/std/src/panicking.rs:365:19
[INFO] [stdout]   35:     0x55762ef6bfd8 - std::panic::catch_unwind::hb01a0b5e7c8cd43b
[INFO] [stdout]                                at /rustc/a178d0322ce20e33eac124758e837cbd80a6f633/library/std/src/panic.rs:434:14
[INFO] [stdout]   36:     0x55762ef6bfd8 - std::thread::Builder::spawn_unchecked::{{closure}}::h5bde48cc887e0d1e
[INFO] [stdout]                                at /rustc/a178d0322ce20e33eac124758e837cbd80a6f633/library/std/src/thread/mod.rs:480:30
[INFO] [stdout]   37:     0x55762ef6bfd8 - core::ops::function::FnOnce::call_once{{vtable.shim}}::h745ea30807a29e55
[INFO] [stdout]                                at /rustc/a178d0322ce20e33eac124758e837cbd80a6f633/library/core/src/ops/function.rs:227:5
[INFO] [stdout]   38:     0x55762efc00a7 - <alloc::boxed::Box<F,A> as core::ops::function::FnOnce<Args>>::call_once::h7ece6cfefaff1005
[INFO] [stdout]                                at /rustc/a178d0322ce20e33eac124758e837cbd80a6f633/library/alloc/src/boxed.rs:1575:9
[INFO] [stdout]   39:     0x55762efc00a7 - <alloc::boxed::Box<F,A> as core::ops::function::FnOnce<Args>>::call_once::hb8b48e55c21f193e
[INFO] [stdout]                                at /rustc/a178d0322ce20e33eac124758e837cbd80a6f633/library/alloc/src/boxed.rs:1575:9
[INFO] [stdout]   40:     0x55762efc00a7 - std::sys::unix::thread::Thread::new::thread_start::h8c7c4450dba62914
[INFO] [stdout]                                at /rustc/a178d0322ce20e33eac124758e837cbd80a6f633/library/std/src/sys/unix/thread.rs:71:17
[INFO] [stdout]   41:     0x7f6329dff609 - start_thread
[INFO] [stdout]   42:     0x7f6329bd1293 - clone
[INFO] [stdout]   43:                0x0 - <unknown>
[INFO] [stdout] 
[INFO] [stdout] 
[INFO] [stdout] failures:
[INFO] [stdout]     snprintf::test::numbers
[INFO] [stdout] 
[INFO] [stdout] test result: FAILED. 42 passed; 1 failed; 0 ignored; 0 measured; 0 filtered out; finished in 0.08s
[INFO] [stdout] 
[INFO] running `Command { std: "docker" "inspect" "a406f5c612b5fb867f436e95885b0f316630b9066307c88f2bd8774bfea82e45", kill_on_drop: false }`
[INFO] running `Command { std: "docker" "rm" "-f" "a406f5c612b5fb867f436e95885b0f316630b9066307c88f2bd8774bfea82e45", kill_on_drop: false }`
[INFO] [stdout] a406f5c612b5fb867f436e95885b0f316630b9066307c88f2bd8774bfea82e45
