[INFO] fetching crate tindercrypt 0.3.2...
[INFO] testing tindercrypt-0.3.2 against beta-2021-08-01 for beta-1.55-1
[INFO] extracting crate tindercrypt 0.3.2 into /workspace/builds/worker-15/source
[INFO] validating manifest of crates.io crate tindercrypt 0.3.2 on toolchain beta-2021-08-01
[INFO] running `Command { std: "/workspace/cargo-home/bin/cargo" "+beta-2021-08-01" "metadata" "--manifest-path" "Cargo.toml" "--no-deps", kill_on_drop: false }`
[INFO] started tweaking crates.io crate tindercrypt 0.3.2
[INFO] finished tweaking crates.io crate tindercrypt 0.3.2
[INFO] tweaked toml for crates.io crate tindercrypt 0.3.2 written to /workspace/builds/worker-15/source/Cargo.toml
[INFO] crate crates.io crate tindercrypt 0.3.2 already has a lockfile, it will not be regenerated
[INFO] running `Command { std: "/workspace/cargo-home/bin/cargo" "+beta-2021-08-01" "fetch" "--manifest-path" "Cargo.toml", kill_on_drop: false }`
[INFO] [stderr]     Blocking waiting for file lock on package cache
[INFO] running `Command { std: "docker" "create" "-v" "/var/lib/crater-agent-workspace/builds/worker-15/target:/opt/rustwide/target:rw,Z" "-v" "/var/lib/crater-agent-workspace/builds/worker-15/source:/opt/rustwide/workdir:ro,Z" "-v" "/var/lib/crater-agent-workspace/cargo-home:/opt/rustwide/cargo-home:ro,Z" "-v" "/var/lib/crater-agent-workspace/rustup-home:/opt/rustwide/rustup-home:ro,Z" "-e" "SOURCE_DIR=/opt/rustwide/workdir" "-e" "CARGO_TARGET_DIR=/opt/rustwide/target" "-e" "CARGO_HOME=/opt/rustwide/cargo-home" "-e" "RUSTUP_HOME=/opt/rustwide/rustup-home" "-w" "/opt/rustwide/workdir" "-m" "1610612736" "--user" "0:0" "--network" "none" "ghcr.io/rust-lang/crates-build-env/linux@sha256:34b6a614d2c27851fe6cbf88fbd1137609cefab8b10d0615aaeb6fd47975d74e" "/opt/rustwide/cargo-home/bin/cargo" "+beta-2021-08-01" "metadata" "--no-deps" "--format-version=1", kill_on_drop: false }`
[INFO] [stdout] 859a0155d8c0ad3cc3546dfabb8e1d4893b8e07e0ff252f9d9a7f085b1738adb
[INFO] running `Command { std: "docker" "start" "-a" "859a0155d8c0ad3cc3546dfabb8e1d4893b8e07e0ff252f9d9a7f085b1738adb", kill_on_drop: false }`
[INFO] running `Command { std: "docker" "inspect" "859a0155d8c0ad3cc3546dfabb8e1d4893b8e07e0ff252f9d9a7f085b1738adb", kill_on_drop: false }`
[INFO] running `Command { std: "docker" "rm" "-f" "859a0155d8c0ad3cc3546dfabb8e1d4893b8e07e0ff252f9d9a7f085b1738adb", kill_on_drop: false }`
[INFO] [stdout] 859a0155d8c0ad3cc3546dfabb8e1d4893b8e07e0ff252f9d9a7f085b1738adb
[INFO] running `Command { std: "docker" "create" "-v" "/var/lib/crater-agent-workspace/builds/worker-15/target:/opt/rustwide/target:rw,Z" "-v" "/var/lib/crater-agent-workspace/builds/worker-15/source:/opt/rustwide/workdir:ro,Z" "-v" "/var/lib/crater-agent-workspace/cargo-home:/opt/rustwide/cargo-home:ro,Z" "-v" "/var/lib/crater-agent-workspace/rustup-home:/opt/rustwide/rustup-home:ro,Z" "-e" "SOURCE_DIR=/opt/rustwide/workdir" "-e" "CARGO_TARGET_DIR=/opt/rustwide/target" "-e" "CARGO_INCREMENTAL=0" "-e" "RUST_BACKTRACE=full" "-e" "RUSTFLAGS=--cap-lints=warn" "-e" "CARGO_HOME=/opt/rustwide/cargo-home" "-e" "RUSTUP_HOME=/opt/rustwide/rustup-home" "-w" "/opt/rustwide/workdir" "-m" "1610612736" "--user" "0:0" "--network" "none" "ghcr.io/rust-lang/crates-build-env/linux@sha256:34b6a614d2c27851fe6cbf88fbd1137609cefab8b10d0615aaeb6fd47975d74e" "/opt/rustwide/cargo-home/bin/cargo" "+beta-2021-08-01" "build" "--frozen" "--message-format=json", kill_on_drop: false }`
[INFO] [stdout] 44850abb183fa190834784755f11f2f49242afdf16052fa824c509b009f0b900
[INFO] running `Command { std: "docker" "start" "-a" "44850abb183fa190834784755f11f2f49242afdf16052fa824c509b009f0b900", kill_on_drop: false }`
[INFO] [stderr]     Blocking waiting for file lock on package cache
[INFO] [stderr]     Blocking waiting for file lock on package cache
[INFO] [stderr]    Compiling libc v0.2.97
[INFO] [stderr]    Compiling memchr v2.4.0
[INFO] [stderr]    Compiling proc-macro2 v1.0.27
[INFO] [stderr]    Compiling unicode-xid v0.2.2
[INFO] [stderr]    Compiling syn v1.0.73
[INFO] [stderr]    Compiling ppv-lite86 v0.2.10
[INFO] [stderr]    Compiling cc v1.0.68
[INFO] [stderr]    Compiling unicode-width v0.1.8
[INFO] [stderr]    Compiling regex-syntax v0.6.25
[INFO] [stderr]    Compiling protobuf v2.24.1
[INFO] [stderr]    Compiling ansi_term v0.11.0
[INFO] [stderr]    Compiling strsim v0.8.0
[INFO] [stderr]    Compiling once_cell v1.8.0
[INFO] [stderr]    Compiling tindercrypt v0.3.2 (/opt/rustwide/workdir)
[INFO] [stderr]    Compiling vec_map v0.8.2
[INFO] [stderr]    Compiling zeroize v1.3.0
[INFO] [stderr]    Compiling textwrap v0.11.0
[INFO] [stderr]    Compiling aho-corasick v0.7.18
[INFO] [stderr]    Compiling getrandom v0.2.3
[INFO] [stderr]    Compiling terminal_size v0.1.17
[INFO] [stderr]    Compiling atty v0.2.14
[INFO] [stderr]    Compiling ring v0.16.20
[INFO] [stderr]    Compiling quote v1.0.9
[INFO] [stderr]    Compiling clap v2.33.3
[INFO] [stderr]    Compiling rand_core v0.6.3
[INFO] [stderr]    Compiling rand_chacha v0.3.1
[INFO] [stderr]    Compiling rand v0.8.4
[INFO] [stderr]    Compiling regex v1.5.4
[INFO] [stderr]    Compiling tempfile v3.2.0
[INFO] [stderr]    Compiling console v0.14.1
[INFO] [stderr]    Compiling dialoguer v0.8.0
[INFO] [stderr]    Compiling thiserror-impl v1.0.25
[INFO] [stderr]    Compiling thiserror v1.0.25
[INFO] [stderr]     Finished dev [unoptimized + debuginfo] target(s) in 16.02s
[INFO] running `Command { std: "docker" "inspect" "44850abb183fa190834784755f11f2f49242afdf16052fa824c509b009f0b900", kill_on_drop: false }`
[INFO] running `Command { std: "docker" "rm" "-f" "44850abb183fa190834784755f11f2f49242afdf16052fa824c509b009f0b900", kill_on_drop: false }`
[INFO] [stdout] 44850abb183fa190834784755f11f2f49242afdf16052fa824c509b009f0b900
[INFO] running `Command { std: "docker" "create" "-v" "/var/lib/crater-agent-workspace/builds/worker-15/target:/opt/rustwide/target:rw,Z" "-v" "/var/lib/crater-agent-workspace/builds/worker-15/source:/opt/rustwide/workdir:ro,Z" "-v" "/var/lib/crater-agent-workspace/cargo-home:/opt/rustwide/cargo-home:ro,Z" "-v" "/var/lib/crater-agent-workspace/rustup-home:/opt/rustwide/rustup-home:ro,Z" "-e" "SOURCE_DIR=/opt/rustwide/workdir" "-e" "CARGO_TARGET_DIR=/opt/rustwide/target" "-e" "CARGO_INCREMENTAL=0" "-e" "RUST_BACKTRACE=full" "-e" "RUSTFLAGS=--cap-lints=warn" "-e" "CARGO_HOME=/opt/rustwide/cargo-home" "-e" "RUSTUP_HOME=/opt/rustwide/rustup-home" "-w" "/opt/rustwide/workdir" "-m" "1610612736" "--user" "0:0" "--network" "none" "ghcr.io/rust-lang/crates-build-env/linux@sha256:34b6a614d2c27851fe6cbf88fbd1137609cefab8b10d0615aaeb6fd47975d74e" "/opt/rustwide/cargo-home/bin/cargo" "+beta-2021-08-01" "test" "--frozen" "--no-run" "--message-format=json", kill_on_drop: false }`
[INFO] [stdout] 4e4db3b55de9e7564d955030ae51de780f098ddc5c9204c6371785204310499a
[INFO] running `Command { std: "docker" "start" "-a" "4e4db3b55de9e7564d955030ae51de780f098ddc5c9204c6371785204310499a", kill_on_drop: false }`
[INFO] [stderr]    Compiling log v0.4.14
[INFO] [stderr]    Compiling regex-automata v0.1.10
[INFO] [stderr]    Compiling crossbeam-utils v0.8.5
[INFO] [stderr]    Compiling same-file v1.0.6
[INFO] [stderr]    Compiling fnv v1.0.7
[INFO] [stderr]    Compiling predicates-core v1.0.2
[INFO] [stderr]    Compiling doc-comment v0.3.3
[INFO] [stderr]    Compiling difference v2.0.0
[INFO] [stderr]    Compiling normalize-line-endings v0.3.0
[INFO] [stderr]    Compiling treeline v0.1.0
[INFO] [stderr]    Compiling num-traits v0.2.14
[INFO] [stderr]    Compiling thread_local v1.1.3
[INFO] [stderr]    Compiling wait-timeout v0.2.0
[INFO] [stderr]    Compiling walkdir v2.3.2
[INFO] [stderr]    Compiling predicates-tree v1.0.2
[INFO] [stderr]    Compiling bstr v0.2.16
[INFO] [stderr]    Compiling globset v0.4.8
[INFO] [stderr]    Compiling ignore v0.4.18
[INFO] [stderr]    Compiling float-cmp v0.8.0
[INFO] [stderr]    Compiling predicates v1.0.8
[INFO] [stderr]    Compiling globwalk v0.8.1
[INFO] [stderr]    Compiling assert_cmd v1.0.5
[INFO] [stderr]    Compiling assert_fs v1.0.2
[INFO] [stderr]    Compiling tindercrypt v0.3.2 (/opt/rustwide/workdir)
[INFO] [stderr]     Finished test [unoptimized + debuginfo] target(s) in 9.46s
[INFO] running `Command { std: "docker" "inspect" "4e4db3b55de9e7564d955030ae51de780f098ddc5c9204c6371785204310499a", kill_on_drop: false }`
[INFO] running `Command { std: "docker" "rm" "-f" "4e4db3b55de9e7564d955030ae51de780f098ddc5c9204c6371785204310499a", kill_on_drop: false }`
[INFO] [stdout] 4e4db3b55de9e7564d955030ae51de780f098ddc5c9204c6371785204310499a
[INFO] running `Command { std: "docker" "create" "-v" "/var/lib/crater-agent-workspace/builds/worker-15/target:/opt/rustwide/target:rw,Z" "-v" "/var/lib/crater-agent-workspace/builds/worker-15/source:/opt/rustwide/workdir:ro,Z" "-v" "/var/lib/crater-agent-workspace/cargo-home:/opt/rustwide/cargo-home:ro,Z" "-v" "/var/lib/crater-agent-workspace/rustup-home:/opt/rustwide/rustup-home:ro,Z" "-e" "SOURCE_DIR=/opt/rustwide/workdir" "-e" "CARGO_TARGET_DIR=/opt/rustwide/target" "-e" "CARGO_INCREMENTAL=0" "-e" "RUST_BACKTRACE=full" "-e" "RUSTFLAGS=--cap-lints=warn" "-e" "CARGO_HOME=/opt/rustwide/cargo-home" "-e" "RUSTUP_HOME=/opt/rustwide/rustup-home" "-w" "/opt/rustwide/workdir" "-m" "1610612736" "--user" "0:0" "--network" "none" "ghcr.io/rust-lang/crates-build-env/linux@sha256:34b6a614d2c27851fe6cbf88fbd1137609cefab8b10d0615aaeb6fd47975d74e" "/opt/rustwide/cargo-home/bin/cargo" "+beta-2021-08-01" "test" "--frozen", kill_on_drop: false }`
[INFO] [stdout] 6bf889465857a750069bf1dd93e1fd46f7aef7ca927a0ca28078e12f69fe6870
[INFO] running `Command { std: "docker" "start" "-a" "6bf889465857a750069bf1dd93e1fd46f7aef7ca927a0ca28078e12f69fe6870", kill_on_drop: false }`
[INFO] [stderr]     Finished test [unoptimized + debuginfo] target(s) in 0.10s
[INFO] [stderr]      Running unittests (/opt/rustwide/target/debug/deps/tindercrypt-a5b2df1ce84170d9)
[INFO] [stdout] 
[INFO] [stdout] running 13 tests
[INFO] [stdout] test aead::tests::test_in_out ... ok
[INFO] [stdout] test aead::tests::test_key ... ok
[INFO] [stdout] test aead::tests::test_seal_open_aes ... ok
[INFO] [stdout] test aead::tests::test_seal_open_chacha20 ... ok
[INFO] [stdout] test cryptors::tests::test_seal_open_in_place ... ok
[INFO] [stdout] test metadata::tests::test_encryption_algorithm ... ok
[INFO] [stdout] test metadata::tests::test_hash_function ... ok
[INFO] [stdout] test metadata::tests::test_key_derivation_algorithm ... ok
[INFO] [stdout] test metadata::tests::test_metadata_buf ... ok
[INFO] [stdout] test metadata::tests::test_metadata_proto ... ok
[INFO] [stdout] test pbkdf2::tests::test_pbkd2_derive_key ... ok
[INFO] [stdout] test cryptors::tests::test_derive_key ... ok
[INFO] [stderr]      Running unittests (/opt/rustwide/target/debug/deps/tindercrypt-0984658737d28e71)
[INFO] [stdout] test cryptors::tests::test_seal_open ... ok
[INFO] [stdout] 
[INFO] [stdout] test result: ok. 13 passed; 0 failed; 0 ignored; 0 measured; 0 filtered out; finished in 1.57s
[INFO] [stdout] 
[INFO] [stdout] 
[INFO] [stdout] running 0 tests
[INFO] [stdout] 
[INFO] [stdout] test result: ok. 0 passed; 0 failed; 0 ignored; 0 measured; 0 filtered out; finished in 0.00s
[INFO] [stdout] 
[INFO] [stderr]      Running tests/test_cli.rs (/opt/rustwide/target/debug/deps/test_cli-e9f351b5d99f81fd)
[INFO] [stdout] 
[INFO] [stdout] running 2 tests
[INFO] [stdout] test test_encrypt_decrypt ... ok
[INFO] [stdout] test test_invalid_args ... ok
[INFO] [stdout] 
[INFO] [stdout] test result: ok. 2 passed; 0 failed; 0 ignored; 0 measured; 0 filtered out; finished in 0.07s
[INFO] [stdout] 
[INFO] [stderr]    Doc-tests tindercrypt
[INFO] [stdout] 
[INFO] [stdout] running 16 tests
[INFO] [stdout] test src/aead.rs - aead (line 11) ... FAILED
[INFO] [stdout] test src/cryptors.rs - cryptors::RingCryptor (line 54) ... FAILED
[INFO] [stdout] test src/cryptors.rs - cryptors::RingCryptor (line 105) ... FAILED
[INFO] [stdout] test src/metadata.rs - metadata::Metadata (line 487) ... FAILED
[INFO] [stdout] test src/metadata.rs - metadata::Metadata (line 472) ... FAILED
[INFO] [stdout] test src/cryptors.rs - cryptors::RingCryptor::derive_key (line 310) ... FAILED
[INFO] [stdout] test src/cryptors.rs - cryptors::RingCryptor::verify_key_size (line 199) ... FAILED
[INFO] [stdout] test src/metadata.rs - metadata::EncryptionMetadata (line 338) ... FAILED
[INFO] [stdout] test src/cryptors.rs - cryptors::RingCryptor::derive_key_no_alloc (line 252) ... FAILED
[INFO] [stdout] test src/cryptors.rs - cryptors::RingCryptor (line 72) ... FAILED
[INFO] [stdout] test src/metadata.rs - metadata::KeyDerivationMetadata (line 188) ... FAILED
[INFO] [stdout] test src/pbkdf2.rs - pbkdf2::derive_key (line 22) ... FAILED
[INFO] [stdout] test src/metadata.rs - metadata::EncryptionAlgorithm (line 377) ... ok
[INFO] [stdout] test src/metadata.rs - metadata::KeyDerivationAlgorithm (line 244) ... ok
[INFO] [stdout] test src/rand.rs - rand::fill_buf (line 7) ... ok
[INFO] [stdout] test src/cryptors.rs - cryptors::RingCryptor::get_key_size (line 171) ... ok
[INFO] [stdout] 
[INFO] [stdout] failures:
[INFO] [stdout] 
[INFO] [stdout] ---- src/aead.rs - aead (line 11) stdout ----
[INFO] [stdout] Couldn't compile the test.
[INFO] [stdout] ---- src/cryptors.rs - cryptors::RingCryptor (line 54) stdout ----
[INFO] [stdout] Couldn't compile the test.
[INFO] [stdout] ---- src/cryptors.rs - cryptors::RingCryptor (line 105) stdout ----
[INFO] [stdout] Couldn't compile the test.
[INFO] [stdout] ---- src/metadata.rs - metadata::Metadata (line 487) stdout ----
[INFO] [stdout] Couldn't compile the test.
[INFO] [stdout] ---- src/metadata.rs - metadata::Metadata (line 472) stdout ----
[INFO] [stdout] Couldn't compile the test.
[INFO] [stdout] ---- src/cryptors.rs - cryptors::RingCryptor::derive_key (line 310) stdout ----
[INFO] [stdout] Couldn't compile the test.
[INFO] [stdout] ---- src/cryptors.rs - cryptors::RingCryptor::verify_key_size (line 199) stdout ----
[INFO] [stdout] Couldn't compile the test.
[INFO] [stdout] ---- src/metadata.rs - metadata::EncryptionMetadata (line 338) stdout ----
[INFO] [stdout] Couldn't compile the test.
[INFO] [stdout] ---- src/cryptors.rs - cryptors::RingCryptor::derive_key_no_alloc (line 252) stdout ----
[INFO] [stdout] Couldn't compile the test.
[INFO] [stdout] ---- src/cryptors.rs - cryptors::RingCryptor (line 72) stdout ----
[INFO] [stdout] Couldn't compile the test.
[INFO] [stdout] ---- src/metadata.rs - metadata::KeyDerivationMetadata (line 188) stdout ----
[INFO] [stdout] Couldn't compile the test.
[INFO] [stdout] ---- src/pbkdf2.rs - pbkdf2::derive_key (line 22) stdout ----
[INFO] [stdout] Couldn't compile the test.
[INFO] [stdout] 
[INFO] [stdout] failures:
[INFO] [stdout]     src/aead.rs - aead (line 11)
[INFO] [stdout]     src/cryptors.rs - cryptors::RingCryptor (line 105)
[INFO] [stdout]     src/cryptors.rs - cryptors::RingCryptor (line 54)
[INFO] [stdout]     src/cryptors.rs - cryptors::RingCryptor (line 72)
[INFO] [stdout]     src/cryptors.rs - cryptors::RingCryptor::derive_key (line 310)
[INFO] [stdout]     src/cryptors.rs - cryptors::RingCryptor::derive_key_no_alloc (line 252)
[INFO] [stdout]     src/cryptors.rs - cryptors::RingCryptor::verify_key_size (line 199)
[INFO] [stdout]     src/metadata.rs - metadata::EncryptionMetadata (line 338)
[INFO] [stdout]     src/metadata.rs - metadata::KeyDerivationMetadata (line 188)
[INFO] [stdout]     src/metadata.rs - metadata::Metadata (line 472)
[INFO] [stdout]     src/metadata.rs - metadata::Metadata (line 487)
[INFO] [stdout]     src/pbkdf2.rs - pbkdf2::derive_key (line 22)
[INFO] [stdout] 
[INFO] [stdout] test result: FAILED. 4 passed; 12 failed; 0 ignored; 0 measured; 0 filtered out; finished in 3.96s
[INFO] [stdout] 
[INFO] [stderr] error: test failed, to rerun pass '--doc'
[INFO] running `Command { std: "docker" "inspect" "6bf889465857a750069bf1dd93e1fd46f7aef7ca927a0ca28078e12f69fe6870", kill_on_drop: false }`
[INFO] running `Command { std: "docker" "rm" "-f" "6bf889465857a750069bf1dd93e1fd46f7aef7ca927a0ca28078e12f69fe6870", kill_on_drop: false }`
[INFO] [stdout] 6bf889465857a750069bf1dd93e1fd46f7aef7ca927a0ca28078e12f69fe6870
