[INFO] fetching crate timed-queue 0.2.3...
[INFO] testing timed-queue-0.2.3 against 1.54.0 for beta-1.55-1
[INFO] extracting crate timed-queue 0.2.3 into /workspace/builds/worker-24/source
[INFO] validating manifest of crates.io crate timed-queue 0.2.3 on toolchain 1.54.0
[INFO] running `Command { std: "/workspace/cargo-home/bin/cargo" "+1.54.0" "metadata" "--manifest-path" "Cargo.toml" "--no-deps", kill_on_drop: false }`
[INFO] started tweaking crates.io crate timed-queue 0.2.3
[INFO] finished tweaking crates.io crate timed-queue 0.2.3
[INFO] tweaked toml for crates.io crate timed-queue 0.2.3 written to /workspace/builds/worker-24/source/Cargo.toml
[INFO] crate crates.io crate timed-queue 0.2.3 already has a lockfile, it will not be regenerated
[INFO] running `Command { std: "/workspace/cargo-home/bin/cargo" "+1.54.0" "fetch" "--manifest-path" "Cargo.toml", kill_on_drop: false }`
[INFO] [stderr]     Blocking waiting for file lock on package cache
[INFO] running `Command { std: "docker" "create" "-v" "/var/lib/crater-agent-workspace/builds/worker-24/target:/opt/rustwide/target:rw,Z" "-v" "/var/lib/crater-agent-workspace/builds/worker-24/source:/opt/rustwide/workdir:ro,Z" "-v" "/var/lib/crater-agent-workspace/cargo-home:/opt/rustwide/cargo-home:ro,Z" "-v" "/var/lib/crater-agent-workspace/rustup-home:/opt/rustwide/rustup-home:ro,Z" "-e" "SOURCE_DIR=/opt/rustwide/workdir" "-e" "CARGO_TARGET_DIR=/opt/rustwide/target" "-e" "CARGO_HOME=/opt/rustwide/cargo-home" "-e" "RUSTUP_HOME=/opt/rustwide/rustup-home" "-w" "/opt/rustwide/workdir" "-m" "1610612736" "--user" "0:0" "--network" "none" "ghcr.io/rust-lang/crates-build-env/linux@sha256:34b6a614d2c27851fe6cbf88fbd1137609cefab8b10d0615aaeb6fd47975d74e" "/opt/rustwide/cargo-home/bin/cargo" "+1.54.0" "metadata" "--no-deps" "--format-version=1", kill_on_drop: false }`
[INFO] [stdout] f27680863890e115e6d70791b44e85a22b3db84dd3e1aa9f5aad50b38764f18c
[INFO] running `Command { std: "docker" "start" "-a" "f27680863890e115e6d70791b44e85a22b3db84dd3e1aa9f5aad50b38764f18c", kill_on_drop: false }`
[INFO] running `Command { std: "docker" "inspect" "f27680863890e115e6d70791b44e85a22b3db84dd3e1aa9f5aad50b38764f18c", kill_on_drop: false }`
[INFO] running `Command { std: "docker" "rm" "-f" "f27680863890e115e6d70791b44e85a22b3db84dd3e1aa9f5aad50b38764f18c", kill_on_drop: false }`
[INFO] [stdout] f27680863890e115e6d70791b44e85a22b3db84dd3e1aa9f5aad50b38764f18c
[INFO] running `Command { std: "docker" "create" "-v" "/var/lib/crater-agent-workspace/builds/worker-24/target:/opt/rustwide/target:rw,Z" "-v" "/var/lib/crater-agent-workspace/builds/worker-24/source:/opt/rustwide/workdir:ro,Z" "-v" "/var/lib/crater-agent-workspace/cargo-home:/opt/rustwide/cargo-home:ro,Z" "-v" "/var/lib/crater-agent-workspace/rustup-home:/opt/rustwide/rustup-home:ro,Z" "-e" "SOURCE_DIR=/opt/rustwide/workdir" "-e" "CARGO_TARGET_DIR=/opt/rustwide/target" "-e" "CARGO_INCREMENTAL=0" "-e" "RUST_BACKTRACE=full" "-e" "RUSTFLAGS=--cap-lints=warn" "-e" "CARGO_HOME=/opt/rustwide/cargo-home" "-e" "RUSTUP_HOME=/opt/rustwide/rustup-home" "-w" "/opt/rustwide/workdir" "-m" "1610612736" "--user" "0:0" "--network" "none" "ghcr.io/rust-lang/crates-build-env/linux@sha256:34b6a614d2c27851fe6cbf88fbd1137609cefab8b10d0615aaeb6fd47975d74e" "/opt/rustwide/cargo-home/bin/cargo" "+1.54.0" "build" "--frozen" "--message-format=json", kill_on_drop: false }`
[INFO] [stdout] ab5803fb0085bb319d70e283690c57327298346924bca45f66813ddb0f0e0075
[INFO] running `Command { std: "docker" "start" "-a" "ab5803fb0085bb319d70e283690c57327298346924bca45f66813ddb0f0e0075", kill_on_drop: false }`
[INFO] [stderr]    Compiling libc v0.2.81
[INFO] [stderr]    Compiling proc-macro2 v1.0.24
[INFO] [stderr]    Compiling unicode-xid v0.2.1
[INFO] [stderr]    Compiling syn v1.0.56
[INFO] [stderr]    Compiling cfg-if v1.0.0
[INFO] [stderr]    Compiling log v0.4.11
[INFO] [stderr]    Compiling memchr v2.3.4
[INFO] [stderr]    Compiling smallvec v1.5.1
[INFO] [stderr]    Compiling autocfg v1.0.1
[INFO] [stderr]    Compiling scopeguard v1.1.0
[INFO] [stderr]    Compiling cfg-if v0.1.10
[INFO] [stderr]    Compiling once_cell v1.5.2
[INFO] [stderr]    Compiling pin-project-lite v0.2.0
[INFO] [stderr]    Compiling bytes v1.0.0
[INFO] [stderr]    Compiling instant v0.1.9
[INFO] [stderr]    Compiling lock_api v0.4.2
[INFO] [stderr]    Compiling tokio v1.0.1
[INFO] [stderr]    Compiling quote v1.0.8
[INFO] [stderr]    Compiling parking_lot_core v0.8.2
[INFO] [stderr]    Compiling signal-hook-registry v1.3.0
[INFO] [stderr]    Compiling mio v0.7.6
[INFO] [stderr]    Compiling num_cpus v1.13.0
[INFO] [stderr]    Compiling parking_lot v0.11.1
[INFO] [stderr]    Compiling tokio-macros v1.0.0
[INFO] [stderr]    Compiling timed-queue v0.2.3 (/opt/rustwide/workdir)
[INFO] [stderr]     Finished dev [unoptimized + debuginfo] target(s) in 19.08s
[INFO] running `Command { std: "docker" "inspect" "ab5803fb0085bb319d70e283690c57327298346924bca45f66813ddb0f0e0075", kill_on_drop: false }`
[INFO] running `Command { std: "docker" "rm" "-f" "ab5803fb0085bb319d70e283690c57327298346924bca45f66813ddb0f0e0075", kill_on_drop: false }`
[INFO] [stdout] ab5803fb0085bb319d70e283690c57327298346924bca45f66813ddb0f0e0075
[INFO] running `Command { std: "docker" "create" "-v" "/var/lib/crater-agent-workspace/builds/worker-24/target:/opt/rustwide/target:rw,Z" "-v" "/var/lib/crater-agent-workspace/builds/worker-24/source:/opt/rustwide/workdir:ro,Z" "-v" "/var/lib/crater-agent-workspace/cargo-home:/opt/rustwide/cargo-home:ro,Z" "-v" "/var/lib/crater-agent-workspace/rustup-home:/opt/rustwide/rustup-home:ro,Z" "-e" "SOURCE_DIR=/opt/rustwide/workdir" "-e" "CARGO_TARGET_DIR=/opt/rustwide/target" "-e" "CARGO_INCREMENTAL=0" "-e" "RUST_BACKTRACE=full" "-e" "RUSTFLAGS=--cap-lints=warn" "-e" "CARGO_HOME=/opt/rustwide/cargo-home" "-e" "RUSTUP_HOME=/opt/rustwide/rustup-home" "-w" "/opt/rustwide/workdir" "-m" "1610612736" "--user" "0:0" "--network" "none" "ghcr.io/rust-lang/crates-build-env/linux@sha256:34b6a614d2c27851fe6cbf88fbd1137609cefab8b10d0615aaeb6fd47975d74e" "/opt/rustwide/cargo-home/bin/cargo" "+1.54.0" "test" "--frozen" "--no-run" "--message-format=json", kill_on_drop: false }`
[INFO] [stdout] 20d4b3feb5400fb92b8fed9017e5dcbdf6312546815acd40b0307e7851092545
[INFO] running `Command { std: "docker" "start" "-a" "20d4b3feb5400fb92b8fed9017e5dcbdf6312546815acd40b0307e7851092545", kill_on_drop: false }`
[INFO] [stderr]     Blocking waiting for file lock on package cache
[INFO] [stderr]     Blocking waiting for file lock on package cache
[INFO] [stderr]    Compiling timed-queue v0.2.3 (/opt/rustwide/workdir)
[INFO] [stderr]     Finished test [unoptimized + debuginfo] target(s) in 1.20s
[INFO] running `Command { std: "docker" "inspect" "20d4b3feb5400fb92b8fed9017e5dcbdf6312546815acd40b0307e7851092545", kill_on_drop: false }`
[INFO] running `Command { std: "docker" "rm" "-f" "20d4b3feb5400fb92b8fed9017e5dcbdf6312546815acd40b0307e7851092545", kill_on_drop: false }`
[INFO] [stdout] 20d4b3feb5400fb92b8fed9017e5dcbdf6312546815acd40b0307e7851092545
[INFO] running `Command { std: "docker" "create" "-v" "/var/lib/crater-agent-workspace/builds/worker-24/target:/opt/rustwide/target:rw,Z" "-v" "/var/lib/crater-agent-workspace/builds/worker-24/source:/opt/rustwide/workdir:ro,Z" "-v" "/var/lib/crater-agent-workspace/cargo-home:/opt/rustwide/cargo-home:ro,Z" "-v" "/var/lib/crater-agent-workspace/rustup-home:/opt/rustwide/rustup-home:ro,Z" "-e" "SOURCE_DIR=/opt/rustwide/workdir" "-e" "CARGO_TARGET_DIR=/opt/rustwide/target" "-e" "CARGO_INCREMENTAL=0" "-e" "RUST_BACKTRACE=full" "-e" "RUSTFLAGS=--cap-lints=warn" "-e" "CARGO_HOME=/opt/rustwide/cargo-home" "-e" "RUSTUP_HOME=/opt/rustwide/rustup-home" "-w" "/opt/rustwide/workdir" "-m" "1610612736" "--user" "0:0" "--network" "none" "ghcr.io/rust-lang/crates-build-env/linux@sha256:34b6a614d2c27851fe6cbf88fbd1137609cefab8b10d0615aaeb6fd47975d74e" "/opt/rustwide/cargo-home/bin/cargo" "+1.54.0" "test" "--frozen", kill_on_drop: false }`
[INFO] [stdout] d64d32f46e896e1c0b0c868fc82f84b8ebe454ede634f780e069e4d1d7a41db8
[INFO] running `Command { std: "docker" "start" "-a" "d64d32f46e896e1c0b0c868fc82f84b8ebe454ede634f780e069e4d1d7a41db8", kill_on_drop: false }`
[INFO] [stderr]     Finished test [unoptimized + debuginfo] target(s) in 0.11s
[INFO] [stderr]      Running unittests (/opt/rustwide/target/debug/deps/timed_queue-42227f323b0e1643)
[INFO] [stdout] 
[INFO] [stdout] running 0 tests
[INFO] [stdout] 
[INFO] [stdout] test result: ok. 0 passed; 0 failed; 0 ignored; 0 measured; 0 filtered out; finished in 0.00s
[INFO] [stdout] 
[INFO] [stderr]      Running unittests (/opt/rustwide/target/debug/deps/timed_queue-459f5c01b9b8933c)
[INFO] [stdout] 
[INFO] [stderr]    Doc-tests timed-queue
[INFO] [stdout] running 0 tests
[INFO] [stdout] 
[INFO] [stdout] test result: ok. 0 passed; 0 failed; 0 ignored; 0 measured; 0 filtered out; finished in 0.00s
[INFO] [stdout] 
[INFO] [stdout] 
[INFO] [stdout] running 1 test
[INFO] [stdout] test src/lib.rs - (line 7) ... FAILED
[INFO] [stdout] 
[INFO] [stdout] failures:
[INFO] [stdout] 
[INFO] [stdout] ---- src/lib.rs - (line 7) stdout ----
[INFO] [stdout] error[E0412]: cannot find type `MailMessage` in this scope
[INFO] [stdout]  --> src/lib.rs:8:39
[INFO] [stdout]   |
[INFO] [stdout] 2 | fn server_loop<I: IntoIterator<Item = MailMessage>>(tq: TimedQueue<MailMessage>, messages: I) {
[INFO] [stdout]   |                                       ^^^^^^^^^^^ not found in this scope
[INFO] [stdout] 
[INFO] [stdout] error[E0412]: cannot find type `TimedQueue` in this scope
[INFO] [stdout]  --> src/lib.rs:8:57
[INFO] [stdout]   |
[INFO] [stdout] 2 | fn server_loop<I: IntoIterator<Item = MailMessage>>(tq: TimedQueue<MailMessage>, messages: I) {
[INFO] [stdout]   |                                                         ^^^^^^^^^^ not found in this scope
[INFO] [stdout]   |
[INFO] [stdout] help: consider importing this struct
[INFO] [stdout]   |
[INFO] [stdout] 2 | use timed_queue::TimedQueue;
[INFO] [stdout]   |
[INFO] [stdout] 
[INFO] [stdout] error[E0412]: cannot find type `MailMessage` in this scope
[INFO] [stdout]  --> src/lib.rs:8:68
[INFO] [stdout]   |
[INFO] [stdout] 2 | fn server_loop<I: IntoIterator<Item = MailMessage>>(tq: TimedQueue<MailMessage>, messages: I) {
[INFO] [stdout]   |                                                   -                ^^^^^^^^^^^ not found in this scope
[INFO] [stdout]   |                                                   |
[INFO] [stdout]   |                                                   help: you might be missing a type parameter: `, MailMessage`
[INFO] [stdout] 
[INFO] [stdout] error[E0412]: cannot find type `TimedQueue` in this scope
[INFO] [stdout]  --> src/lib.rs:14:29
[INFO] [stdout]   |
[INFO] [stdout] 8 |  async fn delivery_loop(tq: TimedQueue<MailMessage>) {
[INFO] [stdout]   |                             ^^^^^^^^^^ not found in this scope
[INFO] [stdout]   |
[INFO] [stdout] help: consider importing this struct
[INFO] [stdout]   |
[INFO] [stdout] 2 | use timed_queue::TimedQueue;
[INFO] [stdout]   |
[INFO] [stdout] 
[INFO] [stdout] error[E0412]: cannot find type `MailMessage` in this scope
[INFO] [stdout]  --> src/lib.rs:14:40
[INFO] [stdout]   |
[INFO] [stdout] 8 |  async fn delivery_loop(tq: TimedQueue<MailMessage>) {
[INFO] [stdout]   |                        -               ^^^^^^^^^^^ not found in this scope
[INFO] [stdout]   |                        |
[INFO] [stdout]   |                        help: you might be missing a type parameter: `<MailMessage>`
[INFO] [stdout] 
[INFO] [stdout] error[E0425]: cannot find function `try_deliver` in this scope
[INFO] [stdout]   --> src/lib.rs:17:13
[INFO] [stdout]    |
[INFO] [stdout] 11 |          if try_deliver(msg).await.is_err() {
[INFO] [stdout]    |             ^^^^^^^^^^^ not found in this scope
[INFO] [stdout] 
[INFO] [stdout] error[E0433]: failed to resolve: use of undeclared type `Instant`
[INFO] [stdout]   --> src/lib.rs:18:35
[INFO] [stdout]    |
[INFO] [stdout] 12 |              tq.enqueue(msg, Some(Instant::now() + Duration::from_secs(30 * 60)));
[INFO] [stdout]    |                                   ^^^^^^^ not found in this scope
[INFO] [stdout]    |
[INFO] [stdout] help: consider importing one of these items
[INFO] [stdout]    |
[INFO] [stdout] 2  | use std::time::Instant;
[INFO] [stdout]    |
[INFO] [stdout] 2  | use tokio::time::Instant;
[INFO] [stdout]    |
[INFO] [stdout] 
[INFO] [stdout] error[E0433]: failed to resolve: use of undeclared type `Duration`
[INFO] [stdout]   --> src/lib.rs:18:52
[INFO] [stdout]    |
[INFO] [stdout] 12 |              tq.enqueue(msg, Some(Instant::now() + Duration::from_secs(30 * 60)));
[INFO] [stdout]    |                                                    ^^^^^^^^ not found in this scope
[INFO] [stdout]    |
[INFO] [stdout] help: consider importing one of these items
[INFO] [stdout]    |
[INFO] [stdout] 2  | use core::time::Duration;
[INFO] [stdout]    |
[INFO] [stdout] 2  | use std::time::Duration;
[INFO] [stdout]    |
[INFO] [stdout] 2  | use tokio::time::Duration;
[INFO] [stdout]    |
[INFO] [stdout] 
[INFO] [stdout] error[E0433]: failed to resolve: use of undeclared type `TimedQueue`
[INFO] [stdout]   --> src/lib.rs:25:15
[INFO] [stdout]    |
[INFO] [stdout] 19 |      let tq = TimedQueue::new();
[INFO] [stdout]    |               ^^^^^^^^^^ not found in this scope
[INFO] [stdout]    |
[INFO] [stdout] help: consider importing this struct
[INFO] [stdout]    |
[INFO] [stdout] 2  | use timed_queue::TimedQueue;
[INFO] [stdout]    |
[INFO] [stdout] 
[INFO] [stdout] error[E0425]: cannot find function `get_message_stream` in this scope
[INFO] [stdout]   --> src/lib.rs:27:49
[INFO] [stdout]    |
[INFO] [stdout] 21 |      std::thread::spawn(move || server_loop(tq, get_message_stream()));
[INFO] [stdout]    |                                                 ^^^^^^^^^^^^^^^^^^ not found in this scope
[INFO] [stdout] 
[INFO] [stdout] error: aborting due to 10 previous errors
[INFO] [stdout] 
[INFO] [stdout] Some errors have detailed explanations: E0412, E0425, E0433.
[INFO] [stdout] For more information about an error, try `rustc --explain E0412`.
[INFO] [stdout] Couldn't compile the test.
[INFO] [stdout] 
[INFO] [stdout] failures:
[INFO] [stdout]     src/lib.rs - (line 7)
[INFO] [stdout] 
[INFO] [stdout] test result: FAILED. 0 passed; 1 failed; 0 ignored; 0 measured; 0 filtered out; finished in 0.13s
[INFO] [stdout] 
[INFO] [stderr] error: test failed, to rerun pass '--doc'
[INFO] running `Command { std: "docker" "inspect" "d64d32f46e896e1c0b0c868fc82f84b8ebe454ede634f780e069e4d1d7a41db8", kill_on_drop: false }`
[INFO] running `Command { std: "docker" "rm" "-f" "d64d32f46e896e1c0b0c868fc82f84b8ebe454ede634f780e069e4d1d7a41db8", kill_on_drop: false }`
[INFO] [stdout] d64d32f46e896e1c0b0c868fc82f84b8ebe454ede634f780e069e4d1d7a41db8
