[INFO] fetching crate time-event 0.0.1...
[INFO] testing time-event-0.0.1 against 1.54.0 for beta-1.55-1
[INFO] extracting crate time-event 0.0.1 into /workspace/builds/worker-119/source
[INFO] validating manifest of crates.io crate time-event 0.0.1 on toolchain 1.54.0
[INFO] running `Command { std: "/workspace/cargo-home/bin/cargo" "+1.54.0" "metadata" "--manifest-path" "Cargo.toml" "--no-deps", kill_on_drop: false }`
[INFO] started tweaking crates.io crate time-event 0.0.1
[INFO] finished tweaking crates.io crate time-event 0.0.1
[INFO] tweaked toml for crates.io crate time-event 0.0.1 written to /workspace/builds/worker-119/source/Cargo.toml
[INFO] running `Command { std: "/workspace/cargo-home/bin/cargo" "+1.54.0" "generate-lockfile" "--manifest-path" "Cargo.toml" "-Zno-index-update", kill_on_drop: false }`
[INFO] running `Command { std: "/workspace/cargo-home/bin/cargo" "+1.54.0" "fetch" "--manifest-path" "Cargo.toml", kill_on_drop: false }`
[INFO] running `Command { std: "docker" "create" "-v" "/var/lib/crater-agent-workspace/builds/worker-119/target:/opt/rustwide/target:rw,Z" "-v" "/var/lib/crater-agent-workspace/builds/worker-119/source:/opt/rustwide/workdir:ro,Z" "-v" "/var/lib/crater-agent-workspace/cargo-home:/opt/rustwide/cargo-home:ro,Z" "-v" "/var/lib/crater-agent-workspace/rustup-home:/opt/rustwide/rustup-home:ro,Z" "-e" "SOURCE_DIR=/opt/rustwide/workdir" "-e" "CARGO_TARGET_DIR=/opt/rustwide/target" "-e" "CARGO_HOME=/opt/rustwide/cargo-home" "-e" "RUSTUP_HOME=/opt/rustwide/rustup-home" "-w" "/opt/rustwide/workdir" "-m" "1610612736" "--user" "0:0" "--network" "none" "ghcr.io/rust-lang/crates-build-env/linux@sha256:34b6a614d2c27851fe6cbf88fbd1137609cefab8b10d0615aaeb6fd47975d74e" "/opt/rustwide/cargo-home/bin/cargo" "+1.54.0" "metadata" "--no-deps" "--format-version=1", kill_on_drop: false }`
[INFO] [stdout] 53d867f70f31e934930c585b144dd2e296466e52d149d388bc7f73b4309a6a27
[INFO] running `Command { std: "docker" "start" "-a" "53d867f70f31e934930c585b144dd2e296466e52d149d388bc7f73b4309a6a27", kill_on_drop: false }`
[INFO] running `Command { std: "docker" "inspect" "53d867f70f31e934930c585b144dd2e296466e52d149d388bc7f73b4309a6a27", kill_on_drop: false }`
[INFO] running `Command { std: "docker" "rm" "-f" "53d867f70f31e934930c585b144dd2e296466e52d149d388bc7f73b4309a6a27", kill_on_drop: false }`
[INFO] [stdout] 53d867f70f31e934930c585b144dd2e296466e52d149d388bc7f73b4309a6a27
[INFO] running `Command { std: "docker" "create" "-v" "/var/lib/crater-agent-workspace/builds/worker-119/target:/opt/rustwide/target:rw,Z" "-v" "/var/lib/crater-agent-workspace/builds/worker-119/source:/opt/rustwide/workdir:ro,Z" "-v" "/var/lib/crater-agent-workspace/cargo-home:/opt/rustwide/cargo-home:ro,Z" "-v" "/var/lib/crater-agent-workspace/rustup-home:/opt/rustwide/rustup-home:ro,Z" "-e" "SOURCE_DIR=/opt/rustwide/workdir" "-e" "CARGO_TARGET_DIR=/opt/rustwide/target" "-e" "CARGO_INCREMENTAL=0" "-e" "RUST_BACKTRACE=full" "-e" "RUSTFLAGS=--cap-lints=warn" "-e" "CARGO_HOME=/opt/rustwide/cargo-home" "-e" "RUSTUP_HOME=/opt/rustwide/rustup-home" "-w" "/opt/rustwide/workdir" "-m" "1610612736" "--user" "0:0" "--network" "none" "ghcr.io/rust-lang/crates-build-env/linux@sha256:34b6a614d2c27851fe6cbf88fbd1137609cefab8b10d0615aaeb6fd47975d74e" "/opt/rustwide/cargo-home/bin/cargo" "+1.54.0" "build" "--frozen" "--message-format=json", kill_on_drop: false }`
[INFO] [stdout] c8e895364c6fba274691033078f8026f4f9755c261768cd25a6d1ef20a27dd7b
[INFO] running `Command { std: "docker" "start" "-a" "c8e895364c6fba274691033078f8026f4f9755c261768cd25a6d1ef20a27dd7b", kill_on_drop: false }`
[INFO] [stderr]     Blocking waiting for file lock on package cache
[INFO] [stderr]     Blocking waiting for file lock on package cache
[INFO] [stderr]    Compiling proc-macro2 v1.0.28
[INFO] [stderr]    Compiling syn v1.0.74
[INFO] [stderr]    Compiling quote v1.0.9
[INFO] [stderr]    Compiling thiserror-impl v1.0.26
[INFO] [stderr]    Compiling thiserror v1.0.26
[INFO] [stderr]    Compiling time-event v0.0.1 (/opt/rustwide/workdir)
[INFO] [stdout] warning: use of deprecated associated function `std::sync::atomic::AtomicUsize::compare_and_swap`: Use `compare_exchange` or `compare_exchange_weak` instead
[INFO] [stdout]    --> src/atomic_waker.rs:108:26
[INFO] [stdout]     |
[INFO] [stdout] 108 |         match self.state.compare_and_swap(WAITING, REGISTERING, Acquire) {
[INFO] [stdout]     |                          ^^^^^^^^^^^^^^^^
[INFO] [stdout]     |
[INFO] [stdout]     = note: `#[warn(deprecated)]` on by default
[INFO] [stdout] 
[INFO] [stdout] 
[INFO] [stdout] warning: 1 warning emitted
[INFO] [stdout] 
[INFO] [stdout] 
[INFO] [stderr]     Finished dev [unoptimized + debuginfo] target(s) in 9.09s
[INFO] running `Command { std: "docker" "inspect" "c8e895364c6fba274691033078f8026f4f9755c261768cd25a6d1ef20a27dd7b", kill_on_drop: false }`
[INFO] running `Command { std: "docker" "rm" "-f" "c8e895364c6fba274691033078f8026f4f9755c261768cd25a6d1ef20a27dd7b", kill_on_drop: false }`
[INFO] [stdout] c8e895364c6fba274691033078f8026f4f9755c261768cd25a6d1ef20a27dd7b
[INFO] running `Command { std: "docker" "create" "-v" "/var/lib/crater-agent-workspace/builds/worker-119/target:/opt/rustwide/target:rw,Z" "-v" "/var/lib/crater-agent-workspace/builds/worker-119/source:/opt/rustwide/workdir:ro,Z" "-v" "/var/lib/crater-agent-workspace/cargo-home:/opt/rustwide/cargo-home:ro,Z" "-v" "/var/lib/crater-agent-workspace/rustup-home:/opt/rustwide/rustup-home:ro,Z" "-e" "SOURCE_DIR=/opt/rustwide/workdir" "-e" "CARGO_TARGET_DIR=/opt/rustwide/target" "-e" "CARGO_INCREMENTAL=0" "-e" "RUST_BACKTRACE=full" "-e" "RUSTFLAGS=--cap-lints=warn" "-e" "CARGO_HOME=/opt/rustwide/cargo-home" "-e" "RUSTUP_HOME=/opt/rustwide/rustup-home" "-w" "/opt/rustwide/workdir" "-m" "1610612736" "--user" "0:0" "--network" "none" "ghcr.io/rust-lang/crates-build-env/linux@sha256:34b6a614d2c27851fe6cbf88fbd1137609cefab8b10d0615aaeb6fd47975d74e" "/opt/rustwide/cargo-home/bin/cargo" "+1.54.0" "test" "--frozen" "--no-run" "--message-format=json", kill_on_drop: false }`
[INFO] [stdout] ec4101e12a58d387796e797b98ee4451c3aa511db8088e76680099fcecdadc53
[INFO] running `Command { std: "docker" "start" "-a" "ec4101e12a58d387796e797b98ee4451c3aa511db8088e76680099fcecdadc53", kill_on_drop: false }`
[INFO] [stdout] warning: use of deprecated associated function `std::sync::atomic::AtomicUsize::compare_and_swap`: Use `compare_exchange` or `compare_exchange_weak` instead
[INFO] [stdout]    --> src/atomic_waker.rs:108:26
[INFO] [stdout]     |
[INFO] [stdout] 108 |         match self.state.compare_and_swap(WAITING, REGISTERING, Acquire) {
[INFO] [stdout]     |                          ^^^^^^^^^^^^^^^^
[INFO] [stdout]     |
[INFO] [stdout]     = note: `#[warn(deprecated)]` on by default
[INFO] [stdout] 
[INFO] [stdout] 
[INFO] [stdout] warning: 1 warning emitted
[INFO] [stdout] 
[INFO] [stdout] 
[INFO] [stderr]    Compiling time-event v0.0.1 (/opt/rustwide/workdir)
[INFO] [stdout] warning: use of deprecated associated function `std::sync::atomic::AtomicUsize::compare_and_swap`: Use `compare_exchange` or `compare_exchange_weak` instead
[INFO] [stdout]    --> src/atomic_waker.rs:108:26
[INFO] [stdout]     |
[INFO] [stdout] 108 |         match self.state.compare_and_swap(WAITING, REGISTERING, Acquire) {
[INFO] [stdout]     |                          ^^^^^^^^^^^^^^^^
[INFO] [stdout]     |
[INFO] [stdout]     = note: `#[warn(deprecated)]` on by default
[INFO] [stdout] 
[INFO] [stdout] 
[INFO] [stdout] warning: 1 warning emitted
[INFO] [stdout] 
[INFO] [stdout] 
[INFO] [stderr]     Finished test [unoptimized + debuginfo] target(s) in 1.59s
[INFO] running `Command { std: "docker" "inspect" "ec4101e12a58d387796e797b98ee4451c3aa511db8088e76680099fcecdadc53", kill_on_drop: false }`
[INFO] running `Command { std: "docker" "rm" "-f" "ec4101e12a58d387796e797b98ee4451c3aa511db8088e76680099fcecdadc53", kill_on_drop: false }`
[INFO] [stdout] ec4101e12a58d387796e797b98ee4451c3aa511db8088e76680099fcecdadc53
[INFO] running `Command { std: "docker" "create" "-v" "/var/lib/crater-agent-workspace/builds/worker-119/target:/opt/rustwide/target:rw,Z" "-v" "/var/lib/crater-agent-workspace/builds/worker-119/source:/opt/rustwide/workdir:ro,Z" "-v" "/var/lib/crater-agent-workspace/cargo-home:/opt/rustwide/cargo-home:ro,Z" "-v" "/var/lib/crater-agent-workspace/rustup-home:/opt/rustwide/rustup-home:ro,Z" "-e" "SOURCE_DIR=/opt/rustwide/workdir" "-e" "CARGO_TARGET_DIR=/opt/rustwide/target" "-e" "CARGO_INCREMENTAL=0" "-e" "RUST_BACKTRACE=full" "-e" "RUSTFLAGS=--cap-lints=warn" "-e" "CARGO_HOME=/opt/rustwide/cargo-home" "-e" "RUSTUP_HOME=/opt/rustwide/rustup-home" "-w" "/opt/rustwide/workdir" "-m" "1610612736" "--user" "0:0" "--network" "none" "ghcr.io/rust-lang/crates-build-env/linux@sha256:34b6a614d2c27851fe6cbf88fbd1137609cefab8b10d0615aaeb6fd47975d74e" "/opt/rustwide/cargo-home/bin/cargo" "+1.54.0" "test" "--frozen", kill_on_drop: false }`
[INFO] [stdout] 5bffe1413c89503d16b8b0f839a41143007d44ead2effa329ab7208d581890cd
[INFO] running `Command { std: "docker" "start" "-a" "5bffe1413c89503d16b8b0f839a41143007d44ead2effa329ab7208d581890cd", kill_on_drop: false }`
[INFO] [stderr] warning: use of deprecated associated function `std::sync::atomic::AtomicUsize::compare_and_swap`: Use `compare_exchange` or `compare_exchange_weak` instead
[INFO] [stderr]    --> src/atomic_waker.rs:108:26
[INFO] [stderr]     |
[INFO] [stderr] 108 |         match self.state.compare_and_swap(WAITING, REGISTERING, Acquire) {
[INFO] [stderr]     |                          ^^^^^^^^^^^^^^^^
[INFO] [stderr]     |
[INFO] [stderr]     = note: `#[warn(deprecated)]` on by default
[INFO] [stderr] 
[INFO] [stderr] warning: 1 warning emitted
[INFO] [stderr] 
[INFO] [stderr] warning: use of deprecated associated function `std::sync::atomic::AtomicUsize::compare_and_swap`: Use `compare_exchange` or `compare_exchange_weak` instead
[INFO] [stderr]    --> src/atomic_waker.rs:108:26
[INFO] [stderr]     |
[INFO] [stderr] 108 |         match self.state.compare_and_swap(WAITING, REGISTERING, Acquire) {
[INFO] [stderr]     |                          ^^^^^^^^^^^^^^^^
[INFO] [stderr]     |
[INFO] [stderr]     = note: `#[warn(deprecated)]` on by default
[INFO] [stderr] 
[INFO] [stderr] warning: 1 warning emitted
[INFO] [stderr] 
[INFO] [stderr]     Finished test [unoptimized + debuginfo] target(s) in 0.01s
[INFO] [stderr]      Running unittests (/opt/rustwide/target/debug/deps/time_event-43fb89005aa0fb4f)
[INFO] [stdout] 
[INFO] [stdout] running 11 tests
[INFO] [stdout] test heap::tests::remove ... ok
[INFO] [stdout] test heap::tests::simple ... ok
[INFO] [stdout] test heap::tests::simple2 ... ok
[INFO] [stdout] test heap::tests::test_empty_peek ... ok
[INFO] [stdout] test heap::tests::test_empty_pop ... ok
[INFO] [stdout] test heap::tests::test_peek_and_pop ... ok
[INFO] [stdout] test heap::tests::test_push ... ok
[INFO] [stdout] test tests::it_works ... ok
[INFO] [stdout] test heap::tests::test_to_vec ... ok
[INFO] [stdout] test global::test::test_run ... ok
[INFO] [stdout] test timer::test::test_timer ... ok
[INFO] [stdout] 
[INFO] [stdout] test result: ok. 11 passed; 0 failed; 0 ignored; 0 measured; 0 filtered out; finished in 30.02s
[INFO] [stdout] 
[INFO] [stderr]    Doc-tests time-event
[INFO] [stdout] 
[INFO] [stdout] running 1 test
[INFO] [stdout] test src/atomic_waker.rs - atomic_waker::AtomicWaker::register (line 77) ... FAILED
[INFO] [stdout] 
[INFO] [stdout] failures:
[INFO] [stdout] 
[INFO] [stdout] ---- src/atomic_waker.rs - atomic_waker::AtomicWaker::register (line 77) stdout ----
[INFO] [stdout] error[E0433]: failed to resolve: use of undeclared crate or module `futures`
[INFO] [stdout]  --> src/atomic_waker.rs:84:5
[INFO] [stdout]   |
[INFO] [stdout] 9 | use futures::task::AtomicWaker;
[INFO] [stdout]   |     ^^^^^^^ use of undeclared crate or module `futures`
[INFO] [stdout] 
[INFO] [stdout] error[E0412]: cannot find type `AtomicWaker` in this scope
[INFO] [stdout]   --> src/atomic_waker.rs:87:12
[INFO] [stdout]    |
[INFO] [stdout] 12 |     waker: AtomicWaker,
[INFO] [stdout]    |            ^^^^^^^^^^^ not found in this scope
[INFO] [stdout] 
[INFO] [stdout] error: aborting due to 2 previous errors
[INFO] [stdout] 
[INFO] [stdout] Some errors have detailed explanations: E0412, E0433.
[INFO] [stdout] For more information about an error, try `rustc --explain E0412`.
[INFO] [stdout] Couldn't compile the test.
[INFO] [stdout] 
[INFO] [stdout] failures:
[INFO] [stdout]     src/atomic_waker.rs - atomic_waker::AtomicWaker::register (line 77)
[INFO] [stdout] 
[INFO] [stdout] test result: FAILED. 0 passed; 1 failed; 0 ignored; 0 measured; 0 filtered out; finished in 0.14s
[INFO] [stdout] 
[INFO] [stderr] error: test failed, to rerun pass '--doc'
[INFO] running `Command { std: "docker" "inspect" "5bffe1413c89503d16b8b0f839a41143007d44ead2effa329ab7208d581890cd", kill_on_drop: false }`
[INFO] running `Command { std: "docker" "rm" "-f" "5bffe1413c89503d16b8b0f839a41143007d44ead2effa329ab7208d581890cd", kill_on_drop: false }`
[INFO] [stdout] 5bffe1413c89503d16b8b0f839a41143007d44ead2effa329ab7208d581890cd
