[INFO] fetching crate tide-rhai 0.0.2...
[INFO] testing tide-rhai-0.0.2 against beta-2021-08-01 for beta-1.55-1
[INFO] extracting crate tide-rhai 0.0.2 into /workspace/builds/worker-45/source
[INFO] validating manifest of crates.io crate tide-rhai 0.0.2 on toolchain beta-2021-08-01
[INFO] running `Command { std: "/workspace/cargo-home/bin/cargo" "+beta-2021-08-01" "metadata" "--manifest-path" "Cargo.toml" "--no-deps", kill_on_drop: false }`
[INFO] started tweaking crates.io crate tide-rhai 0.0.2
[INFO] finished tweaking crates.io crate tide-rhai 0.0.2
[INFO] tweaked toml for crates.io crate tide-rhai 0.0.2 written to /workspace/builds/worker-45/source/Cargo.toml
[INFO] crate crates.io crate tide-rhai 0.0.2 already has a lockfile, it will not be regenerated
[INFO] running `Command { std: "/workspace/cargo-home/bin/cargo" "+beta-2021-08-01" "fetch" "--manifest-path" "Cargo.toml", kill_on_drop: false }`
[INFO] [stderr]  Downloading crates ...
[INFO] [stderr]   Downloaded const_fn v0.4.6
[INFO] [stderr]   Downloaded pin-project-internal v1.0.6
[INFO] [stderr]   Downloaded curl v0.4.35
[INFO] [stderr]   Downloaded spinning_top v0.2.3
[INFO] [stderr]   Downloaded rhai_codegen v0.3.4
[INFO] [stderr]   Downloaded pin-project v1.0.6
[INFO] [stderr]   Downloaded http-client v6.3.5
[INFO] [stderr]   Downloaded nb-connect v1.1.0
[INFO] [stderr]   Downloaded vec-arena v1.1.0
[INFO] [stderr]   Downloaded tide-testing v0.1.3
[INFO] [stderr]   Downloaded rhai v0.19.15
[INFO] [stderr]   Downloaded curl-sys v0.4.41+curl-7.75.0
[INFO] running `Command { std: "docker" "create" "-v" "/var/lib/crater-agent-workspace/builds/worker-45/target:/opt/rustwide/target:rw,Z" "-v" "/var/lib/crater-agent-workspace/builds/worker-45/source:/opt/rustwide/workdir:ro,Z" "-v" "/var/lib/crater-agent-workspace/cargo-home:/opt/rustwide/cargo-home:ro,Z" "-v" "/var/lib/crater-agent-workspace/rustup-home:/opt/rustwide/rustup-home:ro,Z" "-e" "SOURCE_DIR=/opt/rustwide/workdir" "-e" "CARGO_TARGET_DIR=/opt/rustwide/target" "-e" "CARGO_HOME=/opt/rustwide/cargo-home" "-e" "RUSTUP_HOME=/opt/rustwide/rustup-home" "-w" "/opt/rustwide/workdir" "-m" "1610612736" "--user" "0:0" "--network" "none" "ghcr.io/rust-lang/crates-build-env/linux@sha256:34b6a614d2c27851fe6cbf88fbd1137609cefab8b10d0615aaeb6fd47975d74e" "/opt/rustwide/cargo-home/bin/cargo" "+beta-2021-08-01" "metadata" "--no-deps" "--format-version=1", kill_on_drop: false }`
[INFO] [stdout] 733401a0e5861c016638f5455b7b9abb6ec21718c26ac191caf5d1c2fe0764bf
[INFO] running `Command { std: "docker" "start" "-a" "733401a0e5861c016638f5455b7b9abb6ec21718c26ac191caf5d1c2fe0764bf", kill_on_drop: false }`
[INFO] running `Command { std: "docker" "inspect" "733401a0e5861c016638f5455b7b9abb6ec21718c26ac191caf5d1c2fe0764bf", kill_on_drop: false }`
[INFO] running `Command { std: "docker" "rm" "-f" "733401a0e5861c016638f5455b7b9abb6ec21718c26ac191caf5d1c2fe0764bf", kill_on_drop: false }`
[INFO] [stdout] 733401a0e5861c016638f5455b7b9abb6ec21718c26ac191caf5d1c2fe0764bf
[INFO] running `Command { std: "docker" "create" "-v" "/var/lib/crater-agent-workspace/builds/worker-45/target:/opt/rustwide/target:rw,Z" "-v" "/var/lib/crater-agent-workspace/builds/worker-45/source:/opt/rustwide/workdir:ro,Z" "-v" "/var/lib/crater-agent-workspace/cargo-home:/opt/rustwide/cargo-home:ro,Z" "-v" "/var/lib/crater-agent-workspace/rustup-home:/opt/rustwide/rustup-home:ro,Z" "-e" "SOURCE_DIR=/opt/rustwide/workdir" "-e" "CARGO_TARGET_DIR=/opt/rustwide/target" "-e" "CARGO_INCREMENTAL=0" "-e" "RUST_BACKTRACE=full" "-e" "RUSTFLAGS=--cap-lints=warn" "-e" "CARGO_HOME=/opt/rustwide/cargo-home" "-e" "RUSTUP_HOME=/opt/rustwide/rustup-home" "-w" "/opt/rustwide/workdir" "-m" "1610612736" "--user" "0:0" "--network" "none" "ghcr.io/rust-lang/crates-build-env/linux@sha256:34b6a614d2c27851fe6cbf88fbd1137609cefab8b10d0615aaeb6fd47975d74e" "/opt/rustwide/cargo-home/bin/cargo" "+beta-2021-08-01" "build" "--frozen" "--message-format=json", kill_on_drop: false }`
[INFO] [stdout] 5fbaa9da5d4ad326b59120aa88333d1bf6bc205162d213bd6c56dfb7fbb0231b
[INFO] running `Command { std: "docker" "start" "-a" "5fbaa9da5d4ad326b59120aa88333d1bf6bc205162d213bd6c56dfb7fbb0231b", kill_on_drop: false }`
[INFO] [stderr]     Blocking waiting for file lock on package cache
[INFO] [stderr]    Compiling version_check v0.9.3
[INFO] [stderr]    Compiling proc-macro2 v1.0.26
[INFO] [stderr]    Compiling unicode-xid v0.2.1
[INFO] [stderr]    Compiling syn v1.0.68
[INFO] [stderr]    Compiling libc v0.2.92
[INFO] [stderr]    Compiling cfg-if v1.0.0
[INFO] [stderr]    Compiling autocfg v1.0.1
[INFO] [stderr]    Compiling typenum v1.13.0
[INFO] [stderr]    Compiling cc v1.0.67
[INFO] [stderr]    Compiling futures-core v0.3.13
[INFO] [stderr]    Compiling value-bag v1.0.0-alpha.6
[INFO] [stderr]    Compiling sval v1.0.0-alpha.5
[INFO] [stderr]    Compiling serde_derive v1.0.125
[INFO] [stderr]    Compiling log v0.4.14
[INFO] [stderr]    Compiling serde v1.0.125
[INFO] [stderr]    Compiling memchr v2.3.4
[INFO] [stderr]    Compiling subtle v2.4.0
[INFO] [stderr]    Compiling futures-io v0.3.13
[INFO] [stderr]    Compiling pin-project-lite v0.2.6
[INFO] [stderr]    Compiling event-listener v2.5.1
[INFO] [stderr]    Compiling once_cell v1.7.2
[INFO] [stderr]    Compiling pkg-config v0.3.19
[INFO] [stderr]    Compiling parking v2.0.0
[INFO] [stderr]    Compiling lazy_static v1.4.0
[INFO] [stderr]    Compiling fastrand v1.4.0
[INFO] [stderr]    Compiling waker-fn v1.1.0
[INFO] [stderr]    Compiling cache-padded v1.1.1
[INFO] [stderr]    Compiling getrandom v0.2.2
[INFO] [stderr]    Compiling proc-macro-hack v0.5.19
[INFO] [stderr]    Compiling opaque-debug v0.3.0
[INFO] [stderr]    Compiling vec-arena v1.1.0
[INFO] [stderr]    Compiling ryu v1.0.5
[INFO] [stderr]    Compiling getrandom v0.1.16
[INFO] [stderr]    Compiling ppv-lite86 v0.2.10
[INFO] [stderr]    Compiling itoa v0.4.7
[INFO] [stderr]    Compiling percent-encoding v2.1.0
[INFO] [stderr]    Compiling matches v0.1.8
[INFO] [stderr]    Compiling tinyvec_macros v0.1.0
[INFO] [stderr]    Compiling signal-hook v0.3.7
[INFO] [stderr]    Compiling async-task v4.0.3
[INFO] [stderr]    Compiling cpuid-bool v0.2.0
[INFO] [stderr]    Compiling atomic-waker v1.0.0
[INFO] [stderr]    Compiling serde_json v1.0.64
[INFO] [stderr]    Compiling const_fn v0.4.6
[INFO] [stderr]    Compiling slab v0.4.2
[INFO] [stderr]    Compiling pin-utils v0.1.0
[INFO] [stderr]    Compiling cpuid-bool v0.1.2
[INFO] [stderr]    Compiling anyhow v1.0.40
[INFO] [stderr]    Compiling data-encoding v2.3.2
[INFO] [stderr]    Compiling http-types v2.10.0
[INFO] [stderr]    Compiling scopeguard v1.1.0
[INFO] [stderr]    Compiling base64 v0.13.0
[INFO] [stderr]    Compiling curl v0.4.35
[INFO] [stderr]    Compiling async-trait v0.1.48
[INFO] [stderr]    Compiling infer v0.2.3
[INFO] [stderr]    Compiling fnv v1.0.7
[INFO] [stderr]    Compiling isahc v0.9.14
[INFO] [stderr]    Compiling bytes v1.0.1
[INFO] [stderr]    Compiling futures-sink v0.3.13
[INFO] [stderr]    Compiling proc-macro-nested v0.1.7
[INFO] [stderr]    Compiling openssl-probe v0.1.2
[INFO] [stderr]    Compiling byteorder v1.3.4
[INFO] [stderr]    Compiling cfg-if v0.1.10
[INFO] [stderr]    Compiling bytes v0.5.6
[INFO] [stderr]    Compiling httparse v1.3.5
[INFO] [stderr]    Compiling constant_time_eq v0.1.5
[INFO] [stderr]    Compiling encoding_rs v0.8.28
[INFO] [stderr]    Compiling arrayref v0.3.6
[INFO] [stderr]    Compiling arrayvec v0.5.2
[INFO] [stderr]    Compiling stable_deref_trait v1.2.0
[INFO] [stderr]    Compiling futures-task v0.3.13
[INFO] [stderr]    Compiling pin-project-lite v0.1.12
[INFO] [stderr]    Compiling base64 v0.12.3
[INFO] [stderr]    Compiling mime v0.3.16
[INFO] [stderr]    Compiling static_assertions v1.1.0
[INFO] [stderr]    Compiling smallvec v1.6.1
[INFO] [stderr]    Compiling route-recognizer v0.2.0
[INFO] [stderr]    Compiling concurrent-queue v1.2.2
[INFO] [stderr]    Compiling futures-channel v0.3.13
[INFO] [stderr]    Compiling crossbeam-utils v0.8.3
[INFO] [stderr]    Compiling num-traits v0.2.14
[INFO] [stderr]    Compiling num-integer v0.1.44
[INFO] [stderr]    Compiling generic-array v0.14.4
[INFO] [stderr]    Compiling standback v0.2.17
[INFO] [stderr]    Compiling time v0.2.26
[INFO] [stderr]    Compiling cookie v0.14.4
[INFO] [stderr]    Compiling unicase v2.6.0
[INFO] [stderr]    Compiling ahash v0.7.2
[INFO] [stderr]    Compiling tinyvec v1.1.1
[INFO] [stderr]    Compiling unicode-bidi v0.3.4
[INFO] [stderr]    Compiling smartstring v0.2.6
[INFO] [stderr]    Compiling form_urlencoded v1.0.1
[INFO] [stderr]    Compiling lock_api v0.4.3
[INFO] [stderr]    Compiling http v0.2.3
[INFO] [stderr]    Compiling async-channel v1.6.1
[INFO] [stderr]    Compiling async-mutex v1.4.0
[INFO] [stderr]    Compiling async-lock v2.3.0
[INFO] [stderr]    Compiling simple-mutex v1.1.5
[INFO] [stderr]    Compiling sluice v0.5.4
[INFO] [stderr]    Compiling unicode-normalization v0.1.17
[INFO] [stderr]    Compiling spinning_top v0.2.3
[INFO] [stderr]    Compiling async-dup v1.2.2
[INFO] [stderr]    Compiling libnghttp2-sys v0.1.6+1.43.0
[INFO] [stderr]    Compiling libz-sys v1.1.2
[INFO] [stderr]    Compiling openssl-sys v0.9.61
[INFO] [stderr]    Compiling curl-sys v0.4.41+curl-7.75.0
[INFO] [stderr]    Compiling blake3 v0.3.7
[INFO] [stderr]    Compiling flume v0.9.2
[INFO] [stderr]    Compiling quote v1.0.9
[INFO] [stderr]    Compiling socket2 v0.4.0
[INFO] [stderr]    Compiling num_cpus v1.13.0
[INFO] [stderr]    Compiling signal-hook-registry v1.3.0
[INFO] [stderr]    Compiling socket2 v0.3.19
[INFO] [stderr]    Compiling time v0.1.44
[INFO] [stderr]    Compiling futures-lite v1.11.3
[INFO] [stderr]    Compiling idna v0.2.2
[INFO] [stderr]    Compiling dashmap v4.0.2
[INFO] [stderr]    Compiling rand_core v0.6.2
[INFO] [stderr]    Compiling nb-connect v1.1.0
[INFO] [stderr]    Compiling rand_core v0.5.1
[INFO] [stderr]    Compiling digest v0.9.0
[INFO] [stderr]    Compiling cipher v0.2.5
[INFO] [stderr]    Compiling universal-hash v0.4.0
[INFO] [stderr]    Compiling crypto-mac v0.10.0
[INFO] [stderr]    Compiling block-buffer v0.9.0
[INFO] [stderr]    Compiling aead v0.3.2
[INFO] [stderr]    Compiling crypto-mac v0.8.0
[INFO] [stderr]    Compiling rand_chacha v0.3.0
[INFO] [stderr]    Compiling rand_chacha v0.2.2
[INFO] [stderr]    Compiling async-executor v1.4.0
[INFO] [stderr]    Compiling blocking v1.0.2
[INFO] [stderr]    Compiling hmac v0.10.1
[INFO] [stderr]    Compiling hmac v0.8.1
[INFO] [stderr]    Compiling aes-soft v0.6.4
[INFO] [stderr]    Compiling ctr v0.6.0
[INFO] [stderr]    Compiling sha2 v0.9.3
[INFO] [stderr]    Compiling polyval v0.4.5
[INFO] [stderr]    Compiling rand v0.8.3
[INFO] [stderr]    Compiling rand v0.7.3
[INFO] [stderr]    Compiling hkdf v0.10.0
[INFO] [stderr]    Compiling mime_guess v2.0.3
[INFO] [stderr]    Compiling aes v0.6.0
[INFO] [stderr]    Compiling ghash v0.3.1
[INFO] [stderr]    Compiling aes-gcm v0.8.0
[INFO] [stderr]    Compiling tracing-core v0.1.17
[INFO] [stderr]    Compiling crossbeam-queue v0.3.1
[INFO] [stderr]    Compiling byte-pool v0.2.3
[INFO] [stderr]    Compiling ctor v0.1.20
[INFO] [stderr]    Compiling time-macros-impl v0.1.1
[INFO] [stderr]    Compiling async-attributes v1.1.2
[INFO] [stderr]    Compiling thiserror-impl v1.0.24
[INFO] [stderr]    Compiling pin-project-internal v1.0.6
[INFO] [stderr]    Compiling tracing-attributes v0.1.15
[INFO] [stderr]    Compiling futures-macro v0.3.13
[INFO] [stderr]    Compiling rhai_codegen v0.3.4
[INFO] [stderr]    Compiling time-macros v0.1.1
[INFO] [stderr]    Compiling thiserror v1.0.24
[INFO] [stderr]    Compiling futures-util v0.3.13
[INFO] [stderr]    Compiling pin-project v1.0.6
[INFO] [stderr]    Compiling polling v2.0.3
[INFO] [stderr]    Compiling kv-log-macro v1.0.7
[INFO] [stderr]    Compiling tracing v0.1.25
[INFO] [stderr]    Compiling tracing-futures v0.2.5
[INFO] [stderr]    Compiling async-io v1.3.1
[INFO] [stderr]    Compiling async-process v1.0.2
[INFO] [stderr]    Compiling async-global-executor v2.0.2
[INFO] [stderr]    Compiling async-std v1.9.0
[INFO] [stderr]    Compiling url v2.2.1
[INFO] [stderr]    Compiling serde_qs v0.7.2
[INFO] [stderr]    Compiling serde_urlencoded v0.7.0
[INFO] [stderr]    Compiling chrono v0.4.19
[INFO] [stderr]    Compiling bincode v1.3.2
[INFO] [stderr]    Compiling rhai v0.19.15
[INFO] [stderr]    Compiling femme v2.1.1
[INFO] [stderr]    Compiling async-session v2.0.1
[INFO] [stderr]    Compiling async-h1 v2.3.2
[INFO] [stderr]    Compiling async-sse v4.1.0
[INFO] [stderr]    Compiling http-client v6.3.5
[INFO] [stderr]    Compiling surf v2.2.0
[INFO] [stderr]    Compiling tide v0.16.0
[INFO] [stderr]    Compiling tide-rhai v0.0.2 (/opt/rustwide/workdir)
[INFO] [stderr]     Finished dev [unoptimized + debuginfo] target(s) in 1m 32s
[INFO] running `Command { std: "docker" "inspect" "5fbaa9da5d4ad326b59120aa88333d1bf6bc205162d213bd6c56dfb7fbb0231b", kill_on_drop: false }`
[INFO] running `Command { std: "docker" "rm" "-f" "5fbaa9da5d4ad326b59120aa88333d1bf6bc205162d213bd6c56dfb7fbb0231b", kill_on_drop: false }`
[INFO] [stdout] 5fbaa9da5d4ad326b59120aa88333d1bf6bc205162d213bd6c56dfb7fbb0231b
[INFO] running `Command { std: "docker" "create" "-v" "/var/lib/crater-agent-workspace/builds/worker-45/target:/opt/rustwide/target:rw,Z" "-v" "/var/lib/crater-agent-workspace/builds/worker-45/source:/opt/rustwide/workdir:ro,Z" "-v" "/var/lib/crater-agent-workspace/cargo-home:/opt/rustwide/cargo-home:ro,Z" "-v" "/var/lib/crater-agent-workspace/rustup-home:/opt/rustwide/rustup-home:ro,Z" "-e" "SOURCE_DIR=/opt/rustwide/workdir" "-e" "CARGO_TARGET_DIR=/opt/rustwide/target" "-e" "CARGO_INCREMENTAL=0" "-e" "RUST_BACKTRACE=full" "-e" "RUSTFLAGS=--cap-lints=warn" "-e" "CARGO_HOME=/opt/rustwide/cargo-home" "-e" "RUSTUP_HOME=/opt/rustwide/rustup-home" "-w" "/opt/rustwide/workdir" "-m" "1610612736" "--user" "0:0" "--network" "none" "ghcr.io/rust-lang/crates-build-env/linux@sha256:34b6a614d2c27851fe6cbf88fbd1137609cefab8b10d0615aaeb6fd47975d74e" "/opt/rustwide/cargo-home/bin/cargo" "+beta-2021-08-01" "test" "--frozen" "--no-run" "--message-format=json", kill_on_drop: false }`
[INFO] [stdout] 167f194a16e0879a9d46859dc99568b1411443e3b595196002c7534d80a44bcd
[INFO] running `Command { std: "docker" "start" "-a" "167f194a16e0879a9d46859dc99568b1411443e3b595196002c7534d80a44bcd", kill_on_drop: false }`
[INFO] [stderr]     Blocking waiting for file lock on package cache
[INFO] [stderr]     Blocking waiting for file lock on package cache
[INFO] [stderr]     Blocking waiting for file lock on package cache
[INFO] [stderr]    Compiling remove_dir_all v0.5.3
[INFO] [stderr]    Compiling tide-testing v0.1.3
[INFO] [stderr]    Compiling tempfile v3.2.0
[INFO] [stderr]    Compiling tide-rhai v0.0.2 (/opt/rustwide/workdir)
[INFO] [stderr]     Finished test [unoptimized + debuginfo] target(s) in 20.16s
[INFO] running `Command { std: "docker" "inspect" "167f194a16e0879a9d46859dc99568b1411443e3b595196002c7534d80a44bcd", kill_on_drop: false }`
[INFO] running `Command { std: "docker" "rm" "-f" "167f194a16e0879a9d46859dc99568b1411443e3b595196002c7534d80a44bcd", kill_on_drop: false }`
[INFO] [stdout] 167f194a16e0879a9d46859dc99568b1411443e3b595196002c7534d80a44bcd
[INFO] running `Command { std: "docker" "create" "-v" "/var/lib/crater-agent-workspace/builds/worker-45/target:/opt/rustwide/target:rw,Z" "-v" "/var/lib/crater-agent-workspace/builds/worker-45/source:/opt/rustwide/workdir:ro,Z" "-v" "/var/lib/crater-agent-workspace/cargo-home:/opt/rustwide/cargo-home:ro,Z" "-v" "/var/lib/crater-agent-workspace/rustup-home:/opt/rustwide/rustup-home:ro,Z" "-e" "SOURCE_DIR=/opt/rustwide/workdir" "-e" "CARGO_TARGET_DIR=/opt/rustwide/target" "-e" "CARGO_INCREMENTAL=0" "-e" "RUST_BACKTRACE=full" "-e" "RUSTFLAGS=--cap-lints=warn" "-e" "CARGO_HOME=/opt/rustwide/cargo-home" "-e" "RUSTUP_HOME=/opt/rustwide/rustup-home" "-w" "/opt/rustwide/workdir" "-m" "1610612736" "--user" "0:0" "--network" "none" "ghcr.io/rust-lang/crates-build-env/linux@sha256:34b6a614d2c27851fe6cbf88fbd1137609cefab8b10d0615aaeb6fd47975d74e" "/opt/rustwide/cargo-home/bin/cargo" "+beta-2021-08-01" "test" "--frozen", kill_on_drop: false }`
[INFO] [stdout] 001a32d2575449b9cb520903ec077d36fe692f0104e5db6eee3245f18f2281ab
[INFO] running `Command { std: "docker" "start" "-a" "001a32d2575449b9cb520903ec077d36fe692f0104e5db6eee3245f18f2281ab", kill_on_drop: false }`
[INFO] [stderr]     Finished test [unoptimized + debuginfo] target(s) in 0.94s
[INFO] [stderr]      Running unittests (/opt/rustwide/target/debug/deps/tide_rhai-7a3b78cf88a10262)
[INFO] [stdout] 
[INFO] [stdout] running 6 tests
[INFO] [stdout] [32m[1mtide::log[0m Logger started
[INFO] [stdout]     [1mlevel[0m Info
[INFO] [stdout] [32m[1msurf::middleware::logger::native[0m sending request
[INFO] [stdout]     [1mreq.id[0m 0
[INFO] [stdout]     [1mreq.method[0m GET
[INFO] [stdout]     [1mreq.uri[0m http://example.com/logging
[INFO] [stdout] [32m[1msurf::middleware::logger::native[0m sending request
[INFO] [stdout]     [1mreq.id[0m 1
[INFO] [stdout]     [1mreq.method[0m GET
[INFO] [stdout]     [1mreq.uri[0m http://example.com/fetch
[INFO] [stdout] [32m[1mtide::log::middleware[0m <-- Request received
[INFO] [stdout]     [1mmethod[0m GET
[INFO] [stdout]     [1mpath[0m /fetch
[INFO] [stdout] [32m[1mtide::log::middleware[0m <-- Request received
[INFO] [stdout]     [1mmethod[0m GET
[INFO] [stdout]     [1mpath[0m /logging
[INFO] [stdout] [32m[1mtide_rhai[0m Requested file: "/opt/rustwide/workdir/test/fetch"
[INFO] [stdout] [32m[1mtide_rhai[0m Requested file: "/opt/rustwide/workdir/test/logging"
[INFO] [stdout] [32m[1msurf::middleware::logger::native[0m sending request
[INFO] [stdout]     [1mreq.id[0m 2
[INFO] [stdout]     [1mreq.method[0m POST
[INFO] [stdout]     [1mreq.uri[0m http://example.com/parse_error
[INFO] [stdout] [32m[1mtide::log::middleware[0m <-- Request received
[INFO] [stdout]     [1mmethod[0m POST
[INFO] [stdout]     [1mpath[0m /parse_error
[INFO] [stdout] [32m[1mtide_rhai[0m Requested file: "/opt/rustwide/workdir/test/parse_error"
[INFO] [stdout] [33m[1mtide_rhai[0m error parsing value EOF while parsing a value at line 1 column 0
[INFO] [stdout] [32m[1msurf::middleware::logger::native[0m sending request
[INFO] [stdout]     [1mreq.id[0m 3
[INFO] [stdout]     [1mreq.method[0m GET
[INFO] [stdout]     [1mreq.uri[0m http://example.com/post
[INFO] [stdout] [32m[1mtide::log::middleware[0m <-- Request received
[INFO] [stdout]     [1mmethod[0m GET
[INFO] [stdout]     [1mpath[0m /post
[INFO] [stdout] [32m[1mtide_rhai[0m Requested file: "/opt/rustwide/workdir/test/post"
[INFO] [stdout] [31m[1mtide_rhai[0m Script execution error: ErrorFunctionNotFound("test ()", 1:1)
[INFO] [stdout] [32m[1msurf::middleware::logger::native[0m sending request
[INFO] [stdout]     [1mreq.id[0m 4
[INFO] [stdout]     [1mreq.method[0m GET
[INFO] [stdout]     [1mreq.uri[0m http://example.com/hello
[INFO] [stdout] [31m[1mtide::log::middleware[0m Internal error --> Response sent
[INFO] [stdout]     [1mmethod[0m POST
[INFO] [stdout]     [1mpath[0m /parse_error
[INFO] [stdout]     [1mstatus[0m 500 - Internal Server Error
[INFO] [stdout]     [1mduration[0m 1.93662ms
[INFO] [stdout] [31m[1msurf::middleware::logger::native[0m request completed
[INFO] [stdout]     [1mreq.id[0m 2
[INFO] [stdout]     [1mreq.status[0m 500
[INFO] [stdout]     [1melapsed[0m 2.346289ms
[INFO] [stdout] [32m[1mtide::log::middleware[0m <-- Request received
[INFO] [stdout]     [1mmethod[0m GET
[INFO] [stdout]     [1mpath[0m /hello
[INFO] [stdout] test test::parse_error ... ok
[INFO] [stdout] [32m[1mtide_rhai[0m Requested file: "/opt/rustwide/workdir/test/hello"
[INFO] [stdout] [32m[1msurf::middleware::logger::native[0m sending request
[INFO] [stdout]     [1mreq.id[0m 5
[INFO] [stdout]     [1mreq.method[0m PUT
[INFO] [stdout]     [1mreq.uri[0m http://example.com/put
[INFO] [stdout] [32m[1mtide::log::middleware[0m <-- Request received
[INFO] [stdout]     [1mmethod[0m PUT
[INFO] [stdout]     [1mpath[0m /put
[INFO] [stdout] [32m[1mtide_rhai[0m Requested file: "/opt/rustwide/workdir/test/put"
[INFO] [stdout] [32m[1mtide_rhai::logging[0m info string
[INFO] [stdout] [32m[1mtide_rhai::logging[0m #{"message": "some data"}
[INFO] [stdout] [32m[1mtide_rhai::logging[0m 1
[INFO] [stdout] [32m[1mtide::log::middleware[0m --> Response sent
[INFO] [stdout]     [1mmethod[0m GET
[INFO] [stdout]     [1mpath[0m /hello
[INFO] [stdout]     [1mstatus[0m 200 - OK
[INFO] [stdout]     [1mduration[0m 2.18827ms
[INFO] [stdout] [32m[1msurf::middleware::logger::native[0m request completed
[INFO] [stdout]     [1mreq.id[0m 4
[INFO] [stdout]     [1mreq.status[0m 200
[INFO] [stdout]     [1melapsed[0m 3.39365ms
[INFO] [stdout] [32m[1mtide_rhai::logging[0m false
[INFO] [stdout] [33m[1mtide_rhai::logging[0m #{"message": "some data"}
[INFO] [stdout] [33m[1mtide_rhai::logging[0m warn string
[INFO] [stdout] [33m[1mtide_rhai::logging[0m 2
[INFO] [stdout] [33m[1mtide_rhai::logging[0m false
[INFO] [stdout] [31m[1mtide_rhai::logging[0m error string
[INFO] [stdout] [31m[1mtide_rhai::logging[0m #{"message": "some data"}
[INFO] [stdout] [31m[1mtide_rhai::logging[0m 3
[INFO] [stdout] [31m[1mtide_rhai::logging[0m true
[INFO] [stdout] [32m[1msurf::middleware::logger::native[0m sending request
[INFO] [stdout]     [1mreq.id[0m 6
[INFO] [stdout]     [1mreq.method[0m POST
[INFO] [stdout]     [1mreq.uri[0m http://example.com/missing
[INFO] [stdout] [32m[1mtide::log::middleware[0m <-- Request received
[INFO] [stdout]     [1mmethod[0m POST
[INFO] [stdout]     [1mpath[0m /missing
[INFO] [stdout] [32m[1mtide_rhai[0m Requested file: "/opt/rustwide/workdir/test/missing"
[INFO] [stdout] [32m[1mtide::log::middleware[0m --> Response sent
[INFO] [stdout]     [1mmethod[0m GET
[INFO] [stdout]     [1mpath[0m /logging
[INFO] [stdout]     [1mstatus[0m 200 - OK
[INFO] [stdout]     [1mduration[0m 7.177119ms
[INFO] [stdout] [32m[1msurf::middleware::logger::native[0m request completed
[INFO] [stdout]     [1mreq.id[0m 0
[INFO] [stdout]     [1mreq.status[0m 200
[INFO] [stdout]     [1melapsed[0m 7.810819ms
[INFO] [stdout] [32m[1mtide::log::middleware[0m --> Response sent
[INFO] [stdout]     [1mmethod[0m PUT
[INFO] [stdout]     [1mpath[0m /put
[INFO] [stdout]     [1mstatus[0m 200 - OK
[INFO] [stdout]     [1mduration[0m 2.06595ms
[INFO] [stdout] [32m[1msurf::middleware::logger::native[0m request completed
[INFO] [stdout]     [1mreq.id[0m 5
[INFO] [stdout]     [1mreq.status[0m 200
[INFO] [stdout]     [1melapsed[0m 2.53396ms
[INFO] [stdout] test test::logging ... ok
[INFO] [stdout] test test::put ... ok
[INFO] [stdout] [32m[1msurf::middleware::logger::native[0m sending request
[INFO] [stdout]     [1mreq.id[0m 7
[INFO] [stdout]     [1mreq.method[0m GET
[INFO] [stdout]     [1mreq.uri[0m https://httpbin.org/get
[INFO] [stdout] [33m[1mtide_rhai[0m File not found: PathBuf { inner: "/opt/rustwide/workdir/test/missing" }
[INFO] [stdout] [33m[1mtide::log::middleware[0m Client error --> Response sent
[INFO] [stdout]     [1mmethod[0m POST
[INFO] [stdout]     [1mpath[0m /missing
[INFO] [stdout]     [1mstatus[0m 404 - Not Found
[INFO] [stdout]     [1mduration[0m 1.39403ms
[INFO] [stdout] [33m[1msurf::middleware::logger::native[0m request completed
[INFO] [stdout]     [1mreq.id[0m 6
[INFO] [stdout]     [1mreq.status[0m 404
[INFO] [stdout]     [1melapsed[0m 1.60809ms
[INFO] [stdout] [32m[1msurf::middleware::logger::native[0m sending request
[INFO] [stdout]     [1mreq.id[0m 8
[INFO] [stdout]     [1mreq.method[0m POST
[INFO] [stdout]     [1mreq.uri[0m https://httpbin.org/post
[INFO] [stdout] test test::get ... ok
[INFO] [stdout] [33m[1misahc::handler[0m request completed with error: CouldntResolveHost: couldn't resolve host name 
[INFO] [stdout] [33m[1misahc::handler[0m request completed with error: CouldntResolveHost: couldn't resolve host name 
[INFO] [stdout] [31m[1mtide_rhai::fetch[0m Request Error: CouldntResolveHost: couldn't resolve host name
[INFO] [stdout] [31m[1mtide_rhai[0m Script execution error: ErrorRuntime("Surf Error", 5:14)
[INFO] [stdout] [31m[1mtide::log::middleware[0m Internal error --> Response sent
[INFO] [stdout]     [1mmethod[0m GET
[INFO] [stdout]     [1mpath[0m /post
[INFO] [stdout]     [1mstatus[0m 500 - Internal Server Error
[INFO] [stdout]     [1mduration[0m 13.321129ms
[INFO] [stdout] [31m[1msurf::middleware::logger::native[0m request completed
[INFO] [stdout]     [1mreq.id[0m 3
[INFO] [stdout]     [1mreq.status[0m 500
[INFO] [stdout]     [1melapsed[0m 13.724539ms
[INFO] [stdout] [31m[1mtide_rhai::fetch[0m Request Error: CouldntResolveHost: couldn't resolve host name
[INFO] [stdout] [31m[1mtide_rhai[0m Script execution error: ErrorRuntime("Surf Error", 4:14)
[INFO] [stdout] [31m[1mtide::log::middleware[0m Internal error --> Response sent
[INFO] [stdout]     [1mmethod[0m GET
[INFO] [stdout]     [1mpath[0m /fetch
[INFO] [stdout]     [1mstatus[0m 500 - Internal Server Error
[INFO] [stdout]     [1mduration[0m 16.304729ms
[INFO] [stdout] [31m[1msurf::middleware::logger::native[0m request completed
[INFO] [stdout]     [1mreq.id[0m 1
[INFO] [stdout]     [1mreq.status[0m 500
[INFO] [stdout]     [1melapsed[0m 16.839648ms
[INFO] [stdout] test test::post ... FAILED
[INFO] [stdout] test test::fetch ... FAILED
[INFO] [stdout] 
[INFO] [stdout] failures:
[INFO] [stdout] 
[INFO] [stdout] ---- test::post stdout ----
[INFO] [stdout] thread 'test::post' panicked at 'called `Result::unwrap()` on an `Err` value: EOF while parsing a value at line 1 column 0', src/lib.rs:273:90
[INFO] [stdout] stack backtrace:
[INFO] [stdout]    0:     0x5573f2c1a400 - std::backtrace_rs::backtrace::libunwind::trace::hff4d1766e93f64f1
[INFO] [stdout]                                at /rustc/53fd98ca776cb875bc9e5514f56b52eb74f9e7a9/library/std/src/../../backtrace/src/backtrace/libunwind.rs:90:5
[INFO] [stdout]    1:     0x5573f2c1a400 - std::backtrace_rs::backtrace::trace_unsynchronized::h56bbc8eb78770bcb
[INFO] [stdout]                                at /rustc/53fd98ca776cb875bc9e5514f56b52eb74f9e7a9/library/std/src/../../backtrace/src/backtrace/mod.rs:66:5
[INFO] [stdout]    2:     0x5573f2c1a400 - std::sys_common::backtrace::_print_fmt::h5c8e75464faca780
[INFO] [stdout]                                at /rustc/53fd98ca776cb875bc9e5514f56b52eb74f9e7a9/library/std/src/sys_common/backtrace.rs:67:5
[INFO] [stdout]    3:     0x5573f2c1a400 - <std::sys_common::backtrace::_print::DisplayBacktrace as core::fmt::Display>::fmt::h48b88277def8b362
[INFO] [stdout]                                at /rustc/53fd98ca776cb875bc9e5514f56b52eb74f9e7a9/library/std/src/sys_common/backtrace.rs:46:22
[INFO] [stdout]    4:     0x5573f2c4088c - core::fmt::write::h3381b3176fe2b3d3
[INFO] [stdout]                                at /rustc/53fd98ca776cb875bc9e5514f56b52eb74f9e7a9/library/core/src/fmt/mod.rs:1115:17
[INFO] [stdout]    5:     0x5573f2c13a65 - std::io::Write::write_fmt::h5f34a676f60246b5
[INFO] [stdout]                                at /rustc/53fd98ca776cb875bc9e5514f56b52eb74f9e7a9/library/std/src/io/mod.rs:1665:15
[INFO] [stdout]    6:     0x5573f2c1c63b - std::sys_common::backtrace::_print::ha537687d6c17dd0d
[INFO] [stdout]                                at /rustc/53fd98ca776cb875bc9e5514f56b52eb74f9e7a9/library/std/src/sys_common/backtrace.rs:49:5
[INFO] [stdout]    7:     0x5573f2c1c63b - std::sys_common::backtrace::print::h61376ae57d131d72
[INFO] [stdout]                                at /rustc/53fd98ca776cb875bc9e5514f56b52eb74f9e7a9/library/std/src/sys_common/backtrace.rs:36:9
[INFO] [stdout]    8:     0x5573f2c1c63b - std::panicking::default_hook::{{closure}}::h0f7208c0b9644a54
[INFO] [stdout]                                at /rustc/53fd98ca776cb875bc9e5514f56b52eb74f9e7a9/library/std/src/panicking.rs:208:50
[INFO] [stdout]    9:     0x5573f2c1c14c - std::panicking::default_hook::hdac7fc06578c14ce
[INFO] [stdout]                                at /rustc/53fd98ca776cb875bc9e5514f56b52eb74f9e7a9/library/std/src/panicking.rs:222:9
[INFO] [stdout]   10:     0x5573f2c1cd04 - std::panicking::rust_panic_with_hook::h72b21c283da3d1ef
[INFO] [stdout]                                at /rustc/53fd98ca776cb875bc9e5514f56b52eb74f9e7a9/library/std/src/panicking.rs:622:17
[INFO] [stdout]   11:     0x5573f2c1c7e7 - std::panicking::begin_panic_handler::{{closure}}::he5778f1729cff84a
[INFO] [stdout]                                at /rustc/53fd98ca776cb875bc9e5514f56b52eb74f9e7a9/library/std/src/panicking.rs:519:13
[INFO] [stdout]   12:     0x5573f2c1a8dc - std::sys_common::backtrace::__rust_end_short_backtrace::h2d11ca8b453b4b1d
[INFO] [stdout]                                at /rustc/53fd98ca776cb875bc9e5514f56b52eb74f9e7a9/library/std/src/sys_common/backtrace.rs:141:18
[INFO] [stdout]   13:     0x5573f2c1c749 - rust_begin_unwind
[INFO] [stdout]                                at /rustc/53fd98ca776cb875bc9e5514f56b52eb74f9e7a9/library/std/src/panicking.rs:515:5
[INFO] [stdout]   14:     0x5573f22bf601 - core::panicking::panic_fmt::hf9de31d4acbce4db
[INFO] [stdout]                                at /rustc/53fd98ca776cb875bc9e5514f56b52eb74f9e7a9/library/core/src/panicking.rs:92:14
[INFO] [stdout]   15:     0x5573f22bf6f3 - core::result::unwrap_failed::ha0c84e81219e5878
[INFO] [stdout]                                at /rustc/53fd98ca776cb875bc9e5514f56b52eb74f9e7a9/library/core/src/result.rs:1599:5
[INFO] [stdout]   16:     0x5573f22dad75 - core::result::Result<T,E>::unwrap::h094e352a8a9a051b
[INFO] [stdout]                                at /rustc/53fd98ca776cb875bc9e5514f56b52eb74f9e7a9/library/core/src/result.rs:1281:23
[INFO] [stdout]   17:     0x5573f23a6e91 - tide_rhai::test::post::{{closure}}::hbe17b33d5cd8470c
[INFO] [stdout]                                at /opt/rustwide/workdir/src/lib.rs:273:55
[INFO] [stdout]   18:     0x5573f23a02bb - <core::future::from_generator::GenFuture<T> as core::future::future::Future>::poll::hca08835f51a25658
[INFO] [stdout]                                at /rustc/53fd98ca776cb875bc9e5514f56b52eb74f9e7a9/library/core/src/future/mod.rs:80:19
[INFO] [stdout]   19:     0x5573f239b8e9 - <async_std::task::builder::SupportTaskLocals<F> as core::future::future::Future>::poll::{{closure}}::hf7aa44fb2dc0266c
[INFO] [stdout]                                at /opt/rustwide/cargo-home/registry/src/github.com-1ecc6299db9ec823/async-std-1.9.0/src/task/builder.rs:199:17
[INFO] [stdout]   20:     0x5573f22ddba6 - async_std::task::task_locals_wrapper::TaskLocalsWrapper::set_current::{{closure}}::h63338ec6b8ad4d7c
[INFO] [stdout]                                at /opt/rustwide/cargo-home/registry/src/github.com-1ecc6299db9ec823/async-std-1.9.0/src/task/task_locals_wrapper.rs:60:13
[INFO] [stdout]   21:     0x5573f23ab4b1 - std::thread::local::LocalKey<T>::try_with::h7a53a967d9b64014
[INFO] [stdout]                                at /rustc/53fd98ca776cb875bc9e5514f56b52eb74f9e7a9/library/std/src/thread/local.rs:399:16
[INFO] [stdout]   22:     0x5573f23a864d - std::thread::local::LocalKey<T>::with::hfbadec88fed2604a
[INFO] [stdout]                                at /rustc/53fd98ca776cb875bc9e5514f56b52eb74f9e7a9/library/std/src/thread/local.rs:375:9
[INFO] [stdout]   23:     0x5573f22dd6c8 - async_std::task::task_locals_wrapper::TaskLocalsWrapper::set_current::hc0c8b2a3f1a344bc
[INFO] [stdout]                                at /opt/rustwide/cargo-home/registry/src/github.com-1ecc6299db9ec823/async-std-1.9.0/src/task/task_locals_wrapper.rs:55:9
[INFO] [stdout]   24:     0x5573f239b465 - <async_std::task::builder::SupportTaskLocals<F> as core::future::future::Future>::poll::h3c8ba81f9cf441de
[INFO] [stdout]                                at /opt/rustwide/cargo-home/registry/src/github.com-1ecc6299db9ec823/async-std-1.9.0/src/task/builder.rs:197:13
[INFO] [stdout]   25:     0x5573f22f0fbb - <futures_lite::future::Or<F1,F2> as core::future::future::Future>::poll::hce7bb8f860023be5
[INFO] [stdout]                                at /opt/rustwide/cargo-home/registry/src/github.com-1ecc6299db9ec823/futures-lite-1.11.3/src/future.rs:526:33
[INFO] [stdout]   26:     0x5573f22ce82a - async_executor::Executor::run::{{closure}}::h9f2ba5aca85d8d2a
[INFO] [stdout]                                at /opt/rustwide/cargo-home/registry/src/github.com-1ecc6299db9ec823/async-executor-1.4.0/src/lib.rs:236:9
[INFO] [stdout]   27:     0x5573f239ed9b - <core::future::from_generator::GenFuture<T> as core::future::future::Future>::poll::h39796d647e7eda32
[INFO] [stdout]                                at /rustc/53fd98ca776cb875bc9e5514f56b52eb74f9e7a9/library/core/src/future/mod.rs:80:19
[INFO] [stdout]   28:     0x5573f22cc5a6 - async_executor::LocalExecutor::run::{{closure}}::h27a1dc27e618348e
[INFO] [stdout]                                at /opt/rustwide/cargo-home/registry/src/github.com-1ecc6299db9ec823/async-executor-1.4.0/src/lib.rs:437:9
[INFO] [stdout]   29:     0x5573f239ee2b - <core::future::from_generator::GenFuture<T> as core::future::future::Future>::poll::h49404d0f9bbbc236
[INFO] [stdout]                                at /rustc/53fd98ca776cb875bc9e5514f56b52eb74f9e7a9/library/core/src/future/mod.rs:80:19
[INFO] [stdout]   30:     0x5573f23ff33d - async_io::driver::block_on::hede9b73c40e706fa
[INFO] [stdout]                                at /opt/rustwide/cargo-home/registry/src/github.com-1ecc6299db9ec823/async-io-1.3.1/src/driver.rs:142:33
[INFO] [stdout]   31:     0x5573f22ee9b9 - async_global_executor::reactor::block_on::{{closure}}::hd504b0265d8a9cb1
[INFO] [stdout]                                at /opt/rustwide/cargo-home/registry/src/github.com-1ecc6299db9ec823/async-global-executor-2.0.2/src/reactor.rs:3:18
[INFO] [stdout]   32:     0x5573f22ee613 - async_global_executor::reactor::block_on::h10388ac5863aa72d
[INFO] [stdout]                                at /opt/rustwide/cargo-home/registry/src/github.com-1ecc6299db9ec823/async-global-executor-2.0.2/src/reactor.rs:12:5
[INFO] [stdout]   33:     0x5573f23ae1f3 - async_global_executor::executor::block_on::{{closure}}::h3cf7137a8ec6eb4f
[INFO] [stdout]                                at /opt/rustwide/cargo-home/registry/src/github.com-1ecc6299db9ec823/async-global-executor-2.0.2/src/executor.rs:26:36
[INFO] [stdout]   34:     0x5573f23aca0a - std::thread::local::LocalKey<T>::try_with::hc54f4a2073f711fd
[INFO] [stdout]                                at /rustc/53fd98ca776cb875bc9e5514f56b52eb74f9e7a9/library/std/src/thread/local.rs:399:16
[INFO] [stdout]   35:     0x5573f23a8060 - std::thread::local::LocalKey<T>::with::haaeee3120b6bfca0
[INFO] [stdout]                                at /rustc/53fd98ca776cb875bc9e5514f56b52eb74f9e7a9/library/std/src/thread/local.rs:375:9
[INFO] [stdout]   36:     0x5573f23ae12a - async_global_executor::executor::block_on::hd19ce3e974e8207d
[INFO] [stdout]                                at /opt/rustwide/cargo-home/registry/src/github.com-1ecc6299db9ec823/async-global-executor-2.0.2/src/executor.rs:26:5
[INFO] [stdout]   37:     0x5573f23a4206 - async_std::task::builder::Builder::blocking::{{closure}}::{{closure}}::h415e06d6e4010214
[INFO] [stdout]                                at /opt/rustwide/cargo-home/registry/src/github.com-1ecc6299db9ec823/async-std-1.9.0/src/task/builder.rs:171:25
[INFO] [stdout]   38:     0x5573f22de24b - async_std::task::task_locals_wrapper::TaskLocalsWrapper::set_current::{{closure}}::hb8d973730060cbb2
[INFO] [stdout]                                at /opt/rustwide/cargo-home/registry/src/github.com-1ecc6299db9ec823/async-std-1.9.0/src/task/task_locals_wrapper.rs:60:13
[INFO] [stdout]   39:     0x5573f23ab13a - std::thread::local::LocalKey<T>::try_with::h692a4acc913b7bf5
[INFO] [stdout]                                at /rustc/53fd98ca776cb875bc9e5514f56b52eb74f9e7a9/library/std/src/thread/local.rs:399:16
[INFO] [stdout]   40:     0x5573f23a73b2 - std::thread::local::LocalKey<T>::with::h0e2082f4b5e93049
[INFO] [stdout]                                at /rustc/53fd98ca776cb875bc9e5514f56b52eb74f9e7a9/library/std/src/thread/local.rs:375:9
[INFO] [stdout]   41:     0x5573f22dd7ba - async_std::task::task_locals_wrapper::TaskLocalsWrapper::set_current::hf5a686ac1f127317
[INFO] [stdout]                                at /opt/rustwide/cargo-home/registry/src/github.com-1ecc6299db9ec823/async-std-1.9.0/src/task/task_locals_wrapper.rs:55:9
[INFO] [stdout]   42:     0x5573f23a3944 - async_std::task::builder::Builder::blocking::{{closure}}::h1c6736b3518d0d37
[INFO] [stdout]                                at /opt/rustwide/cargo-home/registry/src/github.com-1ecc6299db9ec823/async-std-1.9.0/src/task/builder.rs:168:17
[INFO] [stdout]   43:     0x5573f23acb72 - std::thread::local::LocalKey<T>::try_with::hc690e0a9fc0807ed
[INFO] [stdout]                                at /rustc/53fd98ca776cb875bc9e5514f56b52eb74f9e7a9/library/std/src/thread/local.rs:399:16
[INFO] [stdout]   44:     0x5573f23a8560 - std::thread::local::LocalKey<T>::with::heed3e231998de245
[INFO] [stdout]                                at /rustc/53fd98ca776cb875bc9e5514f56b52eb74f9e7a9/library/std/src/thread/local.rs:375:9
[INFO] [stdout]   45:     0x5573f23a26cb - async_std::task::builder::Builder::blocking::h26a37c2210f62730
[INFO] [stdout]                                at /opt/rustwide/cargo-home/registry/src/github.com-1ecc6299db9ec823/async-std-1.9.0/src/task/builder.rs:161:9
[INFO] [stdout]   46:     0x5573f23de67a - async_std::task::block_on::block_on::he536caa87a232270
[INFO] [stdout]                                at /opt/rustwide/cargo-home/registry/src/github.com-1ecc6299db9ec823/async-std-1.9.0/src/task/block_on.rs:33:5
[INFO] [stdout]   47:     0x5573f23a6af1 - tide_rhai::test::post::hdb826e290fc36136
[INFO] [stdout]                                at /opt/rustwide/workdir/src/lib.rs:267:5
[INFO] [stdout]   48:     0x5573f23a6aaa - tide_rhai::test::post::{{closure}}::ha669ae6195b1509e
[INFO] [stdout]                                at /opt/rustwide/workdir/src/lib.rs:267:5
[INFO] [stdout]   49:     0x5573f230058e - core::ops::function::FnOnce::call_once::h99a79f5f046257a1
[INFO] [stdout]                                at /rustc/53fd98ca776cb875bc9e5514f56b52eb74f9e7a9/library/core/src/ops/function.rs:227:5
[INFO] [stdout]   50:     0x5573f24381f3 - core::ops::function::FnOnce::call_once::hbb52c4519d3137b0
[INFO] [stdout]                                at /rustc/53fd98ca776cb875bc9e5514f56b52eb74f9e7a9/library/core/src/ops/function.rs:227:5
[INFO] [stdout]   51:     0x5573f24381f3 - test::__rust_begin_short_backtrace::h86fe3a2a5a5121af
[INFO] [stdout]                                at /rustc/53fd98ca776cb875bc9e5514f56b52eb74f9e7a9/library/test/src/lib.rs:578:5
[INFO] [stdout]   52:     0x5573f2436ca8 - <alloc::boxed::Box<F,A> as core::ops::function::FnOnce<Args>>::call_once::hfd956bc3d57399be
[INFO] [stdout]                                at /rustc/53fd98ca776cb875bc9e5514f56b52eb74f9e7a9/library/alloc/src/boxed.rs:1572:9
[INFO] [stdout]   53:     0x5573f2436ca8 - <std::panic::AssertUnwindSafe<F> as core::ops::function::FnOnce<()>>::call_once::h40dc93e0ddb5938a
[INFO] [stdout]                                at /rustc/53fd98ca776cb875bc9e5514f56b52eb74f9e7a9/library/std/src/panic.rs:347:9
[INFO] [stdout]   54:     0x5573f2436ca8 - std::panicking::try::do_call::h90d07750cb47c562
[INFO] [stdout]                                at /rustc/53fd98ca776cb875bc9e5514f56b52eb74f9e7a9/library/std/src/panicking.rs:401:40
[INFO] [stdout]   55:     0x5573f2436ca8 - std::panicking::try::h063c84733ad2a629
[INFO] [stdout]                                at /rustc/53fd98ca776cb875bc9e5514f56b52eb74f9e7a9/library/std/src/panicking.rs:365:19
[INFO] [stdout]   56:     0x5573f2436ca8 - std::panic::catch_unwind::h0c464836a84e7c08
[INFO] [stdout]                                at /rustc/53fd98ca776cb875bc9e5514f56b52eb74f9e7a9/library/std/src/panic.rs:434:14
[INFO] [stdout]   57:     0x5573f2436ca8 - test::run_test_in_process::h5cb06ef620b157fc
[INFO] [stdout]                                at /rustc/53fd98ca776cb875bc9e5514f56b52eb74f9e7a9/library/test/src/lib.rs:601:18
[INFO] [stdout]   58:     0x5573f2436ca8 - test::run_test::run_test_inner::{{closure}}::h76f677f4b93f9828
[INFO] [stdout]                                at /rustc/53fd98ca776cb875bc9e5514f56b52eb74f9e7a9/library/test/src/lib.rs:493:39
[INFO] [stdout]   59:     0x5573f240543d - test::run_test::run_test_inner::{{closure}}::h366d01fe04f4d67a
[INFO] [stdout]                                at /rustc/53fd98ca776cb875bc9e5514f56b52eb74f9e7a9/library/test/src/lib.rs:520:37
[INFO] [stdout]   60:     0x5573f240543d - std::sys_common::backtrace::__rust_begin_short_backtrace::h7dfa0de4eb395af2
[INFO] [stdout]                                at /rustc/53fd98ca776cb875bc9e5514f56b52eb74f9e7a9/library/std/src/sys_common/backtrace.rs:125:18
[INFO] [stdout]   61:     0x5573f2409c08 - std::thread::Builder::spawn_unchecked::{{closure}}::{{closure}}::hf0a74bb58798037f
[INFO] [stdout]                                at /rustc/53fd98ca776cb875bc9e5514f56b52eb74f9e7a9/library/std/src/thread/mod.rs:476:17
[INFO] [stdout]   62:     0x5573f2409c08 - <std::panic::AssertUnwindSafe<F> as core::ops::function::FnOnce<()>>::call_once::hb024e854818586ac
[INFO] [stdout]                                at /rustc/53fd98ca776cb875bc9e5514f56b52eb74f9e7a9/library/std/src/panic.rs:347:9
[INFO] [stdout]   63:     0x5573f2409c08 - std::panicking::try::do_call::hb2dd9f1d0d48e41d
[INFO] [stdout]                                at /rustc/53fd98ca776cb875bc9e5514f56b52eb74f9e7a9/library/std/src/panicking.rs:401:40
[INFO] [stdout]   64:     0x5573f2409c08 - std::panicking::try::h4717ae7bac8b2bf3
[INFO] [stdout]                                at /rustc/53fd98ca776cb875bc9e5514f56b52eb74f9e7a9/library/std/src/panicking.rs:365:19
[INFO] [stdout]   65:     0x5573f2409c08 - std::panic::catch_unwind::h0dc8a061326ce8d8
[INFO] [stdout]                                at /rustc/53fd98ca776cb875bc9e5514f56b52eb74f9e7a9/library/std/src/panic.rs:434:14
[INFO] [stdout]   66:     0x5573f2409c08 - std::thread::Builder::spawn_unchecked::{{closure}}::haa369e2d6fd00aa1
[INFO] [stdout]                                at /rustc/53fd98ca776cb875bc9e5514f56b52eb74f9e7a9/library/std/src/thread/mod.rs:475:30
[INFO] [stdout]   67:     0x5573f2409c08 - core::ops::function::FnOnce::call_once{{vtable.shim}}::h36dcf3de8b056f17
[INFO] [stdout]                                at /rustc/53fd98ca776cb875bc9e5514f56b52eb74f9e7a9/library/core/src/ops/function.rs:227:5
[INFO] [stdout]   68:     0x5573f2c226e7 - <alloc::boxed::Box<F,A> as core::ops::function::FnOnce<Args>>::call_once::h65c29e4642be2358
[INFO] [stdout]                                at /rustc/53fd98ca776cb875bc9e5514f56b52eb74f9e7a9/library/alloc/src/boxed.rs:1572:9
[INFO] [stdout]   69:     0x5573f2c226e7 - <alloc::boxed::Box<F,A> as core::ops::function::FnOnce<Args>>::call_once::hd0f8f7fbbd9fffbf
[INFO] [stdout]                                at /rustc/53fd98ca776cb875bc9e5514f56b52eb74f9e7a9/library/alloc/src/boxed.rs:1572:9
[INFO] [stdout]   70:     0x5573f2c226e7 - std::sys::unix::thread::Thread::new::thread_start::h2fd22fee3ca77b65
[INFO] [stdout]                                at /rustc/53fd98ca776cb875bc9e5514f56b52eb74f9e7a9/library/std/src/sys/unix/thread.rs:74:17
[INFO] [stdout]   71:     0x7fc31d48d609 - start_thread
[INFO] [stdout]   72:     0x7fc31d25d293 - clone
[INFO] [stdout]   73:                0x0 - <unknown>
[INFO] [stdout] 
[INFO] [stdout] ---- test::fetch stdout ----
[INFO] [stdout] thread 'test::fetch' panicked at 'called `Result::unwrap()` on an `Err` value: EOF while parsing a value at line 1 column 0', src/lib.rs:262:91
[INFO] [stdout] stack backtrace:
[INFO] [stdout]    0:     0x5573f2c1a400 - std::backtrace_rs::backtrace::libunwind::trace::hff4d1766e93f64f1
[INFO] [stdout]                                at /rustc/53fd98ca776cb875bc9e5514f56b52eb74f9e7a9/library/std/src/../../backtrace/src/backtrace/libunwind.rs:90:5
[INFO] [stdout]    1:     0x5573f2c1a400 - std::backtrace_rs::backtrace::trace_unsynchronized::h56bbc8eb78770bcb
[INFO] [stdout]                                at /rustc/53fd98ca776cb875bc9e5514f56b52eb74f9e7a9/library/std/src/../../backtrace/src/backtrace/mod.rs:66:5
[INFO] [stdout]    2:     0x5573f2c1a400 - std::sys_common::backtrace::_print_fmt::h5c8e75464faca780
[INFO] [stdout]                                at /rustc/53fd98ca776cb875bc9e5514f56b52eb74f9e7a9/library/std/src/sys_common/backtrace.rs:67:5
[INFO] [stdout]    3:     0x5573f2c1a400 - <std::sys_common::backtrace::_print::DisplayBacktrace as core::fmt::Display>::fmt::h48b88277def8b362
[INFO] [stdout]                                at /rustc/53fd98ca776cb875bc9e5514f56b52eb74f9e7a9/library/std/src/sys_common/backtrace.rs:46:22
[INFO] [stdout]    4:     0x5573f2c4088c - core::fmt::write::h3381b3176fe2b3d3
[INFO] [stdout]                                at /rustc/53fd98ca776cb875bc9e5514f56b52eb74f9e7a9/library/core/src/fmt/mod.rs:1115:17
[INFO] [stdout]    5:     0x5573f2c13a65 - std::io::Write::write_fmt::h5f34a676f60246b5
[INFO] [stdout]                                at /rustc/53fd98ca776cb875bc9e5514f56b52eb74f9e7a9/library/std/src/io/mod.rs:1665:15
[INFO] [stdout]    6:     0x5573f2c1c63b - std::sys_common::backtrace::_print::ha537687d6c17dd0d
[INFO] [stdout]                                at /rustc/53fd98ca776cb875bc9e5514f56b52eb74f9e7a9/library/std/src/sys_common/backtrace.rs:49:5
[INFO] [stdout]    7:     0x5573f2c1c63b - std::sys_common::backtrace::print::h61376ae57d131d72
[INFO] [stdout]                                at /rustc/53fd98ca776cb875bc9e5514f56b52eb74f9e7a9/library/std/src/sys_common/backtrace.rs:36:9
[INFO] [stdout]    8:     0x5573f2c1c63b - std::panicking::default_hook::{{closure}}::h0f7208c0b9644a54
[INFO] [stdout]                                at /rustc/53fd98ca776cb875bc9e5514f56b52eb74f9e7a9/library/std/src/panicking.rs:208:50
[INFO] [stdout]    9:     0x5573f2c1c14c - std::panicking::default_hook::hdac7fc06578c14ce
[INFO] [stdout]                                at /rustc/53fd98ca776cb875bc9e5514f56b52eb74f9e7a9/library/std/src/panicking.rs:222:9
[INFO] [stdout]   10:     0x5573f2c1cd04 - std::panicking::rust_panic_with_hook::h72b21c283da3d1ef
[INFO] [stdout]                                at /rustc/53fd98ca776cb875bc9e5514f56b52eb74f9e7a9/library/std/src/panicking.rs:622:17
[INFO] [stdout]   11:     0x5573f2c1c7e7 - std::panicking::begin_panic_handler::{{closure}}::he5778f1729cff84a
[INFO] [stdout]                                at /rustc/53fd98ca776cb875bc9e5514f56b52eb74f9e7a9/library/std/src/panicking.rs:519:13
[INFO] [stdout]   12:     0x5573f2c1a8dc - std::sys_common::backtrace::__rust_end_short_backtrace::h2d11ca8b453b4b1d
[INFO] [stdout]                                at /rustc/53fd98ca776cb875bc9e5514f56b52eb74f9e7a9/library/std/src/sys_common/backtrace.rs:141:18
[INFO] [stdout]   13:     0x5573f2c1c749 - rust_begin_unwind
[INFO] [stdout]                                at /rustc/53fd98ca776cb875bc9e5514f56b52eb74f9e7a9/library/std/src/panicking.rs:515:5
[INFO] [stdout]   14:     0x5573f22bf601 - core::panicking::panic_fmt::hf9de31d4acbce4db
[INFO] [stdout]                                at /rustc/53fd98ca776cb875bc9e5514f56b52eb74f9e7a9/library/core/src/panicking.rs:92:14
[INFO] [stdout]   15:     0x5573f22bf6f3 - core::result::unwrap_failed::ha0c84e81219e5878
[INFO] [stdout]                                at /rustc/53fd98ca776cb875bc9e5514f56b52eb74f9e7a9/library/core/src/result.rs:1599:5
[INFO] [stdout]   16:     0x5573f22dad75 - core::result::Result<T,E>::unwrap::h094e352a8a9a051b
[INFO] [stdout]                                at /rustc/53fd98ca776cb875bc9e5514f56b52eb74f9e7a9/library/core/src/result.rs:1281:23
[INFO] [stdout]   17:     0x5573f23a67d1 - tide_rhai::test::fetch::{{closure}}::h63da83a1942c3c88
[INFO] [stdout]                                at /opt/rustwide/workdir/src/lib.rs:262:55
[INFO] [stdout]   18:     0x5573f23a012b - <core::future::from_generator::GenFuture<T> as core::future::future::Future>::poll::hba940d9c7a03206e
[INFO] [stdout]                                at /rustc/53fd98ca776cb875bc9e5514f56b52eb74f9e7a9/library/core/src/future/mod.rs:80:19
[INFO] [stdout]   19:     0x5573f239b6f9 - <async_std::task::builder::SupportTaskLocals<F> as core::future::future::Future>::poll::{{closure}}::h06467c41f7e64e40
[INFO] [stdout]                                at /opt/rustwide/cargo-home/registry/src/github.com-1ecc6299db9ec823/async-std-1.9.0/src/task/builder.rs:199:17
[INFO] [stdout]   20:     0x5573f22ddee6 - async_std::task::task_locals_wrapper::TaskLocalsWrapper::set_current::{{closure}}::h96e1e0f69321fca8
[INFO] [stdout]                                at /opt/rustwide/cargo-home/registry/src/github.com-1ecc6299db9ec823/async-std-1.9.0/src/task/task_locals_wrapper.rs:60:13
[INFO] [stdout]   21:     0x5573f23a9841 - std::thread::local::LocalKey<T>::try_with::h2b1f81854d0f78c1
[INFO] [stdout]                                at /rustc/53fd98ca776cb875bc9e5514f56b52eb74f9e7a9/library/std/src/thread/local.rs:399:16
[INFO] [stdout]   22:     0x5573f23a72ad - std::thread::local::LocalKey<T>::with::h0b0d13d0c94b60c3
[INFO] [stdout]                                at /rustc/53fd98ca776cb875bc9e5514f56b52eb74f9e7a9/library/std/src/thread/local.rs:375:9
[INFO] [stdout]   23:     0x5573f22dd518 - async_std::task::task_locals_wrapper::TaskLocalsWrapper::set_current::h2e01e7dd6407287c
[INFO] [stdout]                                at /opt/rustwide/cargo-home/registry/src/github.com-1ecc6299db9ec823/async-std-1.9.0/src/task/task_locals_wrapper.rs:55:9
[INFO] [stdout]   24:     0x5573f239b6a5 - <async_std::task::builder::SupportTaskLocals<F> as core::future::future::Future>::poll::hf47cfc2fa39af022
[INFO] [stdout]                                at /opt/rustwide/cargo-home/registry/src/github.com-1ecc6299db9ec823/async-std-1.9.0/src/task/builder.rs:197:13
[INFO] [stdout]   25:     0x5573f22f0e7b - <futures_lite::future::Or<F1,F2> as core::future::future::Future>::poll::hbebc7baceaaa809b
[INFO] [stdout]                                at /opt/rustwide/cargo-home/registry/src/github.com-1ecc6299db9ec823/futures-lite-1.11.3/src/future.rs:526:33
[INFO] [stdout]   26:     0x5573f22cf0ca - async_executor::Executor::run::{{closure}}::hb89b7153678dd578
[INFO] [stdout]                                at /opt/rustwide/cargo-home/registry/src/github.com-1ecc6299db9ec823/async-executor-1.4.0/src/lib.rs:236:9
[INFO] [stdout]   27:     0x5573f239e50b - <core::future::from_generator::GenFuture<T> as core::future::future::Future>::poll::h05b9c33e00288c1f
[INFO] [stdout]                                at /rustc/53fd98ca776cb875bc9e5514f56b52eb74f9e7a9/library/core/src/future/mod.rs:80:19
[INFO] [stdout]   28:     0x5573f22cce16 - async_executor::LocalExecutor::run::{{closure}}::ha506c6fde03f58b5
[INFO] [stdout]                                at /opt/rustwide/cargo-home/registry/src/github.com-1ecc6299db9ec823/async-executor-1.4.0/src/lib.rs:437:9
[INFO] [stdout]   29:     0x5573f23a0bab - <core::future::from_generator::GenFuture<T> as core::future::future::Future>::poll::hfa0b7796ed3b3448
[INFO] [stdout]                                at /rustc/53fd98ca776cb875bc9e5514f56b52eb74f9e7a9/library/core/src/future/mod.rs:80:19
[INFO] [stdout]   30:     0x5573f23f89dd - async_io::driver::block_on::h5141b9394a3a6ad8
[INFO] [stdout]                                at /opt/rustwide/cargo-home/registry/src/github.com-1ecc6299db9ec823/async-io-1.3.1/src/driver.rs:142:33
[INFO] [stdout]   31:     0x5573f22ee879 - async_global_executor::reactor::block_on::{{closure}}::h60cedaf1b394848a
[INFO] [stdout]                                at /opt/rustwide/cargo-home/registry/src/github.com-1ecc6299db9ec823/async-global-executor-2.0.2/src/reactor.rs:3:18
[INFO] [stdout]   32:     0x5573f22ee803 - async_global_executor::reactor::block_on::hefede2110921383f
[INFO] [stdout]                                at /opt/rustwide/cargo-home/registry/src/github.com-1ecc6299db9ec823/async-global-executor-2.0.2/src/reactor.rs:12:5
[INFO] [stdout]   33:     0x5573f23ae3e3 - async_global_executor::executor::block_on::{{closure}}::hfffe6c757c324692
[INFO] [stdout]                                at /opt/rustwide/cargo-home/registry/src/github.com-1ecc6299db9ec823/async-global-executor-2.0.2/src/executor.rs:26:36
[INFO] [stdout]   34:     0x5573f23a9b0a - std::thread::local::LocalKey<T>::try_with::h2ff75b65c927cb68
[INFO] [stdout]                                at /rustc/53fd98ca776cb875bc9e5514f56b52eb74f9e7a9/library/std/src/thread/local.rs:399:16
[INFO] [stdout]   35:     0x5573f23a7970 - std::thread::local::LocalKey<T>::with::h676a3144e2ea6c04
[INFO] [stdout]                                at /rustc/53fd98ca776cb875bc9e5514f56b52eb74f9e7a9/library/std/src/thread/local.rs:375:9
[INFO] [stdout]   36:     0x5573f23adf9a - async_global_executor::executor::block_on::h06e55b1d75907ce2
[INFO] [stdout]                                at /opt/rustwide/cargo-home/registry/src/github.com-1ecc6299db9ec823/async-global-executor-2.0.2/src/executor.rs:26:5
[INFO] [stdout]   37:     0x5573f23a4536 - async_std::task::builder::Builder::blocking::{{closure}}::{{closure}}::h6c2ae4a279f28cf3
[INFO] [stdout]                                at /opt/rustwide/cargo-home/registry/src/github.com-1ecc6299db9ec823/async-std-1.9.0/src/task/builder.rs:171:25
[INFO] [stdout]   38:     0x5573f22ddccb - async_std::task::task_locals_wrapper::TaskLocalsWrapper::set_current::{{closure}}::h7565ba847c9ca43f
[INFO] [stdout]                                at /opt/rustwide/cargo-home/registry/src/github.com-1ecc6299db9ec823/async-std-1.9.0/src/task/task_locals_wrapper.rs:60:13
[INFO] [stdout]   39:     0x5573f23a999a - std::thread::local::LocalKey<T>::try_with::h2b83fb1747258e57
[INFO] [stdout]                                at /rustc/53fd98ca776cb875bc9e5514f56b52eb74f9e7a9/library/std/src/thread/local.rs:399:16
[INFO] [stdout]   40:     0x5573f23a7192 - std::thread::local::LocalKey<T>::with::h03c2dab3ea2c38a4
[INFO] [stdout]                                at /rustc/53fd98ca776cb875bc9e5514f56b52eb74f9e7a9/library/std/src/thread/local.rs:375:9
[INFO] [stdout]   41:     0x5573f22dd4ca - async_std::task::task_locals_wrapper::TaskLocalsWrapper::set_current::h2cdbc86f945b6626
[INFO] [stdout]                                at /opt/rustwide/cargo-home/registry/src/github.com-1ecc6299db9ec823/async-std-1.9.0/src/task/task_locals_wrapper.rs:55:9
[INFO] [stdout]   42:     0x5573f23a3d44 - async_std::task::builder::Builder::blocking::{{closure}}::h6e15fbfa73804dc4
[INFO] [stdout]                                at /opt/rustwide/cargo-home/registry/src/github.com-1ecc6299db9ec823/async-std-1.9.0/src/task/builder.rs:168:17
[INFO] [stdout]   43:     0x5573f23ad492 - std::thread::local::LocalKey<T>::try_with::hf01b4f90e2371506
[INFO] [stdout]                                at /rustc/53fd98ca776cb875bc9e5514f56b52eb74f9e7a9/library/std/src/thread/local.rs:399:16
[INFO] [stdout]   44:     0x5573f23a7ed0 - std::thread::local::LocalKey<T>::with::h9b75bc6e85b58f2d
[INFO] [stdout]                                at /rustc/53fd98ca776cb875bc9e5514f56b52eb74f9e7a9/library/std/src/thread/local.rs:375:9
[INFO] [stdout]   45:     0x5573f23a368b - async_std::task::builder::Builder::blocking::hb5bf4793844e4cda
[INFO] [stdout]                                at /opt/rustwide/cargo-home/registry/src/github.com-1ecc6299db9ec823/async-std-1.9.0/src/task/builder.rs:161:9
[INFO] [stdout]   46:     0x5573f23de2fa - async_std::task::block_on::block_on::h0e4bc6b124493bdf
[INFO] [stdout]                                at /opt/rustwide/cargo-home/registry/src/github.com-1ecc6299db9ec823/async-std-1.9.0/src/task/block_on.rs:33:5
[INFO] [stdout]   47:     0x5573f23a6431 - tide_rhai::test::fetch::h030d5711fe445e16
[INFO] [stdout]                                at /opt/rustwide/workdir/src/lib.rs:256:5
[INFO] [stdout]   48:     0x5573f23a63ea - tide_rhai::test::fetch::{{closure}}::hc21b46b79b5b4a3c
[INFO] [stdout]                                at /opt/rustwide/workdir/src/lib.rs:256:5
[INFO] [stdout]   49:     0x5573f23006ce - core::ops::function::FnOnce::call_once::ha7de8a34b7d86f19
[INFO] [stdout]                                at /rustc/53fd98ca776cb875bc9e5514f56b52eb74f9e7a9/library/core/src/ops/function.rs:227:5
[INFO] [stdout]   50:     0x5573f24381f3 - core::ops::function::FnOnce::call_once::hbb52c4519d3137b0
[INFO] [stdout]                                at /rustc/53fd98ca776cb875bc9e5514f56b52eb74f9e7a9/library/core/src/ops/function.rs:227:5
[INFO] [stdout]   51:     0x5573f24381f3 - test::__rust_begin_short_backtrace::h86fe3a2a5a5121af
[INFO] [stdout]                                at /rustc/53fd98ca776cb875bc9e5514f56b52eb74f9e7a9/library/test/src/lib.rs:578:5
[INFO] [stdout]   52:     0x5573f2436ca8 - <alloc::boxed::Box<F,A> as core::ops::function::FnOnce<Args>>::call_once::hfd956bc3d57399be
[INFO] [stdout]                                at /rustc/53fd98ca776cb875bc9e5514f56b52eb74f9e7a9/library/alloc/src/boxed.rs:1572:9
[INFO] [stdout]   53:     0x5573f2436ca8 - <std::panic::AssertUnwindSafe<F> as core::ops::function::FnOnce<()>>::call_once::h40dc93e0ddb5938a
[INFO] [stdout]                                at /rustc/53fd98ca776cb875bc9e5514f56b52eb74f9e7a9/library/std/src/panic.rs:347:9
[INFO] [stdout]   54:     0x5573f2436ca8 - std::panicking::try::do_call::h90d07750cb47c562
[INFO] [stdout]                                at /rustc/53fd98ca776cb875bc9e5514f56b52eb74f9e7a9/library/std/src/panicking.rs:401:40
[INFO] [stdout]   55:     0x5573f2436ca8 - std::panicking::try::h063c84733ad2a629
[INFO] [stdout]                                at /rustc/53fd98ca776cb875bc9e5514f56b52eb74f9e7a9/library/std/src/panicking.rs:365:19
[INFO] [stdout]   56:     0x5573f2436ca8 - std::panic::catch_unwind::h0c464836a84e7c08
[INFO] [stdout]                                at /rustc/53fd98ca776cb875bc9e5514f56b52eb74f9e7a9/library/std/src/panic.rs:434:14
[INFO] [stdout]   57:     0x5573f2436ca8 - test::run_test_in_process::h5cb06ef620b157fc
[INFO] [stdout]                                at /rustc/53fd98ca776cb875bc9e5514f56b52eb74f9e7a9/library/test/src/lib.rs:601:18
[INFO] [stdout]   58:     0x5573f2436ca8 - test::run_test::run_test_inner::{{closure}}::h76f677f4b93f9828
[INFO] [stdout]                                at /rustc/53fd98ca776cb875bc9e5514f56b52eb74f9e7a9/library/test/src/lib.rs:493:39
[INFO] [stdout]   59:     0x5573f240543d - test::run_test::run_test_inner::{{closure}}::h366d01fe04f4d67a
[INFO] [stdout]                                at /rustc/53fd98ca776cb875bc9e5514f56b52eb74f9e7a9/library/test/src/lib.rs:520:37
[INFO] [stdout]   60:     0x5573f240543d - std::sys_common::backtrace::__rust_begin_short_backtrace::h7dfa0de4eb395af2
[INFO] [stdout]                                at /rustc/53fd98ca776cb875bc9e5514f56b52eb74f9e7a9/library/std/src/sys_common/backtrace.rs:125:18
[INFO] [stdout]   61:     0x5573f2409c08 - std::thread::Builder::spawn_unchecked::{{closure}}::{{closure}}::hf0a74bb58798037f
[INFO] [stdout]                                at /rustc/53fd98ca776cb875bc9e5514f56b52eb74f9e7a9/library/std/src/thread/mod.rs:476:17
[INFO] [stdout]   62:     0x5573f2409c08 - <std::panic::AssertUnwindSafe<F> as core::ops::function::FnOnce<()>>::call_once::hb024e854818586ac
[INFO] [stdout]                                at /rustc/53fd98ca776cb875bc9e5514f56b52eb74f9e7a9/library/std/src/panic.rs:347:9
[INFO] [stdout]   63:     0x5573f2409c08 - std::panicking::try::do_call::hb2dd9f1d0d48e41d
[INFO] [stdout]                                at /rustc/53fd98ca776cb875bc9e5514f56b52eb74f9e7a9/library/std/src/panicking.rs:401:40
[INFO] [stdout]   64:     0x5573f2409c08 - std::panicking::try::h4717ae7bac8b2bf3
[INFO] [stdout]                                at /rustc/53fd98ca776cb875bc9e5514f56b52eb74f9e7a9/library/std/src/panicking.rs:365:19
[INFO] [stdout]   65:     0x5573f2409c08 - std::panic::catch_unwind::h0dc8a061326ce8d8
[INFO] [stdout]                                at /rustc/53fd98ca776cb875bc9e5514f56b52eb74f9e7a9/library/std/src/panic.rs:434:14
[INFO] [stdout]   66:     0x5573f2409c08 - std::thread::Builder::spawn_unchecked::{{closure}}::haa369e2d6fd00aa1
[INFO] [stdout]                                at /rustc/53fd98ca776cb875bc9e5514f56b52eb74f9e7a9/library/std/src/thread/mod.rs:475:30
[INFO] [stdout]   67:     0x5573f2409c08 - core::ops::function::FnOnce::call_once{{vtable.shim}}::h36dcf3de8b056f17
[INFO] [stdout]                                at /rustc/53fd98ca776cb875bc9e5514f56b52eb74f9e7a9/library/core/src/ops/function.rs:227:5
[INFO] [stdout]   68:     0x5573f2c226e7 - <alloc::boxed::Box<F,A> as core::ops::function::FnOnce<Args>>::call_once::h65c29e4642be2358
[INFO] [stdout]                                at /rustc/53fd98ca776cb875bc9e5514f56b52eb74f9e7a9/library/alloc/src/boxed.rs:1572:9
[INFO] [stdout]   69:     0x5573f2c226e7 - <alloc::boxed::Box<F,A> as core::ops::function::FnOnce<Args>>::call_once::hd0f8f7fbbd9fffbf
[INFO] [stdout]                                at /rustc/53fd98ca776cb875bc9e5514f56b52eb74f9e7a9/library/alloc/src/boxed.rs:1572:9
[INFO] [stdout]   70:     0x5573f2c226e7 - std::sys::unix::thread::Thread::new::thread_start::h2fd22fee3ca77b65
[INFO] [stdout]                                at /rustc/53fd98ca776cb875bc9e5514f56b52eb74f9e7a9/library/std/src/sys/unix/thread.rs:74:17
[INFO] [stdout]   71:     0x7fc31d48d609 - start_thread
[INFO] [stdout]   72:     0x7fc31d25d293 - clone
[INFO] [stdout]   73:                0x0 - <unknown>
[INFO] [stdout] 
[INFO] [stdout] 
[INFO] [stdout] failures:
[INFO] [stdout]     test::fetch
[INFO] [stdout]     test::post
[INFO] [stdout] 
[INFO] [stdout] test result: FAILED. 4 passed; 2 failed; 0 ignored; 0 measured; 0 filtered out; finished in 0.22s
[INFO] [stdout] 
[INFO] [stderr] error: test failed, to rerun pass '--lib'
[INFO] running `Command { std: "docker" "inspect" "001a32d2575449b9cb520903ec077d36fe692f0104e5db6eee3245f18f2281ab", kill_on_drop: false }`
[INFO] running `Command { std: "docker" "rm" "-f" "001a32d2575449b9cb520903ec077d36fe692f0104e5db6eee3245f18f2281ab", kill_on_drop: false }`
[INFO] [stdout] 001a32d2575449b9cb520903ec077d36fe692f0104e5db6eee3245f18f2281ab
