[INFO] fetching crate ticker 0.1.1...
[INFO] testing ticker-0.1.1 against beta-2021-08-01 for beta-1.55-1
[INFO] extracting crate ticker 0.1.1 into /workspace/builds/worker-22/source
[INFO] validating manifest of crates.io crate ticker 0.1.1 on toolchain beta-2021-08-01
[INFO] running `Command { std: "/workspace/cargo-home/bin/cargo" "+beta-2021-08-01" "metadata" "--manifest-path" "Cargo.toml" "--no-deps", kill_on_drop: false }`
[INFO] started tweaking crates.io crate ticker 0.1.1
[INFO] finished tweaking crates.io crate ticker 0.1.1
[INFO] tweaked toml for crates.io crate ticker 0.1.1 written to /workspace/builds/worker-22/source/Cargo.toml
[INFO] running `Command { std: "/workspace/cargo-home/bin/cargo" "+beta-2021-08-01" "generate-lockfile" "--manifest-path" "Cargo.toml" "-Zno-index-update", kill_on_drop: false }`
[INFO] running `Command { std: "/workspace/cargo-home/bin/cargo" "+beta-2021-08-01" "fetch" "--manifest-path" "Cargo.toml", kill_on_drop: false }`
[INFO] [stderr] warning: unused manifest key: package.docs
[INFO] [stderr]     Blocking waiting for file lock on package cache
[INFO] [stderr]     Blocking waiting for file lock on package cache
[INFO] running `Command { std: "docker" "create" "-v" "/var/lib/crater-agent-workspace/builds/worker-22/target:/opt/rustwide/target:rw,Z" "-v" "/var/lib/crater-agent-workspace/builds/worker-22/source:/opt/rustwide/workdir:ro,Z" "-v" "/var/lib/crater-agent-workspace/cargo-home:/opt/rustwide/cargo-home:ro,Z" "-v" "/var/lib/crater-agent-workspace/rustup-home:/opt/rustwide/rustup-home:ro,Z" "-e" "SOURCE_DIR=/opt/rustwide/workdir" "-e" "CARGO_TARGET_DIR=/opt/rustwide/target" "-e" "CARGO_HOME=/opt/rustwide/cargo-home" "-e" "RUSTUP_HOME=/opt/rustwide/rustup-home" "-w" "/opt/rustwide/workdir" "-m" "1610612736" "--user" "0:0" "--network" "none" "ghcr.io/rust-lang/crates-build-env/linux@sha256:34b6a614d2c27851fe6cbf88fbd1137609cefab8b10d0615aaeb6fd47975d74e" "/opt/rustwide/cargo-home/bin/cargo" "+beta-2021-08-01" "metadata" "--no-deps" "--format-version=1", kill_on_drop: false }`
[INFO] [stdout] 5bd44f9c7ebbef0fd77adda675d09fa9b5f1872e0f3af2637989c1ebb8d3f002
[INFO] running `Command { std: "docker" "start" "-a" "5bd44f9c7ebbef0fd77adda675d09fa9b5f1872e0f3af2637989c1ebb8d3f002", kill_on_drop: false }`
[INFO] running `Command { std: "docker" "inspect" "5bd44f9c7ebbef0fd77adda675d09fa9b5f1872e0f3af2637989c1ebb8d3f002", kill_on_drop: false }`
[INFO] running `Command { std: "docker" "rm" "-f" "5bd44f9c7ebbef0fd77adda675d09fa9b5f1872e0f3af2637989c1ebb8d3f002", kill_on_drop: false }`
[INFO] [stdout] 5bd44f9c7ebbef0fd77adda675d09fa9b5f1872e0f3af2637989c1ebb8d3f002
[INFO] running `Command { std: "docker" "create" "-v" "/var/lib/crater-agent-workspace/builds/worker-22/target:/opt/rustwide/target:rw,Z" "-v" "/var/lib/crater-agent-workspace/builds/worker-22/source:/opt/rustwide/workdir:ro,Z" "-v" "/var/lib/crater-agent-workspace/cargo-home:/opt/rustwide/cargo-home:ro,Z" "-v" "/var/lib/crater-agent-workspace/rustup-home:/opt/rustwide/rustup-home:ro,Z" "-e" "SOURCE_DIR=/opt/rustwide/workdir" "-e" "CARGO_TARGET_DIR=/opt/rustwide/target" "-e" "CARGO_INCREMENTAL=0" "-e" "RUST_BACKTRACE=full" "-e" "RUSTFLAGS=--cap-lints=warn" "-e" "CARGO_HOME=/opt/rustwide/cargo-home" "-e" "RUSTUP_HOME=/opt/rustwide/rustup-home" "-w" "/opt/rustwide/workdir" "-m" "1610612736" "--user" "0:0" "--network" "none" "ghcr.io/rust-lang/crates-build-env/linux@sha256:34b6a614d2c27851fe6cbf88fbd1137609cefab8b10d0615aaeb6fd47975d74e" "/opt/rustwide/cargo-home/bin/cargo" "+beta-2021-08-01" "build" "--frozen" "--message-format=json", kill_on_drop: false }`
[INFO] [stdout] 28c0f67be2142adef18c5f368d6905adde1add162bd19f592cd5fd0223967def
[INFO] running `Command { std: "docker" "start" "-a" "28c0f67be2142adef18c5f368d6905adde1add162bd19f592cd5fd0223967def", kill_on_drop: false }`
[INFO] [stderr] warning: unused manifest key: package.docs
[INFO] [stderr]    Compiling ticker v0.1.1 (/opt/rustwide/workdir)
[INFO] [stderr]     Finished dev [unoptimized + debuginfo] target(s) in 1.23s
[INFO] running `Command { std: "docker" "inspect" "28c0f67be2142adef18c5f368d6905adde1add162bd19f592cd5fd0223967def", kill_on_drop: false }`
[INFO] running `Command { std: "docker" "rm" "-f" "28c0f67be2142adef18c5f368d6905adde1add162bd19f592cd5fd0223967def", kill_on_drop: false }`
[INFO] [stdout] 28c0f67be2142adef18c5f368d6905adde1add162bd19f592cd5fd0223967def
[INFO] running `Command { std: "docker" "create" "-v" "/var/lib/crater-agent-workspace/builds/worker-22/target:/opt/rustwide/target:rw,Z" "-v" "/var/lib/crater-agent-workspace/builds/worker-22/source:/opt/rustwide/workdir:ro,Z" "-v" "/var/lib/crater-agent-workspace/cargo-home:/opt/rustwide/cargo-home:ro,Z" "-v" "/var/lib/crater-agent-workspace/rustup-home:/opt/rustwide/rustup-home:ro,Z" "-e" "SOURCE_DIR=/opt/rustwide/workdir" "-e" "CARGO_TARGET_DIR=/opt/rustwide/target" "-e" "CARGO_INCREMENTAL=0" "-e" "RUST_BACKTRACE=full" "-e" "RUSTFLAGS=--cap-lints=warn" "-e" "CARGO_HOME=/opt/rustwide/cargo-home" "-e" "RUSTUP_HOME=/opt/rustwide/rustup-home" "-w" "/opt/rustwide/workdir" "-m" "1610612736" "--user" "0:0" "--network" "none" "ghcr.io/rust-lang/crates-build-env/linux@sha256:34b6a614d2c27851fe6cbf88fbd1137609cefab8b10d0615aaeb6fd47975d74e" "/opt/rustwide/cargo-home/bin/cargo" "+beta-2021-08-01" "test" "--frozen" "--no-run" "--message-format=json", kill_on_drop: false }`
[INFO] [stdout] 16d1cd8b39d2a0c1568685083877bcbf6095178a7a0b19ab0bf75e5ed3aca3c3
[INFO] running `Command { std: "docker" "start" "-a" "16d1cd8b39d2a0c1568685083877bcbf6095178a7a0b19ab0bf75e5ed3aca3c3", kill_on_drop: false }`
[INFO] [stderr] warning: unused manifest key: package.docs
[INFO] [stderr]     Blocking waiting for file lock on package cache
[INFO] [stderr]    Compiling ticker v0.1.1 (/opt/rustwide/workdir)
[INFO] [stderr]     Finished test [unoptimized + debuginfo] target(s) in 0.91s
[INFO] running `Command { std: "docker" "inspect" "16d1cd8b39d2a0c1568685083877bcbf6095178a7a0b19ab0bf75e5ed3aca3c3", kill_on_drop: false }`
[INFO] running `Command { std: "docker" "rm" "-f" "16d1cd8b39d2a0c1568685083877bcbf6095178a7a0b19ab0bf75e5ed3aca3c3", kill_on_drop: false }`
[INFO] [stdout] 16d1cd8b39d2a0c1568685083877bcbf6095178a7a0b19ab0bf75e5ed3aca3c3
[INFO] running `Command { std: "docker" "create" "-v" "/var/lib/crater-agent-workspace/builds/worker-22/target:/opt/rustwide/target:rw,Z" "-v" "/var/lib/crater-agent-workspace/builds/worker-22/source:/opt/rustwide/workdir:ro,Z" "-v" "/var/lib/crater-agent-workspace/cargo-home:/opt/rustwide/cargo-home:ro,Z" "-v" "/var/lib/crater-agent-workspace/rustup-home:/opt/rustwide/rustup-home:ro,Z" "-e" "SOURCE_DIR=/opt/rustwide/workdir" "-e" "CARGO_TARGET_DIR=/opt/rustwide/target" "-e" "CARGO_INCREMENTAL=0" "-e" "RUST_BACKTRACE=full" "-e" "RUSTFLAGS=--cap-lints=warn" "-e" "CARGO_HOME=/opt/rustwide/cargo-home" "-e" "RUSTUP_HOME=/opt/rustwide/rustup-home" "-w" "/opt/rustwide/workdir" "-m" "1610612736" "--user" "0:0" "--network" "none" "ghcr.io/rust-lang/crates-build-env/linux@sha256:34b6a614d2c27851fe6cbf88fbd1137609cefab8b10d0615aaeb6fd47975d74e" "/opt/rustwide/cargo-home/bin/cargo" "+beta-2021-08-01" "test" "--frozen", kill_on_drop: false }`
[INFO] [stdout] b23bdbc9469b4bcd731620ab1bed5be957dec0b9edbd346844664594cc11be1e
[INFO] running `Command { std: "docker" "start" "-a" "b23bdbc9469b4bcd731620ab1bed5be957dec0b9edbd346844664594cc11be1e", kill_on_drop: false }`
[INFO] [stderr] warning: unused manifest key: package.docs
[INFO] [stderr]     Finished test [unoptimized + debuginfo] target(s) in 0.03s
[INFO] [stderr]      Running unittests (/opt/rustwide/target/debug/deps/ticker-c84e3ac9579b49ed)
[INFO] [stdout] 
[INFO] [stdout] running 1 test
[INFO] [stdout] test tests::it_works ... ok
[INFO] [stdout] 
[INFO] [stdout] test result: ok. 1 passed; 0 failed; 0 ignored; 0 measured; 0 filtered out; finished in 11.01s
[INFO] [stdout] 
[INFO] [stderr]    Doc-tests ticker
[INFO] [stdout] 
[INFO] [stdout] running 3 tests
[INFO] [stdout] test src/lib.rs - (line 5) ... FAILED
[INFO] [stdout] test src/lib.rs - Ticker (line 21) ... FAILED
[INFO] [stdout] test src/lib.rs - Ticker (line 30) ... FAILED
[INFO] [stdout] 
[INFO] [stdout] failures:
[INFO] [stdout] 
[INFO] [stdout] ---- src/lib.rs - (line 5) stdout ----
[INFO] [stdout] error[E0433]: failed to resolve: use of undeclared type `Ticker`
[INFO] [stdout]  --> src/lib.rs:6:14
[INFO] [stdout]   |
[INFO] [stdout] 4 | let ticker = Ticker::new((0..10), Duration::from_secs(1));
[INFO] [stdout]   |              ^^^^^^ not found in this scope
[INFO] [stdout]   |
[INFO] [stdout] help: consider importing this struct
[INFO] [stdout]   |
[INFO] [stdout] 3 | use ticker::Ticker;
[INFO] [stdout]   |
[INFO] [stdout] 
[INFO] [stdout] error[E0433]: failed to resolve: use of undeclared type `Duration`
[INFO] [stdout]  --> src/lib.rs:6:35
[INFO] [stdout]   |
[INFO] [stdout] 4 | let ticker = Ticker::new((0..10), Duration::from_secs(1));
[INFO] [stdout]   |                                   ^^^^^^^^ not found in this scope
[INFO] [stdout]   |
[INFO] [stdout] help: consider importing this struct
[INFO] [stdout]   |
[INFO] [stdout] 3 | use std::time::Duration;
[INFO] [stdout]   |
[INFO] [stdout] 
[INFO] [stdout] error: aborting due to 2 previous errors
[INFO] [stdout] 
[INFO] [stdout] For more information about this error, try `rustc --explain E0433`.
[INFO] [stdout] Couldn't compile the test.
[INFO] [stdout] ---- src/lib.rs - Ticker (line 21) stdout ----
[INFO] [stdout] error[E0433]: failed to resolve: use of undeclared type `Ticker`
[INFO] [stdout]  --> src/lib.rs:22:14
[INFO] [stdout]   |
[INFO] [stdout] 4 | let ticker = Ticker::new((0..10), Duration::from_secs(1));
[INFO] [stdout]   |              ^^^^^^ not found in this scope
[INFO] [stdout]   |
[INFO] [stdout] help: consider importing this struct
[INFO] [stdout]   |
[INFO] [stdout] 3 | use ticker::Ticker;
[INFO] [stdout]   |
[INFO] [stdout] 
[INFO] [stdout] error[E0433]: failed to resolve: use of undeclared type `Duration`
[INFO] [stdout]  --> src/lib.rs:22:35
[INFO] [stdout]   |
[INFO] [stdout] 4 | let ticker = Ticker::new((0..10), Duration::from_secs(1));
[INFO] [stdout]   |                                   ^^^^^^^^ not found in this scope
[INFO] [stdout]   |
[INFO] [stdout] help: consider importing this struct
[INFO] [stdout]   |
[INFO] [stdout] 3 | use std::time::Duration;
[INFO] [stdout]   |
[INFO] [stdout] 
[INFO] [stdout] error: aborting due to 2 previous errors
[INFO] [stdout] 
[INFO] [stdout] For more information about this error, try `rustc --explain E0433`.
[INFO] [stdout] Couldn't compile the test.
[INFO] [stdout] ---- src/lib.rs - Ticker (line 30) stdout ----
[INFO] [stdout] error[E0433]: failed to resolve: use of undeclared type `Ticker`
[INFO] [stdout]  --> src/lib.rs:31:10
[INFO] [stdout]   |
[INFO] [stdout] 3 | for _ in Ticker::new((0..), Duration::from_secs(1)) {
[INFO] [stdout]   |          ^^^^^^ use of undeclared type `Ticker`
[INFO] [stdout] 
[INFO] [stdout] error[E0433]: failed to resolve: use of undeclared type `Duration`
[INFO] [stdout]  --> src/lib.rs:31:29
[INFO] [stdout]   |
[INFO] [stdout] 3 | for _ in Ticker::new((0..), Duration::from_secs(1)) {
[INFO] [stdout]   |                             ^^^^^^^^ not found in this scope
[INFO] [stdout]   |
[INFO] [stdout] help: consider importing this struct
[INFO] [stdout]   |
[INFO] [stdout] 2 | use std::time::Duration;
[INFO] [stdout]   |
[INFO] [stdout] 
[INFO] [stdout] error[E0425]: cannot find function `somefunc` in this scope
[INFO] [stdout]  --> src/lib.rs:32:5
[INFO] [stdout]   |
[INFO] [stdout] 4 |     somefunc()
[INFO] [stdout]   |     ^^^^^^^^ not found in this scope
[INFO] [stdout] 
[INFO] [stdout] error: aborting due to 3 previous errors
[INFO] [stdout] 
[INFO] [stdout] Some errors have detailed explanations: E0425, E0433.
[INFO] [stdout] For more information about an error, try `rustc --explain E0425`.
[INFO] [stdout] Couldn't compile the test.
[INFO] [stdout] 
[INFO] [stdout] failures:
[INFO] [stdout]     src/lib.rs - (line 5)
[INFO] [stdout]     src/lib.rs - Ticker (line 21)
[INFO] [stdout]     src/lib.rs - Ticker (line 30)
[INFO] [stdout] 
[INFO] [stdout] test result: FAILED. 0 passed; 3 failed; 0 ignored; 0 measured; 0 filtered out; finished in 0.08s
[INFO] [stdout] 
[INFO] [stderr] error: test failed, to rerun pass '--doc'
[INFO] running `Command { std: "docker" "inspect" "b23bdbc9469b4bcd731620ab1bed5be957dec0b9edbd346844664594cc11be1e", kill_on_drop: false }`
[INFO] running `Command { std: "docker" "rm" "-f" "b23bdbc9469b4bcd731620ab1bed5be957dec0b9edbd346844664594cc11be1e", kill_on_drop: false }`
[INFO] [stdout] b23bdbc9469b4bcd731620ab1bed5be957dec0b9edbd346844664594cc11be1e
