[INFO] fetching crate thresh 0.0.1...
[INFO] testing thresh-0.0.1 against 1.54.0 for beta-1.55-1
[INFO] extracting crate thresh 0.0.1 into /workspace/builds/worker-8/source
[INFO] validating manifest of crates.io crate thresh 0.0.1 on toolchain 1.54.0
[INFO] running `Command { std: "/workspace/cargo-home/bin/cargo" "+1.54.0" "metadata" "--manifest-path" "Cargo.toml" "--no-deps", kill_on_drop: false }`
[INFO] started tweaking crates.io crate thresh 0.0.1
[INFO] finished tweaking crates.io crate thresh 0.0.1
[INFO] tweaked toml for crates.io crate thresh 0.0.1 written to /workspace/builds/worker-8/source/Cargo.toml
[INFO] crate crates.io crate thresh 0.0.1 already has a lockfile, it will not be regenerated
[INFO] running `Command { std: "/workspace/cargo-home/bin/cargo" "+1.54.0" "fetch" "--manifest-path" "Cargo.toml", kill_on_drop: false }`
[INFO] [stderr]     Blocking waiting for file lock on package cache
[INFO] [stderr]     Blocking waiting for file lock on package cache
[INFO] running `Command { std: "docker" "create" "-v" "/var/lib/crater-agent-workspace/builds/worker-8/target:/opt/rustwide/target:rw,Z" "-v" "/var/lib/crater-agent-workspace/builds/worker-8/source:/opt/rustwide/workdir:ro,Z" "-v" "/var/lib/crater-agent-workspace/cargo-home:/opt/rustwide/cargo-home:ro,Z" "-v" "/var/lib/crater-agent-workspace/rustup-home:/opt/rustwide/rustup-home:ro,Z" "-e" "SOURCE_DIR=/opt/rustwide/workdir" "-e" "CARGO_TARGET_DIR=/opt/rustwide/target" "-e" "CARGO_HOME=/opt/rustwide/cargo-home" "-e" "RUSTUP_HOME=/opt/rustwide/rustup-home" "-w" "/opt/rustwide/workdir" "-m" "1610612736" "--user" "0:0" "--network" "none" "ghcr.io/rust-lang/crates-build-env/linux@sha256:34b6a614d2c27851fe6cbf88fbd1137609cefab8b10d0615aaeb6fd47975d74e" "/opt/rustwide/cargo-home/bin/cargo" "+1.54.0" "metadata" "--no-deps" "--format-version=1", kill_on_drop: false }`
[INFO] [stderr] WARNING: Your kernel does not support swap limit capabilities or the cgroup is not mounted. Memory limited without swap.
[INFO] [stdout] 97dea2a29ebad56cde727adbd36fd531ea6569a215765e5ebcce1835216fef27
[INFO] running `Command { std: "docker" "start" "-a" "97dea2a29ebad56cde727adbd36fd531ea6569a215765e5ebcce1835216fef27", kill_on_drop: false }`
[INFO] running `Command { std: "docker" "inspect" "97dea2a29ebad56cde727adbd36fd531ea6569a215765e5ebcce1835216fef27", kill_on_drop: false }`
[INFO] running `Command { std: "docker" "rm" "-f" "97dea2a29ebad56cde727adbd36fd531ea6569a215765e5ebcce1835216fef27", kill_on_drop: false }`
[INFO] [stdout] 97dea2a29ebad56cde727adbd36fd531ea6569a215765e5ebcce1835216fef27
[INFO] running `Command { std: "docker" "create" "-v" "/var/lib/crater-agent-workspace/builds/worker-8/target:/opt/rustwide/target:rw,Z" "-v" "/var/lib/crater-agent-workspace/builds/worker-8/source:/opt/rustwide/workdir:ro,Z" "-v" "/var/lib/crater-agent-workspace/cargo-home:/opt/rustwide/cargo-home:ro,Z" "-v" "/var/lib/crater-agent-workspace/rustup-home:/opt/rustwide/rustup-home:ro,Z" "-e" "SOURCE_DIR=/opt/rustwide/workdir" "-e" "CARGO_TARGET_DIR=/opt/rustwide/target" "-e" "CARGO_INCREMENTAL=0" "-e" "RUST_BACKTRACE=full" "-e" "RUSTFLAGS=--cap-lints=warn" "-e" "CARGO_HOME=/opt/rustwide/cargo-home" "-e" "RUSTUP_HOME=/opt/rustwide/rustup-home" "-w" "/opt/rustwide/workdir" "-m" "1610612736" "--user" "0:0" "--network" "none" "ghcr.io/rust-lang/crates-build-env/linux@sha256:34b6a614d2c27851fe6cbf88fbd1137609cefab8b10d0615aaeb6fd47975d74e" "/opt/rustwide/cargo-home/bin/cargo" "+1.54.0" "build" "--frozen" "--message-format=json", kill_on_drop: false }`
[INFO] [stdout] 9921701bb4058f2eb0dc1f4dd0f84720132b6fa662b734d4791710c0752eccbf
[INFO] [stderr] WARNING: Your kernel does not support swap limit capabilities or the cgroup is not mounted. Memory limited without swap.
[INFO] running `Command { std: "docker" "start" "-a" "9921701bb4058f2eb0dc1f4dd0f84720132b6fa662b734d4791710c0752eccbf", kill_on_drop: false }`
[INFO] [stderr]    Compiling proc-macro2 v1.0.18
[INFO] [stderr]    Compiling syn v1.0.33
[INFO] [stderr]    Compiling log v0.4.8
[INFO] [stderr]    Compiling once_cell v1.4.0
[INFO] [stderr]    Compiling futures-io v0.3.5
[INFO] [stderr]    Compiling arc-swap v0.4.6
[INFO] [stderr]    Compiling pin-project-lite v0.1.6
[INFO] [stderr]    Compiling cc v1.0.54
[INFO] [stderr]    Compiling gimli v0.21.0
[INFO] [stderr]    Compiling object v0.19.0
[INFO] [stderr]    Compiling serde_json v1.0.55
[INFO] [stderr]    Compiling v_htmlescape v0.4.5
[INFO] [stderr]    Compiling waker-fn v1.0.0
[INFO] [stderr]    Compiling parking v1.0.1
[INFO] [stderr]    Compiling cache-padded v1.1.0
[INFO] [stderr]    Compiling base64 v0.12.1
[INFO] [stderr]    Compiling fastrand v1.2.4
[INFO] [stderr]    Compiling async-task v3.0.0
[INFO] [stderr]    Compiling indexmap v1.4.0
[INFO] [stderr]    Compiling bytestring v0.1.5
[INFO] [stderr]    Compiling crossbeam-utils v0.7.2
[INFO] [stderr]    Compiling http v0.2.1
[INFO] [stderr]    Compiling nom v4.2.3
[INFO] [stderr]    Compiling concurrent-queue v1.1.1
[INFO] [stderr]    Compiling futures-task v0.3.5
[INFO] [stderr]    Compiling signal-hook-registry v1.2.0
[INFO] [stderr]    Compiling num_cpus v1.13.0
[INFO] [stderr]    Compiling parking_lot_core v0.7.2
[INFO] [stderr]    Compiling socket2 v0.3.12
[INFO] [stderr]    Compiling time v0.1.43
[INFO] [stderr]    Compiling hostname v0.3.1
[INFO] [stderr]    Compiling dirs-sys v0.3.4
[INFO] [stderr]    Compiling atty v0.2.14
[INFO] [stderr]    Compiling aho-corasick v0.7.10
[INFO] [stderr]    Compiling url v2.1.1
[INFO] [stderr]    Compiling flate2 v1.0.14
[INFO] [stderr]    Compiling threadpool v1.8.1
[INFO] [stderr]    Compiling clap v2.33.1
[INFO] [stderr]    Compiling resolv-conf v0.6.3
[INFO] [stderr]    Compiling parking_lot v0.10.2
[INFO] [stderr]    Compiling dirs v2.0.2
[INFO] [stderr]    Compiling chrono v0.4.11
[INFO] [stderr]    Compiling mio v0.6.22
[INFO] [stderr]    Compiling kv-log-macro v1.0.6
[INFO] [stderr]    Compiling shellexpand v2.0.0
[INFO] [stderr]    Compiling regex v1.3.9
[INFO] [stderr]    Compiling quote v1.0.6
[INFO] [stderr]    Compiling brotli-sys v0.3.2
[INFO] [stderr]    Compiling ring v0.16.14
[INFO] [stderr]    Compiling mio-uds v0.6.8
[INFO] [stderr]    Compiling simple_asn1 v0.4.0
[INFO] [stderr]    Compiling tokio v0.2.21
[INFO] [stderr]    Compiling addr2line v0.12.1
[INFO] [stderr]    Compiling backtrace v0.3.48
[INFO] [stderr]    Compiling pem v0.8.1
[INFO] [stderr]    Compiling env_logger v0.7.1
[INFO] [stderr]    Compiling tokio-util v0.2.0
[INFO] [stderr]    Compiling tokio-util v0.3.1
[INFO] [stderr]    Compiling actix-codec v0.2.0
[INFO] [stderr]    Compiling brotli2 v0.3.2
[INFO] [stderr]    Compiling synstructure v0.12.3
[INFO] [stderr]    Compiling pin-project-internal v0.4.17
[INFO] [stderr]    Compiling futures-macro v0.3.5
[INFO] [stderr]    Compiling derive_more v0.99.7
[INFO] [stderr]    Compiling serde_derive v1.0.114
[INFO] [stderr]    Compiling actix-macros v0.1.2
[INFO] [stderr]    Compiling failure_derive v0.1.8
[INFO] [stderr]    Compiling async-trait v0.1.31
[INFO] [stderr]    Compiling enum-as-inner v0.3.2
[INFO] [stderr]    Compiling actix-web-codegen v0.2.2
[INFO] [stderr]    Compiling v_escape_derive v0.5.6
[INFO] [stderr]    Compiling failure v0.1.8
[INFO] [stderr]    Compiling v_escape v0.7.4
[INFO] [stderr]    Compiling pin-project v0.4.17
[INFO] [stderr]    Compiling futures-util v0.3.5
[INFO] [stderr]    Compiling actix-threadpool v0.3.2
[INFO] [stderr]    Compiling serde v1.0.114
[INFO] [stderr]    Compiling futures-executor v0.3.5
[INFO] [stderr]    Compiling actix-service v1.0.5
[INFO] [stderr]    Compiling actix-rt v1.1.1
[INFO] [stderr]    Compiling h2 v0.2.5
[INFO] [stderr]    Compiling blocking v0.4.6
[INFO] [stderr]    Compiling futures v0.3.5
[INFO] [stderr]    Compiling smol v0.1.18
[INFO] [stderr]    Compiling trust-dns-proto v0.18.0-alpha.2
[INFO] [stderr]    Compiling actix-utils v1.0.6
[INFO] [stderr]    Compiling async-std v1.6.2
[INFO] [stderr]    Compiling actix-server v1.0.3
[INFO] [stderr]    Compiling actix-tls v1.0.0
[INFO] [stderr]    Compiling actix-testing v1.0.1
[INFO] [stderr]    Compiling trust-dns-resolver v0.18.0-alpha.2
[INFO] [stderr]    Compiling serde_urlencoded v0.6.1
[INFO] [stderr]    Compiling actix-router v0.2.4
[INFO] [stderr]    Compiling toml v0.5.6
[INFO] [stderr]    Compiling actix-connect v1.0.2
[INFO] [stderr]    Compiling actix-http v1.0.1
[INFO] [stderr]    Compiling jsonwebtoken v7.1.2
[INFO] [stderr]    Compiling awc v1.0.1
[INFO] [stderr]    Compiling actix-web v2.0.0
[INFO] [stderr]    Compiling actix-cors v0.2.0
[INFO] [stderr]    Compiling actix-files v0.2.2
[INFO] [stderr]    Compiling actix-web-httpauth v0.4.1
[INFO] [stderr]    Compiling thresh v0.0.1 (/opt/rustwide/workdir)
[INFO] [stderr]     Finished dev [unoptimized + debuginfo] target(s) in 4m 10s
[INFO] running `Command { std: "docker" "inspect" "9921701bb4058f2eb0dc1f4dd0f84720132b6fa662b734d4791710c0752eccbf", kill_on_drop: false }`
[INFO] running `Command { std: "docker" "rm" "-f" "9921701bb4058f2eb0dc1f4dd0f84720132b6fa662b734d4791710c0752eccbf", kill_on_drop: false }`
[INFO] [stdout] 9921701bb4058f2eb0dc1f4dd0f84720132b6fa662b734d4791710c0752eccbf
[INFO] running `Command { std: "docker" "create" "-v" "/var/lib/crater-agent-workspace/builds/worker-8/target:/opt/rustwide/target:rw,Z" "-v" "/var/lib/crater-agent-workspace/builds/worker-8/source:/opt/rustwide/workdir:ro,Z" "-v" "/var/lib/crater-agent-workspace/cargo-home:/opt/rustwide/cargo-home:ro,Z" "-v" "/var/lib/crater-agent-workspace/rustup-home:/opt/rustwide/rustup-home:ro,Z" "-e" "SOURCE_DIR=/opt/rustwide/workdir" "-e" "CARGO_TARGET_DIR=/opt/rustwide/target" "-e" "CARGO_INCREMENTAL=0" "-e" "RUST_BACKTRACE=full" "-e" "RUSTFLAGS=--cap-lints=warn" "-e" "CARGO_HOME=/opt/rustwide/cargo-home" "-e" "RUSTUP_HOME=/opt/rustwide/rustup-home" "-w" "/opt/rustwide/workdir" "-m" "1610612736" "--user" "0:0" "--network" "none" "ghcr.io/rust-lang/crates-build-env/linux@sha256:34b6a614d2c27851fe6cbf88fbd1137609cefab8b10d0615aaeb6fd47975d74e" "/opt/rustwide/cargo-home/bin/cargo" "+1.54.0" "test" "--frozen" "--no-run" "--message-format=json", kill_on_drop: false }`
[INFO] [stdout] b064d9e47c5d5bd8dd4ac6c94c494e13df2f7a9fbf144dcd22d7532f1f5335ef
[INFO] [stderr] WARNING: Your kernel does not support swap limit capabilities or the cgroup is not mounted. Memory limited without swap.
[INFO] running `Command { std: "docker" "start" "-a" "b064d9e47c5d5bd8dd4ac6c94c494e13df2f7a9fbf144dcd22d7532f1f5335ef", kill_on_drop: false }`
[INFO] [stderr]    Compiling thresh v0.0.1 (/opt/rustwide/workdir)
[INFO] [stderr]     Finished test [unoptimized + debuginfo] target(s) in 12.06s
[INFO] running `Command { std: "docker" "inspect" "b064d9e47c5d5bd8dd4ac6c94c494e13df2f7a9fbf144dcd22d7532f1f5335ef", kill_on_drop: false }`
[INFO] running `Command { std: "docker" "rm" "-f" "b064d9e47c5d5bd8dd4ac6c94c494e13df2f7a9fbf144dcd22d7532f1f5335ef", kill_on_drop: false }`
[INFO] [stdout] b064d9e47c5d5bd8dd4ac6c94c494e13df2f7a9fbf144dcd22d7532f1f5335ef
[INFO] running `Command { std: "docker" "create" "-v" "/var/lib/crater-agent-workspace/builds/worker-8/target:/opt/rustwide/target:rw,Z" "-v" "/var/lib/crater-agent-workspace/builds/worker-8/source:/opt/rustwide/workdir:ro,Z" "-v" "/var/lib/crater-agent-workspace/cargo-home:/opt/rustwide/cargo-home:ro,Z" "-v" "/var/lib/crater-agent-workspace/rustup-home:/opt/rustwide/rustup-home:ro,Z" "-e" "SOURCE_DIR=/opt/rustwide/workdir" "-e" "CARGO_TARGET_DIR=/opt/rustwide/target" "-e" "CARGO_INCREMENTAL=0" "-e" "RUST_BACKTRACE=full" "-e" "RUSTFLAGS=--cap-lints=warn" "-e" "CARGO_HOME=/opt/rustwide/cargo-home" "-e" "RUSTUP_HOME=/opt/rustwide/rustup-home" "-w" "/opt/rustwide/workdir" "-m" "1610612736" "--user" "0:0" "--network" "none" "ghcr.io/rust-lang/crates-build-env/linux@sha256:34b6a614d2c27851fe6cbf88fbd1137609cefab8b10d0615aaeb6fd47975d74e" "/opt/rustwide/cargo-home/bin/cargo" "+1.54.0" "test" "--frozen", kill_on_drop: false }`
[INFO] [stdout] 366bd8f3d938846cf908b7e1e793598be9dfc8fba1ca62a528210f566a0effef
[INFO] [stderr] WARNING: Your kernel does not support swap limit capabilities or the cgroup is not mounted. Memory limited without swap.
[INFO] running `Command { std: "docker" "start" "-a" "366bd8f3d938846cf908b7e1e793598be9dfc8fba1ca62a528210f566a0effef", kill_on_drop: false }`
[INFO] [stderr]     Finished test [unoptimized + debuginfo] target(s) in 0.21s
[INFO] [stdout] 
[INFO] [stdout] running 1 test
[INFO] [stderr]      Running unittests (/opt/rustwide/target/debug/deps/thresh-c902b8150a153c40)
[INFO] [stdout] test test::test_webhook ... FAILED
[INFO] [stdout] 
[INFO] [stdout] failures:
[INFO] [stdout] 
[INFO] [stdout] ---- test::test_webhook stdout ----
[INFO] [stdout] thread 'test::test_webhook' panicked at 'Failed to create log directory: Os { code: 30, kind: Other, message: "Read-only file system" }', src/main.rs:161:34
[INFO] [stdout] stack backtrace:
[INFO] [stdout]    0:     0x560dba46b900 - std::backtrace_rs::backtrace::libunwind::trace::h34055254b57d8e79
[INFO] [stdout]                                at /rustc/a178d0322ce20e33eac124758e837cbd80a6f633/library/std/src/../../backtrace/src/backtrace/libunwind.rs:90:5
[INFO] [stdout]    1:     0x560dba46b900 - std::backtrace_rs::backtrace::trace_unsynchronized::h8f1e3fbd9afff6ec
[INFO] [stdout]                                at /rustc/a178d0322ce20e33eac124758e837cbd80a6f633/library/std/src/../../backtrace/src/backtrace/mod.rs:66:5
[INFO] [stdout]    2:     0x560dba46b900 - std::sys_common::backtrace::_print_fmt::h3a99a796b770c360
[INFO] [stdout]                                at /rustc/a178d0322ce20e33eac124758e837cbd80a6f633/library/std/src/sys_common/backtrace.rs:67:5
[INFO] [stdout]    3:     0x560dba46b900 - <std::sys_common::backtrace::_print::DisplayBacktrace as core::fmt::Display>::fmt::h32d1f94a80615d18
[INFO] [stdout]                                at /rustc/a178d0322ce20e33eac124758e837cbd80a6f633/library/std/src/sys_common/backtrace.rs:46:22
[INFO] [stdout]    4:     0x560dba48fd3c - core::fmt::write::h306731c068f7162c
[INFO] [stdout]                                at /rustc/a178d0322ce20e33eac124758e837cbd80a6f633/library/core/src/fmt/mod.rs:1110:17
[INFO] [stdout]    5:     0x560dba466fa5 - std::io::Write::write_fmt::h87f19b0a2cd190bc
[INFO] [stdout]                                at /rustc/a178d0322ce20e33eac124758e837cbd80a6f633/library/std/src/io/mod.rs:1588:15
[INFO] [stdout]    6:     0x560dba46dafb - std::sys_common::backtrace::_print::h5abaa2601a852287
[INFO] [stdout]                                at /rustc/a178d0322ce20e33eac124758e837cbd80a6f633/library/std/src/sys_common/backtrace.rs:49:5
[INFO] [stdout]    7:     0x560dba46dafb - std::sys_common::backtrace::print::h8d81445442bb638f
[INFO] [stdout]                                at /rustc/a178d0322ce20e33eac124758e837cbd80a6f633/library/std/src/sys_common/backtrace.rs:36:9
[INFO] [stdout]    8:     0x560dba46dafb - std::panicking::default_hook::{{closure}}::hcfe804496a9fa747
[INFO] [stdout]                                at /rustc/a178d0322ce20e33eac124758e837cbd80a6f633/library/std/src/panicking.rs:208:50
[INFO] [stdout]    9:     0x560dba46d60c - std::panicking::default_hook::hbea8e3ccf2ba8901
[INFO] [stdout]                                at /rustc/a178d0322ce20e33eac124758e837cbd80a6f633/library/std/src/panicking.rs:222:9
[INFO] [stdout]   10:     0x560dba46e1c4 - std::panicking::rust_panic_with_hook::h7ee9e1a2d0f8975a
[INFO] [stdout]                                at /rustc/a178d0322ce20e33eac124758e837cbd80a6f633/library/std/src/panicking.rs:622:17
[INFO] [stdout]   11:     0x560dba46dca7 - std::panicking::begin_panic_handler::{{closure}}::h8ab3b4491718b2c7
[INFO] [stdout]                                at /rustc/a178d0322ce20e33eac124758e837cbd80a6f633/library/std/src/panicking.rs:519:13
[INFO] [stdout]   12:     0x560dba46bdfc - std::sys_common::backtrace::__rust_end_short_backtrace::hd489062ffa586a9f
[INFO] [stdout]                                at /rustc/a178d0322ce20e33eac124758e837cbd80a6f633/library/std/src/sys_common/backtrace.rs:141:18
[INFO] [stdout]   13:     0x560dba46dc09 - rust_begin_unwind
[INFO] [stdout]                                at /rustc/a178d0322ce20e33eac124758e837cbd80a6f633/library/std/src/panicking.rs:515:5
[INFO] [stdout]   14:     0x560db9f78bd1 - core::panicking::panic_fmt::hca6330e3e14086b4
[INFO] [stdout]                                at /rustc/a178d0322ce20e33eac124758e837cbd80a6f633/library/core/src/panicking.rs:92:14
[INFO] [stdout]   15:     0x560db9f78cc3 - core::result::unwrap_failed::h6160d2b4bfbb0e87
[INFO] [stdout]                                at /rustc/a178d0322ce20e33eac124758e837cbd80a6f633/library/core/src/result.rs:1355:5
[INFO] [stdout]   16:     0x560dba072519 - core::result::Result<T,E>::expect::hdef7bd36229c7cee
[INFO] [stdout]                                at /rustc/a178d0322ce20e33eac124758e837cbd80a6f633/library/core/src/result.rs:997:23
[INFO] [stdout]   17:     0x560db9fdd6e3 - thresh::spawn_job::h1068c7f32d07f015
[INFO] [stdout]                                at /opt/rustwide/workdir/src/main.rs:161:5
[INFO] [stdout]   18:     0x560db9fe5657 - <thresh::webhook as actix_web::service::HttpServiceFactory>::register::webhook::{{closure}}::h9e88e3193bc591f5
[INFO] [stdout]                                at /opt/rustwide/workdir/src/main.rs:213:26
[INFO] [stdout]   19:     0x560db9fc8009 - <core::future::from_generator::GenFuture<T> as core::future::future::Future>::poll::h9043955c4725a918
[INFO] [stdout]                                at /rustc/a178d0322ce20e33eac124758e837cbd80a6f633/library/core/src/future/mod.rs:80:19
[INFO] [stdout]   20:     0x560db9f9e44a - <actix_web::handler::HandlerServiceResponse<T,R> as core::future::future::Future>::poll::ha2772e97cfd20474
[INFO] [stdout]                                at /opt/rustwide/cargo-home/registry/src/github.com-1ecc6299db9ec823/actix-web-2.0.0/src/handler.rs:138:15
[INFO] [stdout]   21:     0x560db9fa3ea3 - <actix_web::handler::ExtractResponse<T,S> as core::future::future::Future>::poll::h7c0b90d424afc569
[INFO] [stdout]                                at /opt/rustwide/cargo-home/registry/src/github.com-1ecc6299db9ec823/actix-web-2.0.0/src/handler.rs:247:20
[INFO] [stdout]   22:     0x560db9fa450f - <actix_web::handler::ExtractResponse<T,S> as core::future::future::Future>::poll::h7c0b90d424afc569
[INFO] [stdout]                                at /opt/rustwide/cargo-home/registry/src/github.com-1ecc6299db9ec823/actix-web-2.0.0/src/handler.rs:258:17
[INFO] [stdout]   23:     0x560db9fab821 - <futures_util::future::future::map::Map<Fut,F> as core::future::future::Future>::poll::hfdf0f4c70e364b93
[INFO] [stdout]                                at /opt/rustwide/cargo-home/registry/src/github.com-1ecc6299db9ec823/futures-util-0.3.5/src/future/future/map.rs:67:40
[INFO] [stdout]   24:     0x560db9fa46b6 - <futures_util::future::future::Map<Fut,F> as core::future::future::Future>::poll::hed231c08bd8cbd4a
[INFO] [stdout]                                at /opt/rustwide/cargo-home/registry/src/github.com-1ecc6299db9ec823/futures-util-0.3.5/src/lib.rs:107:13
[INFO] [stdout]   25:     0x560dba08c869 - <core::pin::Pin<P> as core::future::future::Future>::poll::h22f65bdf59293c09
[INFO] [stdout]                                at /rustc/a178d0322ce20e33eac124758e837cbd80a6f633/library/core/src/future/future.rs:119:9
[INFO] [stdout]   26:     0x560dba08c869 - <core::pin::Pin<P> as core::future::future::Future>::poll::h22f65bdf59293c09
[INFO] [stdout]                                at /rustc/a178d0322ce20e33eac124758e837cbd80a6f633/library/core/src/future/future.rs:119:9
[INFO] [stdout]   27:     0x560dba083683 - <futures_util::future::either::Either<A,B> as core::future::future::Future>::poll::hb90a3307e4e62ad8
[INFO] [stdout]                                at /opt/rustwide/cargo-home/registry/src/github.com-1ecc6299db9ec823/futures-util-0.3.5/src/future/either.rs:66:33
[INFO] [stdout]   28:     0x560dba08c869 - <core::pin::Pin<P> as core::future::future::Future>::poll::h22f65bdf59293c09
[INFO] [stdout]                                at /rustc/a178d0322ce20e33eac124758e837cbd80a6f633/library/core/src/future/future.rs:119:9
[INFO] [stdout]   29:     0x560db9fd6c9a - actix_web::test::call_service::{{closure}}::h0d9d54d0eea208d0
[INFO] [stdout]                                at /opt/rustwide/cargo-home/registry/src/github.com-1ecc6299db9ec823/actix-web-2.0.0/src/test.rs:123:5
[INFO] [stdout]   30:     0x560db9fc7d57 - <core::future::from_generator::GenFuture<T> as core::future::future::Future>::poll::h4d8e460caf201060
[INFO] [stdout]                                at /rustc/a178d0322ce20e33eac124758e837cbd80a6f633/library/core/src/future/mod.rs:80:19
[INFO] [stdout]   31:     0x560db9fd79c2 - thresh::test::test_webhook::{{closure}}::hd17426a0981197ab
[INFO] [stdout]                                at /opt/rustwide/workdir/src/main.rs:408:19
[INFO] [stdout]   32:     0x560db9fc80eb - <core::future::from_generator::GenFuture<T> as core::future::future::Future>::poll::ha1549c8b71451be3
[INFO] [stdout]                                at /rustc/a178d0322ce20e33eac124758e837cbd80a6f633/library/core/src/future/mod.rs:80:19
[INFO] [stdout]   33:     0x560db9fc3f36 - <tokio::task::local::RunUntil<T> as core::future::future::Future>::poll::{{closure}}::{{closure}}::he270925c0408a425
[INFO] [stdout]                                at /opt/rustwide/cargo-home/registry/src/github.com-1ecc6299db9ec823/tokio-0.2.21/src/task/local.rs:526:65
[INFO] [stdout]   34:     0x560db9fa1a5c - tokio::coop::with_budget::{{closure}}::h60c8a4e2260f522e
[INFO] [stdout]                                at /opt/rustwide/cargo-home/registry/src/github.com-1ecc6299db9ec823/tokio-0.2.21/src/coop.rs:127:9
[INFO] [stdout]   35:     0x560db9f949f1 - std::thread::local::LocalKey<T>::try_with::h39b353f4bcc038c0
[INFO] [stdout]                                at /rustc/a178d0322ce20e33eac124758e837cbd80a6f633/library/std/src/thread/local.rs:400:16
[INFO] [stdout]   36:     0x560db9f947ed - std::thread::local::LocalKey<T>::with::hbbab41992c8d82c3
[INFO] [stdout]                                at /rustc/a178d0322ce20e33eac124758e837cbd80a6f633/library/std/src/thread/local.rs:376:9
[INFO] [stdout]   37:     0x560db9fc3deb - tokio::coop::with_budget::h0e421c65b9e71447
[INFO] [stdout]                                at /opt/rustwide/cargo-home/registry/src/github.com-1ecc6299db9ec823/tokio-0.2.21/src/coop.rs:120:5
[INFO] [stdout]   38:     0x560db9fc3deb - tokio::coop::budget::he9ee7c2ed72bcc3b
[INFO] [stdout]                                at /opt/rustwide/cargo-home/registry/src/github.com-1ecc6299db9ec823/tokio-0.2.21/src/coop.rs:96:5
[INFO] [stdout]   39:     0x560db9fc3deb - <tokio::task::local::RunUntil<T> as core::future::future::Future>::poll::{{closure}}::h3e81169b2b1829fe
[INFO] [stdout]                                at /opt/rustwide/cargo-home/registry/src/github.com-1ecc6299db9ec823/tokio-0.2.21/src/task/local.rs:526:42
[INFO] [stdout]   40:     0x560db9fce51d - tokio::macros::scoped_tls::ScopedKey<T>::set::h19fb219c91085b0f
[INFO] [stdout]                                at /opt/rustwide/cargo-home/registry/src/github.com-1ecc6299db9ec823/tokio-0.2.21/src/macros/scoped_tls.rs:63:9
[INFO] [stdout]   41:     0x560db9fc2d3a - tokio::task::local::LocalSet::with::hbf7930a529ffcbd5
[INFO] [stdout]                                at /opt/rustwide/cargo-home/registry/src/github.com-1ecc6299db9ec823/tokio-0.2.21/src/task/local.rs:440:9
[INFO] [stdout]   42:     0x560db9fc3c92 - <tokio::task::local::RunUntil<T> as core::future::future::Future>::poll::h8af7922c96befebf
[INFO] [stdout]                                at /opt/rustwide/cargo-home/registry/src/github.com-1ecc6299db9ec823/tokio-0.2.21/src/task/local.rs:516:9
[INFO] [stdout]   43:     0x560db9fc2fcd - tokio::task::local::LocalSet::run_until::{{closure}}::hf649cc10dc9641e9
[INFO] [stdout]                                at /opt/rustwide/cargo-home/registry/src/github.com-1ecc6299db9ec823/tokio-0.2.21/src/task/local.rs:390:9
[INFO] [stdout]   44:     0x560db9fc7e3b - <core::future::from_generator::GenFuture<T> as core::future::future::Future>::poll::h79fab6ec3486b6ed
[INFO] [stdout]                                at /rustc/a178d0322ce20e33eac124758e837cbd80a6f633/library/core/src/future/mod.rs:80:19
[INFO] [stdout]   45:     0x560db9fa2620 - tokio::runtime::basic_scheduler::BasicScheduler<P>::block_on::{{closure}}::{{closure}}::h3bc254a0b0b9fd84
[INFO] [stdout]                                at /opt/rustwide/cargo-home/registry/src/github.com-1ecc6299db9ec823/tokio-0.2.21/src/runtime/basic_scheduler.rs:131:58
[INFO] [stdout]   46:     0x560db9fa1cbc - tokio::coop::with_budget::{{closure}}::hd211d42638f649c8
[INFO] [stdout]                                at /opt/rustwide/cargo-home/registry/src/github.com-1ecc6299db9ec823/tokio-0.2.21/src/coop.rs:127:9
[INFO] [stdout]   47:     0x560db9f951d1 - std::thread::local::LocalKey<T>::try_with::hf1d9fb18e7a61e4a
[INFO] [stdout]                                at /rustc/a178d0322ce20e33eac124758e837cbd80a6f633/library/std/src/thread/local.rs:400:16
[INFO] [stdout]   48:     0x560db9f9466d - std::thread::local::LocalKey<T>::with::h14ce7eacbb78514e
[INFO] [stdout]                                at /rustc/a178d0322ce20e33eac124758e837cbd80a6f633/library/std/src/thread/local.rs:376:9
[INFO] [stdout]   49:     0x560db9fa204b - tokio::coop::with_budget::h1db5cecd18cb3d6f
[INFO] [stdout]                                at /opt/rustwide/cargo-home/registry/src/github.com-1ecc6299db9ec823/tokio-0.2.21/src/coop.rs:120:5
[INFO] [stdout]   50:     0x560db9fa204b - tokio::coop::budget::h0074b752c1c8026f
[INFO] [stdout]                                at /opt/rustwide/cargo-home/registry/src/github.com-1ecc6299db9ec823/tokio-0.2.21/src/coop.rs:96:5
[INFO] [stdout]   51:     0x560db9fa204b - tokio::runtime::basic_scheduler::BasicScheduler<P>::block_on::{{closure}}::h6c81b26f48598aeb
[INFO] [stdout]                                at /opt/rustwide/cargo-home/registry/src/github.com-1ecc6299db9ec823/tokio-0.2.21/src/runtime/basic_scheduler.rs:131:35
[INFO] [stdout]   52:     0x560db9fa2b01 - tokio::runtime::basic_scheduler::enter::{{closure}}::h36bbaf87113d205f
[INFO] [stdout]                                at /opt/rustwide/cargo-home/registry/src/github.com-1ecc6299db9ec823/tokio-0.2.21/src/runtime/basic_scheduler.rs:213:29
[INFO] [stdout]   53:     0x560db9fce630 - tokio::macros::scoped_tls::ScopedKey<T>::set::hb4d2f16fef0f79e1
[INFO] [stdout]                                at /opt/rustwide/cargo-home/registry/src/github.com-1ecc6299db9ec823/tokio-0.2.21/src/macros/scoped_tls.rs:63:9
[INFO] [stdout]   54:     0x560db9fa2a4e - tokio::runtime::basic_scheduler::enter::h64dbbbbaed6364a7
[INFO] [stdout]                                at /opt/rustwide/cargo-home/registry/src/github.com-1ecc6299db9ec823/tokio-0.2.21/src/runtime/basic_scheduler.rs:213:5
[INFO] [stdout]   55:     0x560db9fa1d70 - tokio::runtime::basic_scheduler::BasicScheduler<P>::block_on::h579c5c4d809624bc
[INFO] [stdout]                                at /opt/rustwide/cargo-home/registry/src/github.com-1ecc6299db9ec823/tokio-0.2.21/src/runtime/basic_scheduler.rs:123:9
[INFO] [stdout]   56:     0x560db9fa2c14 - tokio::runtime::Runtime::block_on::{{closure}}::hcb7f287a906532db
[INFO] [stdout]                                at /opt/rustwide/cargo-home/registry/src/github.com-1ecc6299db9ec823/tokio-0.2.21/src/runtime/mod.rs:444:34
[INFO] [stdout]   57:     0x560db9fc30f2 - tokio::runtime::context::enter::hf0798445860bd488
[INFO] [stdout]                                at /opt/rustwide/cargo-home/registry/src/github.com-1ecc6299db9ec823/tokio-0.2.21/src/runtime/context.rs:72:5
[INFO] [stdout]   58:     0x560db9f95d68 - tokio::runtime::handle::Handle::enter::he0f6f06d36ba531b
[INFO] [stdout]                                at /opt/rustwide/cargo-home/registry/src/github.com-1ecc6299db9ec823/tokio-0.2.21/src/runtime/handle.rs:76:9
[INFO] [stdout]   59:     0x560db9fa2b5d - tokio::runtime::Runtime::block_on::ha724887c1b5a9f39
[INFO] [stdout]                                at /opt/rustwide/cargo-home/registry/src/github.com-1ecc6299db9ec823/tokio-0.2.21/src/runtime/mod.rs:441:9
[INFO] [stdout]   60:     0x560db9fc2db4 - tokio::task::local::LocalSet::block_on::h7af49606f9e3e31f
[INFO] [stdout]                                at /opt/rustwide/cargo-home/registry/src/github.com-1ecc6299db9ec823/tokio-0.2.21/src/task/local.rs:351:9
[INFO] [stdout]   61:     0x560db9fd0183 - actix_rt::runtime::Runtime::block_on::hb1b1183d8d964b34
[INFO] [stdout]                                at /opt/rustwide/cargo-home/registry/src/github.com-1ecc6299db9ec823/actix-rt-1.1.1/src/runtime.rs:89:9
[INFO] [stdout]   62:     0x560db9fcffa2 - actix_rt::builder::SystemRunner::block_on::h42b82bcd8a66dfa7
[INFO] [stdout]                                at /opt/rustwide/cargo-home/registry/src/github.com-1ecc6299db9ec823/actix-rt-1.1.1/src/builder.rs:187:19
[INFO] [stdout]   63:     0x560db9fd72be - thresh::test::test_webhook::h93d27595c88d6d53
[INFO] [stdout]                                at /opt/rustwide/workdir/src/main.rs:391:5
[INFO] [stdout]   64:     0x560db9fd725a - thresh::test::test_webhook::{{closure}}::hab199d113a820f30
[INFO] [stdout]                                at /opt/rustwide/workdir/src/main.rs:391:5
[INFO] [stdout]   65:     0x560db9fc9ace - core::ops::function::FnOnce::call_once::h8700a713a49e9d15
[INFO] [stdout]                                at /rustc/a178d0322ce20e33eac124758e837cbd80a6f633/library/core/src/ops/function.rs:227:5
[INFO] [stdout]   66:     0x560dba057473 - core::ops::function::FnOnce::call_once::h152e7e439ff59e19
[INFO] [stdout]                                at /rustc/a178d0322ce20e33eac124758e837cbd80a6f633/library/core/src/ops/function.rs:227:5
[INFO] [stdout]   67:     0x560dba057473 - test::__rust_begin_short_backtrace::h0908f3b1fdbb72ab
[INFO] [stdout]                                at /rustc/a178d0322ce20e33eac124758e837cbd80a6f633/library/test/src/lib.rs:577:5
[INFO] [stdout]   68:     0x560dba055f30 - <alloc::boxed::Box<F,A> as core::ops::function::FnOnce<Args>>::call_once::hf6d2a51e5587546c
[INFO] [stdout]                                at /rustc/a178d0322ce20e33eac124758e837cbd80a6f633/library/alloc/src/boxed.rs:1575:9
[INFO] [stdout]   69:     0x560dba055f30 - <std::panic::AssertUnwindSafe<F> as core::ops::function::FnOnce<()>>::call_once::h8af660f3a89ef593
[INFO] [stdout]                                at /rustc/a178d0322ce20e33eac124758e837cbd80a6f633/library/std/src/panic.rs:347:9
[INFO] [stdout]   70:     0x560dba055f30 - std::panicking::try::do_call::hd36aef60f84b6d36
[INFO] [stdout]                                at /rustc/a178d0322ce20e33eac124758e837cbd80a6f633/library/std/src/panicking.rs:401:40
[INFO] [stdout]   71:     0x560dba055f30 - std::panicking::try::h9932b4480e69817c
[INFO] [stdout]                                at /rustc/a178d0322ce20e33eac124758e837cbd80a6f633/library/std/src/panicking.rs:365:19
[INFO] [stdout]   72:     0x560dba055f30 - std::panic::catch_unwind::h6aa177099cfff5f8
[INFO] [stdout]                                at /rustc/a178d0322ce20e33eac124758e837cbd80a6f633/library/std/src/panic.rs:434:14
[INFO] [stdout]   73:     0x560dba055f30 - test::run_test_in_process::h5884d6f2d99e20c3
[INFO] [stdout]                                at /rustc/a178d0322ce20e33eac124758e837cbd80a6f633/library/test/src/lib.rs:600:18
[INFO] [stdout]   74:     0x560dba055f30 - test::run_test::run_test_inner::{{closure}}::h6fdc58c6d5f5b6e3
[INFO] [stdout]                                at /rustc/a178d0322ce20e33eac124758e837cbd80a6f633/library/test/src/lib.rs:492:39
[INFO] [stdout]   75:     0x560dba02f5e2 - test::run_test::run_test_inner::{{closure}}::h408365d67a78ade8
[INFO] [stdout]                                at /rustc/a178d0322ce20e33eac124758e837cbd80a6f633/library/test/src/lib.rs:519:37
[INFO] [stdout]   76:     0x560dba02f5e2 - std::sys_common::backtrace::__rust_begin_short_backtrace::hb560b77c4f701523
[INFO] [stdout]                                at /rustc/a178d0322ce20e33eac124758e837cbd80a6f633/library/std/src/sys_common/backtrace.rs:125:18
[INFO] [stdout]   77:     0x560dba033198 - std::thread::Builder::spawn_unchecked::{{closure}}::{{closure}}::hf2e7831dad93c597
[INFO] [stdout]                                at /rustc/a178d0322ce20e33eac124758e837cbd80a6f633/library/std/src/thread/mod.rs:481:17
[INFO] [stdout]   78:     0x560dba033198 - <std::panic::AssertUnwindSafe<F> as core::ops::function::FnOnce<()>>::call_once::hd2e08783d8be4d02
[INFO] [stdout]                                at /rustc/a178d0322ce20e33eac124758e837cbd80a6f633/library/std/src/panic.rs:347:9
[INFO] [stdout]   79:     0x560dba033198 - std::panicking::try::do_call::h062597b7acfd6b82
[INFO] [stdout]                                at /rustc/a178d0322ce20e33eac124758e837cbd80a6f633/library/std/src/panicking.rs:401:40
[INFO] [stdout]   80:     0x560dba033198 - std::panicking::try::h0d7b79db04c14552
[INFO] [stdout]                                at /rustc/a178d0322ce20e33eac124758e837cbd80a6f633/library/std/src/panicking.rs:365:19
[INFO] [stdout]   81:     0x560dba033198 - std::panic::catch_unwind::hb01a0b5e7c8cd43b
[INFO] [stdout]                                at /rustc/a178d0322ce20e33eac124758e837cbd80a6f633/library/std/src/panic.rs:434:14
[INFO] [stdout]   82:     0x560dba033198 - std::thread::Builder::spawn_unchecked::{{closure}}::h5bde48cc887e0d1e
[INFO] [stdout]                                at /rustc/a178d0322ce20e33eac124758e837cbd80a6f633/library/std/src/thread/mod.rs:480:30
[INFO] [stdout]   83:     0x560dba033198 - core::ops::function::FnOnce::call_once{{vtable.shim}}::h745ea30807a29e55
[INFO] [stdout]                                at /rustc/a178d0322ce20e33eac124758e837cbd80a6f633/library/core/src/ops/function.rs:227:5
[INFO] [stdout]   84:     0x560dba4731a7 - <alloc::boxed::Box<F,A> as core::ops::function::FnOnce<Args>>::call_once::h7ece6cfefaff1005
[INFO] [stdout]                                at /rustc/a178d0322ce20e33eac124758e837cbd80a6f633/library/alloc/src/boxed.rs:1575:9
[INFO] [stdout]   85:     0x560dba4731a7 - <alloc::boxed::Box<F,A> as core::ops::function::FnOnce<Args>>::call_once::hb8b48e55c21f193e
[INFO] [stdout]                                at /rustc/a178d0322ce20e33eac124758e837cbd80a6f633/library/alloc/src/boxed.rs:1575:9
[INFO] [stdout]   86:     0x560dba4731a7 - std::sys::unix::thread::Thread::new::thread_start::h8c7c4450dba62914
[INFO] [stdout]                                at /rustc/a178d0322ce20e33eac124758e837cbd80a6f633/library/std/src/sys/unix/thread.rs:71:17
[INFO] [stdout]   87:     0x7fba67964609 - start_thread
[INFO] [stdout]   88:     0x7fba6773c293 - clone
[INFO] [stdout]   89:                0x0 - <unknown>
[INFO] [stdout] Panic in Arbiter thread.
[INFO] [stdout] 
[INFO] [stdout] 
[INFO] [stdout] failures:
[INFO] [stdout]     test::test_webhook
[INFO] [stdout] 
[INFO] [stdout] test result: FAILED. 0 passed; 1 failed; 0 ignored; 0 measured; 0 filtered out; finished in 0.08s
[INFO] [stdout] 
[INFO] [stderr] error: test failed, to rerun pass '--bin thresh'
[INFO] running `Command { std: "docker" "inspect" "366bd8f3d938846cf908b7e1e793598be9dfc8fba1ca62a528210f566a0effef", kill_on_drop: false }`
[INFO] running `Command { std: "docker" "rm" "-f" "366bd8f3d938846cf908b7e1e793598be9dfc8fba1ca62a528210f566a0effef", kill_on_drop: false }`
[INFO] [stdout] 366bd8f3d938846cf908b7e1e793598be9dfc8fba1ca62a528210f566a0effef
