[INFO] fetching crate thirtyfour_query 0.7.0...
[INFO] testing thirtyfour_query-0.7.0 against 1.54.0 for beta-1.55-1
[INFO] extracting crate thirtyfour_query 0.7.0 into /workspace/builds/worker-6/source
[INFO] validating manifest of crates.io crate thirtyfour_query 0.7.0 on toolchain 1.54.0
[INFO] running `Command { std: "/workspace/cargo-home/bin/cargo" "+1.54.0" "metadata" "--manifest-path" "Cargo.toml" "--no-deps", kill_on_drop: false }`
[INFO] started tweaking crates.io crate thirtyfour_query 0.7.0
[INFO] removed 0 missing examples
[INFO] finished tweaking crates.io crate thirtyfour_query 0.7.0
[INFO] tweaked toml for crates.io crate thirtyfour_query 0.7.0 written to /workspace/builds/worker-6/source/Cargo.toml
[INFO] crate crates.io crate thirtyfour_query 0.7.0 already has a lockfile, it will not be regenerated
[INFO] running `Command { std: "/workspace/cargo-home/bin/cargo" "+1.54.0" "fetch" "--manifest-path" "Cargo.toml", kill_on_drop: false }`
[INFO] [stderr]     Blocking waiting for file lock on package cache
[INFO] running `Command { std: "docker" "create" "-v" "/var/lib/crater-agent-workspace/builds/worker-6/target:/opt/rustwide/target:rw,Z" "-v" "/var/lib/crater-agent-workspace/builds/worker-6/source:/opt/rustwide/workdir:ro,Z" "-v" "/var/lib/crater-agent-workspace/cargo-home:/opt/rustwide/cargo-home:ro,Z" "-v" "/var/lib/crater-agent-workspace/rustup-home:/opt/rustwide/rustup-home:ro,Z" "-e" "SOURCE_DIR=/opt/rustwide/workdir" "-e" "CARGO_TARGET_DIR=/opt/rustwide/target" "-e" "CARGO_HOME=/opt/rustwide/cargo-home" "-e" "RUSTUP_HOME=/opt/rustwide/rustup-home" "-w" "/opt/rustwide/workdir" "-m" "1610612736" "--user" "0:0" "--network" "none" "ghcr.io/rust-lang/crates-build-env/linux@sha256:34b6a614d2c27851fe6cbf88fbd1137609cefab8b10d0615aaeb6fd47975d74e" "/opt/rustwide/cargo-home/bin/cargo" "+1.54.0" "metadata" "--no-deps" "--format-version=1", kill_on_drop: false }`
[INFO] [stdout] d2ae36b3421294b504bc3546041bac41640ed58bba2c75ae75c775d7ca0fc181
[INFO] [stderr] WARNING: Your kernel does not support swap limit capabilities or the cgroup is not mounted. Memory limited without swap.
[INFO] running `Command { std: "docker" "start" "-a" "d2ae36b3421294b504bc3546041bac41640ed58bba2c75ae75c775d7ca0fc181", kill_on_drop: false }`
[INFO] running `Command { std: "docker" "inspect" "d2ae36b3421294b504bc3546041bac41640ed58bba2c75ae75c775d7ca0fc181", kill_on_drop: false }`
[INFO] running `Command { std: "docker" "rm" "-f" "d2ae36b3421294b504bc3546041bac41640ed58bba2c75ae75c775d7ca0fc181", kill_on_drop: false }`
[INFO] [stdout] d2ae36b3421294b504bc3546041bac41640ed58bba2c75ae75c775d7ca0fc181
[INFO] running `Command { std: "docker" "create" "-v" "/var/lib/crater-agent-workspace/builds/worker-6/target:/opt/rustwide/target:rw,Z" "-v" "/var/lib/crater-agent-workspace/builds/worker-6/source:/opt/rustwide/workdir:ro,Z" "-v" "/var/lib/crater-agent-workspace/cargo-home:/opt/rustwide/cargo-home:ro,Z" "-v" "/var/lib/crater-agent-workspace/rustup-home:/opt/rustwide/rustup-home:ro,Z" "-e" "SOURCE_DIR=/opt/rustwide/workdir" "-e" "CARGO_TARGET_DIR=/opt/rustwide/target" "-e" "CARGO_INCREMENTAL=0" "-e" "RUST_BACKTRACE=full" "-e" "RUSTFLAGS=--cap-lints=warn" "-e" "CARGO_HOME=/opt/rustwide/cargo-home" "-e" "RUSTUP_HOME=/opt/rustwide/rustup-home" "-w" "/opt/rustwide/workdir" "-m" "1610612736" "--user" "0:0" "--network" "none" "ghcr.io/rust-lang/crates-build-env/linux@sha256:34b6a614d2c27851fe6cbf88fbd1137609cefab8b10d0615aaeb6fd47975d74e" "/opt/rustwide/cargo-home/bin/cargo" "+1.54.0" "build" "--frozen" "--message-format=json", kill_on_drop: false }`
[INFO] [stdout] 83d022194a5e8065e72d593812e420fe68161b3dfbd4846213becbb5f161116a
[INFO] [stderr] WARNING: Your kernel does not support swap limit capabilities or the cgroup is not mounted. Memory limited without swap.
[INFO] running `Command { std: "docker" "start" "-a" "83d022194a5e8065e72d593812e420fe68161b3dfbd4846213becbb5f161116a", kill_on_drop: false }`
[INFO] [stderr]    Compiling serde_derive v1.0.125
[INFO] [stderr]    Compiling serde v1.0.125
[INFO] [stderr]    Compiling serde_json v1.0.64
[INFO] [stderr]    Compiling urlparse v0.7.3
[INFO] [stderr]    Compiling tokio v1.5.0
[INFO] [stderr]    Compiling mio v0.7.11
[INFO] [stderr]    Compiling openssl v0.10.34
[INFO] [stderr]    Compiling thiserror-impl v1.0.24
[INFO] [stderr]    Compiling url v2.2.1
[INFO] [stderr]    Compiling displaydoc v0.1.7
[INFO] [stderr]    Compiling serde_repr v0.1.6
[INFO] [stderr]    Compiling tracing v0.1.26
[INFO] [stderr]    Compiling stringmatch v0.3.0
[INFO] [stderr]    Compiling thiserror v1.0.24
[INFO] [stderr]    Compiling native-tls v0.2.7
[INFO] [stderr]    Compiling tokio-util v0.6.6
[INFO] [stderr]    Compiling tokio-native-tls v0.3.0
[INFO] [stderr]    Compiling h2 v0.3.3
[INFO] [stderr]    Compiling serde_urlencoded v0.7.0
[INFO] [stderr]    Compiling chrono v0.4.19
[INFO] [stderr]    Compiling hyper v0.14.7
[INFO] [stderr]    Compiling hyper-tls v0.5.0
[INFO] [stderr]    Compiling reqwest v0.11.3
[INFO] [stderr]    Compiling thirtyfour v0.24.0
[INFO] [stderr]    Compiling thirtyfour_query v0.7.0 (/opt/rustwide/workdir)
[INFO] [stderr]     Finished dev [unoptimized + debuginfo] target(s) in 1m 10s
[INFO] running `Command { std: "docker" "inspect" "83d022194a5e8065e72d593812e420fe68161b3dfbd4846213becbb5f161116a", kill_on_drop: false }`
[INFO] running `Command { std: "docker" "rm" "-f" "83d022194a5e8065e72d593812e420fe68161b3dfbd4846213becbb5f161116a", kill_on_drop: false }`
[INFO] [stdout] 83d022194a5e8065e72d593812e420fe68161b3dfbd4846213becbb5f161116a
[INFO] running `Command { std: "docker" "create" "-v" "/var/lib/crater-agent-workspace/builds/worker-6/target:/opt/rustwide/target:rw,Z" "-v" "/var/lib/crater-agent-workspace/builds/worker-6/source:/opt/rustwide/workdir:ro,Z" "-v" "/var/lib/crater-agent-workspace/cargo-home:/opt/rustwide/cargo-home:ro,Z" "-v" "/var/lib/crater-agent-workspace/rustup-home:/opt/rustwide/rustup-home:ro,Z" "-e" "SOURCE_DIR=/opt/rustwide/workdir" "-e" "CARGO_TARGET_DIR=/opt/rustwide/target" "-e" "CARGO_INCREMENTAL=0" "-e" "RUST_BACKTRACE=full" "-e" "RUSTFLAGS=--cap-lints=warn" "-e" "CARGO_HOME=/opt/rustwide/cargo-home" "-e" "RUSTUP_HOME=/opt/rustwide/rustup-home" "-w" "/opt/rustwide/workdir" "-m" "1610612736" "--user" "0:0" "--network" "none" "ghcr.io/rust-lang/crates-build-env/linux@sha256:34b6a614d2c27851fe6cbf88fbd1137609cefab8b10d0615aaeb6fd47975d74e" "/opt/rustwide/cargo-home/bin/cargo" "+1.54.0" "test" "--frozen" "--no-run" "--message-format=json", kill_on_drop: false }`
[INFO] [stdout] 808be3fb572451c4f0c7369ff6fafa26e27a5fc110c860ab6311b15f47fe3ff6
[INFO] [stderr] WARNING: Your kernel does not support swap limit capabilities or the cgroup is not mounted. Memory limited without swap.
[INFO] running `Command { std: "docker" "start" "-a" "808be3fb572451c4f0c7369ff6fafa26e27a5fc110c860ab6311b15f47fe3ff6", kill_on_drop: false }`
[INFO] [stderr]    Compiling eyre v0.6.5
[INFO] [stderr]    Compiling object v0.23.0
[INFO] [stderr]    Compiling rustc-demangle v0.1.19
[INFO] [stderr]    Compiling owo-colors v1.3.0
[INFO] [stderr]    Compiling indenter v0.3.3
[INFO] [stderr]    Compiling sharded-slab v0.1.1
[INFO] [stderr]    Compiling thread_local v1.1.3
[INFO] [stderr]    Compiling backtrace v0.3.58
[INFO] [stderr]    Compiling addr2line v0.14.1
[INFO] [stderr]    Compiling tracing-subscriber v0.2.18
[INFO] [stderr]    Compiling tracing-error v0.1.2
[INFO] [stderr]    Compiling color-spantrace v0.1.6
[INFO] [stderr]    Compiling color-eyre v0.5.11
[INFO] [stderr]    Compiling thirtyfour_query v0.7.0 (/opt/rustwide/workdir)
[INFO] [stderr]     Finished test [unoptimized + debuginfo] target(s) in 28.99s
[INFO] running `Command { std: "docker" "inspect" "808be3fb572451c4f0c7369ff6fafa26e27a5fc110c860ab6311b15f47fe3ff6", kill_on_drop: false }`
[INFO] running `Command { std: "docker" "rm" "-f" "808be3fb572451c4f0c7369ff6fafa26e27a5fc110c860ab6311b15f47fe3ff6", kill_on_drop: false }`
[INFO] [stdout] 808be3fb572451c4f0c7369ff6fafa26e27a5fc110c860ab6311b15f47fe3ff6
[INFO] running `Command { std: "docker" "create" "-v" "/var/lib/crater-agent-workspace/builds/worker-6/target:/opt/rustwide/target:rw,Z" "-v" "/var/lib/crater-agent-workspace/builds/worker-6/source:/opt/rustwide/workdir:ro,Z" "-v" "/var/lib/crater-agent-workspace/cargo-home:/opt/rustwide/cargo-home:ro,Z" "-v" "/var/lib/crater-agent-workspace/rustup-home:/opt/rustwide/rustup-home:ro,Z" "-e" "SOURCE_DIR=/opt/rustwide/workdir" "-e" "CARGO_TARGET_DIR=/opt/rustwide/target" "-e" "CARGO_INCREMENTAL=0" "-e" "RUST_BACKTRACE=full" "-e" "RUSTFLAGS=--cap-lints=warn" "-e" "CARGO_HOME=/opt/rustwide/cargo-home" "-e" "RUSTUP_HOME=/opt/rustwide/rustup-home" "-w" "/opt/rustwide/workdir" "-m" "1610612736" "--user" "0:0" "--network" "none" "ghcr.io/rust-lang/crates-build-env/linux@sha256:34b6a614d2c27851fe6cbf88fbd1137609cefab8b10d0615aaeb6fd47975d74e" "/opt/rustwide/cargo-home/bin/cargo" "+1.54.0" "test" "--frozen", kill_on_drop: false }`
[INFO] [stdout] bf7899a07f00c9cc5b6ab9e5241b800f6efc4aec02268cc5d01919eb40079a49
[INFO] [stderr] WARNING: Your kernel does not support swap limit capabilities or the cgroup is not mounted. Memory limited without swap.
[INFO] running `Command { std: "docker" "start" "-a" "bf7899a07f00c9cc5b6ab9e5241b800f6efc4aec02268cc5d01919eb40079a49", kill_on_drop: false }`
[INFO] [stderr]     Finished test [unoptimized + debuginfo] target(s) in 0.19s
[INFO] [stderr]      Running unittests (/opt/rustwide/target/debug/deps/thirtyfour_query-6f04ce9b3217307e)
[INFO] [stdout] 
[INFO] [stderr]    Doc-tests thirtyfour_query
[INFO] [stdout] running 0 tests
[INFO] [stdout] 
[INFO] [stdout] test result: ok. 0 passed; 0 failed; 0 ignored; 0 measured; 0 filtered out; finished in 0.00s
[INFO] [stdout] 
[INFO] [stdout] 
[INFO] [stdout] running 9 tests
[INFO] [stdout] test src/lib.rs - (line 109) ... ignored
[INFO] [stdout] test src/lib.rs - (line 11) ... ignored
[INFO] [stdout] test src/lib.rs - (line 115) ... ignored
[INFO] [stdout] test src/lib.rs - (line 124) ... ignored
[INFO] [stdout] test src/lib.rs - (line 141) ... ignored
[INFO] [stdout] test src/lib.rs - (line 16) ... FAILED
[INFO] [stdout] test src/lib.rs - (line 41) ... FAILED
[INFO] [stdout] test src/lib.rs - (line 72) ... FAILED
[INFO] [stdout] test src/query.rs - query::ElementQuery (line 115) ... FAILED
[INFO] [stdout] 
[INFO] [stdout] failures:
[INFO] [stdout] 
[INFO] [stdout] ---- src/lib.rs - (line 16) stdout ----
[INFO] [stdout] Test executable failed (exit code 1).
[INFO] [stdout] 
[INFO] [stdout] stderr:
[INFO] [stdout] Error: ReqwestError(reqwest::Error { kind: Request, url: Url { scheme: "http", username: "", password: None, host: Some(Domain("localhost")), port: Some(4444), path: "/wd/hub/session", query: None, fragment: None }, source: hyper::Error(Connect, ConnectError("tcp connect error", Os { code: 99, kind: AddrNotAvailable, message: "Cannot assign requested address" })) })
[INFO] [stdout] 
[INFO] [stdout] 
[INFO] [stdout] ---- src/lib.rs - (line 41) stdout ----
[INFO] [stdout] Test executable failed (exit code 1).
[INFO] [stdout] 
[INFO] [stdout] stderr:
[INFO] [stdout] Error: ReqwestError(reqwest::Error { kind: Request, url: Url { scheme: "http", username: "", password: None, host: Some(Domain("localhost")), port: Some(4444), path: "/wd/hub/session", query: None, fragment: None }, source: hyper::Error(Connect, ConnectError("tcp connect error", Os { code: 99, kind: AddrNotAvailable, message: "Cannot assign requested address" })) })
[INFO] [stdout] 
[INFO] [stdout] 
[INFO] [stdout] ---- src/lib.rs - (line 72) stdout ----
[INFO] [stdout] Test executable failed (exit code 1).
[INFO] [stdout] 
[INFO] [stdout] stderr:
[INFO] [stdout] Error: ReqwestError(reqwest::Error { kind: Request, url: Url { scheme: "http", username: "", password: None, host: Some(Domain("localhost")), port: Some(4444), path: "/wd/hub/session", query: None, fragment: None }, source: hyper::Error(Connect, ConnectError("tcp connect error", Os { code: 99, kind: AddrNotAvailable, message: "Cannot assign requested address" })) })
[INFO] [stdout] 
[INFO] [stdout] 
[INFO] [stdout] ---- src/query.rs - query::ElementQuery (line 115) stdout ----
[INFO] [stdout] Test executable failed (exit code 1).
[INFO] [stdout] 
[INFO] [stdout] stderr:
[INFO] [stdout] Error: ReqwestError(reqwest::Error { kind: Request, url: Url { scheme: "http", username: "", password: None, host: Some(Domain("localhost")), port: Some(4444), path: "/wd/hub/session", query: None, fragment: None }, source: hyper::Error(Connect, ConnectError("tcp connect error", Os { code: 99, kind: AddrNotAvailable, message: "Cannot assign requested address" })) })
[INFO] [stdout] 
[INFO] [stdout] 
[INFO] [stdout] 
[INFO] [stdout] failures:
[INFO] [stdout]     src/lib.rs - (line 16)
[INFO] [stdout]     src/lib.rs - (line 41)
[INFO] [stdout]     src/lib.rs - (line 72)
[INFO] [stdout]     src/query.rs - query::ElementQuery (line 115)
[INFO] [stdout] 
[INFO] [stdout] test result: FAILED. 0 passed; 4 failed; 5 ignored; 0 measured; 0 filtered out; finished in 15.69s
[INFO] [stdout] 
[INFO] [stderr] error: test failed, to rerun pass '--doc'
[INFO] running `Command { std: "docker" "inspect" "bf7899a07f00c9cc5b6ab9e5241b800f6efc4aec02268cc5d01919eb40079a49", kill_on_drop: false }`
[INFO] running `Command { std: "docker" "rm" "-f" "bf7899a07f00c9cc5b6ab9e5241b800f6efc4aec02268cc5d01919eb40079a49", kill_on_drop: false }`
[INFO] [stdout] bf7899a07f00c9cc5b6ab9e5241b800f6efc4aec02268cc5d01919eb40079a49
