[INFO] fetching crate tev_client 0.3.0...
[INFO] testing tev_client-0.3.0 against 1.54.0 for beta-1.55-1
[INFO] extracting crate tev_client 0.3.0 into /workspace/builds/worker-1/source
[INFO] validating manifest of crates.io crate tev_client 0.3.0 on toolchain 1.54.0
[INFO] running `Command { std: "/workspace/cargo-home/bin/cargo" "+1.54.0" "metadata" "--manifest-path" "Cargo.toml" "--no-deps", kill_on_drop: false }`
[INFO] started tweaking crates.io crate tev_client 0.3.0
[INFO] finished tweaking crates.io crate tev_client 0.3.0
[INFO] tweaked toml for crates.io crate tev_client 0.3.0 written to /workspace/builds/worker-1/source/Cargo.toml
[INFO] running `Command { std: "/workspace/cargo-home/bin/cargo" "+1.54.0" "generate-lockfile" "--manifest-path" "Cargo.toml" "-Zno-index-update", kill_on_drop: false }`
[INFO] running `Command { std: "/workspace/cargo-home/bin/cargo" "+1.54.0" "fetch" "--manifest-path" "Cargo.toml", kill_on_drop: false }`
[INFO] running `Command { std: "docker" "create" "-v" "/var/lib/crater-agent-workspace/builds/worker-1/target:/opt/rustwide/target:rw,Z" "-v" "/var/lib/crater-agent-workspace/builds/worker-1/source:/opt/rustwide/workdir:ro,Z" "-v" "/var/lib/crater-agent-workspace/cargo-home:/opt/rustwide/cargo-home:ro,Z" "-v" "/var/lib/crater-agent-workspace/rustup-home:/opt/rustwide/rustup-home:ro,Z" "-e" "SOURCE_DIR=/opt/rustwide/workdir" "-e" "CARGO_TARGET_DIR=/opt/rustwide/target" "-e" "CARGO_HOME=/opt/rustwide/cargo-home" "-e" "RUSTUP_HOME=/opt/rustwide/rustup-home" "-w" "/opt/rustwide/workdir" "-m" "1610612736" "--user" "0:0" "--network" "none" "ghcr.io/rust-lang/crates-build-env/linux@sha256:34b6a614d2c27851fe6cbf88fbd1137609cefab8b10d0615aaeb6fd47975d74e" "/opt/rustwide/cargo-home/bin/cargo" "+1.54.0" "metadata" "--no-deps" "--format-version=1", kill_on_drop: false }`
[INFO] [stdout] a829fa493440c5fa17196f0d42fdd48874b17865c70f465b4059691f736151c9
[INFO] [stderr] WARNING: Your kernel does not support swap limit capabilities or the cgroup is not mounted. Memory limited without swap.
[INFO] running `Command { std: "docker" "start" "-a" "a829fa493440c5fa17196f0d42fdd48874b17865c70f465b4059691f736151c9", kill_on_drop: false }`
[INFO] running `Command { std: "docker" "inspect" "a829fa493440c5fa17196f0d42fdd48874b17865c70f465b4059691f736151c9", kill_on_drop: false }`
[INFO] running `Command { std: "docker" "rm" "-f" "a829fa493440c5fa17196f0d42fdd48874b17865c70f465b4059691f736151c9", kill_on_drop: false }`
[INFO] [stdout] a829fa493440c5fa17196f0d42fdd48874b17865c70f465b4059691f736151c9
[INFO] running `Command { std: "docker" "create" "-v" "/var/lib/crater-agent-workspace/builds/worker-1/target:/opt/rustwide/target:rw,Z" "-v" "/var/lib/crater-agent-workspace/builds/worker-1/source:/opt/rustwide/workdir:ro,Z" "-v" "/var/lib/crater-agent-workspace/cargo-home:/opt/rustwide/cargo-home:ro,Z" "-v" "/var/lib/crater-agent-workspace/rustup-home:/opt/rustwide/rustup-home:ro,Z" "-e" "SOURCE_DIR=/opt/rustwide/workdir" "-e" "CARGO_TARGET_DIR=/opt/rustwide/target" "-e" "CARGO_INCREMENTAL=0" "-e" "RUST_BACKTRACE=full" "-e" "RUSTFLAGS=--cap-lints=warn" "-e" "CARGO_HOME=/opt/rustwide/cargo-home" "-e" "RUSTUP_HOME=/opt/rustwide/rustup-home" "-w" "/opt/rustwide/workdir" "-m" "1610612736" "--user" "0:0" "--network" "none" "ghcr.io/rust-lang/crates-build-env/linux@sha256:34b6a614d2c27851fe6cbf88fbd1137609cefab8b10d0615aaeb6fd47975d74e" "/opt/rustwide/cargo-home/bin/cargo" "+1.54.0" "build" "--frozen" "--message-format=json", kill_on_drop: false }`
[INFO] [stdout] ef1a42782267b17609b728b0e79520e274154bce633aaa97714f7848420b5195
[INFO] [stderr] WARNING: Your kernel does not support swap limit capabilities or the cgroup is not mounted. Memory limited without swap.
[INFO] running `Command { std: "docker" "start" "-a" "ef1a42782267b17609b728b0e79520e274154bce633aaa97714f7848420b5195", kill_on_drop: false }`
[INFO] [stderr]    Compiling tev_client v0.3.0 (/opt/rustwide/workdir)
[INFO] [stderr]     Finished dev [unoptimized + debuginfo] target(s) in 1.01s
[INFO] running `Command { std: "docker" "inspect" "ef1a42782267b17609b728b0e79520e274154bce633aaa97714f7848420b5195", kill_on_drop: false }`
[INFO] running `Command { std: "docker" "rm" "-f" "ef1a42782267b17609b728b0e79520e274154bce633aaa97714f7848420b5195", kill_on_drop: false }`
[INFO] [stdout] ef1a42782267b17609b728b0e79520e274154bce633aaa97714f7848420b5195
[INFO] running `Command { std: "docker" "create" "-v" "/var/lib/crater-agent-workspace/builds/worker-1/target:/opt/rustwide/target:rw,Z" "-v" "/var/lib/crater-agent-workspace/builds/worker-1/source:/opt/rustwide/workdir:ro,Z" "-v" "/var/lib/crater-agent-workspace/cargo-home:/opt/rustwide/cargo-home:ro,Z" "-v" "/var/lib/crater-agent-workspace/rustup-home:/opt/rustwide/rustup-home:ro,Z" "-e" "SOURCE_DIR=/opt/rustwide/workdir" "-e" "CARGO_TARGET_DIR=/opt/rustwide/target" "-e" "CARGO_INCREMENTAL=0" "-e" "RUST_BACKTRACE=full" "-e" "RUSTFLAGS=--cap-lints=warn" "-e" "CARGO_HOME=/opt/rustwide/cargo-home" "-e" "RUSTUP_HOME=/opt/rustwide/rustup-home" "-w" "/opt/rustwide/workdir" "-m" "1610612736" "--user" "0:0" "--network" "none" "ghcr.io/rust-lang/crates-build-env/linux@sha256:34b6a614d2c27851fe6cbf88fbd1137609cefab8b10d0615aaeb6fd47975d74e" "/opt/rustwide/cargo-home/bin/cargo" "+1.54.0" "test" "--frozen" "--no-run" "--message-format=json", kill_on_drop: false }`
[INFO] [stderr] WARNING: Your kernel does not support swap limit capabilities or the cgroup is not mounted. Memory limited without swap.
[INFO] [stdout] 4dfe3e54ef62c608dd1921ed01350a73c4fffbd6187044179012c1f3547a7585
[INFO] running `Command { std: "docker" "start" "-a" "4dfe3e54ef62c608dd1921ed01350a73c4fffbd6187044179012c1f3547a7585", kill_on_drop: false }`
[INFO] [stderr]     Blocking waiting for file lock on package cache
[INFO] [stderr]    Compiling tev_client v0.3.0 (/opt/rustwide/workdir)
[INFO] [stderr]     Finished test [unoptimized + debuginfo] target(s) in 1.11s
[INFO] running `Command { std: "docker" "inspect" "4dfe3e54ef62c608dd1921ed01350a73c4fffbd6187044179012c1f3547a7585", kill_on_drop: false }`
[INFO] running `Command { std: "docker" "rm" "-f" "4dfe3e54ef62c608dd1921ed01350a73c4fffbd6187044179012c1f3547a7585", kill_on_drop: false }`
[INFO] [stdout] 4dfe3e54ef62c608dd1921ed01350a73c4fffbd6187044179012c1f3547a7585
[INFO] running `Command { std: "docker" "create" "-v" "/var/lib/crater-agent-workspace/builds/worker-1/target:/opt/rustwide/target:rw,Z" "-v" "/var/lib/crater-agent-workspace/builds/worker-1/source:/opt/rustwide/workdir:ro,Z" "-v" "/var/lib/crater-agent-workspace/cargo-home:/opt/rustwide/cargo-home:ro,Z" "-v" "/var/lib/crater-agent-workspace/rustup-home:/opt/rustwide/rustup-home:ro,Z" "-e" "SOURCE_DIR=/opt/rustwide/workdir" "-e" "CARGO_TARGET_DIR=/opt/rustwide/target" "-e" "CARGO_INCREMENTAL=0" "-e" "RUST_BACKTRACE=full" "-e" "RUSTFLAGS=--cap-lints=warn" "-e" "CARGO_HOME=/opt/rustwide/cargo-home" "-e" "RUSTUP_HOME=/opt/rustwide/rustup-home" "-w" "/opt/rustwide/workdir" "-m" "1610612736" "--user" "0:0" "--network" "none" "ghcr.io/rust-lang/crates-build-env/linux@sha256:34b6a614d2c27851fe6cbf88fbd1137609cefab8b10d0615aaeb6fd47975d74e" "/opt/rustwide/cargo-home/bin/cargo" "+1.54.0" "test" "--frozen", kill_on_drop: false }`
[INFO] [stdout] ae32cd730f2cf2bc8e50e57d88a66f9304c6bf9ab4e677079f52bfb95e0130f3
[INFO] [stderr] WARNING: Your kernel does not support swap limit capabilities or the cgroup is not mounted. Memory limited without swap.
[INFO] running `Command { std: "docker" "start" "-a" "ae32cd730f2cf2bc8e50e57d88a66f9304c6bf9ab4e677079f52bfb95e0130f3", kill_on_drop: false }`
[INFO] [stdout] 
[INFO] [stderr]     Finished test [unoptimized + debuginfo] target(s) in 0.02s
[INFO] [stdout] running 0 tests
[INFO] [stderr]      Running unittests (/opt/rustwide/target/debug/deps/tev_client-2f4ef12586116327)
[INFO] [stdout] 
[INFO] [stderr]    Doc-tests tev_client
[INFO] [stdout] test result: ok. 0 passed; 0 failed; 0 ignored; 0 measured; 0 filtered out; finished in 0.00s
[INFO] [stdout] 
[INFO] [stdout] 
[INFO] [stdout] running 4 tests
[INFO] [stdout] test src/lib.rs - TevClient::send (line 107) - compile ... ok
[INFO] [stdout] test src/lib.rs - TevClient::spawn (line 72) - compile ... ok
[INFO] [stdout] test src/lib.rs - TevClient::wrap (line 52) - compile ... FAILED
[INFO] [stderr] error: test failed, to rerun pass '--doc'
[INFO] [stdout] test src/lib.rs - (line 13) ... FAILED
[INFO] [stdout] 
[INFO] [stdout] failures:
[INFO] [stdout] 
[INFO] [stdout] ---- src/lib.rs - TevClient::wrap (line 52) stdout ----
[INFO] [stdout] error[E0599]: no function or associated item named `new` found for struct `TevClient` in the current scope
[INFO] [stdout]  --> src/lib.rs:56:29
[INFO] [stdout]   |
[INFO] [stdout] 6 | let mut client = TevClient::new(TcpStream::connect("127.0.0.1:14158")?);
[INFO] [stdout]   |                             ^^^ function or associated item not found in `TevClient`
[INFO] [stdout] 
[INFO] [stdout] error: aborting due to previous error
[INFO] [stdout] 
[INFO] [stdout] For more information about this error, try `rustc --explain E0599`.
[INFO] [stdout] Couldn't compile the test.
[INFO] [stdout] ---- src/lib.rs - (line 13) stdout ----
[INFO] [stdout] Test executable failed (exit code 1).
[INFO] [stdout] 
[INFO] [stdout] stderr:
[INFO] [stdout] Error: Os { code: 2, kind: NotFound, message: "No such file or directory" }
[INFO] [stdout] 
[INFO] [stdout] 
[INFO] [stdout] 
[INFO] [stdout] failures:
[INFO] [stdout]     src/lib.rs - (line 13)
[INFO] [stdout]     src/lib.rs - TevClient::wrap (line 52)
[INFO] [stdout] 
[INFO] [stdout] test result: FAILED. 2 passed; 2 failed; 0 ignored; 0 measured; 0 filtered out; finished in 1.05s
[INFO] [stdout] 
[INFO] running `Command { std: "docker" "inspect" "ae32cd730f2cf2bc8e50e57d88a66f9304c6bf9ab4e677079f52bfb95e0130f3", kill_on_drop: false }`
[INFO] running `Command { std: "docker" "rm" "-f" "ae32cd730f2cf2bc8e50e57d88a66f9304c6bf9ab4e677079f52bfb95e0130f3", kill_on_drop: false }`
[INFO] [stdout] ae32cd730f2cf2bc8e50e57d88a66f9304c6bf9ab4e677079f52bfb95e0130f3
